[INFO] cloning repository https://github.com/project-ela/ela
[INFO] running `Command { std: "git" "-c" "credential.helper=" "-c" "credential.helper=/workspace/cargo-home/bin/git-credential-null" "clone" "--bare" "https://github.com/project-ela/ela" "/workspace/cache/git-repos/https%3A%2F%2Fgithub.com%2Fproject-ela%2Fela", kill_on_drop: false }`
[INFO] [stderr] Cloning into bare repository '/workspace/cache/git-repos/https%3A%2F%2Fgithub.com%2Fproject-ela%2Fela'...
[INFO] running `Command { std: "git" "rev-parse" "HEAD", kill_on_drop: false }`
[INFO] [stdout] 61d3a7a307b61d9f2efeaffc3761b3e167da3de3
[INFO] testing project-ela/ela against beta-2024-12-08 for beta-1.84.0-4-retry
[INFO] running `Command { std: "git" "clone" "/workspace/cache/git-repos/https%3A%2F%2Fgithub.com%2Fproject-ela%2Fela" "/workspace/builds/worker-4-tc2/source", kill_on_drop: false }`
[INFO] [stderr] Cloning into '/workspace/builds/worker-4-tc2/source'...
[INFO] [stderr] done.
[INFO] [stderr] error: unable to write file siderow/tests/testcases/sub.si
[INFO] [stderr] error: unable to write file siderow/tests/testcases/xor.si
[INFO] [stderr] error: unable to write file siderow/tests/testcases/zero_1.si
[INFO] [stderr] fatal: cannot create directory at 'sigrun': No space left on device
[INFO] [stderr] warning: Clone succeeded, but checkout failed.
[INFO] [stderr] You can inspect what was checked out with 'git status'
[INFO] [stderr] and retry with 'git restore --source=HEAD :/'
[INFO] [stderr] 
[INFO] testing project-ela/ela against beta-2024-12-08 for beta-1.84.0-4-retry
[INFO] running `Command { std: "git" "clone" "/workspace/cache/git-repos/https%3A%2F%2Fgithub.com%2Fproject-ela%2Fela" "/workspace/builds/worker-4-tc2/source", kill_on_drop: false }`
[INFO] [stderr] Cloning into '/workspace/builds/worker-4-tc2/source'...
[INFO] [stderr] done.
[INFO] [stderr] error: unable to write file siderow/tests/testcases/struct_1.si
[INFO] [stderr] error: unable to write file siderow/tests/testcases/struct_2.si
[INFO] [stderr] error: unable to write file siderow/tests/testcases/struct_3.si
[INFO] [stderr] error: unable to write file siderow/tests/testcases/sub.si
[INFO] [stderr] error: unable to write file siderow/tests/testcases/xor.si
[INFO] [stderr] error: unable to write file siderow/tests/testcases/zero_1.si
[INFO] [stderr] fatal: cannot create directory at 'sigrun': No space left on device
[INFO] [stderr] warning: Clone succeeded, but checkout failed.
[INFO] [stderr] You can inspect what was checked out with 'git status'
[INFO] [stderr] and retry with 'git restore --source=HEAD :/'
[INFO] [stderr] 
[INFO] testing project-ela/ela against beta-2024-12-08 for beta-1.84.0-4-retry
[INFO] running `Command { std: "git" "clone" "/workspace/cache/git-repos/https%3A%2F%2Fgithub.com%2Fproject-ela%2Fela" "/workspace/builds/worker-4-tc2/source", kill_on_drop: false }`
[INFO] [stderr] Cloning into '/workspace/builds/worker-4-tc2/source'...
[INFO] [stderr] done.
[INFO] [stderr] fatal: cannot create directory at 'siderow/src': No space left on device
[INFO] [stderr] warning: Clone succeeded, but checkout failed.
[INFO] [stderr] You can inspect what was checked out with 'git status'
[INFO] [stderr] and retry with 'git restore --source=HEAD :/'
[INFO] [stderr] 
[INFO] testing project-ela/ela against beta-2024-12-08 for beta-1.84.0-4-retry
[INFO] running `Command { std: "git" "clone" "/workspace/cache/git-repos/https%3A%2F%2Fgithub.com%2Fproject-ela%2Fela" "/workspace/builds/worker-4-tc2/source", kill_on_drop: false }`
[INFO] [stderr] Cloning into '/workspace/builds/worker-4-tc2/source'...
[INFO] [stderr] done.
[INFO] validating manifest of git repo https://github.com/project-ela/ela on toolchain beta-2024-12-08
[INFO] running `Command { std: CARGO_HOME="/workspace/cargo-home" RUSTUP_HOME="/workspace/rustup-home" "/workspace/cargo-home/bin/cargo" "+beta-2024-12-08" "metadata" "--manifest-path" "Cargo.toml" "--no-deps", kill_on_drop: false }`
[INFO] started tweaking git repo https://github.com/project-ela/ela
[INFO] finished tweaking git repo https://github.com/project-ela/ela
[INFO] tweaked toml for git repo https://github.com/project-ela/ela written to /workspace/builds/worker-4-tc2/source/Cargo.toml
[INFO] crate git repo https://github.com/project-ela/ela already has a lockfile, it will not be regenerated
[INFO] running `Command { std: CARGO_HOME="/workspace/cargo-home" RUSTUP_HOME="/workspace/rustup-home" "/workspace/cargo-home/bin/cargo" "+beta-2024-12-08" "fetch" "--manifest-path" "Cargo.toml", kill_on_drop: false }`
[INFO] running `Command { std: "docker" "create" "-v" "/var/lib/crater-agent-workspace/builds/worker-4-tc2/target:/opt/rustwide/target:rw,Z" "-v" "/var/lib/crater-agent-workspace/builds/worker-4-tc2/source:/opt/rustwide/workdir:ro,Z" "-v" "/var/lib/crater-agent-workspace/cargo-home:/opt/rustwide/cargo-home:ro,Z" "-v" "/var/lib/crater-agent-workspace/rustup-home:/opt/rustwide/rustup-home:ro,Z" "-e" "SOURCE_DIR=/opt/rustwide/workdir" "-e" "CARGO_TARGET_DIR=/opt/rustwide/target" "-e" "CARGO_HOME=/opt/rustwide/cargo-home" "-e" "RUSTUP_HOME=/opt/rustwide/rustup-home" "-w" "/opt/rustwide/workdir" "-m" "1610612736" "--user" "0:0" "--network" "none" "ghcr.io/rust-lang/crates-build-env/linux@sha256:f3a9d4ad9d972b27faf3965f35b62e55ba32bbce8f20bc8fe909558a86702fde" "/opt/rustwide/cargo-home/bin/cargo" "+beta-2024-12-08" "metadata" "--no-deps" "--format-version=1", kill_on_drop: false }`
[INFO] [stdout] fd5ab8f12ba3294ecf459b9838f3f8c802e667e9ec125018b17d0c842c0c70bc
[INFO] running `Command { std: "docker" "start" "-a" "fd5ab8f12ba3294ecf459b9838f3f8c802e667e9ec125018b17d0c842c0c70bc", kill_on_drop: false }`
[INFO] running `Command { std: "docker" "inspect" "fd5ab8f12ba3294ecf459b9838f3f8c802e667e9ec125018b17d0c842c0c70bc", kill_on_drop: false }`
[INFO] running `Command { std: "docker" "rm" "-f" "fd5ab8f12ba3294ecf459b9838f3f8c802e667e9ec125018b17d0c842c0c70bc", kill_on_drop: false }`
[INFO] [stdout] fd5ab8f12ba3294ecf459b9838f3f8c802e667e9ec125018b17d0c842c0c70bc
[INFO] running `Command { std: "docker" "create" "-v" "/var/lib/crater-agent-workspace/builds/worker-4-tc2/target:/opt/rustwide/target:rw,Z" "-v" "/var/lib/crater-agent-workspace/builds/worker-4-tc2/source:/opt/rustwide/workdir:ro,Z" "-v" "/var/lib/crater-agent-workspace/cargo-home:/opt/rustwide/cargo-home:ro,Z" "-v" "/var/lib/crater-agent-workspace/rustup-home:/opt/rustwide/rustup-home:ro,Z" "-e" "SOURCE_DIR=/opt/rustwide/workdir" "-e" "CARGO_TARGET_DIR=/opt/rustwide/target" "-e" "CARGO_INCREMENTAL=0" "-e" "RUST_BACKTRACE=full" "-e" "RUSTFLAGS=--cap-lints=warn" "-e" "RUSTDOCFLAGS=--cap-lints=warn" "-e" "CARGO_HOME=/opt/rustwide/cargo-home" "-e" "RUSTUP_HOME=/opt/rustwide/rustup-home" "-w" "/opt/rustwide/workdir" "-m" "1610612736" "--user" "0:0" "--network" "none" "ghcr.io/rust-lang/crates-build-env/linux@sha256:f3a9d4ad9d972b27faf3965f35b62e55ba32bbce8f20bc8fe909558a86702fde" "/opt/rustwide/cargo-home/bin/cargo" "+beta-2024-12-08" "build" "--frozen" "--message-format=json", kill_on_drop: false }`
[INFO] [stdout] e574c48fee7c98484693b10832a36cbf71fe5d547192983f0a502c60b99c440f
[INFO] running `Command { std: "docker" "start" "-a" "e574c48fee7c98484693b10832a36cbf71fe5d547192983f0a502c60b99c440f", kill_on_drop: false }`
[INFO] [stderr]    Compiling proc-macro2 v1.0.36
[INFO] [stderr]    Compiling unicode-xid v0.2.2
[INFO] [stderr]    Compiling syn v1.0.86
[INFO] [stderr]    Compiling elfen v0.1.0 (/opt/rustwide/workdir/elfen)
[INFO] [stderr]    Compiling peg-runtime v0.7.0
[INFO] [stderr]    Compiling x86asm v0.1.0 (/opt/rustwide/workdir/x86asm)
[INFO] [stderr]    Compiling anyhow v1.0.53
[INFO] [stderr]    Compiling id-arena v2.2.1
[INFO] [stderr]    Compiling rota v0.1.0 (/opt/rustwide/workdir/rota)
[INFO] [stderr]    Compiling eir v0.1.0 (/opt/rustwide/workdir/eir)
[INFO] [stderr]    Compiling herja v0.1.0 (/opt/rustwide/workdir/herja)
[INFO] [stdout] warning: unnecessary parentheses around index expression
[INFO] [stdout]    --> herja/src/linker.rs:391:34
[INFO] [stdout]     |
[INFO] [stdout] 391 |                     section_data[(code_index + i)] = *value;
[INFO] [stdout]     |                                  ^              ^
[INFO] [stdout]     |
[INFO] [stdout]     = note: `#[warn(unused_parens)]` on by default
[INFO] [stdout] help: remove these parentheses
[INFO] [stdout]     |
[INFO] [stdout] 391 -                     section_data[(code_index + i)] = *value;
[INFO] [stdout] 391 +                     section_data[code_index + i] = *value;
[INFO] [stdout]     |
[INFO] [stdout] 
[INFO] [stdout] 
[INFO] [stderr]    Compiling quote v1.0.15
[INFO] [stderr]    Compiling peg-macros v0.7.0
[INFO] [stderr]    Compiling peg v0.7.0
[INFO] [stderr]    Compiling siderow v0.1.0 (/opt/rustwide/workdir/siderow)
[INFO] [stdout] warning: unused import: `dump::*`
[INFO] [stdout]   --> siderow/src/ssa.rs:11:9
[INFO] [stdout]    |
[INFO] [stdout] 11 | pub use dump::*;
[INFO] [stdout]    |         ^^^^^^^
[INFO] [stdout]    |
[INFO] [stdout]    = note: `#[warn(unused_imports)]` on by default
[INFO] [stdout] 
[INFO] [stdout] 
[INFO] [stderr]    Compiling thiserror-impl v1.0.30
[INFO] [stderr]    Compiling thiserror v1.0.30
[INFO] [stderr]    Compiling sigrun v0.1.0 (/opt/rustwide/workdir/sigrun)
[INFO] [stderr]     Finished `dev` profile [unoptimized + debuginfo] target(s) in 6.29s
[INFO] running `Command { std: "docker" "inspect" "e574c48fee7c98484693b10832a36cbf71fe5d547192983f0a502c60b99c440f", kill_on_drop: false }`
[INFO] running `Command { std: "docker" "rm" "-f" "e574c48fee7c98484693b10832a36cbf71fe5d547192983f0a502c60b99c440f", kill_on_drop: false }`
[INFO] [stdout] e574c48fee7c98484693b10832a36cbf71fe5d547192983f0a502c60b99c440f
[INFO] running `Command { std: "docker" "create" "-v" "/var/lib/crater-agent-workspace/builds/worker-4-tc2/target:/opt/rustwide/target:rw,Z" "-v" "/var/lib/crater-agent-workspace/builds/worker-4-tc2/source:/opt/rustwide/workdir:ro,Z" "-v" "/var/lib/crater-agent-workspace/cargo-home:/opt/rustwide/cargo-home:ro,Z" "-v" "/var/lib/crater-agent-workspace/rustup-home:/opt/rustwide/rustup-home:ro,Z" "-e" "SOURCE_DIR=/opt/rustwide/workdir" "-e" "CARGO_TARGET_DIR=/opt/rustwide/target" "-e" "CARGO_INCREMENTAL=0" "-e" "RUST_BACKTRACE=full" "-e" "RUSTFLAGS=--cap-lints=warn" "-e" "RUSTDOCFLAGS=--cap-lints=warn" "-e" "CARGO_HOME=/opt/rustwide/cargo-home" "-e" "RUSTUP_HOME=/opt/rustwide/rustup-home" "-w" "/opt/rustwide/workdir" "-m" "1610612736" "--user" "0:0" "--network" "none" "ghcr.io/rust-lang/crates-build-env/linux@sha256:f3a9d4ad9d972b27faf3965f35b62e55ba32bbce8f20bc8fe909558a86702fde" "/opt/rustwide/cargo-home/bin/cargo" "+beta-2024-12-08" "test" "--frozen" "--no-run" "--message-format=json", kill_on_drop: false }`
[INFO] [stdout] e3c966bb0231ffac597546b562c33f36cd7ba1e57c8e589d92abc16bbf5bcc61
[INFO] running `Command { std: "docker" "start" "-a" "e3c966bb0231ffac597546b562c33f36cd7ba1e57c8e589d92abc16bbf5bcc61", kill_on_drop: false }`
[INFO] [stderr]    Compiling ansi_term v0.11.0
[INFO] [stderr]    Compiling difference v2.0.0
[INFO] [stderr]    Compiling herja v0.1.0 (/opt/rustwide/workdir/herja)
[INFO] [stderr]    Compiling sigrun v0.1.0 (/opt/rustwide/workdir/sigrun)
[INFO] [stderr]    Compiling rota v0.1.0 (/opt/rustwide/workdir/rota)
[INFO] [stdout] warning: unused import: `dump::*`
[INFO] [stdout]   --> siderow/src/ssa.rs:11:9
[INFO] [stdout]    |
[INFO] [stdout] 11 | pub use dump::*;
[INFO] [stdout]    |         ^^^^^^^
[INFO] [stdout]    |
[INFO] [stdout]    = note: `#[warn(unused_imports)]` on by default
[INFO] [stdout] 
[INFO] [stdout] 
[INFO] [stdout] warning: unnecessary parentheses around index expression
[INFO] [stdout]    --> herja/src/linker.rs:391:34
[INFO] [stdout]     |
[INFO] [stdout] 391 |                     section_data[(code_index + i)] = *value;
[INFO] [stdout]     |                                  ^              ^
[INFO] [stdout]     |
[INFO] [stdout]     = note: `#[warn(unused_parens)]` on by default
[INFO] [stdout] help: remove these parentheses
[INFO] [stdout]     |
[INFO] [stdout] 391 -                     section_data[(code_index + i)] = *value;
[INFO] [stdout] 391 +                     section_data[code_index + i] = *value;
[INFO] [stdout]     |
[INFO] [stdout] 
[INFO] [stdout] 
[INFO] [stderr]    Compiling siderow v0.1.0 (/opt/rustwide/workdir/siderow)
[INFO] [stderr]    Compiling eir v0.1.0 (/opt/rustwide/workdir/eir)
[INFO] [stderr]    Compiling x86asm v0.1.0 (/opt/rustwide/workdir/x86asm)
[INFO] [stdout] warning: unused import: `dump::*`
[INFO] [stdout]   --> siderow/src/ssa.rs:11:9
[INFO] [stdout]    |
[INFO] [stdout] 11 | pub use dump::*;
[INFO] [stdout]    |         ^^^^^^^
[INFO] [stdout]    |
[INFO] [stdout]    = note: `#[warn(unused_imports)]` on by default
[INFO] [stdout] 
[INFO] [stdout] 
[INFO] [stdout] warning: unnecessary parentheses around index expression
[INFO] [stdout]    --> herja/src/linker.rs:391:34
[INFO] [stdout]     |
[INFO] [stdout] 391 |                     section_data[(code_index + i)] = *value;
[INFO] [stdout]     |                                  ^              ^
[INFO] [stdout]     |
[INFO] [stdout]     = note: `#[warn(unused_parens)]` on by default
[INFO] [stdout] help: remove these parentheses
[INFO] [stdout]     |
[INFO] [stdout] 391 -                     section_data[(code_index + i)] = *value;
[INFO] [stdout] 391 +                     section_data[code_index + i] = *value;
[INFO] [stdout]     |
[INFO] [stdout] 
[INFO] [stdout] 
[INFO] [stderr]    Compiling pretty_assertions v0.6.1
[INFO] [stderr]    Compiling elfen v0.1.0 (/opt/rustwide/workdir/elfen)
[INFO] [stderr]     Finished `test` profile [unoptimized + debuginfo] target(s) in 3.72s
[INFO] running `Command { std: "docker" "inspect" "e3c966bb0231ffac597546b562c33f36cd7ba1e57c8e589d92abc16bbf5bcc61", kill_on_drop: false }`
[INFO] running `Command { std: "docker" "rm" "-f" "e3c966bb0231ffac597546b562c33f36cd7ba1e57c8e589d92abc16bbf5bcc61", kill_on_drop: false }`
[INFO] [stdout] e3c966bb0231ffac597546b562c33f36cd7ba1e57c8e589d92abc16bbf5bcc61
[INFO] running `Command { std: "docker" "create" "-v" "/var/lib/crater-agent-workspace/builds/worker-4-tc2/target:/opt/rustwide/target:rw,Z" "-v" "/var/lib/crater-agent-workspace/builds/worker-4-tc2/source:/opt/rustwide/workdir:ro,Z" "-v" "/var/lib/crater-agent-workspace/cargo-home:/opt/rustwide/cargo-home:ro,Z" "-v" "/var/lib/crater-agent-workspace/rustup-home:/opt/rustwide/rustup-home:ro,Z" "-e" "SOURCE_DIR=/opt/rustwide/workdir" "-e" "CARGO_TARGET_DIR=/opt/rustwide/target" "-e" "CARGO_INCREMENTAL=0" "-e" "RUST_BACKTRACE=full" "-e" "RUSTFLAGS=--cap-lints=warn" "-e" "RUSTDOCFLAGS=--cap-lints=warn" "-e" "CARGO_HOME=/opt/rustwide/cargo-home" "-e" "RUSTUP_HOME=/opt/rustwide/rustup-home" "-w" "/opt/rustwide/workdir" "-m" "1610612736" "--user" "0:0" "--network" "none" "ghcr.io/rust-lang/crates-build-env/linux@sha256:f3a9d4ad9d972b27faf3965f35b62e55ba32bbce8f20bc8fe909558a86702fde" "/opt/rustwide/cargo-home/bin/cargo" "+beta-2024-12-08" "test" "--frozen", kill_on_drop: false }`
[INFO] [stdout] a0948aa0d5b74cb636d7734ddc11fa3d6adbae600604f07a9d57be4cf403224d
[INFO] running `Command { std: "docker" "start" "-a" "a0948aa0d5b74cb636d7734ddc11fa3d6adbae600604f07a9d57be4cf403224d", kill_on_drop: false }`
[INFO] [stderr] warning: unnecessary parentheses around index expression
[INFO] [stderr]    --> herja/src/linker.rs:391:34
[INFO] [stderr]     |
[INFO] [stderr] 391 |                     section_data[(code_index + i)] = *value;
[INFO] [stderr]     |                                  ^              ^
[INFO] [stderr]     |
[INFO] [stderr]     = note: `#[warn(unused_parens)]` on by default
[INFO] [stderr] help: remove these parentheses
[INFO] [stderr]     |
[INFO] [stderr] 391 -                     section_data[(code_index + i)] = *value;
[INFO] [stderr] 391 +                     section_data[code_index + i] = *value;
[INFO] [stderr]     |
[INFO] [stderr] 
[INFO] [stderr] warning: `herja` (lib) generated 1 warning (run `cargo fix --lib -p herja` to apply 1 suggestion)
[INFO] [stderr] warning: `herja` (lib test) generated 1 warning (1 duplicate)
[INFO] [stderr] warning: unused import: `dump::*`
[INFO] [stderr]   --> siderow/src/ssa.rs:11:9
[INFO] [stderr]    |
[INFO] [stderr] 11 | pub use dump::*;
[INFO] [stderr]    |         ^^^^^^^
[INFO] [stderr]    |
[INFO] [stderr]    = note: `#[warn(unused_imports)]` on by default
[INFO] [stderr] 
[INFO] [stderr] warning: `siderow` (lib) generated 1 warning (run `cargo fix --lib -p siderow` to apply 1 suggestion)
[INFO] [stderr] warning: `siderow` (lib test) generated 1 warning (1 duplicate)
[INFO] [stderr]     Finished `test` profile [unoptimized + debuginfo] target(s) in 0.04s
[INFO] [stderr]      Running unittests src/lib.rs (/opt/rustwide/target/debug/deps/eir-37d6fd85f2db333b)
[INFO] [stdout] 
[INFO] [stdout] running 0 tests
[INFO] [stderr]      Running unittests src/main.rs (/opt/rustwide/target/debug/deps/eir-2bbcfe7416fa88f1)
[INFO] [stdout] 
[INFO] [stdout] test result: ok. 0 passed; 0 failed; 0 ignored; 0 measured; 0 filtered out; finished in 0.00s
[INFO] [stdout] 
[INFO] [stdout] 
[INFO] [stdout] running 0 tests
[INFO] [stdout] 
[INFO] [stdout] test result: ok. 0 passed; 0 failed; 0 ignored; 0 measured; 0 filtered out; finished in 0.00s
[INFO] [stdout] 
[INFO] [stderr]      Running unittests src/lib.rs (/opt/rustwide/target/debug/deps/elfen-1789c7e46b1453bf)
[INFO] [stdout] 
[INFO] [stdout] running 0 tests
[INFO] [stderr]      Running tests/lib.rs (/opt/rustwide/target/debug/deps/lib-fb601f74f379f561)
[INFO] [stdout] 
[INFO] [stdout] test result: ok. 0 passed; 0 failed; 0 ignored; 0 measured; 0 filtered out; finished in 0.00s
[INFO] [stdout] 
[INFO] [stdout] 
[INFO] [stdout] running 4 tests
[INFO] [stdout] test ret_read ... ok
[INFO] [stdout] test ret_write ... ok
[INFO] [stdout] test ret_o_read ... ok
[INFO] [stdout] test ret_o_write ... ok
[INFO] [stdout] 
[INFO] [stdout] test result: ok. 4 passed; 0 failed; 0 ignored; 0 measured; 0 filtered out; finished in 0.00s
[INFO] [stdout] 
[INFO] [stderr]      Running unittests src/lib.rs (/opt/rustwide/target/debug/deps/herja-12e648812d553bfd)
[INFO] [stdout] 
[INFO] [stdout] running 0 tests
[INFO] [stdout] 
[INFO] [stdout] test result: ok. 0 passed; 0 failed; 0 ignored; 0 measured; 0 filtered out; finished in 0.00s
[INFO] [stdout] 
[INFO] [stderr]      Running unittests src/main.rs (/opt/rustwide/target/debug/deps/herja-8d8c75e24f610da5)
[INFO] [stdout] 
[INFO] [stdout] running 0 tests
[INFO] [stderr]      Running tests/lib.rs (/opt/rustwide/target/debug/deps/lib-c5e1433e9ca97f6a)
[INFO] [stdout] 
[INFO] [stdout] test result: ok. 0 passed; 0 failed; 0 ignored; 0 measured; 0 filtered out; finished in 0.00s
[INFO] [stdout] 
[INFO] [stdout] 
[INFO] [stderr]      Running unittests src/lib.rs (/opt/rustwide/target/debug/deps/rota-fda6c92c147e44dc)
[INFO] [stdout] running 1 test
[INFO] [stdout] test link ... ok
[INFO] [stdout] 
[INFO] [stdout] test result: ok. 1 passed; 0 failed; 0 ignored; 0 measured; 0 filtered out; finished in 0.00s
[INFO] [stdout] 
[INFO] [stdout] 
[INFO] [stdout] running 0 tests
[INFO] [stdout] 
[INFO] [stdout] test result: ok. 0 passed; 0 failed; 0 ignored; 0 measured; 0 filtered out; finished in 0.00s
[INFO] [stdout] 
[INFO] [stderr]      Running unittests src/main.rs (/opt/rustwide/target/debug/deps/rota-5b4a37187edae60d)
[INFO] [stdout] 
[INFO] [stdout] running 0 tests
[INFO] [stdout] 
[INFO] [stdout] test result: ok. 0 passed; 0 failed; 0 ignored; 0 measured; 0 filtered out; finished in 0.00s
[INFO] [stdout] 
[INFO] [stderr]      Running tests/code.rs (/opt/rustwide/target/debug/deps/code-fee825d7f6de26ae)
[INFO] [stdout] 
[INFO] [stdout] running 29 tests
[INFO] [stdout] test ascii ... ok
[INFO] [stdout] test add ... ok
[INFO] [stdout] test and ... ok
[INFO] [stdout] test byte ... ok
[INFO] [stdout] test call ... ok
[INFO] [stdout] test idiv ... ok
[INFO] [stdout] test hlt ... ok
[INFO] [stdout] test long ... ok
[INFO] [stdout] test imul ... ok
[INFO] [stdout] test setge ... ok
[INFO] [stdout] test sete ... ok
[INFO] [stdout] test setg ... ok
[INFO] [stdout] test setl ... ok
[INFO] [stdout] test je ... ok
[INFO] [stdout] test push ... ok
[INFO] [stdout] test ret ... ok
[INFO] [stdout] test setle ... ok
[INFO] [stdout] test setne ... ok
[INFO] [stdout] test jmp ... ok
[INFO] [stdout] test pop ... ok
[INFO] [stdout] test zero ... ok
[INFO] [stdout] test mov ... ok
[INFO] [stdout] test movsx ... ok
[INFO] [stdout] test xor ... ok
[INFO] [stdout] test sub ... ok
[INFO] [stdout] test syscall ... ok
[INFO] [stdout] test cmp ... ok
[INFO] [stdout] test lea ... ok
[INFO] [stdout] test or ... ok
[INFO] [stderr]      Running tests/elf.rs (/opt/rustwide/target/debug/deps/elf-2a2997528d2e2035)
[INFO] [stdout] 
[INFO] [stdout] test result: ok. 29 passed; 0 failed; 0 ignored; 0 measured; 0 filtered out; finished in 0.02s
[INFO] [stdout] 
[INFO] [stdout] 
[INFO] [stdout] running 1 test
[INFO] [stdout] test simple ... ok
[INFO] [stdout] 
[INFO] [stdout] test result: ok. 1 passed; 0 failed; 0 ignored; 0 measured; 0 filtered out; finished in 0.00s
[INFO] [stdout] 
[INFO] [stderr]      Running unittests src/lib.rs (/opt/rustwide/target/debug/deps/siderow-48d16625762a906a)
[INFO] [stdout] 
[INFO] [stdout] running 9 tests
[INFO] [stdout] test arch::x86::instsel::layout::tests::member_offset_in_bits_array ... ok
[INFO] [stdout] test ssa::pass::cf::tests::cf_1 ... ok
[INFO] [stdout] test arch::x86::instsel::layout::tests::member_offset_in_bits_struct1 ... ok
[INFO] [stdout] test arch::x86::instsel::layout::tests::member_offset_in_bits_pointer ... ok
[INFO] [stdout] test ssa::pass::cf::tests::cf_2 ... ok
[INFO] [stdout] test ssa::pass::cf::tests::cf_3 ... ok
[INFO] [stdout] test ssa::pass::dce::tests::dce_1 ... ok
[INFO] [stdout] test ssa::pass::dce::tests::dce_2 ... ok
[INFO] [stdout] test arch::x86::instsel::layout::tests::member_offset_in_bits_struct2 ... ok
[INFO] [stdout] 
[INFO] [stdout] test result: ok. 9 passed; 0 failed; 0 ignored; 0 measured; 0 filtered out; finished in 0.01s
[INFO] [stdout] 
[INFO] [stderr]      Running tests/lib.rs (/opt/rustwide/target/debug/deps/lib-c206f2cec2323da6)
[INFO] [stdout] 
[INFO] [stdout] running 1 test
[INFO] [stdout] test test_all ... FAILED
[INFO] [stdout] 
[INFO] [stdout] failures:
[INFO] [stdout] 
[INFO] [stdout] ---- test_all stdout ----
[INFO] [stdout] processing: "tests/testcases/gte.si"
[INFO] [stdout] thread 'test_all' panicked at siderow/tests/lib.rs:38:28:
[INFO] [stdout] cannot execute program: Os { code: 30, kind: ReadOnlyFilesystem, message: "Read-only file system" }
[INFO] [stdout] stack backtrace:
[INFO] [stdout]    0:     0x616789f0213a - std::backtrace_rs::backtrace::libunwind::trace::h8810477743020387
[INFO] [stdout]                                at /rustc/202008a1b8de96d2e5b6bc02d379db03a877d34d/library/std/src/../../backtrace/src/backtrace/libunwind.rs:116:5
[INFO] [stdout]    1:     0x616789f0213a - std::backtrace_rs::backtrace::trace_unsynchronized::h3aa55355dd6c54a6
[INFO] [stdout]                                at /rustc/202008a1b8de96d2e5b6bc02d379db03a877d34d/library/std/src/../../backtrace/src/backtrace/mod.rs:66:5
[INFO] [stdout]    2:     0x616789f0213a - std::sys::backtrace::_print_fmt::h8588b0f62410823f
[INFO] [stdout]                                at /rustc/202008a1b8de96d2e5b6bc02d379db03a877d34d/library/std/src/sys/backtrace.rs:66:9
[INFO] [stdout]    3:     0x616789f0213a - <std::sys::backtrace::BacktraceLock::print::DisplayBacktrace as core::fmt::Display>::fmt::h98c26ac25ffe89bb
[INFO] [stdout]                                at /rustc/202008a1b8de96d2e5b6bc02d379db03a877d34d/library/std/src/sys/backtrace.rs:39:26
[INFO] [stdout]    4:     0x616789f282c3 - core::fmt::rt::Argument::fmt::hf95377f4aebd453b
[INFO] [stdout]                                at /rustc/202008a1b8de96d2e5b6bc02d379db03a877d34d/library/core/src/fmt/rt.rs:177:76
[INFO] [stdout]    5:     0x616789f282c3 - core::fmt::write::h0dd5f6e2238c7982
[INFO] [stdout]                                at /rustc/202008a1b8de96d2e5b6bc02d379db03a877d34d/library/core/src/fmt/mod.rs:1189:21
[INFO] [stdout]    6:     0x616789eff033 - std::io::Write::write_fmt::h03bb0ca26e6faf8c
[INFO] [stdout]                                at /rustc/202008a1b8de96d2e5b6bc02d379db03a877d34d/library/std/src/io/mod.rs:1884:15
[INFO] [stdout]    7:     0x616789f01f82 - std::sys::backtrace::BacktraceLock::print::h5c19c1c038ee186d
[INFO] [stdout]                                at /rustc/202008a1b8de96d2e5b6bc02d379db03a877d34d/library/std/src/sys/backtrace.rs:42:9
[INFO] [stdout]    8:     0x616789f035bd - std::panicking::default_hook::{{closure}}::h77172f079a1fcb13
[INFO] [stdout]                                at /rustc/202008a1b8de96d2e5b6bc02d379db03a877d34d/library/std/src/panicking.rs:268:22
[INFO] [stdout]    9:     0x616789f033c7 - std::panicking::default_hook::he5f8e3b203ccddba
[INFO] [stdout]                                at /rustc/202008a1b8de96d2e5b6bc02d379db03a877d34d/library/std/src/panicking.rs:292:9
[INFO] [stdout]   10:     0x616789e686a7 - <alloc::boxed::Box<F,A> as core::ops::function::Fn<Args>>::call::h7a3c7b4a1ae77f2f
[INFO] [stdout]                                at /rustc/202008a1b8de96d2e5b6bc02d379db03a877d34d/library/alloc/src/boxed.rs:1986:9
[INFO] [stdout]   11:     0x616789e686a7 - test::test_main::{{closure}}::hf0d3b69ae9b353d1
[INFO] [stdout]                                at /rustc/202008a1b8de96d2e5b6bc02d379db03a877d34d/library/test/src/lib.rs:134:21
[INFO] [stdout]   12:     0x616789f03c68 - <alloc::boxed::Box<F,A> as core::ops::function::Fn<Args>>::call::h6332e82e7b189abd
[INFO] [stdout]                                at /rustc/202008a1b8de96d2e5b6bc02d379db03a877d34d/library/alloc/src/boxed.rs:1986:9
[INFO] [stdout]   13:     0x616789f03c68 - std::panicking::rust_panic_with_hook::h53863d4e9018df39
[INFO] [stdout]                                at /rustc/202008a1b8de96d2e5b6bc02d379db03a877d34d/library/std/src/panicking.rs:809:13
[INFO] [stdout]   14:     0x616789f03a2a - std::panicking::begin_panic_handler::{{closure}}::h67280e6fa0757873
[INFO] [stdout]                                at /rustc/202008a1b8de96d2e5b6bc02d379db03a877d34d/library/std/src/panicking.rs:674:13
[INFO] [stdout]   15:     0x616789f02619 - std::sys::backtrace::__rust_end_short_backtrace::h1dac3f54d6fbbeb2
[INFO] [stdout]                                at /rustc/202008a1b8de96d2e5b6bc02d379db03a877d34d/library/std/src/sys/backtrace.rs:170:18
[INFO] [stdout]   16:     0x616789f036bc - rust_begin_unwind
[INFO] [stdout]                                at /rustc/202008a1b8de96d2e5b6bc02d379db03a877d34d/library/std/src/panicking.rs:665:5
[INFO] [stdout]   17:     0x616789e22b40 - core::panicking::panic_fmt::h6792bd1b2bf01041
[INFO] [stdout]                                at /rustc/202008a1b8de96d2e5b6bc02d379db03a877d34d/library/core/src/panicking.rs:76:14
[INFO] [stdout]   18:     0x616789e22f86 - core::result::unwrap_failed::h05e0602ed34287c5
[INFO] [stdout]                                at /rustc/202008a1b8de96d2e5b6bc02d379db03a877d34d/library/core/src/result.rs:1699:5
[INFO] [stdout]   19:     0x616789e2c8ef - core::result::Result<T,E>::expect::h657e196d69d87bd7
[INFO] [stdout]                                at /rustc/202008a1b8de96d2e5b6bc02d379db03a877d34d/library/core/src/result.rs:1061:23
[INFO] [stdout]   20:     0x616789e2e2e7 - lib::test_file::hb9d67b9a963fa404
[INFO] [stdout]                                at /opt/rustwide/workdir/siderow/tests/lib.rs:38:5
[INFO] [stdout]   21:     0x616789e2ed7f - lib::test_all::hd187d381472b707c
[INFO] [stdout]                                at /opt/rustwide/workdir/siderow/tests/lib.rs:23:9
[INFO] [stdout]   22:     0x616789e2e9f7 - lib::test_all::{{closure}}::h5a92646d6122d7f3
[INFO] [stdout]                                at /opt/rustwide/workdir/siderow/tests/lib.rs:15:14
[INFO] [stdout]   23:     0x616789e2ae46 - core::ops::function::FnOnce::call_once::h4fc10c906c8af6ac
[INFO] [stdout]                                at /rustc/202008a1b8de96d2e5b6bc02d379db03a877d34d/library/core/src/ops/function.rs:250:5
[INFO] [stdout]   24:     0x616789e6d1cb - core::ops::function::FnOnce::call_once::h871bf86719ec9aa4
[INFO] [stdout]                                at /rustc/202008a1b8de96d2e5b6bc02d379db03a877d34d/library/core/src/ops/function.rs:250:5
[INFO] [stdout]   25:     0x616789e6d1cb - test::__rust_begin_short_backtrace::h2167df1e2b7d76fd
[INFO] [stdout]                                at /rustc/202008a1b8de96d2e5b6bc02d379db03a877d34d/library/test/src/lib.rs:632:18
[INFO] [stdout]   26:     0x616789e6cbb8 - test::run_test_in_process::{{closure}}::h15d92f75a3adfb79
[INFO] [stdout]                                at /rustc/202008a1b8de96d2e5b6bc02d379db03a877d34d/library/test/src/lib.rs:655:60
[INFO] [stdout]   27:     0x616789e6cbb8 - <core::panic::unwind_safe::AssertUnwindSafe<F> as core::ops::function::FnOnce<()>>::call_once::hb6c8955835a8dbbb
[INFO] [stdout]                                at /rustc/202008a1b8de96d2e5b6bc02d379db03a877d34d/library/core/src/panic/unwind_safe.rs:272:9
[INFO] [stdout]   28:     0x616789e6cbb8 - std::panicking::try::do_call::hc79d0fc888a0bd30
[INFO] [stdout]                                at /rustc/202008a1b8de96d2e5b6bc02d379db03a877d34d/library/std/src/panicking.rs:557:40
[INFO] [stdout]   29:     0x616789e6cbb8 - std::panicking::try::hb8a7878e3a8589d6
[INFO] [stdout]                                at /rustc/202008a1b8de96d2e5b6bc02d379db03a877d34d/library/std/src/panicking.rs:520:19
[INFO] [stdout]   30:     0x616789e6cbb8 - std::panic::catch_unwind::hb8e4600ff0ff5cfa
[INFO] [stdout]                                at /rustc/202008a1b8de96d2e5b6bc02d379db03a877d34d/library/std/src/panic.rs:358:14
[INFO] [stdout]   31:     0x616789e6cbb8 - test::run_test_in_process::hc2900b0b18688dd6
[INFO] [stdout]                                at /rustc/202008a1b8de96d2e5b6bc02d379db03a877d34d/library/test/src/lib.rs:655:27
[INFO] [stdout]   32:     0x616789e6cbb8 - test::run_test::{{closure}}::hac2a9cb07be3d48d
[INFO] [stdout]                                at /rustc/202008a1b8de96d2e5b6bc02d379db03a877d34d/library/test/src/lib.rs:576:43
[INFO] [stdout]   33:     0x616789e3065a - test::run_test::{{closure}}::h4a5b729e66a38cd8
[INFO] [stdout]                                at /rustc/202008a1b8de96d2e5b6bc02d379db03a877d34d/library/test/src/lib.rs:606:41
[INFO] [stdout]   34:     0x616789e3065a - std::sys::backtrace::__rust_begin_short_backtrace::h0496fb742492f573
[INFO] [stdout]                                at /rustc/202008a1b8de96d2e5b6bc02d379db03a877d34d/library/std/src/sys/backtrace.rs:154:18
[INFO] [stdout]   35:     0x616789e33fd4 - std::thread::Builder::spawn_unchecked_::{{closure}}::{{closure}}::hbb6d257c550a54bd
[INFO] [stdout]                                at /rustc/202008a1b8de96d2e5b6bc02d379db03a877d34d/library/std/src/thread/mod.rs:561:17
[INFO] [stdout]   36:     0x616789e33fd4 - <core::panic::unwind_safe::AssertUnwindSafe<F> as core::ops::function::FnOnce<()>>::call_once::h46696fe4a6832328
[INFO] [stdout]                                at /rustc/202008a1b8de96d2e5b6bc02d379db03a877d34d/library/core/src/panic/unwind_safe.rs:272:9
[INFO] [stdout]   37:     0x616789e33fd4 - std::panicking::try::do_call::h2625a51b667bfb64
[INFO] [stdout]                                at /rustc/202008a1b8de96d2e5b6bc02d379db03a877d34d/library/std/src/panicking.rs:557:40
[INFO] [stdout]   38:     0x616789e33fd4 - std::panicking::try::hb956a59a1973aa4c
[INFO] [stdout]                                at /rustc/202008a1b8de96d2e5b6bc02d379db03a877d34d/library/std/src/panicking.rs:520:19
[INFO] [stdout]   39:     0x616789e33fd4 - std::panic::catch_unwind::h64f3b9d1067ef6a0
[INFO] [stdout]                                at /rustc/202008a1b8de96d2e5b6bc02d379db03a877d34d/library/std/src/panic.rs:358:14
[INFO] [stdout]   40:     0x616789e33fd4 - std::thread::Builder::spawn_unchecked_::{{closure}}::h42b2841295b6c0b2
[INFO] [stdout]                                at /rustc/202008a1b8de96d2e5b6bc02d379db03a877d34d/library/std/src/thread/mod.rs:559:30
[INFO] [stdout]   41:     0x616789e33fd4 - core::ops::function::FnOnce::call_once{{vtable.shim}}::h6127de71b8124639
[INFO] [stdout]                                at /rustc/202008a1b8de96d2e5b6bc02d379db03a877d34d/library/core/src/ops/function.rs:250:5
[INFO] [stdout]   42:     0x616789f080fb - <alloc::boxed::Box<F,A> as core::ops::function::FnOnce<Args>>::call_once::h42f0ba71002a1b2c
[INFO] [stdout]                                at /rustc/202008a1b8de96d2e5b6bc02d379db03a877d34d/library/alloc/src/boxed.rs:1972:9
[INFO] [stdout]   43:     0x616789f080fb - <alloc::boxed::Box<F,A> as core::ops::function::FnOnce<Args>>::call_once::had9e47d7a3dcecb8
[INFO] [stdout]                                at /rustc/202008a1b8de96d2e5b6bc02d379db03a877d34d/library/alloc/src/boxed.rs:1972:9
[INFO] [stdout]   44:     0x616789f080fb - std::sys::pal::unix::thread::Thread::new::thread_start::h48cf765408f6f5f2
[INFO] [stdout]                                at /rustc/202008a1b8de96d2e5b6bc02d379db03a877d34d/library/std/src/sys/pal/unix/thread.rs:105:17
[INFO] [stdout]   45:     0x7576b8888ac3 - <unknown>
[INFO] [stdout]   46:     0x7576b8919a04 - clone
[INFO] [stdout]   47:                0x0 - <unknown>
[INFO] [stdout] 
[INFO] [stdout] 
[INFO] [stdout] failures:
[INFO] [stdout]     test_all
[INFO] [stdout] 
[INFO] [stdout] test result: FAILED. 0 passed; 1 failed; 0 ignored; 0 measured; 0 filtered out; finished in 0.04s
[INFO] [stdout] 
[INFO] [stderr] error: test failed, to rerun pass `-p siderow --test lib`
[INFO] running `Command { std: "docker" "inspect" "a0948aa0d5b74cb636d7734ddc11fa3d6adbae600604f07a9d57be4cf403224d", kill_on_drop: false }`
[INFO] running `Command { std: "docker" "rm" "-f" "a0948aa0d5b74cb636d7734ddc11fa3d6adbae600604f07a9d57be4cf403224d", kill_on_drop: false }`
[INFO] [stdout] a0948aa0d5b74cb636d7734ddc11fa3d6adbae600604f07a9d57be4cf403224d
