[INFO] cloning repository https://github.com/orhun/binsider
[INFO] running `Command { std: "git" "-c" "credential.helper=" "-c" "credential.helper=/workspace/cargo-home/bin/git-credential-null" "clone" "--bare" "https://github.com/orhun/binsider" "/workspace/cache/git-repos/https%3A%2F%2Fgithub.com%2Forhun%2Fbinsider", kill_on_drop: false }`
[INFO] [stderr] Cloning into bare repository '/workspace/cache/git-repos/https%3A%2F%2Fgithub.com%2Forhun%2Fbinsider'...
[INFO] running `Command { std: "git" "rev-parse" "HEAD", kill_on_drop: false }`
[INFO] [stdout] a178e7e3e749d8b71d4b1863f10eb217cd57bd07
[INFO] testing orhun/binsider against beta-2024-12-08 for beta-1.84.0-4-retry
[INFO] running `Command { std: "git" "clone" "/workspace/cache/git-repos/https%3A%2F%2Fgithub.com%2Forhun%2Fbinsider" "/workspace/builds/worker-0-tc2/source", kill_on_drop: false }`
[INFO] [stderr] Cloning into '/workspace/builds/worker-0-tc2/source'...
[INFO] [stderr] done.
[INFO] validating manifest of git repo https://github.com/orhun/binsider on toolchain beta-2024-12-08
[INFO] running `Command { std: CARGO_HOME="/workspace/cargo-home" RUSTUP_HOME="/workspace/rustup-home" "/workspace/cargo-home/bin/cargo" "+beta-2024-12-08" "metadata" "--manifest-path" "Cargo.toml" "--no-deps", kill_on_drop: false }`
[INFO] started tweaking git repo https://github.com/orhun/binsider
[INFO] finished tweaking git repo https://github.com/orhun/binsider
[INFO] tweaked toml for git repo https://github.com/orhun/binsider written to /workspace/builds/worker-0-tc2/source/Cargo.toml
[INFO] crate git repo https://github.com/orhun/binsider already has a lockfile, it will not be regenerated
[INFO] running `Command { std: CARGO_HOME="/workspace/cargo-home" RUSTUP_HOME="/workspace/rustup-home" "/workspace/cargo-home/bin/cargo" "+beta-2024-12-08" "fetch" "--manifest-path" "Cargo.toml", kill_on_drop: false }`
[INFO] [stderr]     Blocking waiting for file lock on package cache
[INFO] [stderr]     Blocking waiting for file lock on package cache
[INFO] running `Command { std: "docker" "create" "-v" "/var/lib/crater-agent-workspace/builds/worker-0-tc2/target:/opt/rustwide/target:rw,Z" "-v" "/var/lib/crater-agent-workspace/builds/worker-0-tc2/source:/opt/rustwide/workdir:ro,Z" "-v" "/var/lib/crater-agent-workspace/cargo-home:/opt/rustwide/cargo-home:ro,Z" "-v" "/var/lib/crater-agent-workspace/rustup-home:/opt/rustwide/rustup-home:ro,Z" "-e" "SOURCE_DIR=/opt/rustwide/workdir" "-e" "CARGO_TARGET_DIR=/opt/rustwide/target" "-e" "CARGO_HOME=/opt/rustwide/cargo-home" "-e" "RUSTUP_HOME=/opt/rustwide/rustup-home" "-w" "/opt/rustwide/workdir" "-m" "1610612736" "--user" "0:0" "--network" "none" "ghcr.io/rust-lang/crates-build-env/linux@sha256:f3a9d4ad9d972b27faf3965f35b62e55ba32bbce8f20bc8fe909558a86702fde" "/opt/rustwide/cargo-home/bin/cargo" "+beta-2024-12-08" "metadata" "--no-deps" "--format-version=1", kill_on_drop: false }`
[INFO] [stdout] 7b2b1b2e6617a47e1c61a9bde2e0b3347182b0c9a4db64bdebf1ad3335894c92
[INFO] running `Command { std: "docker" "start" "-a" "7b2b1b2e6617a47e1c61a9bde2e0b3347182b0c9a4db64bdebf1ad3335894c92", kill_on_drop: false }`
[INFO] running `Command { std: "docker" "inspect" "7b2b1b2e6617a47e1c61a9bde2e0b3347182b0c9a4db64bdebf1ad3335894c92", kill_on_drop: false }`
[INFO] running `Command { std: "docker" "rm" "-f" "7b2b1b2e6617a47e1c61a9bde2e0b3347182b0c9a4db64bdebf1ad3335894c92", kill_on_drop: false }`
[INFO] [stdout] 7b2b1b2e6617a47e1c61a9bde2e0b3347182b0c9a4db64bdebf1ad3335894c92
[INFO] running `Command { std: "docker" "create" "-v" "/var/lib/crater-agent-workspace/builds/worker-0-tc2/target:/opt/rustwide/target:rw,Z" "-v" "/var/lib/crater-agent-workspace/builds/worker-0-tc2/source:/opt/rustwide/workdir:ro,Z" "-v" "/var/lib/crater-agent-workspace/cargo-home:/opt/rustwide/cargo-home:ro,Z" "-v" "/var/lib/crater-agent-workspace/rustup-home:/opt/rustwide/rustup-home:ro,Z" "-e" "SOURCE_DIR=/opt/rustwide/workdir" "-e" "CARGO_TARGET_DIR=/opt/rustwide/target" "-e" "CARGO_INCREMENTAL=0" "-e" "RUST_BACKTRACE=full" "-e" "RUSTFLAGS=--cap-lints=warn" "-e" "RUSTDOCFLAGS=--cap-lints=warn" "-e" "CARGO_HOME=/opt/rustwide/cargo-home" "-e" "RUSTUP_HOME=/opt/rustwide/rustup-home" "-w" "/opt/rustwide/workdir" "-m" "1610612736" "--user" "0:0" "--network" "none" "ghcr.io/rust-lang/crates-build-env/linux@sha256:f3a9d4ad9d972b27faf3965f35b62e55ba32bbce8f20bc8fe909558a86702fde" "/opt/rustwide/cargo-home/bin/cargo" "+beta-2024-12-08" "build" "--frozen" "--message-format=json", kill_on_drop: false }`
[INFO] [stdout] 414ec0b4535d69b1422635be6dcbe31a0851cb38e98b931048e5ce8c8128eff5
[INFO] running `Command { std: "docker" "start" "-a" "414ec0b4535d69b1422635be6dcbe31a0851cb38e98b931048e5ce8c8128eff5", kill_on_drop: false }`
[INFO] [stderr]    Compiling proc-macro2 v1.0.87
[INFO] [stderr]    Compiling unicode-ident v1.0.13
[INFO] [stderr]    Compiling autocfg v1.4.0
[INFO] [stderr]    Compiling libc v0.2.159
[INFO] [stderr]    Compiling bitflags v2.6.0
[INFO] [stderr]    Compiling cfg-if v1.0.0
[INFO] [stderr]    Compiling rustix v0.38.37
[INFO] [stderr]    Compiling crossbeam-utils v0.8.20
[INFO] [stderr]    Compiling linux-raw-sys v0.4.14
[INFO] [stderr]    Compiling value-bag v1.9.0
[INFO] [stderr]    Compiling parking_lot_core v0.9.10
[INFO] [stderr]    Compiling scopeguard v1.2.0
[INFO] [stderr]    Compiling rustversion v1.0.17
[INFO] [stderr]    Compiling smallvec v1.13.2
[INFO] [stderr]    Compiling pin-project-lite v0.2.14
[INFO] [stderr]    Compiling memchr v2.7.4
[INFO] [stderr]    Compiling heck v0.5.0
[INFO] [stderr]    Compiling unicode-width v0.1.14
[INFO] [stderr]    Compiling signal-hook v0.3.17
[INFO] [stderr]    Compiling parking v2.2.1
[INFO] [stderr]    Compiling futures-core v0.3.31
[INFO] [stderr]    Compiling itoa v1.0.11
[INFO] [stderr]    Compiling either v1.13.0
[INFO] [stderr]    Compiling ident_case v1.0.1
[INFO] [stderr]    Compiling ryu v1.0.18
[INFO] [stderr]    Compiling log v0.4.22
[INFO] [stderr]    Compiling strsim v0.11.1
[INFO] [stderr]    Compiling fnv v1.0.7
[INFO] [stderr]    Compiling equivalent v1.0.1
[INFO] [stderr]    Compiling futures-io v0.3.31
[INFO] [stderr]    Compiling paste v1.0.15
[INFO] [stderr]    Compiling allocator-api2 v0.2.18
[INFO] [stderr]    Compiling foldhash v0.1.3
[INFO] [stderr]    Compiling fastrand v2.1.1
[INFO] [stderr]    Compiling itertools v0.13.0
[INFO] [stderr]    Compiling static_assertions v1.1.0
[INFO] [stderr]    Compiling unicode-segmentation v1.12.0
[INFO] [stderr]    Compiling lock_api v0.4.12
[INFO] [stderr]    Compiling slab v0.4.9
[INFO] [stderr]    Compiling cassowary v0.3.0
[INFO] [stderr]    Compiling futures-lite v2.3.0
[INFO] [stderr]    Compiling utf8parse v0.2.2
[INFO] [stderr]    Compiling tracing-core v0.1.32
[INFO] [stderr]    Compiling anstyle-parse v0.2.5
[INFO] [stderr]    Compiling quote v1.0.37
[INFO] [stderr]    Compiling hashbrown v0.15.0
[INFO] [stderr]    Compiling concurrent-queue v2.5.0
[INFO] [stderr]    Compiling castaway v0.2.3
[INFO] [stderr]    Compiling syn v2.0.79
[INFO] [stderr]    Compiling compact_str v0.8.0
[INFO] [stderr]    Compiling event-listener v5.3.1
[INFO] [stderr]    Compiling async-task v4.7.1
[INFO] [stderr]    Compiling is_terminal_polyfill v1.70.1
[INFO] [stderr]    Compiling anstyle v1.0.8
[INFO] [stderr]    Compiling tinyvec_macros v0.1.1
[INFO] [stderr]    Compiling anstyle-query v1.1.1
[INFO] [stderr]    Compiling colorchoice v1.0.2
[INFO] [stderr]    Compiling event-listener-strategy v0.5.2
[INFO] [stderr]    Compiling serde v1.0.210
[INFO] [stderr]    Compiling atomic-waker v1.1.2
[INFO] [stderr]    Compiling tracing v0.1.40
[INFO] [stderr]    Compiling tinyvec v1.8.0
[INFO] [stderr]    Compiling clap_lex v0.7.2
[INFO] [stderr]    Compiling async-lock v3.4.0
[INFO] [stderr]    Compiling anstream v0.6.15
[INFO] [stderr]    Compiling async-channel v2.3.1
[INFO] [stderr]    Compiling piper v0.2.4
[INFO] [stderr]    Compiling cfg_aliases v0.2.1
[INFO] [stderr]    Compiling lru v0.12.5
[INFO] [stderr]    Compiling thiserror v1.0.64
[INFO] [stderr]    Compiling unicode-normalization v0.1.24
[INFO] [stderr]    Compiling nix v0.29.0
[INFO] [stderr]    Compiling crossbeam-epoch v0.9.18
[INFO] [stderr]    Compiling aho-corasick v1.1.3
[INFO] [stderr]    Compiling fs-err v2.11.0
[INFO] [stderr]    Compiling num-traits v0.2.19
[INFO] [stderr]    Compiling unicode-bidi v0.3.17
[INFO] [stderr]    Compiling event-listener v2.5.3
[INFO] [stderr]    Compiling gimli v0.31.1
[INFO] [stderr]    Compiling x11rb-protocol v0.13.1
[INFO] [stderr]    Compiling percent-encoding v2.3.1
[INFO] [stderr]    Compiling once_cell v1.20.2
[INFO] [stderr]    Compiling serde_json v1.0.128
[INFO] [stderr]    Compiling adler2 v2.0.0
[INFO] [stderr]    Compiling lazy_static v1.5.0
[INFO] [stderr]    Compiling syscalls v0.6.18
[INFO] [stderr]    Compiling async-executor v1.13.1
[INFO] [stderr]    Compiling blocking v1.6.1
[INFO] [stderr]    Compiling anyhow v1.0.89
[INFO] [stderr]    Compiling regex-syntax v0.8.5
[INFO] [stderr]    Compiling idna v0.5.0
[INFO] [stderr]    Compiling miniz_oxide v0.8.0
[INFO] [stderr]    Compiling form_urlencoded v1.2.1
[INFO] [stderr]    Compiling crossbeam-deque v0.8.5
[INFO] [stderr]    Compiling async-channel v1.9.0
[INFO] [stderr]    Compiling crossbeam-channel v0.5.13
[INFO] [stderr]    Compiling crossbeam-queue v0.3.11
[INFO] [stderr]    Compiling object v0.36.5
[INFO] [stderr]    Compiling kv-log-macro v1.0.7
[INFO] [stderr]    Compiling home v0.5.9
[INFO] [stderr]    Compiling pin-utils v0.1.0
[INFO] [stderr]    Compiling rustc-demangle v0.1.24
[INFO] [stderr]    Compiling minimal-lexical v0.2.1
[INFO] [stderr]    Compiling plain v0.2.3
[INFO] [stderr]    Compiling litrs v0.4.1
[INFO] [stderr]    Compiling signal-hook-registry v1.4.2
[INFO] [stderr]    Compiling parking_lot v0.12.3
[INFO] [stderr]    Compiling mio v1.0.2
[INFO] [stderr]    Compiling unicode-truncate v1.1.0
[INFO] [stderr]    Compiling console v0.15.8
[INFO] [stderr]    Compiling crossterm v0.27.0
[INFO] [stderr]    Compiling crossbeam v0.8.4
[INFO] [stderr]    Compiling url v2.5.2
[INFO] [stderr]    Compiling nom v7.1.3
[INFO] [stderr]    Compiling document-features v0.2.10
[INFO] [stderr]    Compiling signal-hook-mio v0.2.4
[INFO] [stderr]    Compiling linux-personality v2.0.0
[INFO] [stderr]    Compiling memmap2 v0.9.5
[INFO] [stderr]    Compiling users v0.11.0
[INFO] [stderr]    Compiling glob v0.3.1
[INFO] [stderr]    Compiling smawk v0.3.2
[INFO] [stderr]    Compiling simdutf8 v0.1.5
[INFO] [stderr]    Compiling byteorder v1.5.0
[INFO] [stderr]    Compiling unicode-linebreak v0.1.5
[INFO] [stderr]    Compiling iana-time-zone v0.1.61
[INFO] [stderr]    Compiling font8x8 v0.3.1
[INFO] [stderr]    Compiling hex v0.4.3
[INFO] [stderr]    Compiling webbrowser v1.0.2
[INFO] [stderr]    Compiling textwrap v0.16.1
[INFO] [stderr]    Compiling sysinfo v0.32.0
[INFO] [stderr]    Compiling unicode-width v0.2.0
[INFO] [stderr]    Compiling bytesize v1.3.0
[INFO] [stderr]    Compiling rust-strings v0.6.0
[INFO] [stderr]    Compiling chrono v0.4.38
[INFO] [stderr]    Compiling elf v0.7.4
[INFO] [stderr]    Compiling addr2line v0.24.2
[INFO] [stderr]    Compiling regex-automata v0.4.8
[INFO] [stderr]    Compiling darling_core v0.20.10
[INFO] [stderr]    Compiling strum_macros v0.26.4
[INFO] [stderr]    Compiling instability v0.3.2
[INFO] [stderr]    Compiling serde_derive v1.0.210
[INFO] [stderr]    Compiling thiserror-impl v1.0.64
[INFO] [stderr]    Compiling scroll_derive v0.12.0
[INFO] [stderr]    Compiling clap_derive v4.5.18
[INFO] [stderr]    Compiling serde_repr v0.1.19
[INFO] [stderr]    Compiling derive-getters v0.5.0
[INFO] [stderr]    Compiling backtrace v0.3.74
[INFO] [stderr]    Compiling scroll v0.12.0
[INFO] [stderr]    Compiling better-panic v0.3.0
[INFO] [stderr]    Compiling goblin v0.8.2
[INFO] [stderr]    Compiling crossterm v0.28.1
[INFO] [stderr]    Compiling terminal_size v0.4.0
[INFO] [stderr]    Compiling polling v3.7.3
[INFO] [stderr]    Compiling clap_builder v4.5.20
[INFO] [stderr]    Compiling x11rb v0.13.1
[INFO] [stderr]    Compiling async-io v2.3.4
[INFO] [stderr]    Compiling which v6.0.3
[INFO] [stderr]    Compiling strum v0.26.3
[INFO] [stderr]    Compiling regex v1.11.0
[INFO] [stderr]    Compiling comfy-table v7.1.1
[INFO] [stderr]    Compiling ratatui v0.28.1
[INFO] [stderr]    Compiling darling_macro v0.20.10
[INFO] [stderr]    Compiling async-global-executor v2.4.1
[INFO] [stderr]    Compiling arboard v3.4.1
[INFO] [stderr]    Compiling async-std v1.13.0
[INFO] [stderr]    Compiling darling v0.20.10
[INFO] [stderr]    Compiling derive_builder_core v0.20.2
[INFO] [stderr]    Compiling derive_setters v0.1.6
[INFO] [stderr]    Compiling clap v4.5.20
[INFO] [stderr]    Compiling ansi-to-tui v6.0.0
[INFO] [stderr]    Compiling tui-input v0.10.1
[INFO] [stderr]    Compiling heh v0.6.1
[INFO] [stderr]    Compiling tui-popup v0.5.0
[INFO] [stderr]    Compiling derive_builder_macro v0.20.2
[INFO] [stderr]    Compiling termbg v0.5.2
[INFO] [stderr]    Compiling derive_builder v0.20.2
[INFO] [stderr]    Compiling lddtree v0.3.5
[INFO] [stderr]    Compiling tui-big-text v0.6.0
[INFO] [stderr]    Compiling lurk-cli v0.3.9
[INFO] [stderr]    Compiling binsider v0.2.1 (/opt/rustwide/workdir)
[INFO] [stderr]     Finished `dev` profile [unoptimized + debuginfo] target(s) in 1m 15s
[INFO] running `Command { std: "docker" "inspect" "414ec0b4535d69b1422635be6dcbe31a0851cb38e98b931048e5ce8c8128eff5", kill_on_drop: false }`
[INFO] running `Command { std: "docker" "rm" "-f" "414ec0b4535d69b1422635be6dcbe31a0851cb38e98b931048e5ce8c8128eff5", kill_on_drop: false }`
[INFO] [stdout] 414ec0b4535d69b1422635be6dcbe31a0851cb38e98b931048e5ce8c8128eff5
[INFO] running `Command { std: "docker" "create" "-v" "/var/lib/crater-agent-workspace/builds/worker-0-tc2/target:/opt/rustwide/target:rw,Z" "-v" "/var/lib/crater-agent-workspace/builds/worker-0-tc2/source:/opt/rustwide/workdir:ro,Z" "-v" "/var/lib/crater-agent-workspace/cargo-home:/opt/rustwide/cargo-home:ro,Z" "-v" "/var/lib/crater-agent-workspace/rustup-home:/opt/rustwide/rustup-home:ro,Z" "-e" "SOURCE_DIR=/opt/rustwide/workdir" "-e" "CARGO_TARGET_DIR=/opt/rustwide/target" "-e" "CARGO_INCREMENTAL=0" "-e" "RUST_BACKTRACE=full" "-e" "RUSTFLAGS=--cap-lints=warn" "-e" "RUSTDOCFLAGS=--cap-lints=warn" "-e" "CARGO_HOME=/opt/rustwide/cargo-home" "-e" "RUSTUP_HOME=/opt/rustwide/rustup-home" "-w" "/opt/rustwide/workdir" "-m" "1610612736" "--user" "0:0" "--network" "none" "ghcr.io/rust-lang/crates-build-env/linux@sha256:f3a9d4ad9d972b27faf3965f35b62e55ba32bbce8f20bc8fe909558a86702fde" "/opt/rustwide/cargo-home/bin/cargo" "+beta-2024-12-08" "test" "--frozen" "--no-run" "--message-format=json", kill_on_drop: false }`
[INFO] [stdout] 672a419c679089df68c26642be512de9cc49344d0b294c8dbdf4cbaa162a2577
[INFO] running `Command { std: "docker" "start" "-a" "672a419c679089df68c26642be512de9cc49344d0b294c8dbdf4cbaa162a2577", kill_on_drop: false }`
[INFO] [stderr]    Compiling bitflags v2.6.0
[INFO] [stderr]    Compiling linux-raw-sys v0.4.14
[INFO] [stderr]    Compiling value-bag v1.9.0
[INFO] [stderr]    Compiling strsim v0.11.1
[INFO] [stderr]    Compiling libc v0.2.159
[INFO] [stderr]    Compiling crossbeam-utils v0.8.20
[INFO] [stderr]    Compiling scopeguard v1.2.0
[INFO] [stderr]    Compiling smallvec v1.13.2
[INFO] [stderr]    Compiling pin-project-lite v0.2.14
[INFO] [stderr]    Compiling unicode-width v0.1.14
[INFO] [stderr]    Compiling memchr v2.7.4
[INFO] [stderr]    Compiling parking v2.2.1
[INFO] [stderr]    Compiling futures-core v0.3.31
[INFO] [stderr]    Compiling either v1.13.0
[INFO] [stderr]    Compiling itoa v1.0.11
[INFO] [stderr]    Compiling ryu v1.0.18
[INFO] [stderr]    Compiling strum v0.26.3
[INFO] [stderr]    Compiling lock_api v0.4.12
[INFO] [stderr]    Compiling fastrand v2.1.1
[INFO] [stderr]    Compiling allocator-api2 v0.2.18
[INFO] [stderr]    Compiling foldhash v0.1.3
[INFO] [stderr]    Compiling futures-io v0.3.31
[INFO] [stderr]    Compiling equivalent v1.0.1
[INFO] [stderr]    Compiling itertools v0.13.0
[INFO] [stderr]    Compiling castaway v0.2.3
[INFO] [stderr]    Compiling static_assertions v1.1.0
[INFO] [stderr]    Compiling unicode-segmentation v1.12.0
[INFO] [stderr]    Compiling log v0.4.22
[INFO] [stderr]    Compiling darling_core v0.20.10
[INFO] [stderr]    Compiling compact_str v0.8.0
[INFO] [stderr]    Compiling futures-lite v2.3.0
[INFO] [stderr]    Compiling cassowary v0.3.0
[INFO] [stderr]    Compiling utf8parse v0.2.2
[INFO] [stderr]    Compiling tracing-core v0.1.32
[INFO] [stderr]    Compiling slab v0.4.9
[INFO] [stderr]    Compiling hashbrown v0.15.0
[INFO] [stderr]    Compiling anstyle-parse v0.2.5
[INFO] [stderr]    Compiling anstyle-query v1.1.1
[INFO] [stderr]    Compiling is_terminal_polyfill v1.70.1
[INFO] [stderr]    Compiling anstyle v1.0.8
[INFO] [stderr]    Compiling colorchoice v1.0.2
[INFO] [stderr]    Compiling concurrent-queue v2.5.0
[INFO] [stderr]    Compiling async-task v4.7.1
[INFO] [stderr]    Compiling atomic-waker v1.1.2
[INFO] [stderr]    Compiling tinyvec_macros v0.1.1
[INFO] [stderr]    Compiling tinyvec v1.8.0
[INFO] [stderr]    Compiling tracing v0.1.40
[INFO] [stderr]    Compiling piper v0.2.4
[INFO] [stderr]    Compiling event-listener v5.3.1
[INFO] [stderr]    Compiling lru v0.12.5
[INFO] [stderr]    Compiling anstream v0.6.15
[INFO] [stderr]    Compiling clap_lex v0.7.2
[INFO] [stderr]    Compiling aho-corasick v1.1.3
[INFO] [stderr]    Compiling event-listener-strategy v0.5.2
[INFO] [stderr]    Compiling crossbeam-epoch v0.9.18
[INFO] [stderr]    Compiling serde v1.0.210
[INFO] [stderr]    Compiling lazy_static v1.5.0
[INFO] [stderr]    Compiling async-lock v3.4.0
[INFO] [stderr]    Compiling async-channel v2.3.1
[INFO] [stderr]    Compiling unicode-bidi v0.3.17
[INFO] [stderr]    Compiling once_cell v1.20.2
[INFO] [stderr]    Compiling parking_lot_core v0.9.10
[INFO] [stderr]    Compiling signal-hook-registry v1.4.2
[INFO] [stderr]    Compiling rustix v0.38.37
[INFO] [stderr]    Compiling parking_lot v0.12.3
[INFO] [stderr]    Compiling signal-hook v0.3.17
[INFO] [stderr]    Compiling mio v1.0.2
[INFO] [stderr]    Compiling blocking v1.6.1
[INFO] [stderr]    Compiling async-executor v1.13.1
[INFO] [stderr]    Compiling adler2 v2.0.0
[INFO] [stderr]    Compiling percent-encoding v2.3.1
[INFO] [stderr]    Compiling event-listener v2.5.3
[INFO] [stderr]    Compiling gimli v0.31.1
[INFO] [stderr]    Compiling x11rb-protocol v0.13.1
[INFO] [stderr]    Compiling signal-hook-mio v0.2.4
[INFO] [stderr]    Compiling regex-automata v0.4.8
[INFO] [stderr]    Compiling crossterm v0.27.0
[INFO] [stderr]    Compiling unicode-normalization v0.1.24
[INFO] [stderr]    Compiling async-channel v1.9.0
[INFO] [stderr]    Compiling form_urlencoded v1.2.1
[INFO] [stderr]    Compiling miniz_oxide v0.8.0
[INFO] [stderr]    Compiling crossbeam-deque v0.8.5
[INFO] [stderr]    Compiling unicode-truncate v1.1.0
[INFO] [stderr]    Compiling console v0.15.8
[INFO] [stderr]    Compiling object v0.36.5
[INFO] [stderr]    Compiling crossbeam-queue v0.3.11
[INFO] [stderr]    Compiling crossbeam-channel v0.5.13
[INFO] [stderr]    Compiling kv-log-macro v1.0.7
[INFO] [stderr]    Compiling thiserror v1.0.64
[INFO] [stderr]    Compiling scroll v0.12.0
[INFO] [stderr]    Compiling plain v0.2.3
[INFO] [stderr]    Compiling home v0.5.9
[INFO] [stderr]    Compiling pin-utils v0.1.0
[INFO] [stderr]    Compiling rustc-demangle v0.1.24
[INFO] [stderr]    Compiling nom v7.1.3
[INFO] [stderr]    Compiling idna v0.5.0
[INFO] [stderr]    Compiling comfy-table v7.1.1
[INFO] [stderr]    Compiling linux-personality v2.0.0
[INFO] [stderr]    Compiling goblin v0.8.2
[INFO] [stderr]    Compiling crossbeam v0.8.4
[INFO] [stderr]    Compiling nix v0.29.0
[INFO] [stderr]    Compiling memmap2 v0.9.5
[INFO] [stderr]    Compiling url v2.5.2
[INFO] [stderr]    Compiling users v0.11.0
[INFO] [stderr]    Compiling darling_macro v0.20.10
[INFO] [stderr]    Compiling fs-err v2.11.0
[INFO] [stderr]    Compiling num-traits v0.2.19
[INFO] [stderr]    Compiling anyhow v1.0.89
[INFO] [stderr]    Compiling glob v0.3.1
[INFO] [stderr]    Compiling font8x8 v0.3.1
[INFO] [stderr]    Compiling darling v0.20.10
[INFO] [stderr]    Compiling derive_builder_core v0.20.2
[INFO] [stderr]    Compiling derive_setters v0.1.6
[INFO] [stderr]    Compiling iana-time-zone v0.1.61
[INFO] [stderr]    Compiling simdutf8 v0.1.5
[INFO] [stderr]    Compiling hex v0.4.3
[INFO] [stderr]    Compiling byteorder v1.5.0
[INFO] [stderr]    Compiling unicode-linebreak v0.1.5
[INFO] [stderr]    Compiling smawk v0.3.2
[INFO] [stderr]    Compiling webbrowser v1.0.2
[INFO] [stderr]    Compiling chrono v0.4.38
[INFO] [stderr]    Compiling serde_json v1.0.128
[INFO] [stderr]    Compiling syscalls v0.6.18
[INFO] [stderr]    Compiling textwrap v0.16.1
[INFO] [stderr]    Compiling sysinfo v0.32.0
[INFO] [stderr]    Compiling elf v0.7.4
[INFO] [stderr]    Compiling rust-strings v0.6.0
[INFO] [stderr]    Compiling unicode-width v0.2.0
[INFO] [stderr]    Compiling addr2line v0.24.2
[INFO] [stderr]    Compiling yansi v1.0.1
[INFO] [stderr]    Compiling regex v1.11.0
[INFO] [stderr]    Compiling derive_builder_macro v0.20.2
[INFO] [stderr]    Compiling diff v0.1.13
[INFO] [stderr]    Compiling bytesize v1.3.0
[INFO] [stderr]    Compiling tui-popup v0.5.0
[INFO] [stderr]    Compiling pretty_assertions v1.4.1
[INFO] [stderr]    Compiling derive_builder v0.20.2
[INFO] [stderr]    Compiling tui-big-text v0.6.0
[INFO] [stderr]    Compiling binsider v0.2.1 (/opt/rustwide/workdir)
[INFO] [stderr]    Compiling crossterm v0.28.1
[INFO] [stderr]    Compiling polling v3.7.3
[INFO] [stderr]    Compiling terminal_size v0.4.0
[INFO] [stderr]    Compiling which v6.0.3
[INFO] [stderr]    Compiling clap_builder v4.5.20
[INFO] [stderr]    Compiling lddtree v0.3.5
[INFO] [stderr]    Compiling async-io v2.3.4
[INFO] [stderr]    Compiling x11rb v0.13.1
[INFO] [stderr]    Compiling backtrace v0.3.74
[INFO] [stderr]    Compiling ratatui v0.28.1
[INFO] [stderr]    Compiling async-global-executor v2.4.1
[INFO] [stderr]    Compiling better-panic v0.3.0
[INFO] [stderr]    Compiling async-std v1.13.0
[INFO] [stderr]    Compiling arboard v3.4.1
[INFO] [stderr]    Compiling ansi-to-tui v6.0.0
[INFO] [stderr]    Compiling tui-input v0.10.1
[INFO] [stderr]    Compiling clap v4.5.20
[INFO] [stderr]    Compiling lurk-cli v0.3.9
[INFO] [stderr]    Compiling heh v0.6.1
[INFO] [stderr]    Compiling termbg v0.5.2
[INFO] [stderr]     Finished `test` profile [unoptimized + debuginfo] target(s) in 1m 04s
[INFO] running `Command { std: "docker" "inspect" "672a419c679089df68c26642be512de9cc49344d0b294c8dbdf4cbaa162a2577", kill_on_drop: false }`
[INFO] running `Command { std: "docker" "rm" "-f" "672a419c679089df68c26642be512de9cc49344d0b294c8dbdf4cbaa162a2577", kill_on_drop: false }`
[INFO] [stdout] 672a419c679089df68c26642be512de9cc49344d0b294c8dbdf4cbaa162a2577
[INFO] running `Command { std: "docker" "create" "-v" "/var/lib/crater-agent-workspace/builds/worker-0-tc2/target:/opt/rustwide/target:rw,Z" "-v" "/var/lib/crater-agent-workspace/builds/worker-0-tc2/source:/opt/rustwide/workdir:ro,Z" "-v" "/var/lib/crater-agent-workspace/cargo-home:/opt/rustwide/cargo-home:ro,Z" "-v" "/var/lib/crater-agent-workspace/rustup-home:/opt/rustwide/rustup-home:ro,Z" "-e" "SOURCE_DIR=/opt/rustwide/workdir" "-e" "CARGO_TARGET_DIR=/opt/rustwide/target" "-e" "CARGO_INCREMENTAL=0" "-e" "RUST_BACKTRACE=full" "-e" "RUSTFLAGS=--cap-lints=warn" "-e" "RUSTDOCFLAGS=--cap-lints=warn" "-e" "CARGO_HOME=/opt/rustwide/cargo-home" "-e" "RUSTUP_HOME=/opt/rustwide/rustup-home" "-w" "/opt/rustwide/workdir" "-m" "1610612736" "--user" "0:0" "--network" "none" "ghcr.io/rust-lang/crates-build-env/linux@sha256:f3a9d4ad9d972b27faf3965f35b62e55ba32bbce8f20bc8fe909558a86702fde" "/opt/rustwide/cargo-home/bin/cargo" "+beta-2024-12-08" "test" "--frozen", kill_on_drop: false }`
[INFO] [stdout] bdd107eb44e0e67e9d19c4fd7d029bcd4354137ca465a19653e74978ce894075
[INFO] running `Command { std: "docker" "start" "-a" "bdd107eb44e0e67e9d19c4fd7d029bcd4354137ca465a19653e74978ce894075", kill_on_drop: false }`
[INFO] [stderr]     Finished `test` profile [unoptimized + debuginfo] target(s) in 0.54s
[INFO] [stderr]      Running unittests src/lib.rs (/opt/rustwide/target/debug/deps/binsider-d077022e3f985cfa)
[INFO] [stdout] 
[INFO] [stdout] running 5 tests
[INFO] [stdout] test tui::ui::tests::test_highlight_search_line ... ignored
[INFO] [stdout] test error::tests::test_error ... ok
[INFO] [stdout] test args::tests::test_args ... ok
[INFO] [stdout] test tui::ui::tests::test_highlight_search_string ... ok
[INFO] [stdout] test tui::widgets::list::tests::test_selectable_list ... ok
[INFO] [stdout] 
[INFO] [stdout] test result: ok. 4 passed; 0 failed; 1 ignored; 0 measured; 0 filtered out; finished in 0.01s
[INFO] [stdout] 
[INFO] [stderr]      Running unittests src/main.rs (/opt/rustwide/target/debug/deps/binsider-8fbc02145320e804)
[INFO] [stdout] 
[INFO] [stdout] running 0 tests
[INFO] [stdout] 
[INFO] [stdout] test result: ok. 0 passed; 0 failed; 0 ignored; 0 measured; 0 filtered out; finished in 0.00s
[INFO] [stdout] 
[INFO] [stderr]      Running tests/app.rs (/opt/rustwide/target/debug/deps/app-6836b286ee37cc8b)
[INFO] [stdout] 
[INFO] [stdout] running 2 tests
[INFO] [stdout] test test_init ... FAILED
[INFO] [stdout] test test_extract_strings ... FAILED
[INFO] [stdout] 
[INFO] [stdout] failures:
[INFO] [stdout] 
[INFO] [stdout] ---- test_init stdout ----
[INFO] [stdout] Error: HexdumpError("Resource temporarily unavailable (os error 11)")
[INFO] [stdout] 
[INFO] [stdout] ---- test_extract_strings stdout ----
[INFO] [stdout] Error: HexdumpError("No such file or directory (os error 2)")
[INFO] [stdout] 
[INFO] [stdout] 
[INFO] [stdout] failures:
[INFO] [stdout]     test_extract_strings
[INFO] [stdout]     test_init
[INFO] [stdout] 
[INFO] [stdout] test result: FAILED. 0 passed; 2 failed; 0 ignored; 0 measured; 0 filtered out; finished in 0.49s
[INFO] [stdout] 
[INFO] [stderr] error: test failed, to rerun pass `--test app`
[INFO] running `Command { std: "docker" "inspect" "bdd107eb44e0e67e9d19c4fd7d029bcd4354137ca465a19653e74978ce894075", kill_on_drop: false }`
[INFO] running `Command { std: "docker" "rm" "-f" "bdd107eb44e0e67e9d19c4fd7d029bcd4354137ca465a19653e74978ce894075", kill_on_drop: false }`
[INFO] [stdout] bdd107eb44e0e67e9d19c4fd7d029bcd4354137ca465a19653e74978ce894075
