[INFO] cloning repository https://github.com/ocboogie/ai-world
[INFO] running `Command { std: "git" "-c" "credential.helper=" "-c" "credential.helper=/workspace/cargo-home/bin/git-credential-null" "clone" "--bare" "https://github.com/ocboogie/ai-world" "/workspace/cache/git-repos/https%3A%2F%2Fgithub.com%2Focboogie%2Fai-world", kill_on_drop: false }`
[INFO] [stderr] Cloning into bare repository '/workspace/cache/git-repos/https%3A%2F%2Fgithub.com%2Focboogie%2Fai-world'...
[INFO] running `Command { std: "git" "rev-parse" "HEAD", kill_on_drop: false }`
[INFO] [stdout] 4a33b55a41abb69606b65ee7f76df807543f2b2b
[INFO] testing ocboogie/ai-world against beta-2024-12-08 for beta-1.84.0-4-retry
[INFO] running `Command { std: "git" "clone" "/workspace/cache/git-repos/https%3A%2F%2Fgithub.com%2Focboogie%2Fai-world" "/workspace/builds/worker-5-tc2/source", kill_on_drop: false }`
[INFO] [stderr] Cloning into '/workspace/builds/worker-5-tc2/source'...
[INFO] [stderr] done.
[INFO] validating manifest of git repo https://github.com/ocboogie/ai-world on toolchain beta-2024-12-08
[INFO] running `Command { std: CARGO_HOME="/workspace/cargo-home" RUSTUP_HOME="/workspace/rustup-home" "/workspace/cargo-home/bin/cargo" "+beta-2024-12-08" "metadata" "--manifest-path" "Cargo.toml" "--no-deps", kill_on_drop: false }`
[INFO] started tweaking git repo https://github.com/ocboogie/ai-world
[INFO] finished tweaking git repo https://github.com/ocboogie/ai-world
[INFO] tweaked toml for git repo https://github.com/ocboogie/ai-world written to /workspace/builds/worker-5-tc2/source/Cargo.toml
[INFO] crate git repo https://github.com/ocboogie/ai-world already has a lockfile, it will not be regenerated
[INFO] running `Command { std: CARGO_HOME="/workspace/cargo-home" RUSTUP_HOME="/workspace/rustup-home" "/workspace/cargo-home/bin/cargo" "+beta-2024-12-08" "fetch" "--manifest-path" "Cargo.toml", kill_on_drop: false }`
[INFO] running `Command { std: "docker" "create" "-v" "/var/lib/crater-agent-workspace/builds/worker-5-tc2/target:/opt/rustwide/target:rw,Z" "-v" "/var/lib/crater-agent-workspace/builds/worker-5-tc2/source:/opt/rustwide/workdir:ro,Z" "-v" "/var/lib/crater-agent-workspace/cargo-home:/opt/rustwide/cargo-home:ro,Z" "-v" "/var/lib/crater-agent-workspace/rustup-home:/opt/rustwide/rustup-home:ro,Z" "-e" "SOURCE_DIR=/opt/rustwide/workdir" "-e" "CARGO_TARGET_DIR=/opt/rustwide/target" "-e" "CARGO_HOME=/opt/rustwide/cargo-home" "-e" "RUSTUP_HOME=/opt/rustwide/rustup-home" "-w" "/opt/rustwide/workdir" "-m" "1610612736" "--user" "0:0" "--network" "none" "ghcr.io/rust-lang/crates-build-env/linux@sha256:f3a9d4ad9d972b27faf3965f35b62e55ba32bbce8f20bc8fe909558a86702fde" "/opt/rustwide/cargo-home/bin/cargo" "+beta-2024-12-08" "metadata" "--no-deps" "--format-version=1", kill_on_drop: false }`
[INFO] [stdout] dc64eb8db72c56162af9f866e433f0865f7fc4235e11b08469ef8478fce213e3
[INFO] running `Command { std: "docker" "start" "-a" "dc64eb8db72c56162af9f866e433f0865f7fc4235e11b08469ef8478fce213e3", kill_on_drop: false }`
[INFO] running `Command { std: "docker" "inspect" "dc64eb8db72c56162af9f866e433f0865f7fc4235e11b08469ef8478fce213e3", kill_on_drop: false }`
[INFO] running `Command { std: "docker" "rm" "-f" "dc64eb8db72c56162af9f866e433f0865f7fc4235e11b08469ef8478fce213e3", kill_on_drop: false }`
[INFO] [stdout] dc64eb8db72c56162af9f866e433f0865f7fc4235e11b08469ef8478fce213e3
[INFO] running `Command { std: "docker" "create" "-v" "/var/lib/crater-agent-workspace/builds/worker-5-tc2/target:/opt/rustwide/target:rw,Z" "-v" "/var/lib/crater-agent-workspace/builds/worker-5-tc2/source:/opt/rustwide/workdir:ro,Z" "-v" "/var/lib/crater-agent-workspace/cargo-home:/opt/rustwide/cargo-home:ro,Z" "-v" "/var/lib/crater-agent-workspace/rustup-home:/opt/rustwide/rustup-home:ro,Z" "-e" "SOURCE_DIR=/opt/rustwide/workdir" "-e" "CARGO_TARGET_DIR=/opt/rustwide/target" "-e" "CARGO_INCREMENTAL=0" "-e" "RUST_BACKTRACE=full" "-e" "RUSTFLAGS=--cap-lints=warn" "-e" "RUSTDOCFLAGS=--cap-lints=warn" "-e" "CARGO_HOME=/opt/rustwide/cargo-home" "-e" "RUSTUP_HOME=/opt/rustwide/rustup-home" "-w" "/opt/rustwide/workdir" "-m" "1610612736" "--user" "0:0" "--network" "none" "ghcr.io/rust-lang/crates-build-env/linux@sha256:f3a9d4ad9d972b27faf3965f35b62e55ba32bbce8f20bc8fe909558a86702fde" "/opt/rustwide/cargo-home/bin/cargo" "+beta-2024-12-08" "build" "--frozen" "--message-format=json", kill_on_drop: false }`
[INFO] [stdout] c4cfaf8bb052652fabd22a4835ec19e95a981103f8d2b6dcb95af291c0138371
[INFO] running `Command { std: "docker" "start" "-a" "c4cfaf8bb052652fabd22a4835ec19e95a981103f8d2b6dcb95af291c0138371", kill_on_drop: false }`
[INFO] [stderr]    Compiling proc-macro2 v1.0.54
[INFO] [stderr]    Compiling unicode-ident v1.0.6
[INFO] [stderr]    Compiling quote v1.0.26
[INFO] [stderr]    Compiling autocfg v1.1.0
[INFO] [stderr]    Compiling libc v0.2.140
[INFO] [stderr]    Compiling syn v1.0.107
[INFO] [stderr]    Compiling xml-rs v0.8.4
[INFO] [stderr]    Compiling bitflags v1.3.2
[INFO] [stderr]    Compiling memchr v2.5.0
[INFO] [stderr]    Compiling once_cell v1.14.0
[INFO] [stderr]    Compiling thiserror v1.0.38
[INFO] [stderr]    Compiling pkg-config v0.3.26
[INFO] [stderr]    Compiling log v0.4.17
[INFO] [stderr]    Compiling smallvec v1.10.0
[INFO] [stderr]    Compiling serde_derive v1.0.152
[INFO] [stderr]    Compiling serde v1.0.152
[INFO] [stderr]    Compiling pin-project-lite v0.2.9
[INFO] [stderr]    Compiling futures-core v0.3.27
[INFO] [stderr]    Compiling lazy_static v1.4.0
[INFO] [stderr]    Compiling crossbeam-utils v0.8.15
[INFO] [stderr]    Compiling libloading v0.7.4
[INFO] [stderr]    Compiling event-listener v2.5.3
[INFO] [stderr]    Compiling memoffset v0.6.5
[INFO] [stderr]    Compiling typenum v1.16.0
[INFO] [stderr]    Compiling futures-io v0.3.27
[INFO] [stderr]    Compiling slab v0.4.8
[INFO] [stderr]    Compiling wayland-sys v0.29.5
[INFO] [stderr]    Compiling generic-array v0.14.7
[INFO] [stderr]    Compiling dlib v0.5.0
[INFO] [stderr]    Compiling parking v2.0.0
[INFO] [stderr]    Compiling waker-fn v1.1.0
[INFO] [stderr]    Compiling fastrand v1.9.0
[INFO] [stderr]    Compiling polling v2.6.0
[INFO] [stderr]    Compiling lock_api v0.4.9
[INFO] [stderr]    Compiling async-lock v2.7.0
[INFO] [stderr]    Compiling static_assertions v1.1.0
[INFO] [stderr]    Compiling parking_lot_core v0.9.5
[INFO] [stderr]    Compiling concurrent-queue v2.1.0
[INFO] [stderr]    Compiling io-lifetimes v1.0.9
[INFO] [stderr]    Compiling tracing-core v0.1.30
[INFO] [stderr]    Compiling byteorder v1.4.3
[INFO] [stderr]    Compiling khronos_api v3.1.0
[INFO] [stderr]    Compiling ttf-parser v0.17.1
[INFO] [stderr]    Compiling cfg_aliases v0.1.1
[INFO] [stderr]    Compiling scopeguard v1.1.0
[INFO] [stderr]    Compiling rustix v0.37.4
[INFO] [stderr]    Compiling async-io v1.13.0
[INFO] [stderr]    Compiling memoffset v0.7.1
[INFO] [stderr]    Compiling wayland-scanner v0.29.5
[INFO] [stderr]    Compiling syn v2.0.11
[INFO] [stderr]    Compiling futures-lite v1.12.0
[INFO] [stderr]    Compiling slotmap v1.0.6
[INFO] [stderr]    Compiling ppv-lite86 v0.2.16
[INFO] [stderr]    Compiling ab_glyph_rasterizer v0.1.7
[INFO] [stderr]    Compiling crc32fast v1.3.2
[INFO] [stderr]    Compiling downcast-rs v1.2.0
[INFO] [stderr]    Compiling linux-raw-sys v0.3.0
[INFO] [stderr]    Compiling scoped-tls v1.0.1
[INFO] [stderr]    Compiling async-task v4.4.0
[INFO] [stderr]    Compiling futures-task v0.3.27
[INFO] [stderr]    Compiling nom v7.1.1
[INFO] [stderr]    Compiling aho-corasick v0.7.20
[INFO] [stderr]    Compiling async-channel v1.8.0
[INFO] [stderr]    Compiling async-fs v1.6.0
[INFO] [stderr]    Compiling futures-util v0.3.27
[INFO] [stderr]    Compiling regex-syntax v0.6.29
[INFO] [stderr]    Compiling atomic-waker v1.1.0
[INFO] [stderr]    Compiling async-trait v0.1.68
[INFO] [stderr]    Compiling adler v1.0.2
[INFO] [stderr]    Compiling miniz_oxide v0.5.4
[INFO] [stderr]    Compiling gl_generator v0.14.0
[INFO] [stderr]    Compiling wayland-client v0.29.5
[INFO] [stderr]    Compiling wayland-protocols v0.29.5
[INFO] [stderr]    Compiling nix v0.24.3
[INFO] [stderr]    Compiling getrandom v0.2.7
[INFO] [stderr]    Compiling rand_core v0.6.3
[INFO] [stderr]    Compiling socket2 v0.4.9
[INFO] [stderr]    Compiling rand_chacha v0.3.1
[INFO] [stderr]    Compiling dirs-sys v0.3.7
[INFO] [stderr]    Compiling parking_lot v0.12.1
[INFO] [stderr]    Compiling blocking v1.3.0
[INFO] [stderr]    Compiling dirs v4.0.0
[INFO] [stderr]    Compiling rand v0.8.5
[INFO] [stderr]    Compiling block-buffer v0.10.4
[INFO] [stderr]    Compiling crypto-common v0.1.6
[INFO] [stderr]    Compiling nix v0.25.1
[INFO] [stderr]    Compiling smithay-client-toolkit v0.16.0
[INFO] [stderr]    Compiling digest v0.10.6
[INFO] [stderr]    Compiling x11-dl v2.20.1
[INFO] [stderr]    Compiling owned_ttf_parser v0.17.1
[INFO] [stderr]    Compiling futures-sink v0.3.27
[INFO] [stderr]    Compiling vec_map v0.8.2
[INFO] [stderr]    Compiling cpufeatures v0.2.6
[INFO] [stderr]    Compiling sha1 v0.10.5
[INFO] [stderr]    Compiling ab_glyph v0.2.18
[INFO] [stderr]    Compiling nix v0.26.2
[INFO] [stderr]    Compiling async-executor v1.5.0
[INFO] [stderr]    Compiling regex v1.7.3
[INFO] [stderr]    Compiling flate2 v1.0.24
[INFO] [stderr]    Compiling memmap2 v0.5.8
[INFO] [stderr]    Compiling xcursor v0.3.4
[INFO] [stderr]    Compiling async-broadcast v0.5.1
[INFO] [stderr]    Compiling ordered-stream v0.2.0
[INFO] [stderr]    Compiling ahash v0.8.2
[INFO] [stderr]    Compiling percent-encoding v2.2.0
[INFO] [stderr]    Compiling strict-num v0.1.0
[INFO] [stderr]    Compiling hex v0.4.3
[INFO] [stderr]    Compiling arrayref v0.3.6
[INFO] [stderr]    Compiling accesskit v0.9.0
[INFO] [stderr]    Compiling png v0.17.6
[INFO] [stderr]    Compiling cty v0.2.2
[INFO] [stderr]    Compiling tinyvec_macros v0.1.0
[INFO] [stderr]    Compiling wayland-commons v0.29.5
[INFO] [stderr]    Compiling arrayvec v0.7.2
[INFO] [stderr]    Compiling tinyvec v1.6.0
[INFO] [stderr]    Compiling raw-window-handle v0.5.0
[INFO] [stderr]    Compiling winit v0.28.3
[INFO] [stderr]    Compiling nohash-hasher v0.2.0
[INFO] [stderr]    Compiling glutin_egl_sys v0.3.1
[INFO] [stderr]    Compiling glutin_glx_sys v0.3.0
[INFO] [stderr]    Compiling mio v0.8.5
[INFO] [stderr]    Compiling unicode-normalization v0.1.22
[INFO] [stderr]    Compiling wayland-sys v0.30.1
[INFO] [stderr]    Compiling async-recursion v1.0.4
[INFO] [stderr]    Compiling serde_repr v0.1.12
[INFO] [stderr]    Compiling instant v0.1.12
[INFO] [stderr]    Compiling unicode-bidi v0.3.8
[INFO] [stderr]    Compiling accesskit_consumer v0.13.0
[INFO] [stderr]    Compiling x11rb-protocol v0.10.0
[INFO] [stderr]    Compiling form_urlencoded v1.1.0
[INFO] [stderr]    Compiling gethostname v0.2.3
[INFO] [stderr]    Compiling glutin v0.30.3
[INFO] [stderr]    Compiling libm v0.2.6
[INFO] [stderr]    Compiling idna v0.3.0
[INFO] [stderr]    Compiling glutin-winit v0.3.0
[INFO] [stderr]    Compiling zvariant_utils v1.0.0
[INFO] [stderr]    Compiling num-traits v0.2.15
[INFO] [stderr]    Compiling wayland-cursor v0.29.5
[INFO] [stderr]    Compiling url v2.3.1
[INFO] [stderr]    Compiling overload v0.1.1
[INFO] [stderr]    Compiling glow v0.12.1
[INFO] [stderr]    Compiling nu-ansi-term v0.46.0
[INFO] [stderr]    Compiling tracing-log v0.1.3
[INFO] [stderr]    Compiling sharded-slab v0.1.4
[INFO] [stderr]    Compiling thread_local v1.1.4
[INFO] [stderr]    Compiling webbrowser v0.8.4
[INFO] [stderr]    Compiling tracing-subscriber v0.3.16
[INFO] [stderr]    Compiling rand_distr v0.4.3
[INFO] [stderr]    Compiling thiserror-impl v1.0.38
[INFO] [stderr]    Compiling bytemuck_derive v1.3.0
[INFO] [stderr]    Compiling tracing-attributes v0.1.23
[INFO] [stderr]    Compiling enumflags2_derive v0.7.4
[INFO] [stderr]    Compiling derivative v2.2.0
[INFO] [stderr]    Compiling bytemuck v1.12.1
[INFO] [stderr]    Compiling tiny-skia-path v0.8.3
[INFO] [stderr]    Compiling ecolor v0.21.0
[INFO] [stderr]    Compiling emath v0.21.0
[INFO] [stderr]    Compiling tracing v0.1.37
[INFO] [stderr]    Compiling calloop v0.10.5
[INFO] [stderr]    Compiling epaint v0.21.0
[INFO] [stderr]    Compiling tiny-skia v0.8.3
[INFO] [stderr]    Compiling x11rb v0.10.1
[INFO] [stderr]    Compiling egui v0.21.0
[INFO] [stderr]    Compiling arboard v3.2.0
[INFO] [stderr]    Compiling egui_glow v0.21.0
[INFO] [stderr]    Compiling toml v0.5.10
[INFO] [stderr]    Compiling enumflags2 v0.7.5
[INFO] [stderr]    Compiling serde-xml-rs v0.4.1
[INFO] [stderr]    Compiling egui_extras v0.21.0
[INFO] [stderr]    Compiling proc-macro-crate v1.2.1
[INFO] [stderr]    Compiling zvariant_derive v3.12.0
[INFO] [stderr]    Compiling zbus_macros v3.11.1
[INFO] [stderr]    Compiling zvariant v3.12.0
[INFO] [stderr]    Compiling zbus_names v2.5.0
[INFO] [stderr]    Compiling zbus v3.11.1
[INFO] [stderr]    Compiling atspi-macros v0.1.4
[INFO] [stderr]    Compiling atspi v0.8.7
[INFO] [stderr]    Compiling accesskit_unix v0.2.0
[INFO] [stderr]    Compiling sctk-adwaita v0.5.3
[INFO] [stderr]    Compiling smithay-clipboard v0.6.6
[INFO] [stderr]    Compiling accesskit_winit v0.10.0
[INFO] [stderr]    Compiling egui-winit v0.21.1
[INFO] [stderr]    Compiling eframe v0.21.3
[INFO] [stderr]    Compiling ai-world v0.1.0 (/opt/rustwide/workdir)
[INFO] [stdout] warning: unused imports: `genome::Genome` and `species::SpeciesId`
[INFO] [stdout]  --> src/client.rs:1:13
[INFO] [stdout]   |
[INFO] [stdout] 1 | use crate::{genome::Genome, species::SpeciesId};
[INFO] [stdout]   |             ^^^^^^^^^^^^^^  ^^^^^^^^^^^^^^^^^^
[INFO] [stdout]   |
[INFO] [stdout]   = note: `#[warn(unused_imports)]` on by default
[INFO] [stdout] 
[INFO] [stdout] 
[INFO] [stdout] warning: unused imports: `client::ClientId` and `genome::GenomeActivation`
[INFO] [stdout]  --> src/evaluation_manager.rs:2:5
[INFO] [stdout]   |
[INFO] [stdout] 2 |     client::ClientId, environment::Environment, evaluation::Evaluation, evaluator::Evaluator,
[INFO] [stdout]   |     ^^^^^^^^^^^^^^^^
[INFO] [stdout] 3 |     genome::GenomeActivation, population::Population, population_manager::PopulationManager,
[INFO] [stdout]   |     ^^^^^^^^^^^^^^^^^^^^^^^^
[INFO] [stdout] 
[INFO] [stdout] 
[INFO] [stdout] warning: unused import: `std::mem::swap`
[INFO] [stdout]  --> src/evaluator.rs:1:5
[INFO] [stdout]   |
[INFO] [stdout] 1 | use std::mem::swap;
[INFO] [stdout]   |     ^^^^^^^^^^^^^^
[INFO] [stdout] 
[INFO] [stdout] 
[INFO] [stdout] warning: unused import: `self`
[INFO] [stdout]  --> src/genome.rs:2:18
[INFO] [stdout]   |
[INFO] [stdout] 2 |     connection::{self, Connection},
[INFO] [stdout]   |                  ^^^^
[INFO] [stdout] 
[INFO] [stdout] 
[INFO] [stdout] warning: unused import: `Response`
[INFO] [stdout]   --> src/main.rs:18:26
[INFO] [stdout]    |
[INFO] [stdout] 18 | use eframe::egui::{self, Response};
[INFO] [stdout]    |                          ^^^^^^^^
[INFO] [stdout] 
[INFO] [stdout] 
[INFO] [stdout] warning: variable does not need to be mutable
[INFO] [stdout]    --> src/genome.rs:213:13
[INFO] [stdout]     |
[INFO] [stdout] 213 |         for mut connection in self.connections.iter_mut() {
[INFO] [stdout]     |             ----^^^^^^^^^^
[INFO] [stdout]     |             |
[INFO] [stdout]     |             help: remove this `mut`
[INFO] [stdout]     |
[INFO] [stdout]     = note: `#[warn(unused_mut)]` on by default
[INFO] [stdout] 
[INFO] [stdout] 
[INFO] [stdout] warning: variable does not need to be mutable
[INFO] [stdout]    --> src/genome.rs:246:21
[INFO] [stdout]     |
[INFO] [stdout] 246 |         if let Some(mut existing_connection) = self
[INFO] [stdout]     |                     ----^^^^^^^^^^^^^^^^^^^
[INFO] [stdout]     |                     |
[INFO] [stdout]     |                     help: remove this `mut`
[INFO] [stdout] 
[INFO] [stdout] 
[INFO] [stdout] warning: variable does not need to be mutable
[INFO] [stdout]    --> src/genome.rs:273:21
[INFO] [stdout]     |
[INFO] [stdout] 273 |         if let Some(mut old_connection) = self.connections.choose_mut(rng) {
[INFO] [stdout]     |                     ----^^^^^^^^^^^^^^
[INFO] [stdout]     |                     |
[INFO] [stdout]     |                     help: remove this `mut`
[INFO] [stdout] 
[INFO] [stdout] 
[INFO] [stdout] warning: struct `TestGraph` is never constructed
[INFO] [stdout]   --> src/main.rs:77:8
[INFO] [stdout]    |
[INFO] [stdout] 77 | struct TestGraph;
[INFO] [stdout]    |        ^^^^^^^^^
[INFO] [stdout]    |
[INFO] [stdout]    = note: `#[warn(dead_code)]` on by default
[INFO] [stdout] 
[INFO] [stdout] 
[INFO] [stdout] warning: struct `GraphTestingApp` is never constructed
[INFO] [stdout]   --> src/main.rs:89:8
[INFO] [stdout]    |
[INFO] [stdout] 89 | struct GraphTestingApp {
[INFO] [stdout]    |        ^^^^^^^^^^^^^^^
[INFO] [stdout] 
[INFO] [stdout] 
[INFO] [stdout] warning: struct `App` is never constructed
[INFO] [stdout]  --> src/app.rs:1:12
[INFO] [stdout]   |
[INFO] [stdout] 1 | pub struct App {}
[INFO] [stdout]   |            ^^^
[INFO] [stdout] 
[INFO] [stdout] 
[INFO] [stdout] warning: field `adjusted` is never read
[INFO] [stdout]  --> src/evaluation.rs:8:9
[INFO] [stdout]   |
[INFO] [stdout] 6 | pub struct Evaluation {
[INFO] [stdout]   |            ---------- field in this struct
[INFO] [stdout] 7 |     pub fitness: HashMap<ClientId, f32>,
[INFO] [stdout] 8 |     pub adjusted: bool,
[INFO] [stdout]   |         ^^^^^^^^
[INFO] [stdout]   |
[INFO] [stdout]   = note: `Evaluation` has a derived impl for the trait `Clone`, but this is intentionally ignored during dead code analysis
[INFO] [stdout] 
[INFO] [stdout] 
[INFO] [stdout] warning: constant `CROSSOVER_DISABLE_CONNECTION_PROB` is never used
[INFO] [stdout]   --> src/genome.rs:27:7
[INFO] [stdout]    |
[INFO] [stdout] 27 | const CROSSOVER_DISABLE_CONNECTION_PROB: f64 = 0.75;
[INFO] [stdout]    |       ^^^^^^^^^^^^^^^^^^^^^^^^^^^^^^^^^
[INFO] [stdout] 
[INFO] [stdout] 
[INFO] [stdout] warning: method `mutate_remove_connection` is never used
[INFO] [stdout]    --> src/genome.rs:297:8
[INFO] [stdout]     |
[INFO] [stdout] 103 | impl<const INPUT_SZ: usize, const OUTPUT_SZ: usize> Genome<INPUT_SZ, OUTPUT_SZ> {
[INFO] [stdout]     | ------------------------------------------------------------------------------- method in this implementation
[INFO] [stdout] ...
[INFO] [stdout] 297 |     fn mutate_remove_connection(&mut self, rng: &mut impl Rng) {
[INFO] [stdout]     |        ^^^^^^^^^^^^^^^^^^^^^^^^
[INFO] [stdout] 
[INFO] [stdout] 
[INFO] [stdout] warning: unused `Result` that must be used
[INFO] [stdout]   --> src/main.rs:65:5
[INFO] [stdout]    |
[INFO] [stdout] 65 | /     eframe::run_native(
[INFO] [stdout] 66 | |         "Boogie NEAT",
[INFO] [stdout] 67 | |         options,
[INFO] [stdout] 68 | |         Box::new(|_cc| Box::new(MyApp::new())),
[INFO] [stdout] ...  |
[INFO] [stdout] 73 | |         // }),
[INFO] [stdout] 74 | |     );
[INFO] [stdout]    | |_____^
[INFO] [stdout]    |
[INFO] [stdout]    = note: this `Result` may be an `Err` variant, which should be handled
[INFO] [stdout]    = note: `#[warn(unused_must_use)]` on by default
[INFO] [stdout] help: use `let _ = ...` to ignore the resulting value
[INFO] [stdout]    |
[INFO] [stdout] 65 |     let _ = eframe::run_native(
[INFO] [stdout]    |     +++++++
[INFO] [stdout] 
[INFO] [stdout] 
[INFO] [stderr]     Finished `dev` profile [unoptimized + debuginfo] target(s) in 2m 47s
[INFO] running `Command { std: "docker" "inspect" "c4cfaf8bb052652fabd22a4835ec19e95a981103f8d2b6dcb95af291c0138371", kill_on_drop: false }`
[INFO] running `Command { std: "docker" "rm" "-f" "c4cfaf8bb052652fabd22a4835ec19e95a981103f8d2b6dcb95af291c0138371", kill_on_drop: false }`
[INFO] [stdout] c4cfaf8bb052652fabd22a4835ec19e95a981103f8d2b6dcb95af291c0138371
[INFO] running `Command { std: "docker" "create" "-v" "/var/lib/crater-agent-workspace/builds/worker-5-tc2/target:/opt/rustwide/target:rw,Z" "-v" "/var/lib/crater-agent-workspace/builds/worker-5-tc2/source:/opt/rustwide/workdir:ro,Z" "-v" "/var/lib/crater-agent-workspace/cargo-home:/opt/rustwide/cargo-home:ro,Z" "-v" "/var/lib/crater-agent-workspace/rustup-home:/opt/rustwide/rustup-home:ro,Z" "-e" "SOURCE_DIR=/opt/rustwide/workdir" "-e" "CARGO_TARGET_DIR=/opt/rustwide/target" "-e" "CARGO_INCREMENTAL=0" "-e" "RUST_BACKTRACE=full" "-e" "RUSTFLAGS=--cap-lints=warn" "-e" "RUSTDOCFLAGS=--cap-lints=warn" "-e" "CARGO_HOME=/opt/rustwide/cargo-home" "-e" "RUSTUP_HOME=/opt/rustwide/rustup-home" "-w" "/opt/rustwide/workdir" "-m" "1610612736" "--user" "0:0" "--network" "none" "ghcr.io/rust-lang/crates-build-env/linux@sha256:f3a9d4ad9d972b27faf3965f35b62e55ba32bbce8f20bc8fe909558a86702fde" "/opt/rustwide/cargo-home/bin/cargo" "+beta-2024-12-08" "test" "--frozen" "--no-run" "--message-format=json", kill_on_drop: false }`
[INFO] [stdout] daf7b48ff409cd4b40ea646ab90c1c145654948955d4111cdd3bc258137f87cb
[INFO] running `Command { std: "docker" "start" "-a" "daf7b48ff409cd4b40ea646ab90c1c145654948955d4111cdd3bc258137f87cb", kill_on_drop: false }`
[INFO] [stderr]    Compiling ai-world v0.1.0 (/opt/rustwide/workdir)
[INFO] [stdout] warning: unused imports: `genome::Genome` and `species::SpeciesId`
[INFO] [stdout]  --> src/client.rs:1:13
[INFO] [stdout]   |
[INFO] [stdout] 1 | use crate::{genome::Genome, species::SpeciesId};
[INFO] [stdout]   |             ^^^^^^^^^^^^^^  ^^^^^^^^^^^^^^^^^^
[INFO] [stdout]   |
[INFO] [stdout]   = note: `#[warn(unused_imports)]` on by default
[INFO] [stdout] 
[INFO] [stdout] 
[INFO] [stdout] warning: unused imports: `client::ClientId` and `genome::GenomeActivation`
[INFO] [stdout]  --> src/evaluation_manager.rs:2:5
[INFO] [stdout]   |
[INFO] [stdout] 2 |     client::ClientId, environment::Environment, evaluation::Evaluation, evaluator::Evaluator,
[INFO] [stdout]   |     ^^^^^^^^^^^^^^^^
[INFO] [stdout] 3 |     genome::GenomeActivation, population::Population, population_manager::PopulationManager,
[INFO] [stdout]   |     ^^^^^^^^^^^^^^^^^^^^^^^^
[INFO] [stdout] 
[INFO] [stdout] 
[INFO] [stdout] warning: unused import: `std::mem::swap`
[INFO] [stdout]  --> src/evaluator.rs:1:5
[INFO] [stdout]   |
[INFO] [stdout] 1 | use std::mem::swap;
[INFO] [stdout]   |     ^^^^^^^^^^^^^^
[INFO] [stdout] 
[INFO] [stdout] 
[INFO] [stdout] warning: unused import: `self`
[INFO] [stdout]  --> src/genome.rs:2:18
[INFO] [stdout]   |
[INFO] [stdout] 2 |     connection::{self, Connection},
[INFO] [stdout]   |                  ^^^^
[INFO] [stdout] 
[INFO] [stdout] 
[INFO] [stdout] warning: unused import: `Response`
[INFO] [stdout]   --> src/main.rs:18:26
[INFO] [stdout]    |
[INFO] [stdout] 18 | use eframe::egui::{self, Response};
[INFO] [stdout]    |                          ^^^^^^^^
[INFO] [stdout] 
[INFO] [stdout] 
[INFO] [stdout] warning: variable does not need to be mutable
[INFO] [stdout]    --> src/genome.rs:213:13
[INFO] [stdout]     |
[INFO] [stdout] 213 |         for mut connection in self.connections.iter_mut() {
[INFO] [stdout]     |             ----^^^^^^^^^^
[INFO] [stdout]     |             |
[INFO] [stdout]     |             help: remove this `mut`
[INFO] [stdout]     |
[INFO] [stdout]     = note: `#[warn(unused_mut)]` on by default
[INFO] [stdout] 
[INFO] [stdout] 
[INFO] [stdout] warning: variable does not need to be mutable
[INFO] [stdout]    --> src/genome.rs:246:21
[INFO] [stdout]     |
[INFO] [stdout] 246 |         if let Some(mut existing_connection) = self
[INFO] [stdout]     |                     ----^^^^^^^^^^^^^^^^^^^
[INFO] [stdout]     |                     |
[INFO] [stdout]     |                     help: remove this `mut`
[INFO] [stdout] 
[INFO] [stdout] 
[INFO] [stdout] warning: variable does not need to be mutable
[INFO] [stdout]    --> src/genome.rs:273:21
[INFO] [stdout]     |
[INFO] [stdout] 273 |         if let Some(mut old_connection) = self.connections.choose_mut(rng) {
[INFO] [stdout]     |                     ----^^^^^^^^^^^^^^
[INFO] [stdout]     |                     |
[INFO] [stdout]     |                     help: remove this `mut`
[INFO] [stdout] 
[INFO] [stdout] 
[INFO] [stdout] warning: struct `TestGraph` is never constructed
[INFO] [stdout]   --> src/main.rs:77:8
[INFO] [stdout]    |
[INFO] [stdout] 77 | struct TestGraph;
[INFO] [stdout]    |        ^^^^^^^^^
[INFO] [stdout]    |
[INFO] [stdout]    = note: `#[warn(dead_code)]` on by default
[INFO] [stdout] 
[INFO] [stdout] 
[INFO] [stdout] warning: struct `GraphTestingApp` is never constructed
[INFO] [stdout]   --> src/main.rs:89:8
[INFO] [stdout]    |
[INFO] [stdout] 89 | struct GraphTestingApp {
[INFO] [stdout]    |        ^^^^^^^^^^^^^^^
[INFO] [stdout] 
[INFO] [stdout] 
[INFO] [stdout] warning: struct `App` is never constructed
[INFO] [stdout]  --> src/app.rs:1:12
[INFO] [stdout]   |
[INFO] [stdout] 1 | pub struct App {}
[INFO] [stdout]   |            ^^^
[INFO] [stdout] 
[INFO] [stdout] 
[INFO] [stdout] warning: field `adjusted` is never read
[INFO] [stdout]  --> src/evaluation.rs:8:9
[INFO] [stdout]   |
[INFO] [stdout] 6 | pub struct Evaluation {
[INFO] [stdout]   |            ---------- field in this struct
[INFO] [stdout] 7 |     pub fitness: HashMap<ClientId, f32>,
[INFO] [stdout] 8 |     pub adjusted: bool,
[INFO] [stdout]   |         ^^^^^^^^
[INFO] [stdout]   |
[INFO] [stdout]   = note: `Evaluation` has a derived impl for the trait `Clone`, but this is intentionally ignored during dead code analysis
[INFO] [stdout] 
[INFO] [stdout] 
[INFO] [stdout] warning: constant `CROSSOVER_DISABLE_CONNECTION_PROB` is never used
[INFO] [stdout]   --> src/genome.rs:27:7
[INFO] [stdout]    |
[INFO] [stdout] 27 | const CROSSOVER_DISABLE_CONNECTION_PROB: f64 = 0.75;
[INFO] [stdout]    |       ^^^^^^^^^^^^^^^^^^^^^^^^^^^^^^^^^
[INFO] [stdout] 
[INFO] [stdout] 
[INFO] [stdout] warning: method `mutate_remove_connection` is never used
[INFO] [stdout]    --> src/genome.rs:297:8
[INFO] [stdout]     |
[INFO] [stdout] 103 | impl<const INPUT_SZ: usize, const OUTPUT_SZ: usize> Genome<INPUT_SZ, OUTPUT_SZ> {
[INFO] [stdout]     | ------------------------------------------------------------------------------- method in this implementation
[INFO] [stdout] ...
[INFO] [stdout] 297 |     fn mutate_remove_connection(&mut self, rng: &mut impl Rng) {
[INFO] [stdout]     |        ^^^^^^^^^^^^^^^^^^^^^^^^
[INFO] [stdout] 
[INFO] [stdout] 
[INFO] [stdout] warning: unused `Result` that must be used
[INFO] [stdout]   --> src/main.rs:65:5
[INFO] [stdout]    |
[INFO] [stdout] 65 | /     eframe::run_native(
[INFO] [stdout] 66 | |         "Boogie NEAT",
[INFO] [stdout] 67 | |         options,
[INFO] [stdout] 68 | |         Box::new(|_cc| Box::new(MyApp::new())),
[INFO] [stdout] ...  |
[INFO] [stdout] 73 | |         // }),
[INFO] [stdout] 74 | |     );
[INFO] [stdout]    | |_____^
[INFO] [stdout]    |
[INFO] [stdout]    = note: this `Result` may be an `Err` variant, which should be handled
[INFO] [stdout]    = note: `#[warn(unused_must_use)]` on by default
[INFO] [stdout] help: use `let _ = ...` to ignore the resulting value
[INFO] [stdout]    |
[INFO] [stdout] 65 |     let _ = eframe::run_native(
[INFO] [stdout]    |     +++++++
[INFO] [stdout] 
[INFO] [stdout] 
[INFO] [stderr]     Finished `test` profile [unoptimized + debuginfo] target(s) in 2.25s
[INFO] running `Command { std: "docker" "inspect" "daf7b48ff409cd4b40ea646ab90c1c145654948955d4111cdd3bc258137f87cb", kill_on_drop: false }`
[INFO] running `Command { std: "docker" "rm" "-f" "daf7b48ff409cd4b40ea646ab90c1c145654948955d4111cdd3bc258137f87cb", kill_on_drop: false }`
[INFO] [stdout] daf7b48ff409cd4b40ea646ab90c1c145654948955d4111cdd3bc258137f87cb
[INFO] running `Command { std: "docker" "create" "-v" "/var/lib/crater-agent-workspace/builds/worker-5-tc2/target:/opt/rustwide/target:rw,Z" "-v" "/var/lib/crater-agent-workspace/builds/worker-5-tc2/source:/opt/rustwide/workdir:ro,Z" "-v" "/var/lib/crater-agent-workspace/cargo-home:/opt/rustwide/cargo-home:ro,Z" "-v" "/var/lib/crater-agent-workspace/rustup-home:/opt/rustwide/rustup-home:ro,Z" "-e" "SOURCE_DIR=/opt/rustwide/workdir" "-e" "CARGO_TARGET_DIR=/opt/rustwide/target" "-e" "CARGO_INCREMENTAL=0" "-e" "RUST_BACKTRACE=full" "-e" "RUSTFLAGS=--cap-lints=warn" "-e" "RUSTDOCFLAGS=--cap-lints=warn" "-e" "CARGO_HOME=/opt/rustwide/cargo-home" "-e" "RUSTUP_HOME=/opt/rustwide/rustup-home" "-w" "/opt/rustwide/workdir" "-m" "1610612736" "--user" "0:0" "--network" "none" "ghcr.io/rust-lang/crates-build-env/linux@sha256:f3a9d4ad9d972b27faf3965f35b62e55ba32bbce8f20bc8fe909558a86702fde" "/opt/rustwide/cargo-home/bin/cargo" "+beta-2024-12-08" "test" "--frozen", kill_on_drop: false }`
[INFO] [stdout] d285fc92b5893df5faf0e2dba1bdf12dc459adf3f850de9e8f1e8cc2f34d1a30
[INFO] running `Command { std: "docker" "start" "-a" "d285fc92b5893df5faf0e2dba1bdf12dc459adf3f850de9e8f1e8cc2f34d1a30", kill_on_drop: false }`
[INFO] [stderr] warning: unused imports: `genome::Genome` and `species::SpeciesId`
[INFO] [stderr]  --> src/client.rs:1:13
[INFO] [stderr]   |
[INFO] [stderr] 1 | use crate::{genome::Genome, species::SpeciesId};
[INFO] [stderr]   |             ^^^^^^^^^^^^^^  ^^^^^^^^^^^^^^^^^^
[INFO] [stderr]   |
[INFO] [stderr]   = note: `#[warn(unused_imports)]` on by default
[INFO] [stderr] 
[INFO] [stderr] warning: unused imports: `client::ClientId` and `genome::GenomeActivation`
[INFO] [stderr]  --> src/evaluation_manager.rs:2:5
[INFO] [stderr]   |
[INFO] [stderr] 2 |     client::ClientId, environment::Environment, evaluation::Evaluation, evaluator::Evaluator,
[INFO] [stderr]   |     ^^^^^^^^^^^^^^^^
[INFO] [stderr] 3 |     genome::GenomeActivation, population::Population, population_manager::PopulationManager,
[INFO] [stderr]   |     ^^^^^^^^^^^^^^^^^^^^^^^^
[INFO] [stderr] 
[INFO] [stderr] warning: unused import: `std::mem::swap`
[INFO] [stderr]  --> src/evaluator.rs:1:5
[INFO] [stderr]   |
[INFO] [stderr] 1 | use std::mem::swap;
[INFO] [stderr]   |     ^^^^^^^^^^^^^^
[INFO] [stderr] 
[INFO] [stderr] warning: unused import: `self`
[INFO] [stderr]  --> src/genome.rs:2:18
[INFO] [stderr]   |
[INFO] [stderr] 2 |     connection::{self, Connection},
[INFO] [stderr]   |                  ^^^^
[INFO] [stderr] 
[INFO] [stderr] warning: unused import: `Response`
[INFO] [stderr]   --> src/main.rs:18:26
[INFO] [stderr]    |
[INFO] [stderr] 18 | use eframe::egui::{self, Response};
[INFO] [stderr]    |                          ^^^^^^^^
[INFO] [stderr] 
[INFO] [stderr] warning: variable does not need to be mutable
[INFO] [stderr]    --> src/genome.rs:213:13
[INFO] [stderr]     |
[INFO] [stderr] 213 |         for mut connection in self.connections.iter_mut() {
[INFO] [stderr]     |             ----^^^^^^^^^^
[INFO] [stderr]     |             |
[INFO] [stderr]     |             help: remove this `mut`
[INFO] [stderr]     |
[INFO] [stderr]     = note: `#[warn(unused_mut)]` on by default
[INFO] [stderr] 
[INFO] [stderr] warning: variable does not need to be mutable
[INFO] [stderr]    --> src/genome.rs:246:21
[INFO] [stderr]     |
[INFO] [stderr] 246 |         if let Some(mut existing_connection) = self
[INFO] [stderr]     |                     ----^^^^^^^^^^^^^^^^^^^
[INFO] [stderr]     |                     |
[INFO] [stderr]     |                     help: remove this `mut`
[INFO] [stderr] 
[INFO] [stderr] warning: variable does not need to be mutable
[INFO] [stderr]    --> src/genome.rs:273:21
[INFO] [stderr]     |
[INFO] [stderr] 273 |         if let Some(mut old_connection) = self.connections.choose_mut(rng) {
[INFO] [stderr]     |                     ----^^^^^^^^^^^^^^
[INFO] [stderr]     |                     |
[INFO] [stderr]     |                     help: remove this `mut`
[INFO] [stderr] 
[INFO] [stderr] warning: struct `TestGraph` is never constructed
[INFO] [stderr]   --> src/main.rs:77:8
[INFO] [stderr]    |
[INFO] [stderr] 77 | struct TestGraph;
[INFO] [stderr]    |        ^^^^^^^^^
[INFO] [stderr]    |
[INFO] [stderr]    = note: `#[warn(dead_code)]` on by default
[INFO] [stderr] 
[INFO] [stderr] warning: struct `GraphTestingApp` is never constructed
[INFO] [stderr]   --> src/main.rs:89:8
[INFO] [stderr]    |
[INFO] [stderr] 89 | struct GraphTestingApp {
[INFO] [stderr]    |        ^^^^^^^^^^^^^^^
[INFO] [stderr] 
[INFO] [stderr] warning: struct `App` is never constructed
[INFO] [stderr]  --> src/app.rs:1:12
[INFO] [stderr]   |
[INFO] [stderr] 1 | pub struct App {}
[INFO] [stderr]   |            ^^^
[INFO] [stderr] 
[INFO] [stderr] warning: field `adjusted` is never read
[INFO] [stderr]  --> src/evaluation.rs:8:9
[INFO] [stderr]   |
[INFO] [stderr] 6 | pub struct Evaluation {
[INFO] [stderr]   |            ---------- field in this struct
[INFO] [stderr] 7 |     pub fitness: HashMap<ClientId, f32>,
[INFO] [stderr] 8 |     pub adjusted: bool,
[INFO] [stderr]   |         ^^^^^^^^
[INFO] [stderr]   |
[INFO] [stderr]   = note: `Evaluation` has a derived impl for the trait `Clone`, but this is intentionally ignored during dead code analysis
[INFO] [stderr] 
[INFO] [stderr] warning: constant `CROSSOVER_DISABLE_CONNECTION_PROB` is never used
[INFO] [stderr]   --> src/genome.rs:27:7
[INFO] [stderr]    |
[INFO] [stderr] 27 | const CROSSOVER_DISABLE_CONNECTION_PROB: f64 = 0.75;
[INFO] [stderr]    |       ^^^^^^^^^^^^^^^^^^^^^^^^^^^^^^^^^
[INFO] [stderr] 
[INFO] [stderr] warning: method `mutate_remove_connection` is never used
[INFO] [stderr]    --> src/genome.rs:297:8
[INFO] [stderr]     |
[INFO] [stderr] 103 | impl<const INPUT_SZ: usize, const OUTPUT_SZ: usize> Genome<INPUT_SZ, OUTPUT_SZ> {
[INFO] [stderr]     | ------------------------------------------------------------------------------- method in this implementation
[INFO] [stderr] ...
[INFO] [stderr] 297 |     fn mutate_remove_connection(&mut self, rng: &mut impl Rng) {
[INFO] [stderr]     |        ^^^^^^^^^^^^^^^^^^^^^^^^
[INFO] [stderr] 
[INFO] [stderr] warning: unused `Result` that must be used
[INFO] [stderr]   --> src/main.rs:65:5
[INFO] [stderr]    |
[INFO] [stderr] 65 | /     eframe::run_native(
[INFO] [stderr] 66 | |         "Boogie NEAT",
[INFO] [stderr] 67 | |         options,
[INFO] [stderr] 68 | |         Box::new(|_cc| Box::new(MyApp::new())),
[INFO] [stderr] ...  |
[INFO] [stderr] 73 | |         // }),
[INFO] [stderr] 74 | |     );
[INFO] [stderr]    | |_____^
[INFO] [stderr]    |
[INFO] [stderr]    = note: this `Result` may be an `Err` variant, which should be handled
[INFO] [stderr]    = note: `#[warn(unused_must_use)]` on by default
[INFO] [stderr] help: use `let _ = ...` to ignore the resulting value
[INFO] [stderr]    |
[INFO] [stderr] 65 |     let _ = eframe::run_native(
[INFO] [stderr]    |     +++++++
[INFO] [stderr] 
[INFO] [stderr] warning: `ai-world` (bin "ai-world" test) generated 15 warnings (run `cargo fix --bin "ai-world" --tests` to apply 8 suggestions)
[INFO] [stderr]     Finished `test` profile [unoptimized + debuginfo] target(s) in 0.26s
[INFO] [stderr]      Running unittests src/main.rs (/opt/rustwide/target/debug/deps/ai_world-01a93ceb01847c00)
[INFO] [stdout] 
[INFO] [stdout] running 1 test
[INFO] [stdout] test genome::tests::test_distance ... FAILED
[INFO] [stdout] 
[INFO] [stdout] failures:
[INFO] [stdout] 
[INFO] [stdout] ---- genome::tests::test_distance stdout ----
[INFO] [stdout] [src/genome.rs:428:9] Genome::<2, 1>
[INFO] [stdout] {
[INFO] [stdout]     hidden_nodes: 1, connections:
[INFO] [stdout]     vec![Connection
[INFO] [stdout]     {
[INFO] [stdout]         in_node: Node(0,), out_node: Node(3,), weight: -0.84480023, enabled:
[INFO] [stdout]         false, innovation_number: 0,
[INFO] [stdout]     }, Connection
[INFO] [stdout]     {
[INFO] [stdout]         in_node: Node(1,), out_node: Node(3,), weight: 3.6848402, enabled:
[INFO] [stdout]         true, innovation_number: 1,
[INFO] [stdout]     }, Connection
[INFO] [stdout]     {
[INFO] [stdout]         in_node: Node(2,), out_node: Node(3,), weight: 4.579851, enabled:
[INFO] [stdout]         true, innovation_number: 2,
[INFO] [stdout]     }, Connection
[INFO] [stdout]     {
[INFO] [stdout]         in_node: Node(0,), out_node: Node(4,), weight: 1.0, enabled: true,
[INFO] [stdout]         innovation_number: 10,
[INFO] [stdout]     }, Connection
[INFO] [stdout]     {
[INFO] [stdout]         in_node: Node(4,), out_node: Node(3,), weight: -0.84480023, enabled:
[INFO] [stdout]         true, innovation_number: 4,
[INFO] [stderr] error: test failed, to rerun pass `--bin ai-world`
[INFO] [stdout]     }, Connection
[INFO] [stdout]     {
[INFO] [stdout]         in_node: Node(4,), out_node: Node(3,), weight: -0.84480023, enabled:
[INFO] [stdout]         true, innovation_number: 11,
[INFO] [stdout]     },],
[INFO] [stdout] }.distance(&Genome
[INFO] [stdout] {
[INFO] [stdout]     hidden_nodes: 1, connections:
[INFO] [stdout]     vec![Connection
[INFO] [stdout]     {
[INFO] [stdout]         in_node: Node(0,), out_node: Node(3,), weight: -0.84480023, enabled:
[INFO] [stdout]         false, innovation_number: 0,
[INFO] [stdout]     }, Connection
[INFO] [stdout]     {
[INFO] [stdout]         in_node: Node(1,), out_node: Node(3,), weight: 3.6848402, enabled:
[INFO] [stdout]         true, innovation_number: 1,
[INFO] [stdout]     }, Connection
[INFO] [stdout]     {
[INFO] [stdout]         in_node: Node(2,), out_node: Node(3,), weight: 4.579851, enabled:
[INFO] [stdout]         true, innovation_number: 2,
[INFO] [stdout]     }, Connection
[INFO] [stdout]     {
[INFO] [stdout]         in_node: Node(0,), out_node: Node(4,), weight: 1.0, enabled: true,
[INFO] [stdout]         innovation_number: 10,
[INFO] [stdout]     }, Connection
[INFO] [stdout]     {
[INFO] [stdout]         in_node: Node(4,), out_node: Node(3,), weight: -0.84480023, enabled:
[INFO] [stdout]         true, innovation_number: 4,
[INFO] [stdout]     },],
[INFO] [stdout] }) = 1.0
[INFO] [stdout] thread 'genome::tests::test_distance' panicked at src/genome.rs:516:9:
[INFO] [stdout] explicit panic
[INFO] [stdout] stack backtrace:
[INFO] [stdout]    0:     0x5b8391a055aa - std::backtrace_rs::backtrace::libunwind::trace::h8810477743020387
[INFO] [stdout]                                at /rustc/202008a1b8de96d2e5b6bc02d379db03a877d34d/library/std/src/../../backtrace/src/backtrace/libunwind.rs:116:5
[INFO] [stdout]    1:     0x5b8391a055aa - std::backtrace_rs::backtrace::trace_unsynchronized::h3aa55355dd6c54a6
[INFO] [stdout]                                at /rustc/202008a1b8de96d2e5b6bc02d379db03a877d34d/library/std/src/../../backtrace/src/backtrace/mod.rs:66:5
[INFO] [stdout]    2:     0x5b8391a055aa - std::sys::backtrace::_print_fmt::h8588b0f62410823f
[INFO] [stdout]                                at /rustc/202008a1b8de96d2e5b6bc02d379db03a877d34d/library/std/src/sys/backtrace.rs:66:9
[INFO] [stdout]    3:     0x5b8391a055aa - <std::sys::backtrace::BacktraceLock::print::DisplayBacktrace as core::fmt::Display>::fmt::h98c26ac25ffe89bb
[INFO] [stdout]                                at /rustc/202008a1b8de96d2e5b6bc02d379db03a877d34d/library/std/src/sys/backtrace.rs:39:26
[INFO] [stdout]    4:     0x5b8391a2baf3 - core::fmt::rt::Argument::fmt::hf95377f4aebd453b
[INFO] [stdout]                                at /rustc/202008a1b8de96d2e5b6bc02d379db03a877d34d/library/core/src/fmt/rt.rs:177:76
[INFO] [stdout]    5:     0x5b8391a2baf3 - core::fmt::write::h0dd5f6e2238c7982
[INFO] [stdout]                                at /rustc/202008a1b8de96d2e5b6bc02d379db03a877d34d/library/core/src/fmt/mod.rs:1189:21
[INFO] [stdout]    6:     0x5b8391a02743 - std::io::Write::write_fmt::h03bb0ca26e6faf8c
[INFO] [stdout]                                at /rustc/202008a1b8de96d2e5b6bc02d379db03a877d34d/library/std/src/io/mod.rs:1884:15
[INFO] [stdout]    7:     0x5b8391a053f2 - std::sys::backtrace::BacktraceLock::print::h5c19c1c038ee186d
[INFO] [stdout]                                at /rustc/202008a1b8de96d2e5b6bc02d379db03a877d34d/library/std/src/sys/backtrace.rs:42:9
[INFO] [stdout]    8:     0x5b8391a06a2d - std::panicking::default_hook::{{closure}}::h77172f079a1fcb13
[INFO] [stdout]                                at /rustc/202008a1b8de96d2e5b6bc02d379db03a877d34d/library/std/src/panicking.rs:268:22
[INFO] [stdout]    9:     0x5b8391a06837 - std::panicking::default_hook::he5f8e3b203ccddba
[INFO] [stdout]                                at /rustc/202008a1b8de96d2e5b6bc02d379db03a877d34d/library/std/src/panicking.rs:292:9
[INFO] [stdout]   10:     0x5b83919cf657 - <alloc::boxed::Box<F,A> as core::ops::function::Fn<Args>>::call::h7a3c7b4a1ae77f2f
[INFO] [stdout]                                at /rustc/202008a1b8de96d2e5b6bc02d379db03a877d34d/library/alloc/src/boxed.rs:1986:9
[INFO] [stdout]   11:     0x5b83919cf657 - test::test_main::{{closure}}::hf0d3b69ae9b353d1
[INFO] [stdout]                                at /rustc/202008a1b8de96d2e5b6bc02d379db03a877d34d/library/test/src/lib.rs:134:21
[INFO] [stdout]   12:     0x5b8391a070d8 - <alloc::boxed::Box<F,A> as core::ops::function::Fn<Args>>::call::h6332e82e7b189abd
[INFO] [stdout]                                at /rustc/202008a1b8de96d2e5b6bc02d379db03a877d34d/library/alloc/src/boxed.rs:1986:9
[INFO] [stdout]   13:     0x5b8391a070d8 - std::panicking::rust_panic_with_hook::h53863d4e9018df39
[INFO] [stdout]                                at /rustc/202008a1b8de96d2e5b6bc02d379db03a877d34d/library/std/src/panicking.rs:809:13
[INFO] [stdout]   14:     0x5b8391a06e9a - std::panicking::begin_panic_handler::{{closure}}::h67280e6fa0757873
[INFO] [stdout]                                at /rustc/202008a1b8de96d2e5b6bc02d379db03a877d34d/library/std/src/panicking.rs:674:13
[INFO] [stdout]   15:     0x5b8391a05a89 - std::sys::backtrace::__rust_end_short_backtrace::h1dac3f54d6fbbeb2
[INFO] [stdout]                                at /rustc/202008a1b8de96d2e5b6bc02d379db03a877d34d/library/std/src/sys/backtrace.rs:170:18
[INFO] [stdout]   16:     0x5b8391a06b2c - rust_begin_unwind
[INFO] [stdout]                                at /rustc/202008a1b8de96d2e5b6bc02d379db03a877d34d/library/std/src/panicking.rs:665:5
[INFO] [stdout]   17:     0x5b8391992a90 - core::panicking::panic_fmt::h6792bd1b2bf01041
[INFO] [stdout]                                at /rustc/202008a1b8de96d2e5b6bc02d379db03a877d34d/library/core/src/panicking.rs:76:14
[INFO] [stdout]   18:     0x5b8391992c16 - core::panicking::panic_display::heec830c0b35a8bc8
[INFO] [stdout]                                at /rustc/202008a1b8de96d2e5b6bc02d379db03a877d34d/library/core/src/panicking.rs:269:5
[INFO] [stdout]   19:     0x5b8391992c16 - core::panicking::panic_explicit::h23a6a91f710954a0
[INFO] [stdout]                                at /rustc/202008a1b8de96d2e5b6bc02d379db03a877d34d/library/core/src/panicking.rs:240:5
[INFO] [stdout]   20:     0x5b8391995daa - ai_world::genome::tests::test_distance::panic_cold_explicit::h9dd6ef0f907f3cb3
[INFO] [stdout]                                at /rustc/202008a1b8de96d2e5b6bc02d379db03a877d34d/library/core/src/panic.rs:88:13
[INFO] [stdout]   21:     0x5b8391995d7b - ai_world::genome::tests::test_distance::h0c1f05440547fc08
[INFO] [stdout]                                at /opt/rustwide/workdir/src/genome.rs:516:9
[INFO] [stdout]   22:     0x5b8391995647 - ai_world::genome::tests::test_distance::{{closure}}::ha729e59e1148b40f
[INFO] [stdout]                                at /opt/rustwide/workdir/src/genome.rs:427:23
[INFO] [stdout]   23:     0x5b8391993996 - core::ops::function::FnOnce::call_once::h2c4d8b646c0fb8c7
[INFO] [stdout]                                at /rustc/202008a1b8de96d2e5b6bc02d379db03a877d34d/library/core/src/ops/function.rs:250:5
[INFO] [stdout]   24:     0x5b83919d417b - core::ops::function::FnOnce::call_once::h871bf86719ec9aa4
[INFO] [stdout]                                at /rustc/202008a1b8de96d2e5b6bc02d379db03a877d34d/library/core/src/ops/function.rs:250:5
[INFO] [stdout]   25:     0x5b83919d417b - test::__rust_begin_short_backtrace::h2167df1e2b7d76fd
[INFO] [stdout]                                at /rustc/202008a1b8de96d2e5b6bc02d379db03a877d34d/library/test/src/lib.rs:632:18
[INFO] [stdout]   26:     0x5b83919d3b68 - test::run_test_in_process::{{closure}}::h15d92f75a3adfb79
[INFO] [stdout]                                at /rustc/202008a1b8de96d2e5b6bc02d379db03a877d34d/library/test/src/lib.rs:655:60
[INFO] [stdout]   27:     0x5b83919d3b68 - <core::panic::unwind_safe::AssertUnwindSafe<F> as core::ops::function::FnOnce<()>>::call_once::hb6c8955835a8dbbb
[INFO] [stdout]                                at /rustc/202008a1b8de96d2e5b6bc02d379db03a877d34d/library/core/src/panic/unwind_safe.rs:272:9
[INFO] [stdout]   28:     0x5b83919d3b68 - std::panicking::try::do_call::hc79d0fc888a0bd30
[INFO] [stdout]                                at /rustc/202008a1b8de96d2e5b6bc02d379db03a877d34d/library/std/src/panicking.rs:557:40
[INFO] [stdout]   29:     0x5b83919d3b68 - std::panicking::try::hb8a7878e3a8589d6
[INFO] [stdout]                                at /rustc/202008a1b8de96d2e5b6bc02d379db03a877d34d/library/std/src/panicking.rs:520:19
[INFO] [stdout]   30:     0x5b83919d3b68 - std::panic::catch_unwind::hb8e4600ff0ff5cfa
[INFO] [stdout]                                at /rustc/202008a1b8de96d2e5b6bc02d379db03a877d34d/library/std/src/panic.rs:358:14
[INFO] [stdout]   31:     0x5b83919d3b68 - test::run_test_in_process::hc2900b0b18688dd6
[INFO] [stdout]                                at /rustc/202008a1b8de96d2e5b6bc02d379db03a877d34d/library/test/src/lib.rs:655:27
[INFO] [stdout]   32:     0x5b83919d3b68 - test::run_test::{{closure}}::hac2a9cb07be3d48d
[INFO] [stdout]                                at /rustc/202008a1b8de96d2e5b6bc02d379db03a877d34d/library/test/src/lib.rs:576:43
[INFO] [stdout]   33:     0x5b839199760a - test::run_test::{{closure}}::h4a5b729e66a38cd8
[INFO] [stdout]                                at /rustc/202008a1b8de96d2e5b6bc02d379db03a877d34d/library/test/src/lib.rs:606:41
[INFO] [stdout]   34:     0x5b839199760a - std::sys::backtrace::__rust_begin_short_backtrace::h0496fb742492f573
[INFO] [stdout]                                at /rustc/202008a1b8de96d2e5b6bc02d379db03a877d34d/library/std/src/sys/backtrace.rs:154:18
[INFO] [stdout]   35:     0x5b839199af84 - std::thread::Builder::spawn_unchecked_::{{closure}}::{{closure}}::hbb6d257c550a54bd
[INFO] [stdout]                                at /rustc/202008a1b8de96d2e5b6bc02d379db03a877d34d/library/std/src/thread/mod.rs:561:17
[INFO] [stdout]   36:     0x5b839199af84 - <core::panic::unwind_safe::AssertUnwindSafe<F> as core::ops::function::FnOnce<()>>::call_once::h46696fe4a6832328
[INFO] [stdout]                                at /rustc/202008a1b8de96d2e5b6bc02d379db03a877d34d/library/core/src/panic/unwind_safe.rs:272:9
[INFO] [stdout]   37:     0x5b839199af84 - std::panicking::try::do_call::h2625a51b667bfb64
[INFO] [stdout]                                at /rustc/202008a1b8de96d2e5b6bc02d379db03a877d34d/library/std/src/panicking.rs:557:40
[INFO] [stdout]   38:     0x5b839199af84 - std::panicking::try::hb956a59a1973aa4c
[INFO] [stdout]                                at /rustc/202008a1b8de96d2e5b6bc02d379db03a877d34d/library/std/src/panicking.rs:520:19
[INFO] [stdout]   39:     0x5b839199af84 - std::panic::catch_unwind::h64f3b9d1067ef6a0
[INFO] [stdout]                                at /rustc/202008a1b8de96d2e5b6bc02d379db03a877d34d/library/std/src/panic.rs:358:14
[INFO] [stdout]   40:     0x5b839199af84 - std::thread::Builder::spawn_unchecked_::{{closure}}::h42b2841295b6c0b2
[INFO] [stdout]                                at /rustc/202008a1b8de96d2e5b6bc02d379db03a877d34d/library/std/src/thread/mod.rs:559:30
[INFO] [stdout]   41:     0x5b839199af84 - core::ops::function::FnOnce::call_once{{vtable.shim}}::h6127de71b8124639
[INFO] [stdout]                                at /rustc/202008a1b8de96d2e5b6bc02d379db03a877d34d/library/core/src/ops/function.rs:250:5
[INFO] [stdout]   42:     0x5b8391a0b01b - <alloc::boxed::Box<F,A> as core::ops::function::FnOnce<Args>>::call_once::h42f0ba71002a1b2c
[INFO] [stdout]                                at /rustc/202008a1b8de96d2e5b6bc02d379db03a877d34d/library/alloc/src/boxed.rs:1972:9
[INFO] [stdout]   43:     0x5b8391a0b01b - <alloc::boxed::Box<F,A> as core::ops::function::FnOnce<Args>>::call_once::had9e47d7a3dcecb8
[INFO] [stdout]                                at /rustc/202008a1b8de96d2e5b6bc02d379db03a877d34d/library/alloc/src/boxed.rs:1972:9
[INFO] [stdout]   44:     0x5b8391a0b01b - std::sys::pal::unix::thread::Thread::new::thread_start::h48cf765408f6f5f2
[INFO] [stdout]                                at /rustc/202008a1b8de96d2e5b6bc02d379db03a877d34d/library/std/src/sys/pal/unix/thread.rs:105:17
[INFO] [stdout]   45:     0x7df53cc12ac3 - <unknown>
[INFO] [stdout]   46:     0x7df53cca3a04 - clone
[INFO] [stdout]   47:                0x0 - <unknown>
[INFO] [stdout] 
[INFO] [stdout] 
[INFO] [stdout] failures:
[INFO] [stdout]     genome::tests::test_distance
[INFO] [stdout] 
[INFO] [stdout] test result: FAILED. 0 passed; 1 failed; 0 ignored; 0 measured; 0 filtered out; finished in 0.04s
[INFO] [stdout] 
[INFO] running `Command { std: "docker" "inspect" "d285fc92b5893df5faf0e2dba1bdf12dc459adf3f850de9e8f1e8cc2f34d1a30", kill_on_drop: false }`
[INFO] running `Command { std: "docker" "rm" "-f" "d285fc92b5893df5faf0e2dba1bdf12dc459adf3f850de9e8f1e8cc2f34d1a30", kill_on_drop: false }`
[INFO] [stdout] d285fc92b5893df5faf0e2dba1bdf12dc459adf3f850de9e8f1e8cc2f34d1a30
