[INFO] cloning repository https://github.com/mohammed7s/bitvm_merkle_tree
[INFO] running `Command { std: "git" "-c" "credential.helper=" "-c" "credential.helper=/workspace/cargo-home/bin/git-credential-null" "clone" "--bare" "https://github.com/mohammed7s/bitvm_merkle_tree" "/workspace/cache/git-repos/https%3A%2F%2Fgithub.com%2Fmohammed7s%2Fbitvm_merkle_tree", kill_on_drop: false }`
[INFO] [stderr] Cloning into bare repository '/workspace/cache/git-repos/https%3A%2F%2Fgithub.com%2Fmohammed7s%2Fbitvm_merkle_tree'...
[INFO] running `Command { std: "git" "rev-parse" "HEAD", kill_on_drop: false }`
[INFO] [stdout] 6b035ca523c850d69c92d6d6e60b354399e5bbaa
[INFO] testing mohammed7s/bitvm_merkle_tree against beta-2024-12-08 for beta-1.84.0-4-retry
[INFO] running `Command { std: "git" "clone" "/workspace/cache/git-repos/https%3A%2F%2Fgithub.com%2Fmohammed7s%2Fbitvm_merkle_tree" "/workspace/builds/worker-1-tc2/source", kill_on_drop: false }`
[INFO] [stderr] Cloning into '/workspace/builds/worker-1-tc2/source'...
[INFO] [stderr] done.
[INFO] validating manifest of git repo https://github.com/mohammed7s/bitvm_merkle_tree on toolchain beta-2024-12-08
[INFO] running `Command { std: CARGO_HOME="/workspace/cargo-home" RUSTUP_HOME="/workspace/rustup-home" "/workspace/cargo-home/bin/cargo" "+beta-2024-12-08" "metadata" "--manifest-path" "Cargo.toml" "--no-deps", kill_on_drop: false }`
[INFO] started tweaking git repo https://github.com/mohammed7s/bitvm_merkle_tree
[INFO] finished tweaking git repo https://github.com/mohammed7s/bitvm_merkle_tree
[INFO] tweaked toml for git repo https://github.com/mohammed7s/bitvm_merkle_tree written to /workspace/builds/worker-1-tc2/source/Cargo.toml
[INFO] crate git repo https://github.com/mohammed7s/bitvm_merkle_tree already has a lockfile, it will not be regenerated
[INFO] running `Command { std: CARGO_HOME="/workspace/cargo-home" RUSTUP_HOME="/workspace/rustup-home" "/workspace/cargo-home/bin/cargo" "+beta-2024-12-08" "fetch" "--manifest-path" "Cargo.toml", kill_on_drop: false }`
[INFO] running `Command { std: "docker" "create" "-v" "/var/lib/crater-agent-workspace/builds/worker-1-tc2/target:/opt/rustwide/target:rw,Z" "-v" "/var/lib/crater-agent-workspace/builds/worker-1-tc2/source:/opt/rustwide/workdir:ro,Z" "-v" "/var/lib/crater-agent-workspace/cargo-home:/opt/rustwide/cargo-home:ro,Z" "-v" "/var/lib/crater-agent-workspace/rustup-home:/opt/rustwide/rustup-home:ro,Z" "-e" "SOURCE_DIR=/opt/rustwide/workdir" "-e" "CARGO_TARGET_DIR=/opt/rustwide/target" "-e" "CARGO_HOME=/opt/rustwide/cargo-home" "-e" "RUSTUP_HOME=/opt/rustwide/rustup-home" "-w" "/opt/rustwide/workdir" "-m" "1610612736" "--user" "0:0" "--network" "none" "ghcr.io/rust-lang/crates-build-env/linux@sha256:f3a9d4ad9d972b27faf3965f35b62e55ba32bbce8f20bc8fe909558a86702fde" "/opt/rustwide/cargo-home/bin/cargo" "+beta-2024-12-08" "metadata" "--no-deps" "--format-version=1", kill_on_drop: false }`
[INFO] [stdout] a25adb1f5a41b3982fb85a3b936c74e1b9f20277c2e8c978f821e4924df9e64a
[INFO] running `Command { std: "docker" "start" "-a" "a25adb1f5a41b3982fb85a3b936c74e1b9f20277c2e8c978f821e4924df9e64a", kill_on_drop: false }`
[INFO] running `Command { std: "docker" "inspect" "a25adb1f5a41b3982fb85a3b936c74e1b9f20277c2e8c978f821e4924df9e64a", kill_on_drop: false }`
[INFO] running `Command { std: "docker" "rm" "-f" "a25adb1f5a41b3982fb85a3b936c74e1b9f20277c2e8c978f821e4924df9e64a", kill_on_drop: false }`
[INFO] [stdout] a25adb1f5a41b3982fb85a3b936c74e1b9f20277c2e8c978f821e4924df9e64a
[INFO] running `Command { std: "docker" "create" "-v" "/var/lib/crater-agent-workspace/builds/worker-1-tc2/target:/opt/rustwide/target:rw,Z" "-v" "/var/lib/crater-agent-workspace/builds/worker-1-tc2/source:/opt/rustwide/workdir:ro,Z" "-v" "/var/lib/crater-agent-workspace/cargo-home:/opt/rustwide/cargo-home:ro,Z" "-v" "/var/lib/crater-agent-workspace/rustup-home:/opt/rustwide/rustup-home:ro,Z" "-e" "SOURCE_DIR=/opt/rustwide/workdir" "-e" "CARGO_TARGET_DIR=/opt/rustwide/target" "-e" "CARGO_INCREMENTAL=0" "-e" "RUST_BACKTRACE=full" "-e" "RUSTFLAGS=--cap-lints=warn" "-e" "RUSTDOCFLAGS=--cap-lints=warn" "-e" "CARGO_HOME=/opt/rustwide/cargo-home" "-e" "RUSTUP_HOME=/opt/rustwide/rustup-home" "-w" "/opt/rustwide/workdir" "-m" "1610612736" "--user" "0:0" "--network" "none" "ghcr.io/rust-lang/crates-build-env/linux@sha256:f3a9d4ad9d972b27faf3965f35b62e55ba32bbce8f20bc8fe909558a86702fde" "/opt/rustwide/cargo-home/bin/cargo" "+beta-2024-12-08" "build" "--frozen" "--message-format=json", kill_on_drop: false }`
[INFO] [stdout] 76d9763cc969ca39bc00b3f49e8947a824868ad2432af1379a36c0ed4bbdadad
[INFO] running `Command { std: "docker" "start" "-a" "76d9763cc969ca39bc00b3f49e8947a824868ad2432af1379a36c0ed4bbdadad", kill_on_drop: false }`
[INFO] [stderr]    Compiling proc-macro2 v1.0.82
[INFO] [stderr]    Compiling cfg-if v1.0.0
[INFO] [stderr]    Compiling libc v0.2.155
[INFO] [stderr]    Compiling autocfg v1.3.0
[INFO] [stderr]    Compiling serde v1.0.202
[INFO] [stderr]    Compiling version_check v0.9.4
[INFO] [stderr]    Compiling ppv-lite86 v0.2.17
[INFO] [stderr]    Compiling cc v1.0.97
[INFO] [stderr]    Compiling once_cell v1.19.0
[INFO] [stderr]    Compiling pin-project-lite v0.2.14
[INFO] [stderr]    Compiling either v1.12.0
[INFO] [stderr]    Compiling syn v1.0.109
[INFO] [stderr]    Compiling typenum v1.17.0
[INFO] [stderr]    Compiling parking_lot_core v0.9.10
[INFO] [stderr]    Compiling itoa v1.0.11
[INFO] [stderr]    Compiling smallvec v1.13.2
[INFO] [stderr]    Compiling scopeguard v1.2.0
[INFO] [stderr]    Compiling bytes v1.6.0
[INFO] [stderr]    Compiling pkg-config v0.3.30
[INFO] [stderr]    Compiling vcpkg v0.2.15
[INFO] [stderr]    Compiling tracing-core v0.1.32
[INFO] [stderr]    Compiling wasm-bindgen-shared v0.2.92
[INFO] [stderr]    Compiling hex_lit v0.1.1
[INFO] [stderr]    Compiling generic-array v0.14.7
[INFO] [stderr]    Compiling futures-core v0.3.30
[INFO] [stderr]    Compiling num-traits v0.2.19
[INFO] [stderr]    Compiling lock_api v0.4.12
[INFO] [stderr]    Compiling log v0.4.21
[INFO] [stderr]    Compiling bumpalo v3.16.0
[INFO] [stderr]    Compiling arrayvec v0.7.4
[INFO] [stderr]    Compiling bitcoin-internals v0.2.0 (https://github.com/rust-bitcoin/rust-bitcoin?branch=bitvm#48efda92)
[INFO] [stderr]    Compiling slab v0.4.9
[INFO] [stderr]    Compiling itertools v0.12.1
[INFO] [stderr]    Compiling pin-utils v0.1.0
[INFO] [stderr]    Compiling fnv v1.0.7
[INFO] [stderr]    Compiling bitcoin-io v0.1.2 (https://github.com/rust-bitcoin/rust-bitcoin?branch=bitvm#48efda92)
[INFO] [stderr]    Compiling hex-conservative v0.2.0
[INFO] [stderr]    Compiling serde_json v1.0.117
[INFO] [stderr]    Compiling quote v1.0.36
[INFO] [stderr]    Compiling foreign-types-shared v0.1.1
[INFO] [stderr]    Compiling ryu v1.0.18
[INFO] [stderr]    Compiling futures-task v0.3.30
[INFO] [stderr]    Compiling syn v2.0.64
[INFO] [stderr]    Compiling getrandom v0.2.15
[INFO] [stderr]    Compiling signal-hook-registry v1.4.2
[INFO] [stderr]    Compiling mio v0.8.11
[INFO] [stderr]    Compiling socket2 v0.5.7
[INFO] [stderr]    Compiling rand_core v0.6.4
[INFO] [stderr]    Compiling rand_chacha v0.3.1
[INFO] [stderr]    Compiling parking_lot v0.12.2
[INFO] [stderr]    Compiling num_cpus v1.16.0
[INFO] [stderr]    Compiling secp256k1-sys v0.9.2
[INFO] [stderr]    Compiling openssl-sys v0.9.102
[INFO] [stderr]    Compiling wasm-bindgen v0.2.92
[INFO] [stderr]    Compiling openssl v0.10.64
[INFO] [stderr]    Compiling rand v0.8.5
[INFO] [stderr]    Compiling num-integer v0.1.46
[INFO] [stderr]    Compiling block-buffer v0.10.4
[INFO] [stderr]    Compiling crypto-common v0.1.6
[INFO] [stderr]    Compiling futures-util v0.3.30
[INFO] [stderr]    Compiling foreign-types v0.3.2
[INFO] [stderr]    Compiling digest v0.10.7
[INFO] [stderr]    Compiling http v0.2.12
[INFO] [stderr]    Compiling ahash v0.8.11
[INFO] [stderr]    Compiling hashbrown v0.14.5
[INFO] [stderr]    Compiling num-bigint v0.4.5
[INFO] [stderr]    Compiling paste v1.0.15
[INFO] [stderr]    Compiling bitflags v2.5.0
[INFO] [stderr]    Compiling native-tls v0.2.11
[INFO] [stderr]    Compiling equivalent v1.0.1
[INFO] [stderr]    Compiling futures-sink v0.3.30
[INFO] [stderr]    Compiling utf8parse v0.2.1
[INFO] [stderr]    Compiling tinyvec_macros v0.1.1
[INFO] [stderr]    Compiling tinyvec v1.6.0
[INFO] [stderr]    Compiling anstyle-parse v0.2.4
[INFO] [stderr]    Compiling httparse v1.8.0
[INFO] [stderr]    Compiling bitcoin_hashes v0.13.0 (https://github.com/rust-bitcoin/rust-bitcoin?branch=bitvm#48efda92)
[INFO] [stderr]    Compiling ark-std v0.4.0
[INFO] [stderr]    Compiling indexmap v2.2.6
[INFO] [stderr]    Compiling proc-macro-error-attr v1.0.4
[INFO] [stderr]    Compiling anstyle v1.0.7
[INFO] [stderr]    Compiling percent-encoding v2.3.1
[INFO] [stderr]    Compiling colorchoice v1.0.1
[INFO] [stderr]    Compiling thiserror v1.0.61
[INFO] [stderr]    Compiling is_terminal_polyfill v1.70.0
[INFO] [stderr]    Compiling openssl-probe v0.1.5
[INFO] [stderr]    Compiling p3-maybe-rayon v0.1.0 (https://github.com/Plonky3/Plonky3#cccb11d9)
[INFO] [stderr]    Compiling bitcoin v0.31.0 (https://github.com/rust-bitcoin/rust-bitcoin?branch=bitvm#48efda92)
[INFO] [stderr]    Compiling zerocopy v0.7.34
[INFO] [stderr]    Compiling try-lock v0.2.5
[INFO] [stderr]    Compiling anstyle-query v1.0.3
[INFO] [stderr]    Compiling anstream v0.6.14
[INFO] [stderr]    Compiling want v0.3.1
[INFO] [stderr]    Compiling form_urlencoded v1.2.1
[INFO] [stderr]    Compiling http-body v0.4.6
[INFO] [stderr]    Compiling futures-channel v0.3.30
[INFO] [stderr]    Compiling proc-macro-error v1.0.4
[INFO] [stderr]    Compiling itertools v0.10.5
[INFO] [stderr]    Compiling httpdate v1.0.3
[INFO] [stderr]    Compiling clap_lex v0.7.0
[INFO] [stderr]    Compiling unicode-normalization v0.1.23
[INFO] [stderr]    Compiling nums v0.1.0
[INFO] [stderr]    Compiling strsim v0.11.1
[INFO] [stderr]    Compiling bech32 v0.11.0
[INFO] [stderr]    Compiling heck v0.5.0
[INFO] [stderr]    Compiling tower-service v0.3.2
[INFO] [stderr]    Compiling unicode-bidi v0.3.15
[INFO] [stderr]    Compiling clap_builder v4.5.2
[INFO] [stderr]    Compiling base58check v0.1.0 (https://github.com/rust-bitcoin/rust-bitcoin?branch=bitvm#48efda92)
[INFO] [stderr]    Compiling hashbrown v0.13.2
[INFO] [stderr]    Compiling bitcoin-units v0.1.0 (https://github.com/rust-bitcoin/rust-bitcoin?branch=bitvm#48efda92)
[INFO] [stderr]    Compiling rustversion v1.0.17
[INFO] [stderr]    Compiling minreq v2.11.2
[INFO] [stderr]    Compiling idna v0.5.0
[INFO] [stderr]    Compiling base64 v0.21.7
[INFO] [stderr]    Compiling encoding_rs v0.8.34
[INFO] [stderr]    Compiling base64 v0.12.3
[INFO] [stderr]    Compiling rustls-pemfile v1.0.4
[INFO] [stderr]    Compiling hex v0.4.3
[INFO] [stderr]    Compiling gcd v2.3.0
[INFO] [stderr]    Compiling wasm-bindgen-backend v0.2.92
[INFO] [stderr]    Compiling lazy_static v1.4.0
[INFO] [stderr]    Compiling secp256k1 v0.28.2
[INFO] [stderr]    Compiling ipnet v2.9.0
[INFO] [stderr]    Compiling sync_wrapper v0.1.2
[INFO] [stderr]    Compiling mime v0.3.17
[INFO] [stderr]    Compiling url v2.5.0
[INFO] [stderr]    Compiling cpufeatures v0.2.12
[INFO] [stderr]    Compiling sha2 v0.10.8
[INFO] [stderr]    Compiling strum v0.26.2
[INFO] [stderr]    Compiling wasm-bindgen-macro-support v0.2.92
[INFO] [stderr]    Compiling ark-serialize-derive v0.4.2
[INFO] [stderr]    Compiling ark-ff-asm v0.4.2
[INFO] [stderr]    Compiling serde_derive v1.0.202
[INFO] [stderr]    Compiling tracing-attributes v0.1.27
[INFO] [stderr]    Compiling tokio-macros v2.2.0
[INFO] [stderr]    Compiling openssl-macros v0.1.1
[INFO] [stderr]    Compiling zeroize_derive v1.4.2
[INFO] [stderr]    Compiling wasm-bindgen-macro v0.2.92
[INFO] [stderr]    Compiling ark-serialize v0.4.2
[INFO] [stderr]    Compiling thiserror-impl v1.0.61
[INFO] [stderr]    Compiling ark-ff-macros v0.4.2
[INFO] [stderr]    Compiling derivative v2.2.0
[INFO] [stderr]    Compiling clap_derive v4.5.4
[INFO] [stderr]    Compiling tokio v1.37.0
[INFO] [stderr]    Compiling zeroize v1.7.0
[INFO] [stderr]    Compiling js-sys v0.3.69
[INFO] [stderr]    Compiling console_error_panic_hook v0.1.7
[INFO] [stderr]    Compiling strum_macros v0.26.2
[INFO] [stderr]    Compiling tracing v0.1.40
[INFO] [stderr]    Compiling ark-ff v0.4.2
[INFO] [stderr]    Compiling clap v4.5.4
[INFO] [stderr]    Compiling bitcoin-script v0.2.0 (https://github.com/BitVM/rust-bitcoin-script#a61b033b)
[INFO] [stderr]    Compiling tokio-util v0.7.11
[INFO] [stderr]    Compiling tokio-native-tls v0.3.1
[INFO] [stderr]    Compiling tokio-socks v0.5.1
[INFO] [stderr]    Compiling h2 v0.3.26
[INFO] [stderr]    Compiling p3-util v0.1.0 (https://github.com/Plonky3/Plonky3#cccb11d9)
[INFO] [stderr]    Compiling serde-wasm-bindgen v0.6.5
[INFO] [stderr]    Compiling serde_urlencoded v0.7.1
[INFO] [stderr]    Compiling p3-field v0.1.0 (https://github.com/Plonky3/Plonky3#cccb11d9)
[INFO] [stderr]    Compiling p3-matrix v0.1.0 (https://github.com/Plonky3/Plonky3#cccb11d9)
[INFO] [stderr]    Compiling p3-symmetric v0.1.0 (https://github.com/Plonky3/Plonky3#cccb11d9)
[INFO] [stderr]    Compiling p3-dft v0.1.0 (https://github.com/Plonky3/Plonky3#cccb11d9)
[INFO] [stderr]    Compiling p3-mds v0.1.0 (https://github.com/Plonky3/Plonky3#cccb11d9)
[INFO] [stderr]    Compiling p3-poseidon2 v0.1.0 (https://github.com/Plonky3/Plonky3#cccb11d9)
[INFO] [stderr]    Compiling p3-baby-bear v0.1.0 (https://github.com/Plonky3/Plonky3#cccb11d9)
[INFO] [stderr]    Compiling p3-mersenne-31 v0.1.0 (https://github.com/Plonky3/Plonky3#cccb11d9)
[INFO] [stderr]    Compiling hyper v0.14.28
[INFO] [stderr]    Compiling hyper-tls v0.5.0
[INFO] [stderr]    Compiling reqwest v0.11.27
[INFO] [stderr]    Compiling esplora-client v0.7.0 (https://github.com/BitVM/rust-esplora-client#3d61a8bf)
[INFO] [stderr]    Compiling ark-poly v0.4.2
[INFO] [stderr]    Compiling bitcoin-scriptexec v0.0.0 (https://github.com/BitVM/rust-bitcoin-scriptexec/#43a1dea2)
[INFO] [stderr]    Compiling ark-ec v0.4.2
[INFO] [stderr]    Compiling bitcoin-script-stack v0.0.1 (https://github.com/FairgateLabs/rust-bitcoin-script-stack#573bdd2c)
[INFO] [stderr]    Compiling ark-bn254 v0.4.0
[INFO] [stderr]    Compiling bitvm v0.1.0 (https://github.com/BitVM/BitVM/#cbaee10d)
[INFO] [stderr]    Compiling rust-bitcoin-u31-or-u30 v0.1.0 (https://github.com/BitVM/rust-bitcoin-m31-or-babybear/#54e2f8bc)
[INFO] [stderr]    Compiling bitvm_merkle_tree v0.1.0 (/opt/rustwide/workdir)
[INFO] [stderr]     Finished `dev` profile [optimized + debuginfo] target(s) in 4m 21s
[INFO] running `Command { std: "docker" "inspect" "76d9763cc969ca39bc00b3f49e8947a824868ad2432af1379a36c0ed4bbdadad", kill_on_drop: false }`
[INFO] running `Command { std: "docker" "rm" "-f" "76d9763cc969ca39bc00b3f49e8947a824868ad2432af1379a36c0ed4bbdadad", kill_on_drop: false }`
[INFO] [stdout] 76d9763cc969ca39bc00b3f49e8947a824868ad2432af1379a36c0ed4bbdadad
[INFO] running `Command { std: "docker" "create" "-v" "/var/lib/crater-agent-workspace/builds/worker-1-tc2/target:/opt/rustwide/target:rw,Z" "-v" "/var/lib/crater-agent-workspace/builds/worker-1-tc2/source:/opt/rustwide/workdir:ro,Z" "-v" "/var/lib/crater-agent-workspace/cargo-home:/opt/rustwide/cargo-home:ro,Z" "-v" "/var/lib/crater-agent-workspace/rustup-home:/opt/rustwide/rustup-home:ro,Z" "-e" "SOURCE_DIR=/opt/rustwide/workdir" "-e" "CARGO_TARGET_DIR=/opt/rustwide/target" "-e" "CARGO_INCREMENTAL=0" "-e" "RUST_BACKTRACE=full" "-e" "RUSTFLAGS=--cap-lints=warn" "-e" "RUSTDOCFLAGS=--cap-lints=warn" "-e" "CARGO_HOME=/opt/rustwide/cargo-home" "-e" "RUSTUP_HOME=/opt/rustwide/rustup-home" "-w" "/opt/rustwide/workdir" "-m" "1610612736" "--user" "0:0" "--network" "none" "ghcr.io/rust-lang/crates-build-env/linux@sha256:f3a9d4ad9d972b27faf3965f35b62e55ba32bbce8f20bc8fe909558a86702fde" "/opt/rustwide/cargo-home/bin/cargo" "+beta-2024-12-08" "test" "--frozen" "--no-run" "--message-format=json", kill_on_drop: false }`
[INFO] [stdout] 6248b2845206fc65519f8fab608ac655b324a68d94a00860b1c5a81ca15cad40
[INFO] running `Command { std: "docker" "start" "-a" "6248b2845206fc65519f8fab608ac655b324a68d94a00860b1c5a81ca15cad40", kill_on_drop: false }`
[INFO] [stderr]    Compiling bitvm_merkle_tree v0.1.0 (/opt/rustwide/workdir)
[INFO] [stderr]     Finished `test` profile [optimized + debuginfo] target(s) in 8.82s
[INFO] running `Command { std: "docker" "inspect" "6248b2845206fc65519f8fab608ac655b324a68d94a00860b1c5a81ca15cad40", kill_on_drop: false }`
[INFO] running `Command { std: "docker" "rm" "-f" "6248b2845206fc65519f8fab608ac655b324a68d94a00860b1c5a81ca15cad40", kill_on_drop: false }`
[INFO] [stdout] 6248b2845206fc65519f8fab608ac655b324a68d94a00860b1c5a81ca15cad40
[INFO] running `Command { std: "docker" "create" "-v" "/var/lib/crater-agent-workspace/builds/worker-1-tc2/target:/opt/rustwide/target:rw,Z" "-v" "/var/lib/crater-agent-workspace/builds/worker-1-tc2/source:/opt/rustwide/workdir:ro,Z" "-v" "/var/lib/crater-agent-workspace/cargo-home:/opt/rustwide/cargo-home:ro,Z" "-v" "/var/lib/crater-agent-workspace/rustup-home:/opt/rustwide/rustup-home:ro,Z" "-e" "SOURCE_DIR=/opt/rustwide/workdir" "-e" "CARGO_TARGET_DIR=/opt/rustwide/target" "-e" "CARGO_INCREMENTAL=0" "-e" "RUST_BACKTRACE=full" "-e" "RUSTFLAGS=--cap-lints=warn" "-e" "RUSTDOCFLAGS=--cap-lints=warn" "-e" "CARGO_HOME=/opt/rustwide/cargo-home" "-e" "RUSTUP_HOME=/opt/rustwide/rustup-home" "-w" "/opt/rustwide/workdir" "-m" "1610612736" "--user" "0:0" "--network" "none" "ghcr.io/rust-lang/crates-build-env/linux@sha256:f3a9d4ad9d972b27faf3965f35b62e55ba32bbce8f20bc8fe909558a86702fde" "/opt/rustwide/cargo-home/bin/cargo" "+beta-2024-12-08" "test" "--frozen", kill_on_drop: false }`
[INFO] [stdout] 5c5260e1b5a0a92ac95acf02929cc458c710f4dbcd76a21cd598408a0e7014c4
[INFO] running `Command { std: "docker" "start" "-a" "5c5260e1b5a0a92ac95acf02929cc458c710f4dbcd76a21cd598408a0e7014c4", kill_on_drop: false }`
[INFO] [stderr]     Finished `test` profile [optimized + debuginfo] target(s) in 0.51s
[INFO] [stderr]      Running unittests src/mod.rs (/opt/rustwide/target/debug/deps/bitvm_merkle_tree-f72306306540a030)
[INFO] [stdout] 
[INFO] [stdout] running 4 tests
[INFO] [stdout] test bitcoin_script::test::test_merkle_tree_bitcoin_tx ... ok
[INFO] [stdout] test test::test_merkle_tree ... ok
[INFO] [stdout] test bitcoin_script::test::test_merkle_tree_verify ... FAILED
[INFO] [stdout] test bitcoin_script::test::test_merkle_tree_verify_sibling ... ok
[INFO] [stdout] 
[INFO] [stdout] failures:
[INFO] [stdout] 
[INFO] [stdout] ---- bitcoin_script::test::test_merkle_tree_verify stdout ----
[INFO] [stdout] verify_script Script(OP_TOALTSTACK OP_PUSHNUM_2 OP_PUSHNUM_4 OP_PUSHNUM_8 OP_PUSHNUM_16 OP_PUSHBYTES_1 20 OP_PUSHBYTES_1 40 OP_PUSHBYTES_2 8000 OP_PUSHBYTES_2 0001 OP_PUSHBYTES_2 0002 OP_PUSHBYTES_2 0004 OP_PUSHBYTES_2 0008 OP_FROMALTSTACK OP_2DUP OP_LESSTHANOREQUAL OP_IF OP_SWAP OP_SUB OP_PUSHNUM_1 OP_ELSE OP_NIP OP_0 OP_ENDIF OP_TOALTSTACK OP_2DUP OP_LESSTHANOREQUAL OP_IF OP_SWAP OP_SUB OP_PUSHNUM_1 OP_ELSE OP_NIP OP_0 OP_ENDIF OP_TOALTSTACK OP_2DUP OP_LESSTHANOREQUAL OP_IF OP_SWAP OP_SUB OP_PUSHNUM_1 OP_ELSE OP_NIP OP_0 OP_ENDIF OP_TOALTSTACK OP_2DUP OP_LESSTHANOREQUAL OP_IF OP_SWAP OP_SUB OP_PUSHNUM_1 OP_ELSE OP_NIP OP_0 OP_ENDIF OP_TOALTSTACK OP_2DUP OP_LESSTHANOREQUAL OP_IF OP_SWAP OP_SUB OP_PUSHNUM_1 OP_ELSE OP_NIP OP_0 OP_ENDIF OP_TOALTSTACK OP_2DUP OP_LESSTHANOREQUAL OP_IF OP_SWAP OP_SUB OP_PUSHNUM_1 OP_ELSE OP_NIP OP_0 OP_ENDIF OP_TOALTSTACK OP_2DUP OP_LESSTHANOREQUAL OP_IF OP_SWAP OP_SUB OP_PUSHNUM_1 OP_ELSE OP_NIP OP_0 OP_ENDIF OP_TOALTSTACK OP_2DUP OP_LESSTHANOREQUAL OP_IF OP_SWAP OP_SUB OP_PUSHNUM_1 OP_ELSE OP_NIP OP_0 OP_ENDIF OP_TOALTSTACK OP_2DUP OP_LESSTHANOREQUAL OP_IF OP_SWAP OP_SUB OP_PUSHNUM_1 OP_ELSE OP_NIP OP_0 OP_ENDIF OP_TOALTSTACK OP_2DUP OP_LESSTHANOREQUAL OP_IF OP_SWAP OP_SUB OP_PUSHNUM_1 OP_ELSE OP_NIP OP_0 OP_ENDIF OP_TOALTSTACK OP_2DUP OP_LESSTHANOREQUAL OP_IF OP_SWAP OP_SUB OP_PUSHNUM_1 OP_ELSE OP_NIP OP_0 OP_ENDIF OP_TOALTSTACK OP_TOALTSTACK OP_DEPTH OP_1SUB OP_ROLL OP_DUP OP_DEPTH OP_1SUB OP_ROLL OP_FROMALTSTACK OP_IF OP_SWAP OP_ENDIF OP_CAT OP_SHA256 OP_DEPTH OP_1SUB OP_ROLL OP_FROMALTSTACK OP_IF OP_SWAP OP_ENDIF OP_CAT OP_SHA256 OP_DEPTH OP_1SUB OP_ROLL OP_FROMALTSTACK OP_IF OP_SWAP OP_ENDIF OP_CAT OP_SHA256 OP_DEPTH OP_1SUB OP_ROLL OP_FROMALTSTACK OP_IF OP_SWAP OP_ENDIF OP_CAT OP_SHA256 OP_DEPTH OP_1SUB OP_ROLL OP_FROMALTSTACK OP_IF OP_SWAP OP_ENDIF OP_CAT OP_SHA256 OP_DEPTH OP_1SUB OP_ROLL OP_FROMALTSTACK OP_IF OP_SWAP OP_ENDIF OP_CAT OP_SHA256 OP_DEPTH OP_1SUB OP_ROLL OP_FROMALTSTACK OP_IF OP_SWAP OP_ENDIF OP_CAT OP_SHA256 OP_DEPTH OP_1SUB OP_ROLL OP_FROMALTSTACK OP_IF OP_SWAP OP_ENDIF OP_CAT OP_SHA256 OP_DEPTH OP_1SUB OP_ROLL OP_FROMALTSTACK OP_IF OP_SWAP OP_ENDIF OP_CAT OP_SHA256 OP_DEPTH OP_1SUB OP_ROLL OP_FROMALTSTACK OP_IF OP_SWAP OP_ENDIF OP_CAT OP_SHA256 OP_DEPTH OP_1SUB OP_ROLL OP_FROMALTSTACK OP_IF OP_SWAP OP_ENDIF OP_CAT OP_SHA256 OP_DEPTH OP_1SUB OP_ROLL OP_FROMALTSTACK OP_IF OP_SWAP OP_ENDIF OP_CAT OP_SHA256 OP_ROT OP_EQUALVERIFY)
[INFO] [stdout] MT.verify(2^12) = 261 bytes
[INFO] [stdout] last layer []
[INFO] [stdout] proof MerkleTreeProof { leaf: [48, 22, 66, 193, 245, 208, 203, 60, 35, 151, 148, 206, 73, 117, 180, 209, 236, 252, 214, 156, 95, 136, 190, 19, 188, 166, 9, 242, 11, 155, 22, 102], siblings: [[14, 49, 144, 119, 220, 111, 232, 229, 36, 215, 198, 199, 222, 105, 80, 61, 67, 178, 182, 41, 150, 18, 55, 114, 166, 72, 173, 86, 167, 250, 222, 115], [78, 30, 10, 123, 47, 83, 138, 230, 116, 53, 98, 232, 77, 121, 239, 150, 198, 68, 104, 219, 148, 2, 183, 122, 10, 101, 89, 142, 156, 125, 10, 232], [2, 108, 63, 230, 31, 139, 103, 48, 104, 199, 235, 222, 31, 188, 26, 170, 218, 4, 77, 31, 43, 36, 106, 100, 157, 175, 170, 119, 35, 228, 205, 244], [106, 16, 94, 90, 23, 32, 133, 151, 115, 52, 220, 187, 63, 202, 116, 168, 30, 0, 24, 255, 21, 79, 18, 49, 194, 178, 243, 160, 132, 220, 179, 250], [76, 123, 163, 204, 38, 103, 80, 120, 25, 45, 81, 101, 216, 255, 155, 167, 201, 46, 32, 152, 170, 51, 190, 81, 218, 127, 97, 95, 40, 20, 30, 67], [242, 186, 94, 92, 49, 56, 199, 111, 217, 187, 33, 229, 27, 157, 132, 158, 104, 202, 71, 223, 151, 215, 106, 87, 205, 117, 137, 248, 121, 154, 241, 210], [2, 26, 82, 98, 130, 131, 141, 26, 128, 166, 226, 168, 164, 33, 1, 188, 17, 20, 17, 193, 60, 46, 173, 210, 33, 102, 119, 36, 252, 17, 143, 147], [120, 61, 63, 206, 0, 164, 58, 106, 100, 49, 183, 80, 122, 158, 16, 74, 123, 0, 169, 153, 81, 230, 117, 89, 84, 86, 182, 87, 116, 18, 87, 99], [186, 62, 29, 123, 137, 94, 52, 102, 187, 141, 189, 135, 236, 45, 222, 244, 120, 203, 67, 139, 77, 118, 193, 35, 76, 13, 143, 87, 232, 128, 20, 91], [177, 116, 73, 114, 6, 196, 231, 91, 65, 107, 236, 51, 209, 160, 140, 134, 144, 16, 101, 205, 7, 253, 189, 59, 113, 104, 141, 210, 241, 217, 229, 111], [231, 243, 11, 255, 211, 46, 87, 146, 43, 181, 165, 84, 83, 141, 170, 83, 139, 62, 1, 152, 43, 66, 35, 10, 238, 116, 27, 222, 104, 235, 33, 75], [107, 143, 3, 140, 179, 114, 47, 14, 140, 42, 155, 7, 125, 176, 107, 195, 77, 213, 187, 58, 231, 119, 72, 138, 9, 86, 111, 232, 42, 70, 168, 128]] }
[INFO] [stdout] thread 'bitcoin_script::test::test_merkle_tree_verify' panicked at src/bitcoin_script.rs:117:29:
[INFO] [stdout] Couldn't create file: Read-only file system (os error 30)
[INFO] [stdout] stack backtrace:
[INFO] [stdout]    0:     0x61c39dc0dfda - std::backtrace_rs::backtrace::libunwind::trace::h8810477743020387
[INFO] [stdout]                                at /rustc/202008a1b8de96d2e5b6bc02d379db03a877d34d/library/std/src/../../backtrace/src/backtrace/libunwind.rs:116:5
[INFO] [stdout]    1:     0x61c39dc0dfda - std::backtrace_rs::backtrace::trace_unsynchronized::h3aa55355dd6c54a6
[INFO] [stdout]                                at /rustc/202008a1b8de96d2e5b6bc02d379db03a877d34d/library/std/src/../../backtrace/src/backtrace/mod.rs:66:5
[INFO] [stdout]    2:     0x61c39dc0dfda - std::sys::backtrace::_print_fmt::h8588b0f62410823f
[INFO] [stdout]                                at /rustc/202008a1b8de96d2e5b6bc02d379db03a877d34d/library/std/src/sys/backtrace.rs:66:9
[INFO] [stdout]    3:     0x61c39dc0dfda - <std::sys::backtrace::BacktraceLock::print::DisplayBacktrace as core::fmt::Display>::fmt::h98c26ac25ffe89bb
[INFO] [stdout]                                at /rustc/202008a1b8de96d2e5b6bc02d379db03a877d34d/library/std/src/sys/backtrace.rs:39:26
[INFO] [stdout]    4:     0x61c39dc33a63 - core::fmt::rt::Argument::fmt::hf95377f4aebd453b
[INFO] [stdout]                                at /rustc/202008a1b8de96d2e5b6bc02d379db03a877d34d/library/core/src/fmt/rt.rs:177:76
[INFO] [stdout]    5:     0x61c39dc33a63 - core::fmt::write::h0dd5f6e2238c7982
[INFO] [stdout]                                at /rustc/202008a1b8de96d2e5b6bc02d379db03a877d34d/library/core/src/fmt/mod.rs:1189:21
[INFO] [stdout]    6:     0x61c39dc0b173 - std::io::Write::write_fmt::h03bb0ca26e6faf8c
[INFO] [stdout]                                at /rustc/202008a1b8de96d2e5b6bc02d379db03a877d34d/library/std/src/io/mod.rs:1884:15
[INFO] [stdout]    7:     0x61c39dc0de22 - std::sys::backtrace::BacktraceLock::print::h5c19c1c038ee186d
[INFO] [stdout]                                at /rustc/202008a1b8de96d2e5b6bc02d379db03a877d34d/library/std/src/sys/backtrace.rs:42:9
[INFO] [stdout]    8:     0x61c39dc0f45d - std::panicking::default_hook::{{closure}}::h77172f079a1fcb13
[INFO] [stdout]                                at /rustc/202008a1b8de96d2e5b6bc02d379db03a877d34d/library/std/src/panicking.rs:268:22
[INFO] [stdout]    9:     0x61c39dc0f267 - std::panicking::default_hook::he5f8e3b203ccddba
[INFO] [stdout]                                at /rustc/202008a1b8de96d2e5b6bc02d379db03a877d34d/library/std/src/panicking.rs:292:9
[INFO] [stdout]   10:     0x61c39dbab737 - <alloc::boxed::Box<F,A> as core::ops::function::Fn<Args>>::call::h7a3c7b4a1ae77f2f
[INFO] [stdout]                                at /rustc/202008a1b8de96d2e5b6bc02d379db03a877d34d/library/alloc/src/boxed.rs:1986:9
[INFO] [stdout]   11:     0x61c39dbab737 - test::test_main::{{closure}}::hf0d3b69ae9b353d1
[INFO] [stdout]                                at /rustc/202008a1b8de96d2e5b6bc02d379db03a877d34d/library/test/src/lib.rs:134:21
[INFO] [stdout]   12:     0x61c39dc0fb08 - <alloc::boxed::Box<F,A> as core::ops::function::Fn<Args>>::call::h6332e82e7b189abd
[INFO] [stdout]                                at /rustc/202008a1b8de96d2e5b6bc02d379db03a877d34d/library/alloc/src/boxed.rs:1986:9
[INFO] [stdout]   13:     0x61c39dc0fb08 - std::panicking::rust_panic_with_hook::h53863d4e9018df39
[INFO] [stdout]                                at /rustc/202008a1b8de96d2e5b6bc02d379db03a877d34d/library/std/src/panicking.rs:809:13
[INFO] [stdout]   14:     0x61c39dc0f8ca - std::panicking::begin_panic_handler::{{closure}}::h67280e6fa0757873
[INFO] [stdout]                                at /rustc/202008a1b8de96d2e5b6bc02d379db03a877d34d/library/std/src/panicking.rs:674:13
[INFO] [stdout]   15:     0x61c39dc0e4b9 - std::sys::backtrace::__rust_end_short_backtrace::h1dac3f54d6fbbeb2
[INFO] [stdout]                                at /rustc/202008a1b8de96d2e5b6bc02d379db03a877d34d/library/std/src/sys/backtrace.rs:170:18
[INFO] [stdout]   16:     0x61c39dc0f55c - rust_begin_unwind
[INFO] [stdout]                                at /rustc/202008a1b8de96d2e5b6bc02d379db03a877d34d/library/std/src/panicking.rs:665:5
[INFO] [stdout]   17:     0x61c39db69610 - core::panicking::panic_fmt::h6792bd1b2bf01041
[INFO] [stdout]                                at /rustc/202008a1b8de96d2e5b6bc02d379db03a877d34d/library/core/src/panicking.rs:76:14
[INFO] [stdout]   18:     0x61c39db6e516 - bitvm_merkle_tree::bitcoin_script::test::test_merkle_tree_verify::he3ac5e3220294f44
[INFO] [stdout]                                at /opt/rustwide/workdir/src/bitcoin_script.rs:117:29
[INFO] [stdout]   19:     0x61c39db6f859 - bitvm_merkle_tree::bitcoin_script::test::test_merkle_tree_verify::{{closure}}::h8d9d6b05c8f8eb1d
[INFO] [stdout]                                at /opt/rustwide/workdir/src/bitcoin_script.rs:79:33
[INFO] [stdout]   20:     0x61c39db6f859 - core::ops::function::FnOnce::call_once::h1956651c414071fc
[INFO] [stdout]                                at /rustc/202008a1b8de96d2e5b6bc02d379db03a877d34d/library/core/src/ops/function.rs:250:5
[INFO] [stdout]   21:     0x61c39dbb025b - core::ops::function::FnOnce::call_once::h871bf86719ec9aa4
[INFO] [stdout]                                at /rustc/202008a1b8de96d2e5b6bc02d379db03a877d34d/library/core/src/ops/function.rs:250:5
[INFO] [stdout]   22:     0x61c39dbb025b - test::__rust_begin_short_backtrace::h2167df1e2b7d76fd
[INFO] [stdout]                                at /rustc/202008a1b8de96d2e5b6bc02d379db03a877d34d/library/test/src/lib.rs:632:18
[INFO] [stdout]   23:     0x61c39dbafc48 - test::run_test_in_process::{{closure}}::h15d92f75a3adfb79
[INFO] [stdout]                                at /rustc/202008a1b8de96d2e5b6bc02d379db03a877d34d/library/test/src/lib.rs:655:60
[INFO] [stdout]   24:     0x61c39dbafc48 - <core::panic::unwind_safe::AssertUnwindSafe<F> as core::ops::function::FnOnce<()>>::call_once::hb6c8955835a8dbbb
[INFO] [stdout]                                at /rustc/202008a1b8de96d2e5b6bc02d379db03a877d34d/library/core/src/panic/unwind_safe.rs:272:9
[INFO] [stdout]   25:     0x61c39dbafc48 - std::panicking::try::do_call::hc79d0fc888a0bd30
[INFO] [stdout]                                at /rustc/202008a1b8de96d2e5b6bc02d379db03a877d34d/library/std/src/panicking.rs:557:40
[INFO] [stdout]   26:     0x61c39dbafc48 - std::panicking::try::hb8a7878e3a8589d6
[INFO] [stdout]                                at /rustc/202008a1b8de96d2e5b6bc02d379db03a877d34d/library/std/src/panicking.rs:520:19
[INFO] [stdout]   27:     0x61c39dbafc48 - std::panic::catch_unwind::hb8e4600ff0ff5cfa
[INFO] [stdout]                                at /rustc/202008a1b8de96d2e5b6bc02d379db03a877d34d/library/std/src/panic.rs:358:14
[INFO] [stdout]   28:     0x61c39dbafc48 - test::run_test_in_process::hc2900b0b18688dd6
[INFO] [stdout]                                at /rustc/202008a1b8de96d2e5b6bc02d379db03a877d34d/library/test/src/lib.rs:655:27
[INFO] [stdout]   29:     0x61c39dbafc48 - test::run_test::{{closure}}::hac2a9cb07be3d48d
[INFO] [stdout]                                at /rustc/202008a1b8de96d2e5b6bc02d379db03a877d34d/library/test/src/lib.rs:576:43
[INFO] [stdout]   30:     0x61c39db736ea - test::run_test::{{closure}}::h4a5b729e66a38cd8
[INFO] [stdout]                                at /rustc/202008a1b8de96d2e5b6bc02d379db03a877d34d/library/test/src/lib.rs:606:41
[INFO] [stdout]   31:     0x61c39db736ea - std::sys::backtrace::__rust_begin_short_backtrace::h0496fb742492f573
[INFO] [stdout]                                at /rustc/202008a1b8de96d2e5b6bc02d379db03a877d34d/library/std/src/sys/backtrace.rs:154:18
[INFO] [stdout]   32:     0x61c39db77064 - std::thread::Builder::spawn_unchecked_::{{closure}}::{{closure}}::hbb6d257c550a54bd
[INFO] [stdout]                                at /rustc/202008a1b8de96d2e5b6bc02d379db03a877d34d/library/std/src/thread/mod.rs:561:17
[INFO] [stdout]   33:     0x61c39db77064 - <core::panic::unwind_safe::AssertUnwindSafe<F> as core::ops::function::FnOnce<()>>::call_once::h46696fe4a6832328
[INFO] [stdout]                                at /rustc/202008a1b8de96d2e5b6bc02d379db03a877d34d/library/core/src/panic/unwind_safe.rs:272:9
[INFO] [stdout]   34:     0x61c39db77064 - std::panicking::try::do_call::h2625a51b667bfb64
[INFO] [stdout]                                at /rustc/202008a1b8de96d2e5b6bc02d379db03a877d34d/library/std/src/panicking.rs:557:40
[INFO] [stdout]   35:     0x61c39db77064 - std::panicking::try::hb956a59a1973aa4c
[INFO] [stdout]                                at /rustc/202008a1b8de96d2e5b6bc02d379db03a877d34d/library/std/src/panicking.rs:520:19
[INFO] [stdout]   36:     0x61c39db77064 - std::panic::catch_unwind::h64f3b9d1067ef6a0
[INFO] [stdout]                                at /rustc/202008a1b8de96d2e5b6bc02d379db03a877d34d/library/std/src/panic.rs:358:14
[INFO] [stdout]   37:     0x61c39db77064 - std::thread::Builder::spawn_unchecked_::{{closure}}::h42b2841295b6c0b2
[INFO] [stdout]                                at /rustc/202008a1b8de96d2e5b6bc02d379db03a877d34d/library/std/src/thread/mod.rs:559:30
[INFO] [stdout]   38:     0x61c39db77064 - core::ops::function::FnOnce::call_once{{vtable.shim}}::h6127de71b8124639
[INFO] [stdout]                                at /rustc/202008a1b8de96d2e5b6bc02d379db03a877d34d/library/core/src/ops/function.rs:250:5
[INFO] [stdout]   39:     0x61c39dc13a5b - <alloc::boxed::Box<F,A> as core::ops::function::FnOnce<Args>>::call_once::h42f0ba71002a1b2c
[INFO] [stdout]                                at /rustc/202008a1b8de96d2e5b6bc02d379db03a877d34d/library/alloc/src/boxed.rs:1972:9
[INFO] [stdout]   40:     0x61c39dc13a5b - <alloc::boxed::Box<F,A> as core::ops::function::FnOnce<Args>>::call_once::had9e47d7a3dcecb8
[INFO] [stdout]                                at /rustc/202008a1b8de96d2e5b6bc02d379db03a877d34d/library/alloc/src/boxed.rs:1972:9
[INFO] [stdout]   41:     0x61c39dc13a5b - std::sys::pal::unix::thread::Thread::new::thread_start::h48cf765408f6f5f2
[INFO] [stdout]                                at /rustc/202008a1b8de96d2e5b6bc02d379db03a877d34d/library/std/src/sys/pal/unix/thread.rs:105:17
[INFO] [stdout]   42:     0x7bc86296aac3 - <unknown>
[INFO] [stdout]   43:     0x7bc8629fba04 - clone
[INFO] [stdout]   44:                0x0 - <unknown>
[INFO] [stdout] 
[INFO] [stdout] 
[INFO] [stdout] failures:
[INFO] [stdout]     bitcoin_script::test::test_merkle_tree_verify
[INFO] [stdout] 
[INFO] [stdout] test result: FAILED. 3 passed; 1 failed; 0 ignored; 0 measured; 0 filtered out; finished in 1.04s
[INFO] [stdout] 
[INFO] [stderr] error: test failed, to rerun pass `--lib`
[INFO] running `Command { std: "docker" "inspect" "5c5260e1b5a0a92ac95acf02929cc458c710f4dbcd76a21cd598408a0e7014c4", kill_on_drop: false }`
[INFO] running `Command { std: "docker" "rm" "-f" "5c5260e1b5a0a92ac95acf02929cc458c710f4dbcd76a21cd598408a0e7014c4", kill_on_drop: false }`
[INFO] [stdout] 5c5260e1b5a0a92ac95acf02929cc458c710f4dbcd76a21cd598408a0e7014c4
