[INFO] cloning repository https://github.com/keiya01/kmonkey
[INFO] running `Command { std: "git" "-c" "credential.helper=" "-c" "credential.helper=/workspace/cargo-home/bin/git-credential-null" "clone" "--bare" "https://github.com/keiya01/kmonkey" "/workspace/cache/git-repos/https%3A%2F%2Fgithub.com%2Fkeiya01%2Fkmonkey", kill_on_drop: false }`
[INFO] [stderr] Cloning into bare repository '/workspace/cache/git-repos/https%3A%2F%2Fgithub.com%2Fkeiya01%2Fkmonkey'...
[INFO] running `Command { std: "git" "rev-parse" "HEAD", kill_on_drop: false }`
[INFO] [stdout] f23bda01226b035f832c53d6c72947564d7af669
[INFO] testing keiya01/kmonkey against beta-2024-12-08 for beta-1.84.0-4-retry
[INFO] running `Command { std: "git" "clone" "/workspace/cache/git-repos/https%3A%2F%2Fgithub.com%2Fkeiya01%2Fkmonkey" "/workspace/builds/worker-5-tc2/source", kill_on_drop: false }`
[INFO] [stderr] Cloning into '/workspace/builds/worker-5-tc2/source'...
[INFO] [stderr] done.
[INFO] validating manifest of git repo https://github.com/keiya01/kmonkey on toolchain beta-2024-12-08
[INFO] running `Command { std: CARGO_HOME="/workspace/cargo-home" RUSTUP_HOME="/workspace/rustup-home" "/workspace/cargo-home/bin/cargo" "+beta-2024-12-08" "metadata" "--manifest-path" "Cargo.toml" "--no-deps", kill_on_drop: false }`
[INFO] started tweaking git repo https://github.com/keiya01/kmonkey
[INFO] finished tweaking git repo https://github.com/keiya01/kmonkey
[INFO] tweaked toml for git repo https://github.com/keiya01/kmonkey written to /workspace/builds/worker-5-tc2/source/Cargo.toml
[INFO] crate git repo https://github.com/keiya01/kmonkey already has a lockfile, it will not be regenerated
[INFO] running `Command { std: CARGO_HOME="/workspace/cargo-home" RUSTUP_HOME="/workspace/rustup-home" "/workspace/cargo-home/bin/cargo" "+beta-2024-12-08" "fetch" "--manifest-path" "Cargo.toml", kill_on_drop: false }`
[INFO] running `Command { std: "docker" "create" "-v" "/var/lib/crater-agent-workspace/builds/worker-5-tc2/target:/opt/rustwide/target:rw,Z" "-v" "/var/lib/crater-agent-workspace/builds/worker-5-tc2/source:/opt/rustwide/workdir:ro,Z" "-v" "/var/lib/crater-agent-workspace/cargo-home:/opt/rustwide/cargo-home:ro,Z" "-v" "/var/lib/crater-agent-workspace/rustup-home:/opt/rustwide/rustup-home:ro,Z" "-e" "SOURCE_DIR=/opt/rustwide/workdir" "-e" "CARGO_TARGET_DIR=/opt/rustwide/target" "-e" "CARGO_HOME=/opt/rustwide/cargo-home" "-e" "RUSTUP_HOME=/opt/rustwide/rustup-home" "-w" "/opt/rustwide/workdir" "-m" "1610612736" "--user" "0:0" "--network" "none" "ghcr.io/rust-lang/crates-build-env/linux@sha256:f3a9d4ad9d972b27faf3965f35b62e55ba32bbce8f20bc8fe909558a86702fde" "/opt/rustwide/cargo-home/bin/cargo" "+beta-2024-12-08" "metadata" "--no-deps" "--format-version=1", kill_on_drop: false }`
[INFO] [stdout] 8bc0e68af3d4949a9c76e9d1dc58265b8477b3be2eca3b5b106abc6aa63b8add
[INFO] running `Command { std: "docker" "start" "-a" "8bc0e68af3d4949a9c76e9d1dc58265b8477b3be2eca3b5b106abc6aa63b8add", kill_on_drop: false }`
[INFO] running `Command { std: "docker" "inspect" "8bc0e68af3d4949a9c76e9d1dc58265b8477b3be2eca3b5b106abc6aa63b8add", kill_on_drop: false }`
[INFO] running `Command { std: "docker" "rm" "-f" "8bc0e68af3d4949a9c76e9d1dc58265b8477b3be2eca3b5b106abc6aa63b8add", kill_on_drop: false }`
[INFO] [stdout] 8bc0e68af3d4949a9c76e9d1dc58265b8477b3be2eca3b5b106abc6aa63b8add
[INFO] running `Command { std: "docker" "create" "-v" "/var/lib/crater-agent-workspace/builds/worker-5-tc2/target:/opt/rustwide/target:rw,Z" "-v" "/var/lib/crater-agent-workspace/builds/worker-5-tc2/source:/opt/rustwide/workdir:ro,Z" "-v" "/var/lib/crater-agent-workspace/cargo-home:/opt/rustwide/cargo-home:ro,Z" "-v" "/var/lib/crater-agent-workspace/rustup-home:/opt/rustwide/rustup-home:ro,Z" "-e" "SOURCE_DIR=/opt/rustwide/workdir" "-e" "CARGO_TARGET_DIR=/opt/rustwide/target" "-e" "CARGO_INCREMENTAL=0" "-e" "RUST_BACKTRACE=full" "-e" "RUSTFLAGS=--cap-lints=warn" "-e" "RUSTDOCFLAGS=--cap-lints=warn" "-e" "CARGO_HOME=/opt/rustwide/cargo-home" "-e" "RUSTUP_HOME=/opt/rustwide/rustup-home" "-w" "/opt/rustwide/workdir" "-m" "1610612736" "--user" "0:0" "--network" "none" "ghcr.io/rust-lang/crates-build-env/linux@sha256:f3a9d4ad9d972b27faf3965f35b62e55ba32bbce8f20bc8fe909558a86702fde" "/opt/rustwide/cargo-home/bin/cargo" "+beta-2024-12-08" "build" "--frozen" "--message-format=json", kill_on_drop: false }`
[INFO] [stdout] a8bc535caa9121f97bc8e3715da7939ba7f9b2df993e76dfc88a305ffabbcb32
[INFO] running `Command { std: "docker" "start" "-a" "a8bc535caa9121f97bc8e3715da7939ba7f9b2df993e76dfc88a305ffabbcb32", kill_on_drop: false }`
[INFO] [stderr]    Compiling proc-macro2 v1.0.24
[INFO] [stderr]    Compiling unicode-xid v0.2.1
[INFO] [stderr]    Compiling syn v1.0.53
[INFO] [stderr]    Compiling log v0.4.11
[INFO] [stderr]    Compiling cfg-if v0.1.10
[INFO] [stderr]    Compiling wasm-bindgen-shared v0.2.69
[INFO] [stderr]    Compiling lazy_static v1.4.0
[INFO] [stderr]    Compiling bumpalo v3.4.0
[INFO] [stderr]    Compiling cfg-if v1.0.0
[INFO] [stderr]    Compiling wasm-bindgen v0.2.69
[INFO] [stderr]    Compiling memchr v2.3.4
[INFO] [stderr]    Compiling proc-macro-hack v0.5.19
[INFO] [stderr]    Compiling libc v0.2.80
[INFO] [stderr]    Compiling proc-macro-nested v0.1.6
[INFO] [stderr]    Compiling serde_derive v1.0.117
[INFO] [stderr]    Compiling serde v1.0.117
[INFO] [stderr]    Compiling futures-sink v0.3.8
[INFO] [stderr]    Compiling once_cell v1.5.2
[INFO] [stderr]    Compiling futures-core v0.3.8
[INFO] [stderr]    Compiling byteorder v1.3.4
[INFO] [stderr]    Compiling futures-channel v0.3.8
[INFO] [stderr]    Compiling futures-task v0.3.8
[INFO] [stderr]    Compiling ryu v1.0.5
[INFO] [stderr]    Compiling autocfg v1.0.1
[INFO] [stderr]    Compiling slab v0.4.2
[INFO] [stderr]    Compiling bitflags v1.2.1
[INFO] [stderr]    Compiling futures-io v0.3.8
[INFO] [stderr]    Compiling pin-utils v0.1.0
[INFO] [stderr]    Compiling itoa v0.4.6
[INFO] [stderr]    Compiling anyhow v1.0.34
[INFO] [stderr]    Compiling serde_json v1.0.60
[INFO] [stderr]    Compiling hashbrown v0.9.1
[INFO] [stderr]    Compiling yew v0.17.4
[INFO] [stderr]    Compiling boolinator v2.4.0
[INFO] [stderr]    Compiling bytes v0.5.6
[INFO] [stderr]    Compiling fnv v1.0.7
[INFO] [stderr]    Compiling anymap v0.12.1
[INFO] [stderr]    Compiling cfg-match v0.2.1
[INFO] [stderr]    Compiling unicode-width v0.1.8
[INFO] [stderr]    Compiling interpreter v0.1.0 (/opt/rustwide/workdir/interpreter)
[INFO] [stderr]    Compiling unicode-segmentation v1.7.1
[INFO] [stderr]    Compiling utf8parse v0.2.0
[INFO] [stderr]    Compiling indexmap v1.6.0
[INFO] [stderr]    Compiling quote v1.0.7
[INFO] [stderr]    Compiling http v0.2.1
[INFO] [stdout] warning: unused borrow that must be used
[INFO] [stdout]   --> interpreter/lexer/mod.rs:19:5
[INFO] [stdout]    |
[INFO] [stdout] 19 |     &l.read_char();
[INFO] [stdout]    |     ^^^^^^^^^^^^^^ the borrow produces a value
[INFO] [stdout]    |
[INFO] [stdout]    = note: `#[warn(unused_must_use)]` on by default
[INFO] [stdout] help: use `let _ = ...` to ignore the resulting value
[INFO] [stdout]    |
[INFO] [stdout] 19 |     let _ = &l.read_char();
[INFO] [stdout]    |     +++++++
[INFO] [stdout] 
[INFO] [stdout] 
[INFO] [stderr]    Compiling dirs-sys v0.3.5
[INFO] [stderr]    Compiling nix v0.19.1
[INFO] [stderr]    Compiling fs2 v0.4.3
[INFO] [stderr]    Compiling dirs v3.0.1
[INFO] [stderr]    Compiling rustyline v7.0.0
[INFO] [stderr]    Compiling wasm-bindgen-backend v0.2.69
[INFO] [stderr]    Compiling pin-project-internal v1.0.2
[INFO] [stderr]    Compiling futures-macro v0.3.8
[INFO] [stderr]    Compiling thiserror-impl v1.0.22
[INFO] [stderr]    Compiling yew-macro v0.17.0
[INFO] [stderr]    Compiling wasm-bindgen-macro-support v0.2.69
[INFO] [stderr]    Compiling repl v0.1.0 (/opt/rustwide/workdir/repl)
[INFO] [stderr]    Compiling wasm-bindgen-macro v0.2.69
[INFO] [stderr]    Compiling thiserror v1.0.22
[INFO] [stderr]    Compiling pin-project v1.0.2
[INFO] [stderr]    Compiling futures-util v0.3.8
[INFO] [stderr]    Compiling js-sys v0.3.46
[INFO] [stderr]    Compiling console_error_panic_hook v0.1.6
[INFO] [stderr]    Compiling web-sys v0.3.46
[INFO] [stderr]    Compiling wasm-bindgen-futures v0.4.19
[INFO] [stderr]    Compiling futures-executor v0.3.8
[INFO] [stderr]    Compiling futures v0.3.8
[INFO] [stderr]    Compiling bincode v1.3.1
[INFO] [stderr]    Compiling gloo-events v0.1.1
[INFO] [stderr]    Compiling gloo-timers v0.2.1
[INFO] [stderr]    Compiling gloo-console-timer v0.1.0
[INFO] [stderr]    Compiling gloo-file v0.1.0
[INFO] [stderr]    Compiling gloo v0.2.1
[INFO] [stderr]    Compiling crate v0.1.0 (/opt/rustwide/workdir/web/crate)
[INFO] [stderr]     Finished `dev` profile [unoptimized + debuginfo] target(s) in 31.17s
[INFO] [stderr] warning: the following packages contain code that will be rejected by a future version of Rust: wasm-bindgen v0.2.69
[INFO] [stderr] note: to see what the problems were, use the option `--future-incompat-report`, or run `cargo report future-incompatibilities --id 1`
[INFO] running `Command { std: "docker" "inspect" "a8bc535caa9121f97bc8e3715da7939ba7f9b2df993e76dfc88a305ffabbcb32", kill_on_drop: false }`
[INFO] running `Command { std: "docker" "rm" "-f" "a8bc535caa9121f97bc8e3715da7939ba7f9b2df993e76dfc88a305ffabbcb32", kill_on_drop: false }`
[INFO] [stdout] a8bc535caa9121f97bc8e3715da7939ba7f9b2df993e76dfc88a305ffabbcb32
[INFO] running `Command { std: "docker" "create" "-v" "/var/lib/crater-agent-workspace/builds/worker-5-tc2/target:/opt/rustwide/target:rw,Z" "-v" "/var/lib/crater-agent-workspace/builds/worker-5-tc2/source:/opt/rustwide/workdir:ro,Z" "-v" "/var/lib/crater-agent-workspace/cargo-home:/opt/rustwide/cargo-home:ro,Z" "-v" "/var/lib/crater-agent-workspace/rustup-home:/opt/rustwide/rustup-home:ro,Z" "-e" "SOURCE_DIR=/opt/rustwide/workdir" "-e" "CARGO_TARGET_DIR=/opt/rustwide/target" "-e" "CARGO_INCREMENTAL=0" "-e" "RUST_BACKTRACE=full" "-e" "RUSTFLAGS=--cap-lints=warn" "-e" "RUSTDOCFLAGS=--cap-lints=warn" "-e" "CARGO_HOME=/opt/rustwide/cargo-home" "-e" "RUSTUP_HOME=/opt/rustwide/rustup-home" "-w" "/opt/rustwide/workdir" "-m" "1610612736" "--user" "0:0" "--network" "none" "ghcr.io/rust-lang/crates-build-env/linux@sha256:f3a9d4ad9d972b27faf3965f35b62e55ba32bbce8f20bc8fe909558a86702fde" "/opt/rustwide/cargo-home/bin/cargo" "+beta-2024-12-08" "test" "--frozen" "--no-run" "--message-format=json", kill_on_drop: false }`
[INFO] [stdout] 34e9016b058c8af90ce8f388b62d17468f2181ea9d983d76a401c88aa56a429c
[INFO] running `Command { std: "docker" "start" "-a" "34e9016b058c8af90ce8f388b62d17468f2181ea9d983d76a401c88aa56a429c", kill_on_drop: false }`
[INFO] [stdout] warning: unused borrow that must be used
[INFO] [stdout]   --> interpreter/lexer/mod.rs:19:5
[INFO] [stdout]    |
[INFO] [stdout] 19 |     &l.read_char();
[INFO] [stdout]    |     ^^^^^^^^^^^^^^ the borrow produces a value
[INFO] [stdout]    |
[INFO] [stdout]    = note: `#[warn(unused_must_use)]` on by default
[INFO] [stdout] help: use `let _ = ...` to ignore the resulting value
[INFO] [stdout]    |
[INFO] [stdout] 19 |     let _ = &l.read_char();
[INFO] [stdout]    |     +++++++
[INFO] [stdout] 
[INFO] [stdout] 
[INFO] [stderr]    Compiling interpreter v0.1.0 (/opt/rustwide/workdir/interpreter)
[INFO] [stderr]    Compiling repl v0.1.0 (/opt/rustwide/workdir/repl)
[INFO] [stderr]    Compiling crate v0.1.0 (/opt/rustwide/workdir/web/crate)
[INFO] [stdout] warning: unnecessary trailing semicolon
[INFO] [stdout]    --> interpreter/evaluator/mod.rs:854:8
[INFO] [stdout]     |
[INFO] [stdout] 854 |       };
[INFO] [stdout]     |        ^ help: remove this semicolon
[INFO] [stdout]     |
[INFO] [stdout]     = note: `#[warn(redundant_semicolons)]` on by default
[INFO] [stdout] 
[INFO] [stdout] 
[INFO] [stdout] warning: unused borrow that must be used
[INFO] [stdout]   --> interpreter/lexer/mod.rs:19:5
[INFO] [stdout]    |
[INFO] [stdout] 19 |     &l.read_char();
[INFO] [stdout]    |     ^^^^^^^^^^^^^^ the borrow produces a value
[INFO] [stdout]    |
[INFO] [stdout]    = note: `#[warn(unused_must_use)]` on by default
[INFO] [stdout] help: use `let _ = ...` to ignore the resulting value
[INFO] [stdout]    |
[INFO] [stdout] 19 |     let _ = &l.read_char();
[INFO] [stdout]    |     +++++++
[INFO] [stdout] 
[INFO] [stdout] 
[INFO] [stderr]     Finished `test` profile [unoptimized + debuginfo] target(s) in 2.05s
[INFO] [stderr] warning: the following packages contain code that will be rejected by a future version of Rust: wasm-bindgen v0.2.69
[INFO] [stderr] note: to see what the problems were, use the option `--future-incompat-report`, or run `cargo report future-incompatibilities --id 1`
[INFO] running `Command { std: "docker" "inspect" "34e9016b058c8af90ce8f388b62d17468f2181ea9d983d76a401c88aa56a429c", kill_on_drop: false }`
[INFO] running `Command { std: "docker" "rm" "-f" "34e9016b058c8af90ce8f388b62d17468f2181ea9d983d76a401c88aa56a429c", kill_on_drop: false }`
[INFO] [stdout] 34e9016b058c8af90ce8f388b62d17468f2181ea9d983d76a401c88aa56a429c
[INFO] running `Command { std: "docker" "create" "-v" "/var/lib/crater-agent-workspace/builds/worker-5-tc2/target:/opt/rustwide/target:rw,Z" "-v" "/var/lib/crater-agent-workspace/builds/worker-5-tc2/source:/opt/rustwide/workdir:ro,Z" "-v" "/var/lib/crater-agent-workspace/cargo-home:/opt/rustwide/cargo-home:ro,Z" "-v" "/var/lib/crater-agent-workspace/rustup-home:/opt/rustwide/rustup-home:ro,Z" "-e" "SOURCE_DIR=/opt/rustwide/workdir" "-e" "CARGO_TARGET_DIR=/opt/rustwide/target" "-e" "CARGO_INCREMENTAL=0" "-e" "RUST_BACKTRACE=full" "-e" "RUSTFLAGS=--cap-lints=warn" "-e" "RUSTDOCFLAGS=--cap-lints=warn" "-e" "CARGO_HOME=/opt/rustwide/cargo-home" "-e" "RUSTUP_HOME=/opt/rustwide/rustup-home" "-w" "/opt/rustwide/workdir" "-m" "1610612736" "--user" "0:0" "--network" "none" "ghcr.io/rust-lang/crates-build-env/linux@sha256:f3a9d4ad9d972b27faf3965f35b62e55ba32bbce8f20bc8fe909558a86702fde" "/opt/rustwide/cargo-home/bin/cargo" "+beta-2024-12-08" "test" "--frozen", kill_on_drop: false }`
[INFO] [stdout] ea3869b8386003de8dae4b309b9c5445f18183584af98db0c1a46d6c8a421af7
[INFO] running `Command { std: "docker" "start" "-a" "ea3869b8386003de8dae4b309b9c5445f18183584af98db0c1a46d6c8a421af7", kill_on_drop: false }`
[INFO] [stderr] warning: unused borrow that must be used
[INFO] [stderr]   --> interpreter/lexer/mod.rs:19:5
[INFO] [stderr]    |
[INFO] [stderr] 19 |     &l.read_char();
[INFO] [stderr]    |     ^^^^^^^^^^^^^^ the borrow produces a value
[INFO] [stderr]    |
[INFO] [stderr]    = note: `#[warn(unused_must_use)]` on by default
[INFO] [stderr] help: use `let _ = ...` to ignore the resulting value
[INFO] [stderr]    |
[INFO] [stderr] 19 |     let _ = &l.read_char();
[INFO] [stderr]    |     +++++++
[INFO] [stderr] 
[INFO] [stderr] warning: `interpreter` (lib) generated 1 warning
[INFO] [stderr] warning: unnecessary trailing semicolon
[INFO] [stderr]    --> interpreter/evaluator/mod.rs:854:8
[INFO] [stderr]     |
[INFO] [stderr] 854 |       };
[INFO] [stderr]     |        ^ help: remove this semicolon
[INFO] [stderr]     |
[INFO] [stderr]     = note: `#[warn(redundant_semicolons)]` on by default
[INFO] [stderr] 
[INFO] [stderr] warning: `interpreter` (lib test) generated 2 warnings (1 duplicate)
[INFO] [stderr]     Finished `test` profile [unoptimized + debuginfo] target(s) in 0.09s
[INFO] [stderr] warning: the following packages contain code that will be rejected by a future version of Rust: wasm-bindgen v0.2.69
[INFO] [stderr] note: to see what the problems were, use the option `--future-incompat-report`, or run `cargo report future-incompatibilities --id 1`
[INFO] [stderr]      Running unittests src/lib.rs (/opt/rustwide/target/debug/deps/crate-9fd5ec4e051ad891)
[INFO] [stdout] 
[INFO] [stdout] running 0 tests
[INFO] [stdout] 
[INFO] [stdout] test result: ok. 0 passed; 0 failed; 0 ignored; 0 measured; 0 filtered out; finished in 0.00s
[INFO] [stdout] 
[INFO] [stderr]      Running unittests lib.rs (/opt/rustwide/target/debug/deps/interpreter-2754b27fb28457ca)
[INFO] [stdout] 
[INFO] [stdout] running 42 tests
[INFO] [stdout] test evaluator::tests::test_closure ... ok
[INFO] [stdout] test evaluator::tests::test_eval_array_expression ... ok
[INFO] [stdout] test evaluator::tests::test_builtin_functions ... ok
[INFO] [stdout] test evaluator::tests::test_error_handling ... ok
[INFO] [stdout] test evaluator::tests::test_eval_boolean_expression ... ok
[INFO] [stdout] test evaluator::tests::test_eval_bang_operator ... ok
[INFO] [stdout] test evaluator::tests::test_eval_external ... ok
[INFO] [stdout] test evaluator::tests::test_eval_hash_index_expression ... ok
[INFO] [stdout] test evaluator::tests::test_eval_hash_builtin ... ok
[INFO] [stdout] test evaluator::tests::test_return_expression ... ok
[INFO] [stdout] test evaluator::tests::test_if_else_expression ... ok
[INFO] [stdout] test parser::expr::tests::test_func_args_expression ... ok
[INFO] [stdout] test parser::expr::tests::test_operator_precedence_parsing ... ok
[INFO] [stdout] test parser::expr::tests::test_parse_else_expression ... ok
[INFO] [stdout] test parser::expr::tests::test_parse_empty_hash ... ok
[INFO] [stdout] test parser::expr::tests::test_parse_array_expression ... ok
[INFO] [stdout] test parser::expr::tests::test_parse_func_expression ... ok
[INFO] [stdout] test evaluator::tests::test_eval_index_expression ... ok
[INFO] [stdout] test evaluator::tests::test_eval_string_expression ... ok
[INFO] [stdout] test evaluator::tests::test_eval_integer_expression ... ok
[INFO] [stdout] test parser::expr::tests::test_parse_boolean_expression ... ok
[INFO] [stdout] test evaluator::tests::test_func_application ... ok
[INFO] [stdout] test parser::expr::tests::test_parse_hash_int_keys ... ok
[INFO] [stdout] test parser::expr::tests::test_parse_hash_string_keys ... ok
[INFO] [stdout] test lexer::tests::get_next_token ... ok
[INFO] [stdout] test parser::expr::tests::test_parse_call_expression ... ok
[INFO] [stdout] test parser::expr::tests::test_parse_hash_infix_values ... ok
[INFO] [stdout] test parser::expr::tests::test_parse_if_expression ... ok
[INFO] [stdout] test parser::expr::tests::test_parse_index_expression ... ok
[INFO] [stdout] test parser::expr::tests::test_parse_infix_expression ... ok
[INFO] [stdout] test parser::expr::tests::test_parse_int_literal_expression ... ok
[INFO] [stdout] test evaluator::tests::test_string_concatenation ... ok
[INFO] [stdout] test evaluator::tests::test_let_statement ... ok
[INFO] [stdout] test parser::expr::tests::test_parse_prefix_expression ... ok
[INFO] [stdout] test parser::expr::tests::test_parse_string_expression ... ok
[INFO] [stdout] test parser::stmt::tests::test_parse_comment_statement ... ok
[INFO] [stdout] test parser::expr::tests::test_parse_hash_bool_keys ... ok
[INFO] [stdout] test parser::stmt::tests::test_parse_let_statement ... ok
[INFO] [stdout] test evaluator::tests::test_func_object ... ok
[INFO] [stdout] test parser::expr::tests::test_parse_identifier_expression ... ok
[INFO] [stdout] test parser::stmt::tests::test_parse_return_statement ... ok
[INFO] [stdout] test evaluator::tests::test_eval_hash_expression ... FAILED
[INFO] [stdout] 
[INFO] [stdout] failures:
[INFO] [stdout] 
[INFO] [stdout] ---- evaluator::tests::test_eval_hash_expression stdout ----
[INFO] [stdout] thread 'evaluator::tests::test_eval_hash_expression' panicked at interpreter/evaluator/object.rs:54:12:
[INFO] [stdout] PartialEq is not implemented for false
[INFO] [stdout] stack backtrace:
[INFO] [stdout]    0:     0x6055980d7c7a - std::backtrace_rs::backtrace::libunwind::trace::h8810477743020387
[INFO] [stdout]                                at /rustc/202008a1b8de96d2e5b6bc02d379db03a877d34d/library/std/src/../../backtrace/src/backtrace/libunwind.rs:116:5
[INFO] [stdout]    1:     0x6055980d7c7a - std::backtrace_rs::backtrace::trace_unsynchronized::h3aa55355dd6c54a6
[INFO] [stdout]                                at /rustc/202008a1b8de96d2e5b6bc02d379db03a877d34d/library/std/src/../../backtrace/src/backtrace/mod.rs:66:5
[INFO] [stdout]    2:     0x6055980d7c7a - std::sys::backtrace::_print_fmt::h8588b0f62410823f
[INFO] [stdout]                                at /rustc/202008a1b8de96d2e5b6bc02d379db03a877d34d/library/std/src/sys/backtrace.rs:66:9
[INFO] [stdout]    3:     0x6055980d7c7a - <std::sys::backtrace::BacktraceLock::print::DisplayBacktrace as core::fmt::Display>::fmt::h98c26ac25ffe89bb
[INFO] [stdout]                                at /rustc/202008a1b8de96d2e5b6bc02d379db03a877d34d/library/std/src/sys/backtrace.rs:39:26
[INFO] [stdout]    4:     0x6055980fdac3 - core::fmt::rt::Argument::fmt::hf95377f4aebd453b
[INFO] [stdout]                                at /rustc/202008a1b8de96d2e5b6bc02d379db03a877d34d/library/core/src/fmt/rt.rs:177:76
[INFO] [stdout]    5:     0x6055980fdac3 - core::fmt::write::h0dd5f6e2238c7982
[INFO] [stdout]                                at /rustc/202008a1b8de96d2e5b6bc02d379db03a877d34d/library/core/src/fmt/mod.rs:1189:21
[INFO] [stdout]    6:     0x6055980d4e13 - std::io::Write::write_fmt::h03bb0ca26e6faf8c
[INFO] [stdout]                                at /rustc/202008a1b8de96d2e5b6bc02d379db03a877d34d/library/std/src/io/mod.rs:1884:15
[INFO] [stdout]    7:     0x6055980d7ac2 - std::sys::backtrace::BacktraceLock::print::h5c19c1c038ee186d
[INFO] [stdout]                                at /rustc/202008a1b8de96d2e5b6bc02d379db03a877d34d/library/std/src/sys/backtrace.rs:42:9
[INFO] [stdout]    8:     0x6055980d90fd - std::panicking::default_hook::{{closure}}::h77172f079a1fcb13
[INFO] [stdout]                                at /rustc/202008a1b8de96d2e5b6bc02d379db03a877d34d/library/std/src/panicking.rs:268:22
[INFO] [stdout]    9:     0x6055980d8f07 - std::panicking::default_hook::he5f8e3b203ccddba
[INFO] [stdout]                                at /rustc/202008a1b8de96d2e5b6bc02d379db03a877d34d/library/std/src/panicking.rs:292:9
[INFO] [stdout]   10:     0x6055980a2837 - <alloc::boxed::Box<F,A> as core::ops::function::Fn<Args>>::call::h7a3c7b4a1ae77f2f
[INFO] [stdout]                                at /rustc/202008a1b8de96d2e5b6bc02d379db03a877d34d/library/alloc/src/boxed.rs:1986:9
[INFO] [stdout]   11:     0x6055980a2837 - test::test_main::{{closure}}::hf0d3b69ae9b353d1
[INFO] [stdout]                                at /rustc/202008a1b8de96d2e5b6bc02d379db03a877d34d/library/test/src/lib.rs:134:21
[INFO] [stdout]   12:     0x6055980d97a8 - <alloc::boxed::Box<F,A> as core::ops::function::Fn<Args>>::call::h6332e82e7b189abd
[INFO] [stdout]                                at /rustc/202008a1b8de96d2e5b6bc02d379db03a877d34d/library/alloc/src/boxed.rs:1986:9
[INFO] [stdout]   13:     0x6055980d97a8 - std::panicking::rust_panic_with_hook::h53863d4e9018df39
[INFO] [stdout]                                at /rustc/202008a1b8de96d2e5b6bc02d379db03a877d34d/library/std/src/panicking.rs:809:13
[INFO] [stdout]   14:     0x6055980d956a - std::panicking::begin_panic_handler::{{closure}}::h67280e6fa0757873
[INFO] [stdout]                                at /rustc/202008a1b8de96d2e5b6bc02d379db03a877d34d/library/std/src/panicking.rs:674:13
[INFO] [stdout]   15:     0x6055980d8159 - std::sys::backtrace::__rust_end_short_backtrace::h1dac3f54d6fbbeb2
[INFO] [stdout]                                at /rustc/202008a1b8de96d2e5b6bc02d379db03a877d34d/library/std/src/sys/backtrace.rs:170:18
[INFO] [stdout]   16:     0x6055980d91fc - rust_begin_unwind
[INFO] [stdout]                                at /rustc/202008a1b8de96d2e5b6bc02d379db03a877d34d/library/std/src/panicking.rs:665:5
[INFO] [stdout]   17:     0x605598014b10 - core::panicking::panic_fmt::h6792bd1b2bf01041
[INFO] [stdout]                                at /rustc/202008a1b8de96d2e5b6bc02d379db03a877d34d/library/core/src/panicking.rs:76:14
[INFO] [stdout]   18:     0x60559805fe63 - <interpreter::evaluator::object::Object as core::cmp::PartialEq>::eq::h408c9ac5a93b8373
[INFO] [stdout]                                at /opt/rustwide/workdir/interpreter/evaluator/object.rs:54:12
[INFO] [stdout]   19:     0x60559805e768 - core::cmp::impls::<impl core::cmp::PartialEq<&B> for &A>::eq::h6870f1af74625ec4
[INFO] [stdout]                                at /rustc/202008a1b8de96d2e5b6bc02d379db03a877d34d/library/core/src/cmp.rs:1818:13
[INFO] [stdout]   20:     0x60559805e768 - <Q as hashbrown::Equivalent<K>>::equivalent::h34bd8a77dfec2a06
[INFO] [stdout]                                at /rust/deps/hashbrown-0.15.0/src/lib.rs:161:9
[INFO] [stdout]   21:     0x605598053b16 - hashbrown::map::equivalent_key::{{closure}}::hcbc2acd74e0990c9
[INFO] [stdout]                                at /rust/deps/hashbrown-0.15.0/src/map.rs:224:14
[INFO] [stdout]   22:     0x60559801ce87 - hashbrown::raw::RawTable<T,A>::find_or_find_insert_slot::{{closure}}::h0a46a62873d6ae50
[INFO] [stdout]                                at /rust/deps/hashbrown-0.15.0/src/raw/mod.rs:1218:68
[INFO] [stdout]   23:     0x605598017afd - hashbrown::raw::RawTableInner::find_or_find_insert_slot_inner::h7cd32161c9013322
[INFO] [stdout]                                at /rust/deps/hashbrown-0.15.0/src/raw/mod.rs:1767:27
[INFO] [stdout]   24:     0x60559801ccf9 - hashbrown::raw::RawTable<T,A>::find_or_find_insert_slot::heb8b7d9b4f91941a
[INFO] [stdout]                                at /rust/deps/hashbrown-0.15.0/src/raw/mod.rs:1216:19
[INFO] [stdout]   25:     0x605598054530 - hashbrown::map::HashMap<K,V,S,A>::find_or_find_insert_slot::h5758e3f2c37711de
[INFO] [stdout]                                at /rust/deps/hashbrown-0.15.0/src/map.rs:1810:9
[INFO] [stdout]   26:     0x605598054530 - hashbrown::map::HashMap<K,V,S,A>::insert::hfb8e66b9b7bb8b26
[INFO] [stdout]                                at /rust/deps/hashbrown-0.15.0/src/map.rs:1790:20
[INFO] [stdout]   27:     0x6055980312f6 - std::collections::hash::map::HashMap<K,V,S>::insert::h177a21787bff9585
[INFO] [stdout]                                at /rustc/202008a1b8de96d2e5b6bc02d379db03a877d34d/library/std/src/collections/hash/map.rs:1169:9
[INFO] [stdout]   28:     0x605598064a4e - interpreter::evaluator::eval_hash_literal::ha902f4681067d043
[INFO] [stdout]                                at /opt/rustwide/workdir/interpreter/evaluator/mod.rs:125:5
[INFO] [stdout]   29:     0x605598064316 - interpreter::evaluator::eval_literal::hdb255648a74b3cb7
[INFO] [stdout]                                at /opt/rustwide/workdir/interpreter/evaluator/mod.rs:101:27
[INFO] [stdout]   30:     0x605598063b3c - interpreter::evaluator::eval_expression::h263437f32d4caa21
[INFO] [stdout]                                at /opt/rustwide/workdir/interpreter/evaluator/mod.rs:47:33
[INFO] [stdout]   31:     0x605598067263 - interpreter::evaluator::eval_statement::h681f43f681c96092
[INFO] [stdout]                                at /opt/rustwide/workdir/interpreter/evaluator/mod.rs:298:30
[INFO] [stdout]   32:     0x60559806385c - interpreter::evaluator::eval_program::h5a09be64e8413a78
[INFO] [stdout]                                at /opt/rustwide/workdir/interpreter/evaluator/mod.rs:32:14
[INFO] [stdout]   33:     0x60559806364a - interpreter::evaluator::eval::hb394d0a77f23be89
[INFO] [stdout]                                at /opt/rustwide/workdir/interpreter/evaluator/mod.rs:23:3
[INFO] [stdout]   34:     0x605598038275 - interpreter::evaluator::tests::test_eval::hcf723894bfecda08
[INFO] [stdout]                                at /opt/rustwide/workdir/interpreter/evaluator/mod.rs:967:12
[INFO] [stdout]   35:     0x60559803b2bd - interpreter::evaluator::tests::test_eval_hash_expression::hbec68c5f94fca5df
[INFO] [stdout]                                at /opt/rustwide/workdir/interpreter/evaluator/mod.rs:592:23
[INFO] [stdout]   36:     0x60559803aff7 - interpreter::evaluator::tests::test_eval_hash_expression::{{closure}}::hf5c0b726ff5f17d0
[INFO] [stdout]                                at /opt/rustwide/workdir/interpreter/evaluator/mod.rs:553:33
[INFO] [stdout]   37:     0x6055980321d6 - core::ops::function::FnOnce::call_once::h9acb3d61fd4b8b05
[INFO] [stdout]                                at /rustc/202008a1b8de96d2e5b6bc02d379db03a877d34d/library/core/src/ops/function.rs:250:5
[INFO] [stdout]   38:     0x6055980a735b - core::ops::function::FnOnce::call_once::h871bf86719ec9aa4
[INFO] [stdout]                                at /rustc/202008a1b8de96d2e5b6bc02d379db03a877d34d/library/core/src/ops/function.rs:250:5
[INFO] [stdout]   39:     0x6055980a735b - test::__rust_begin_short_backtrace::h2167df1e2b7d76fd
[INFO] [stdout]                                at /rustc/202008a1b8de96d2e5b6bc02d379db03a877d34d/library/test/src/lib.rs:632:18
[INFO] [stdout]   40:     0x6055980a6d48 - test::run_test_in_process::{{closure}}::h15d92f75a3adfb79
[INFO] [stdout]                                at /rustc/202008a1b8de96d2e5b6bc02d379db03a877d34d/library/test/src/lib.rs:655:60
[INFO] [stdout]   41:     0x6055980a6d48 - <core::panic::unwind_safe::AssertUnwindSafe<F> as core::ops::function::FnOnce<()>>::call_once::hb6c8955835a8dbbb
[INFO] [stdout]                                at /rustc/202008a1b8de96d2e5b6bc02d379db03a877d34d/library/core/src/panic/unwind_safe.rs:272:9
[INFO] [stdout]   42:     0x6055980a6d48 - std::panicking::try::do_call::hc79d0fc888a0bd30
[INFO] [stdout]                                at /rustc/202008a1b8de96d2e5b6bc02d379db03a877d34d/library/std/src/panicking.rs:557:40
[INFO] [stdout]   43:     0x6055980a6d48 - std::panicking::try::hb8a7878e3a8589d6
[INFO] [stdout]                                at /rustc/202008a1b8de96d2e5b6bc02d379db03a877d34d/library/std/src/panicking.rs:520:19
[INFO] [stdout]   44:     0x6055980a6d48 - std::panic::catch_unwind::hb8e4600ff0ff5cfa
[INFO] [stdout]                                at /rustc/202008a1b8de96d2e5b6bc02d379db03a877d34d/library/std/src/panic.rs:358:14
[INFO] [stdout]   45:     0x6055980a6d48 - test::run_test_in_process::hc2900b0b18688dd6
[INFO] [stdout]                                at /rustc/202008a1b8de96d2e5b6bc02d379db03a877d34d/library/test/src/lib.rs:655:27
[INFO] [stdout]   46:     0x6055980a6d48 - test::run_test::{{closure}}::hac2a9cb07be3d48d
[INFO] [stdout]                                at /rustc/202008a1b8de96d2e5b6bc02d379db03a877d34d/library/test/src/lib.rs:576:43
[INFO] [stdout]   47:     0x60559806a7ea - test::run_test::{{closure}}::h4a5b729e66a38cd8
[INFO] [stdout]                                at /rustc/202008a1b8de96d2e5b6bc02d379db03a877d34d/library/test/src/lib.rs:606:41
[INFO] [stdout]   48:     0x60559806a7ea - std::sys::backtrace::__rust_begin_short_backtrace::h0496fb742492f573
[INFO] [stdout]                                at /rustc/202008a1b8de96d2e5b6bc02d379db03a877d34d/library/std/src/sys/backtrace.rs:154:18
[INFO] [stdout]   49:     0x60559806e164 - std::thread::Builder::spawn_unchecked_::{{closure}}::{{closure}}::hbb6d257c550a54bd
[INFO] [stdout]                                at /rustc/202008a1b8de96d2e5b6bc02d379db03a877d34d/library/std/src/thread/mod.rs:561:17
[INFO] [stdout]   50:     0x60559806e164 - <core::panic::unwind_safe::AssertUnwindSafe<F> as core::ops::function::FnOnce<()>>::call_once::h46696fe4a6832328
[INFO] [stdout]                                at /rustc/202008a1b8de96d2e5b6bc02d379db03a877d34d/library/core/src/panic/unwind_safe.rs:272:9
[INFO] [stdout]   51:     0x60559806e164 - std::panicking::try::do_call::h2625a51b667bfb64
[INFO] [stdout]                                at /rustc/202008a1b8de96d2e5b6bc02d379db03a877d34d/library/std/src/panicking.rs:557:40
[INFO] [stdout]   52:     0x60559806e164 - std::panicking::try::hb956a59a1973aa4c
[INFO] [stdout]                                at /rustc/202008a1b8de96d2e5b6bc02d379db03a877d34d/library/std/src/panicking.rs:520:19
[INFO] [stdout]   53:     0x60559806e164 - std::panic::catch_unwind::h64f3b9d1067ef6a0
[INFO] [stdout]                                at /rustc/202008a1b8de96d2e5b6bc02d379db03a877d34d/library/std/src/panic.rs:358:14
[INFO] [stdout]   54:     0x60559806e164 - std::thread::Builder::spawn_unchecked_::{{closure}}::h42b2841295b6c0b2
[INFO] [stdout]                                at /rustc/202008a1b8de96d2e5b6bc02d379db03a877d34d/library/std/src/thread/mod.rs:559:30
[INFO] [stdout]   55:     0x60559806e164 - core::ops::function::FnOnce::call_once{{vtable.shim}}::h6127de71b8124639
[INFO] [stdout]                                at /rustc/202008a1b8de96d2e5b6bc02d379db03a877d34d/library/core/src/ops/function.rs:250:5
[INFO] [stdout]   56:     0x6055980dd6eb - <alloc::boxed::Box<F,A> as core::ops::function::FnOnce<Args>>::call_once::h42f0ba71002a1b2c
[INFO] [stdout]                                at /rustc/202008a1b8de96d2e5b6bc02d379db03a877d34d/library/alloc/src/boxed.rs:1972:9
[INFO] [stdout]   57:     0x6055980dd6eb - <alloc::boxed::Box<F,A> as core::ops::function::FnOnce<Args>>::call_once::had9e47d7a3dcecb8
[INFO] [stdout]                                at /rustc/202008a1b8de96d2e5b6bc02d379db03a877d34d/library/alloc/src/boxed.rs:1972:9
[INFO] [stdout]   58:     0x6055980dd6eb - std::sys::pal::unix::thread::Thread::new::thread_start::h48cf765408f6f5f2
[INFO] [stdout]                                at /rustc/202008a1b8de96d2e5b6bc02d379db03a877d34d/library/std/src/sys/pal/unix/thread.rs:105:17
[INFO] [stdout]   59:     0x768930c73ac3 - <unknown>
[INFO] [stdout]   60:     0x768930d04a04 - clone
[INFO] [stdout]   61:                0x0 - <unknown>
[INFO] [stdout] 
[INFO] [stdout] 
[INFO] [stdout] failures:
[INFO] [stdout]     evaluator::tests::test_eval_hash_expression
[INFO] [stdout] 
[INFO] [stdout] test result: FAILED. 41 passed; 1 failed; 0 ignored; 0 measured; 0 filtered out; finished in 0.05s
[INFO] [stdout] 
[INFO] [stderr] error: test failed, to rerun pass `-p interpreter --lib`
[INFO] running `Command { std: "docker" "inspect" "ea3869b8386003de8dae4b309b9c5445f18183584af98db0c1a46d6c8a421af7", kill_on_drop: false }`
[INFO] running `Command { std: "docker" "rm" "-f" "ea3869b8386003de8dae4b309b9c5445f18183584af98db0c1a46d6c8a421af7", kill_on_drop: false }`
[INFO] [stdout] ea3869b8386003de8dae4b309b9c5445f18183584af98db0c1a46d6c8a421af7
