[INFO] cloning repository https://github.com/kbingman/andor-api
[INFO] running `Command { std: "git" "-c" "credential.helper=" "-c" "credential.helper=/workspace/cargo-home/bin/git-credential-null" "clone" "--bare" "https://github.com/kbingman/andor-api" "/workspace/cache/git-repos/https%3A%2F%2Fgithub.com%2Fkbingman%2Fandor-api", kill_on_drop: false }`
[INFO] [stderr] Cloning into bare repository '/workspace/cache/git-repos/https%3A%2F%2Fgithub.com%2Fkbingman%2Fandor-api'...
[INFO] running `Command { std: "git" "rev-parse" "HEAD", kill_on_drop: false }`
[INFO] [stdout] 19b57e6ab00972d44b37aa649a5419de3eaa2c94
[INFO] testing kbingman/andor-api against 1.83.0 for beta-1.84.0-4-retry
[INFO] running `Command { std: "git" "clone" "/workspace/cache/git-repos/https%3A%2F%2Fgithub.com%2Fkbingman%2Fandor-api" "/workspace/builds/worker-6-tc1/source", kill_on_drop: false }`
[INFO] [stderr] Cloning into '/workspace/builds/worker-6-tc1/source'...
[INFO] [stderr] done.
[INFO] [stderr] Updating files:  98% (158/161)
Updating files:  99% (160/161)
Updating files: 100% (161/161)
Updating files: 100% (161/161), done.
[INFO] validating manifest of git repo https://github.com/kbingman/andor-api on toolchain 1.83.0
[INFO] running `Command { std: CARGO_HOME="/workspace/cargo-home" RUSTUP_HOME="/workspace/rustup-home" "/workspace/cargo-home/bin/cargo" "+1.83.0" "metadata" "--manifest-path" "Cargo.toml" "--no-deps", kill_on_drop: false }`
[INFO] started tweaking git repo https://github.com/kbingman/andor-api
[INFO] finished tweaking git repo https://github.com/kbingman/andor-api
[INFO] tweaked toml for git repo https://github.com/kbingman/andor-api written to /workspace/builds/worker-6-tc1/source/Cargo.toml
[INFO] crate git repo https://github.com/kbingman/andor-api already has a lockfile, it will not be regenerated
[INFO] running `Command { std: CARGO_HOME="/workspace/cargo-home" RUSTUP_HOME="/workspace/rustup-home" "/workspace/cargo-home/bin/cargo" "+1.83.0" "fetch" "--manifest-path" "Cargo.toml", kill_on_drop: false }`
[INFO] [stderr] warning: virtual workspace defaulting to `resolver = "1"` despite one or more workspace members being on edition 2021 which implies `resolver = "2"`
[INFO] [stderr] note: to keep the current resolver, specify `workspace.resolver = "1"` in the workspace root's manifest
[INFO] [stderr] note: to use the edition 2021 resolver, specify `workspace.resolver = "2"` in the workspace root's manifest
[INFO] [stderr] note: for more details see https://doc.rust-lang.org/cargo/reference/resolver.html#resolver-versions
[INFO] [stderr]     Updating git repository `https://github.com/fermyon/spin`
[INFO] [stderr] error: invalid character `{` in package name: `{{project-name | kebab_case}}`, the first character must be a Unicode XID start character (most letters or `_`)
[INFO] [stderr]  --> ../../../cargo-home/git/checkouts/spin-91500438ac5656d2/769d004/templates/http-rust/content/Cargo.toml:2:8
[INFO] [stderr]   |
[INFO] [stderr] 2 | name = "{{project-name | kebab_case}}"
[INFO] [stderr]   |        ^^^^^^^^^^^^^^^^^^^^^^^^^^^^^^^
[INFO] [stderr]   |
[INFO] [stderr] error: invalid character `{` in package name: `{{project-name | kebab_case}}`, the first character must be a Unicode XID start character (most letters or `_`)
[INFO] [stderr]  --> ../../../cargo-home/git/checkouts/spin-91500438ac5656d2/769d004/templates/redis-rust/content/Cargo.toml:2:8
[INFO] [stderr]   |
[INFO] [stderr] 2 | name = "{{project-name | kebab_case}}"
[INFO] [stderr]   |        ^^^^^^^^^^^^^^^^^^^^^^^^^^^^^^^
[INFO] [stderr]   |
[INFO] [stderr] error: invalid character `{` in package name: `{{project-name | kebab_case}}`, the first character must be a Unicode XID start character (most letters or `_`)
[INFO] [stderr]  --> ../../../cargo-home/git/checkouts/spin-91500438ac5656d2/a99ed51/templates/http-rust/content/Cargo.toml:2:8
[INFO] [stderr]   |
[INFO] [stderr] 2 | name = "{{project-name | kebab_case}}"
[INFO] [stderr]   |        ^^^^^^^^^^^^^^^^^^^^^^^^^^^^^^^
[INFO] [stderr]   |
[INFO] [stderr] error: invalid character `{` in package name: `{{project-name | kebab_case}}`, the first character must be a Unicode XID start character (most letters or `_`)
[INFO] [stderr]  --> ../../../cargo-home/git/checkouts/spin-91500438ac5656d2/a99ed51/templates/redis-rust/content/Cargo.toml:2:8
[INFO] [stderr]   |
[INFO] [stderr] 2 | name = "{{project-name | kebab_case}}"
[INFO] [stderr]   |        ^^^^^^^^^^^^^^^^^^^^^^^^^^^^^^^
[INFO] [stderr]   |
[INFO] [stderr]     Updating crates.io index
[INFO] [stderr]  Downloading crates ...
[INFO] [stderr]   Downloaded serde-querystring v0.2.0
[INFO] running `Command { std: "docker" "create" "-v" "/var/lib/crater-agent-workspace/builds/worker-6-tc1/target:/opt/rustwide/target:rw,Z" "-v" "/var/lib/crater-agent-workspace/builds/worker-6-tc1/source:/opt/rustwide/workdir:ro,Z" "-v" "/var/lib/crater-agent-workspace/cargo-home:/opt/rustwide/cargo-home:ro,Z" "-v" "/var/lib/crater-agent-workspace/rustup-home:/opt/rustwide/rustup-home:ro,Z" "-e" "SOURCE_DIR=/opt/rustwide/workdir" "-e" "CARGO_TARGET_DIR=/opt/rustwide/target" "-e" "CARGO_HOME=/opt/rustwide/cargo-home" "-e" "RUSTUP_HOME=/opt/rustwide/rustup-home" "-w" "/opt/rustwide/workdir" "-m" "1610612736" "--user" "0:0" "--network" "none" "ghcr.io/rust-lang/crates-build-env/linux@sha256:f3a9d4ad9d972b27faf3965f35b62e55ba32bbce8f20bc8fe909558a86702fde" "/opt/rustwide/cargo-home/bin/cargo" "+1.83.0" "metadata" "--no-deps" "--format-version=1", kill_on_drop: false }`
[INFO] [stdout] 3c10fc67cbb2570f52d88dee3eb52db51e9a736be36114c13ec91e2637e40cac
[INFO] running `Command { std: "docker" "start" "-a" "3c10fc67cbb2570f52d88dee3eb52db51e9a736be36114c13ec91e2637e40cac", kill_on_drop: false }`
[INFO] running `Command { std: "docker" "inspect" "3c10fc67cbb2570f52d88dee3eb52db51e9a736be36114c13ec91e2637e40cac", kill_on_drop: false }`
[INFO] running `Command { std: "docker" "rm" "-f" "3c10fc67cbb2570f52d88dee3eb52db51e9a736be36114c13ec91e2637e40cac", kill_on_drop: false }`
[INFO] [stdout] 3c10fc67cbb2570f52d88dee3eb52db51e9a736be36114c13ec91e2637e40cac
[INFO] running `Command { std: "docker" "create" "-v" "/var/lib/crater-agent-workspace/builds/worker-6-tc1/target:/opt/rustwide/target:rw,Z" "-v" "/var/lib/crater-agent-workspace/builds/worker-6-tc1/source:/opt/rustwide/workdir:ro,Z" "-v" "/var/lib/crater-agent-workspace/cargo-home:/opt/rustwide/cargo-home:ro,Z" "-v" "/var/lib/crater-agent-workspace/rustup-home:/opt/rustwide/rustup-home:ro,Z" "-e" "SOURCE_DIR=/opt/rustwide/workdir" "-e" "CARGO_TARGET_DIR=/opt/rustwide/target" "-e" "CARGO_INCREMENTAL=0" "-e" "RUST_BACKTRACE=full" "-e" "RUSTFLAGS=--cap-lints=warn" "-e" "RUSTDOCFLAGS=--cap-lints=warn" "-e" "CARGO_HOME=/opt/rustwide/cargo-home" "-e" "RUSTUP_HOME=/opt/rustwide/rustup-home" "-w" "/opt/rustwide/workdir" "-m" "1610612736" "--user" "0:0" "--network" "none" "ghcr.io/rust-lang/crates-build-env/linux@sha256:f3a9d4ad9d972b27faf3965f35b62e55ba32bbce8f20bc8fe909558a86702fde" "/opt/rustwide/cargo-home/bin/cargo" "+1.83.0" "build" "--frozen" "--message-format=json", kill_on_drop: false }`
[INFO] [stdout] b5d8bcd4735441dedda8d19a7d0854042701802e26c4c900ba6426fa919a4289
[INFO] running `Command { std: "docker" "start" "-a" "b5d8bcd4735441dedda8d19a7d0854042701802e26c4c900ba6426fa919a4289", kill_on_drop: false }`
[INFO] [stderr] warning: virtual workspace defaulting to `resolver = "1"` despite one or more workspace members being on edition 2021 which implies `resolver = "2"`
[INFO] [stderr] note: to keep the current resolver, specify `workspace.resolver = "1"` in the workspace root's manifest
[INFO] [stderr] note: to use the edition 2021 resolver, specify `workspace.resolver = "2"` in the workspace root's manifest
[INFO] [stderr] note: for more details see https://doc.rust-lang.org/cargo/reference/resolver.html#resolver-versions
[INFO] [stderr] error: invalid character `{` in package name: `{{project-name | kebab_case}}`, the first character must be a Unicode XID start character (most letters or `_`)
[INFO] [stderr]  --> ../cargo-home/git/checkouts/spin-91500438ac5656d2/769d004/templates/http-rust/content/Cargo.toml:2:8
[INFO] [stderr]   |
[INFO] [stderr] 2 | name = "{{project-name | kebab_case}}"
[INFO] [stderr]   |        ^^^^^^^^^^^^^^^^^^^^^^^^^^^^^^^
[INFO] [stderr]   |
[INFO] [stderr] error: invalid character `{` in package name: `{{project-name | kebab_case}}`, the first character must be a Unicode XID start character (most letters or `_`)
[INFO] [stderr]  --> ../cargo-home/git/checkouts/spin-91500438ac5656d2/769d004/templates/redis-rust/content/Cargo.toml:2:8
[INFO] [stderr]   |
[INFO] [stderr] 2 | name = "{{project-name | kebab_case}}"
[INFO] [stderr]   |        ^^^^^^^^^^^^^^^^^^^^^^^^^^^^^^^
[INFO] [stderr]   |
[INFO] [stderr] error: invalid character `{` in package name: `{{project-name | kebab_case}}`, the first character must be a Unicode XID start character (most letters or `_`)
[INFO] [stderr]  --> ../cargo-home/git/checkouts/spin-91500438ac5656d2/a99ed51/templates/http-rust/content/Cargo.toml:2:8
[INFO] [stderr]   |
[INFO] [stderr] 2 | name = "{{project-name | kebab_case}}"
[INFO] [stderr]   |        ^^^^^^^^^^^^^^^^^^^^^^^^^^^^^^^
[INFO] [stderr]   |
[INFO] [stderr] error: invalid character `{` in package name: `{{project-name | kebab_case}}`, the first character must be a Unicode XID start character (most letters or `_`)
[INFO] [stderr]  --> ../cargo-home/git/checkouts/spin-91500438ac5656d2/a99ed51/templates/redis-rust/content/Cargo.toml:2:8
[INFO] [stderr]   |
[INFO] [stderr] 2 | name = "{{project-name | kebab_case}}"
[INFO] [stderr]   |        ^^^^^^^^^^^^^^^^^^^^^^^^^^^^^^^
[INFO] [stderr]   |
[INFO] [stderr]    Compiling proc-macro2 v1.0.49
[INFO] [stderr]    Compiling quote v1.0.23
[INFO] [stderr]    Compiling unicode-ident v1.0.6
[INFO] [stderr]    Compiling syn v1.0.107
[INFO] [stderr]    Compiling version_check v0.9.4
[INFO] [stderr]    Compiling memchr v2.5.0
[INFO] [stderr]    Compiling autocfg v1.1.0
[INFO] [stderr]    Compiling libc v0.2.139
[INFO] [stderr]    Compiling tinyvec_macros v0.1.0
[INFO] [stderr]    Compiling bitflags v1.3.2
[INFO] [stderr]    Compiling cfg-if v1.0.0
[INFO] [stderr]    Compiling bytes v1.3.0
[INFO] [stderr]    Compiling anyhow v1.0.68
[INFO] [stderr]    Compiling itoa v1.0.5
[INFO] [stderr]    Compiling pulldown-cmark v0.8.0
[INFO] [stderr]    Compiling fnv v1.0.7
[INFO] [stderr]    Compiling tinyvec v1.6.0
[INFO] [stderr]    Compiling id-arena v2.2.1
[INFO] [stderr]    Compiling unicode-xid v0.2.4
[INFO] [stderr]    Compiling serde_derive v1.0.152
[INFO] [stderr]    Compiling log v0.4.17
[INFO] [stderr]    Compiling unicode-segmentation v1.10.0
[INFO] [stderr]    Compiling async-trait v0.1.60
[INFO] [stderr]    Compiling serde v1.0.152
[INFO] [stderr]    Compiling percent-encoding v2.2.0
[INFO] [stderr]    Compiling wit-bindgen-gen-rust-wasm v0.2.0 (https://github.com/bytecodealliance/wit-bindgen?rev=cb871cfa1ee460b51eb1d144b175b9aab9c50aba#cb871cfa)
[INFO] [stderr]    Compiling unicase v2.6.0
[INFO] [stderr]    Compiling once_cell v1.17.0
[INFO] [stderr]    Compiling typenum v1.16.0
[INFO] [stderr]    Compiling generic-array v0.14.6
[INFO] [stderr]    Compiling pin-project-lite v0.2.9
[INFO] [stderr]    Compiling heck v0.3.3
[INFO] [stderr]    Compiling form_urlencoded v1.1.0
[INFO] [stderr]    Compiling cc v1.0.78
[INFO] [stderr]    Compiling futures-core v0.3.25
[INFO] [stderr]    Compiling pkg-config v0.3.26
[INFO] [stderr]    Compiling tokio v1.24.2
[INFO] [stderr]    Compiling ryu v1.0.12
[INFO] [stderr]    Compiling http v0.2.8
[INFO] [stderr]    Compiling slab v0.4.7
[INFO] [stderr]    Compiling futures-sink v0.3.25
[INFO] [stderr]    Compiling static_assertions v1.1.0
[INFO] [stderr]    Compiling futures-task v0.3.25
[INFO] [stderr]    Compiling thiserror v1.0.38
[INFO] [stderr]    Compiling unicode-normalization v0.1.22
[INFO] [stderr]    Compiling serde_json v1.0.91
[INFO] [stderr]    Compiling lexical-util v0.8.5
[INFO] [stderr]    Compiling tracing-core v0.1.30
[INFO] [stderr]    Compiling subtle v2.4.1
[INFO] [stderr]    Compiling futures-util v0.3.25
[INFO] [stderr]    Compiling unicode-bidi v0.3.8
[INFO] [stderr]    Compiling indexmap v1.9.2
[INFO] [stderr]    Compiling futures-channel v0.3.25
[INFO] [stderr]    Compiling openssl v0.10.45
[INFO] [stderr]    Compiling pin-utils v0.1.0
[INFO] [stderr]    Compiling foreign-types-shared v0.1.1
[INFO] [stderr]    Compiling proc-macro-error-attr v1.0.4
[INFO] [stderr]    Compiling foreign-types v0.3.2
[INFO] [stderr]    Compiling tracing v0.1.37
[INFO] [stderr]    Compiling wit-parser v0.2.0 (https://github.com/bytecodealliance/wit-bindgen?rev=cb871cfa1ee460b51eb1d144b175b9aab9c50aba#cb871cfa)
[INFO] [stderr]    Compiling native-tls v0.2.11
[INFO] [stderr]    Compiling ppv-lite86 v0.2.17
[INFO] [stderr]    Compiling io-lifetimes v1.0.4
[INFO] [stderr]    Compiling httparse v1.8.0
[INFO] [stderr]    Compiling socket2 v0.4.7
[INFO] [stderr]    Compiling num_cpus v1.15.0
[INFO] [stderr]    Compiling openssl-sys v0.9.80
[INFO] [stderr]    Compiling mio v0.8.5
[INFO] [stderr]    Compiling getrandom v0.2.8
[INFO] [stderr]    Compiling spin-sdk v0.10.1 (https://github.com/fermyon/spin?tag=v0.10.1#769d0045)
[INFO] [stderr]    Compiling hashbrown v0.12.3
[INFO] [stderr]    Compiling rand_core v0.6.4
[INFO] [stderr]    Compiling lexical-write-integer v0.8.5
[INFO] [stderr]    Compiling lexical-parse-integer v0.8.6
[INFO] [stderr]    Compiling rand_chacha v0.3.1
[INFO] [stderr]    Compiling proc-macro-error v1.0.4
[INFO] [stderr]    Compiling lock_api v0.4.9
[INFO] [stderr]    Compiling parking_lot_core v0.9.6
[INFO] [stderr]    Compiling try-lock v0.2.4
[INFO] [stderr]    Compiling openssl-probe v0.1.5
[INFO] [stderr]    Compiling cpufeatures v0.2.5
[INFO] [stderr]    Compiling rustix v0.36.6
[INFO] [stderr]    Compiling want v0.3.0
[INFO] [stderr]    Compiling wit-bindgen-gen-core v0.2.0 (https://github.com/bytecodealliance/wit-bindgen?rev=cb871cfa1ee460b51eb1d144b175b9aab9c50aba#cb871cfa)
[INFO] [stderr]    Compiling lexical-parse-float v0.8.5
[INFO] [stderr]    Compiling crypto-common v0.1.6
[INFO] [stderr]    Compiling block-buffer v0.10.3
[INFO] [stderr]    Compiling rand v0.8.5
[INFO] [stderr]    Compiling lexical-write-float v0.8.5
[INFO] [stderr]    Compiling wit-bindgen-gen-rust v0.2.0 (https://github.com/bytecodealliance/wit-bindgen?rev=cb871cfa1ee460b51eb1d144b175b9aab9c50aba#cb871cfa)
[INFO] [stderr]    Compiling digest v0.10.6
[INFO] [stderr]    Compiling stringprep v0.1.2
[INFO] [stderr]    Compiling http-body v0.4.5
[INFO] [stderr]    Compiling siphasher v0.3.10
[INFO] [stderr]    Compiling hmac v0.12.1
[INFO] [stderr]    Compiling md-5 v0.10.5
[INFO] [stderr]    Compiling sha2 v0.10.6
[INFO] [stderr]    Compiling httpdate v1.0.2
[INFO] [stderr]    Compiling base64 v0.13.1
[INFO] [stderr]    Compiling linux-raw-sys v0.1.4
[INFO] [stderr]    Compiling byteorder v1.4.3
[INFO] [stderr]    Compiling smallvec v1.10.0
[INFO] [stderr]    Compiling tower-service v0.3.2
[INFO] [stderr]    Compiling scopeguard v1.1.0
[INFO] [stderr]    Compiling encoding_rs v0.8.31
[INFO] [stderr]    Compiling fallible-iterator v0.2.0
[INFO] [stderr]    Compiling lexical-core v0.8.5
[INFO] [stderr]    Compiling phf_shared v0.11.1
[INFO] [stderr]    Compiling idna v0.3.0
[INFO] [stderr]    Compiling heck v0.4.0
[INFO] [stderr]    Compiling regex-automata v0.1.10
[INFO] [stderr]    Compiling lazy_static v1.4.0
[INFO] [stderr]    Compiling os_str_bytes v6.4.1
[INFO] [stderr]    Compiling phf v0.11.1
[INFO] [stderr]    Compiling lexical v6.1.1
[INFO] [stderr]    Compiling db_adapter v0.1.0 (/opt/rustwide/workdir/crates/db-adapter)
[INFO] [stderr]    Compiling csv-core v0.1.10
[INFO] [stderr]    Compiling itoa v0.4.8
[INFO] [stderr]    Compiling strsim v0.10.0
[INFO] [stderr]    Compiling ipnet v2.7.1
[INFO] [stderr]    Compiling parking_lot v0.12.1
[INFO] [stderr]    Compiling base64 v0.21.0
[INFO] [stderr]    Compiling termcolor v1.2.0
[INFO] [stderr]    Compiling mime v0.3.16
[INFO] [stderr]    Compiling clap_lex v0.3.1
[INFO] [stderr]    Compiling postgres-protocol v0.6.4
[INFO] [stderr]    Compiling url v2.3.1
[INFO] [stderr]    Compiling postgres-types v0.2.4
[INFO] [stderr]    Compiling is-terminal v0.4.2
[INFO] [stderr]    Compiling wit-bindgen-rust-impl v0.2.0 (https://github.com/bytecodealliance/wit-bindgen?rev=cb871cfa1ee460b51eb1d144b175b9aab9c50aba#cb871cfa)
[INFO] [stderr]    Compiling tokio-macros v1.8.2
[INFO] [stderr]    Compiling thiserror-impl v1.0.38
[INFO] [stderr]    Compiling futures-macro v0.3.25
[INFO] [stderr]    Compiling openssl-macros v0.1.0
[INFO] [stderr]    Compiling clap_derive v4.1.0
[INFO] [stdout] error: linking with `cc` failed: exit status: 1
[INFO] [stdout]   |
[INFO] [stdout]   = note: LC_ALL="C" PATH="/opt/rustwide/rustup-home/toolchains/1.83.0-x86_64-unknown-linux-gnu/lib/rustlib/x86_64-unknown-linux-gnu/bin:/opt/rustwide/cargo-home/bin:/usr/local/sbin:/usr/local/bin:/usr/sbin:/usr/bin:/sbin:/bin" VSLANG="1033" "cc" "-Wl,--version-script=/tmp/rustc7gZbjg/list" "-Wl,--no-undefined-version" "-m64" "/tmp/rustc7gZbjg/symbols.o" "/opt/rustwide/target/debug/deps/async_trait-61ec35ef15ed9412.async_trait.ba926950a4216575-cgu.00.rcgu.o" "/opt/rustwide/target/debug/deps/async_trait-61ec35ef15ed9412.async_trait.ba926950a4216575-cgu.01.rcgu.o" "/opt/rustwide/target/debug/deps/async_trait-61ec35ef15ed9412.async_trait.ba926950a4216575-cgu.02.rcgu.o" "/opt/rustwide/target/debug/deps/async_trait-61ec35ef15ed9412.async_trait.ba926950a4216575-cgu.03.rcgu.o" "/opt/rustwide/target/debug/deps/async_trait-61ec35ef15ed9412.async_trait.ba926950a4216575-cgu.04.rcgu.o" "/opt/rustwide/target/debug/deps/async_trait-61ec35ef15ed9412.async_trait.ba926950a4216575-cgu.05.rcgu.o" "/opt/rustwide/target/debug/deps/async_trait-61ec35ef15ed9412.async_trait.ba926950a4216575-cgu.06.rcgu.o" "/opt/rustwide/target/debug/deps/async_trait-61ec35ef15ed9412.async_trait.ba926950a4216575-cgu.07.rcgu.o" "/opt/rustwide/target/debug/deps/async_trait-61ec35ef15ed9412.async_trait.ba926950a4216575-cgu.08.rcgu.o" "/opt/rustwide/target/debug/deps/async_trait-61ec35ef15ed9412.async_trait.ba926950a4216575-cgu.09.rcgu.o" "/opt/rustwide/target/debug/deps/async_trait-61ec35ef15ed9412.51xvav8y6cjcbg3ynqk20xt4f.rcgu.rmeta" "/opt/rustwide/target/debug/deps/async_trait-61ec35ef15ed9412.4hlsojd8xdtdrexe14s5wx478.rcgu.o" "-Wl,--as-needed" "-Wl,-Bstatic" "/opt/rustwide/target/debug/deps/libsyn-0a801964c87f991d.rlib" "/opt/rustwide/target/debug/deps/libquote-0bf583cc9b425361.rlib" "/opt/rustwide/target/debug/deps/libproc_macro2-f695ab5754d8b67d.rlib" "/opt/rustwide/target/debug/deps/libunicode_ident-8c53233dd0f97cd7.rlib" "/opt/rustwide/rustup-home/toolchains/1.83.0-x86_64-unknown-linux-gnu/lib/rustlib/x86_64-unknown-linux-gnu/lib/libproc_macro-a2fc9021817a412b.rlib" "/opt/rustwide/rustup-home/toolchains/1.83.0-x86_64-unknown-linux-gnu/lib/rustlib/x86_64-unknown-linux-gnu/lib/libstd-ca74a2d9c5166d9f.rlib" "/opt/rustwide/rustup-home/toolchains/1.83.0-x86_64-unknown-linux-gnu/lib/rustlib/x86_64-unknown-linux-gnu/lib/libpanic_unwind-e31ab23316ed5080.rlib" "/opt/rustwide/rustup-home/toolchains/1.83.0-x86_64-unknown-linux-gnu/lib/rustlib/x86_64-unknown-linux-gnu/lib/libobject-27dc4aa955912662.rlib" "/opt/rustwide/rustup-home/toolchains/1.83.0-x86_64-unknown-linux-gnu/lib/rustlib/x86_64-unknown-linux-gnu/lib/libmemchr-bd0d6cccce077b99.rlib" "/opt/rustwide/rustup-home/toolchains/1.83.0-x86_64-unknown-linux-gnu/lib/rustlib/x86_64-unknown-linux-gnu/lib/libaddr2line-8d001680935b5e3c.rlib" "/opt/rustwide/rustup-home/toolchains/1.83.0-x86_64-unknown-linux-gnu/lib/rustlib/x86_64-unknown-linux-gnu/lib/libgimli-ba8ce71964f984f4.rlib" "/opt/rustwide/rustup-home/toolchains/1.83.0-x86_64-unknown-linux-gnu/lib/rustlib/x86_64-unknown-linux-gnu/lib/librustc_demangle-99a73526abcec14b.rlib" "/opt/rustwide/rustup-home/toolchains/1.83.0-x86_64-unknown-linux-gnu/lib/rustlib/x86_64-unknown-linux-gnu/lib/libstd_detect-63ac0d22cff92579.rlib" "/opt/rustwide/rustup-home/toolchains/1.83.0-x86_64-unknown-linux-gnu/lib/rustlib/x86_64-unknown-linux-gnu/lib/libhashbrown-9057355c92c922d5.rlib" "/opt/rustwide/rustup-home/toolchains/1.83.0-x86_64-unknown-linux-gnu/lib/rustlib/x86_64-unknown-linux-gnu/lib/librustc_std_workspace_alloc-358be9bc1f6bab04.rlib" "/opt/rustwide/rustup-home/toolchains/1.83.0-x86_64-unknown-linux-gnu/lib/rustlib/x86_64-unknown-linux-gnu/lib/libminiz_oxide-aca15549d5bff974.rlib" "/opt/rustwide/rustup-home/toolchains/1.83.0-x86_64-unknown-linux-gnu/lib/rustlib/x86_64-unknown-linux-gnu/lib/libadler-8251d2cef7072448.rlib" "/opt/rustwide/rustup-home/toolchains/1.83.0-x86_64-unknown-linux-gnu/lib/rustlib/x86_64-unknown-linux-gnu/lib/libunwind-7d50b86011c66411.rlib" "/opt/rustwide/rustup-home/toolchains/1.83.0-x86_64-unknown-linux-gnu/lib/rustlib/x86_64-unknown-linux-gnu/lib/libcfg_if-51ea098fce5006bf.rlib" "/opt/rustwide/rustup-home/toolchains/1.83.0-x86_64-unknown-linux-gnu/lib/rustlib/x86_64-unknown-linux-gnu/lib/liblibc-5a14e0d0b712e731.rlib" "/opt/rustwide/rustup-home/toolchains/1.83.0-x86_64-unknown-linux-gnu/lib/rustlib/x86_64-unknown-linux-gnu/lib/liballoc-8b83dbf3a7b8f999.rlib" "/opt/rustwide/rustup-home/toolchains/1.83.0-x86_64-unknown-linux-gnu/lib/rustlib/x86_64-unknown-linux-gnu/lib/librustc_std_workspace_core-c6fd227bdc7b39ff.rlib" "/opt/rustwide/rustup-home/toolchains/1.83.0-x86_64-unknown-linux-gnu/lib/rustlib/x86_64-unknown-linux-gnu/lib/libcore-959d3389fa3da8a5.rlib" "/opt/rustwide/rustup-home/toolchains/1.83.0-x86_64-unknown-linux-gnu/lib/rustlib/x86_64-unknown-linux-gnu/lib/libcompiler_builtins-abe05db089cc2c62.rlib" "-Wl,-Bdynamic" "-lgcc_s" "-lutil" "-lrt" "-lpthread" "-lm" "-ldl" "-lc" "-Wl,--eh-frame-hdr" "-Wl,-z,noexecstack" "-L" "/opt/rustwide/rustup-home/toolchains/1.83.0-x86_64-unknown-linux-gnu/lib/rustlib/x86_64-unknown-linux-gnu/lib" "-o" "/opt/rustwide/target/debug/deps/libasync_trait-61ec35ef15ed9412.so" "-Wl,--gc-sections" "-shared" "-Wl,-z,relro,-z,now" "-nodefaultlibs"
[INFO] [stdout]   = note: /usr/bin/ld: final link failed: No space left on device
[INFO] [stdout]           collect2: error: ld returned 1 exit status
[INFO] [stdout]           
[INFO] [stdout] 
[INFO] [stdout] 
[INFO] [stdout] error: linking with `cc` failed: exit status: 1
[INFO] [stdout]   |
[INFO] [stdout]   = note: LC_ALL="C" PATH="/opt/rustwide/rustup-home/toolchains/1.83.0-x86_64-unknown-linux-gnu/lib/rustlib/x86_64-unknown-linux-gnu/bin:/opt/rustwide/cargo-home/bin:/usr/local/sbin:/usr/local/bin:/usr/sbin:/usr/bin:/sbin:/bin" VSLANG="1033" "cc" "-Wl,--version-script=/tmp/rustc20bkxa/list" "-Wl,--no-undefined-version" "-m64" "/tmp/rustc20bkxa/symbols.o" "/opt/rustwide/target/debug/deps/wit_bindgen_rust_impl-b6753b04a3dd196e.wit_bindgen_rust_impl.4a0d207baa519bdb-cgu.0.rcgu.o" "/opt/rustwide/target/debug/deps/wit_bindgen_rust_impl-b6753b04a3dd196e.wit_bindgen_rust_impl.4a0d207baa519bdb-cgu.1.rcgu.o" "/opt/rustwide/target/debug/deps/wit_bindgen_rust_impl-b6753b04a3dd196e.wit_bindgen_rust_impl.4a0d207baa519bdb-cgu.2.rcgu.o" "/opt/rustwide/target/debug/deps/wit_bindgen_rust_impl-b6753b04a3dd196e.wit_bindgen_rust_impl.4a0d207baa519bdb-cgu.3.rcgu.o" "/opt/rustwide/target/debug/deps/wit_bindgen_rust_impl-b6753b04a3dd196e.bptrfh6pmhw42zc1moo6xcape.rcgu.rmeta" "/opt/rustwide/target/debug/deps/wit_bindgen_rust_impl-b6753b04a3dd196e.a0lm6jn5m4h4wr7xpn3litzqt.rcgu.o" "-Wl,--as-needed" "-Wl,-Bstatic" "/opt/rustwide/target/debug/deps/libwit_bindgen_gen_rust_wasm-45a6a27231afd46c.rlib" "/opt/rustwide/target/debug/deps/libwit_bindgen_gen_rust-79467a1a63961995.rlib" "/opt/rustwide/target/debug/deps/libheck-d62fc50342be4828.rlib" "/opt/rustwide/target/debug/deps/libunicode_segmentation-453ceb35d30fdbbf.rlib" "/opt/rustwide/target/debug/deps/libwit_bindgen_gen_core-45aa47faaf61acbf.rlib" "/opt/rustwide/target/debug/deps/libwit_parser-1272177e86c76835.rlib" "/opt/rustwide/target/debug/deps/libunicode_xid-331a576ecca7eb48.rlib" "/opt/rustwide/target/debug/deps/libunicode_normalization-f64fed81f813b643.rlib" "/opt/rustwide/target/debug/deps/libtinyvec-9ecf8cbad57126ec.rlib" "/opt/rustwide/target/debug/deps/libtinyvec_macros-4bbd5c88ba0aa3c3.rlib" "/opt/rustwide/target/debug/deps/libpulldown_cmark-9e0a9ddf2f127004.rlib" "/opt/rustwide/target/debug/deps/libmemchr-2cf4fc732d907b26.rlib" "/opt/rustwide/target/debug/deps/libunicase-72e2f70858670f76.rlib" "/opt/rustwide/target/debug/deps/libbitflags-d3511f9afe014f87.rlib" "/opt/rustwide/target/debug/deps/libid_arena-d458a909dc1da7f4.rlib" "/opt/rustwide/target/debug/deps/libanyhow-90a7c282a4268d72.rlib" "/opt/rustwide/target/debug/deps/libsyn-0a801964c87f991d.rlib" "/opt/rustwide/target/debug/deps/libquote-0bf583cc9b425361.rlib" "/opt/rustwide/target/debug/deps/libproc_macro2-f695ab5754d8b67d.rlib" "/opt/rustwide/target/debug/deps/libunicode_ident-8c53233dd0f97cd7.rlib" "/opt/rustwide/rustup-home/toolchains/1.83.0-x86_64-unknown-linux-gnu/lib/rustlib/x86_64-unknown-linux-gnu/lib/libproc_macro-a2fc9021817a412b.rlib" "/opt/rustwide/rustup-home/toolchains/1.83.0-x86_64-unknown-linux-gnu/lib/rustlib/x86_64-unknown-linux-gnu/lib/libstd-ca74a2d9c5166d9f.rlib" "/opt/rustwide/rustup-home/toolchains/1.83.0-x86_64-unknown-linux-gnu/lib/rustlib/x86_64-unknown-linux-gnu/lib/libpanic_unwind-e31ab23316ed5080.rlib" "/opt/rustwide/rustup-home/toolchains/1.83.0-x86_64-unknown-linux-gnu/lib/rustlib/x86_64-unknown-linux-gnu/lib/libobject-27dc4aa955912662.rlib" "/opt/rustwide/rustup-home/toolchains/1.83.0-x86_64-unknown-linux-gnu/lib/rustlib/x86_64-unknown-linux-gnu/lib/libmemchr-bd0d6cccce077b99.rlib" "/opt/rustwide/rustup-home/toolchains/1.83.0-x86_64-unknown-linux-gnu/lib/rustlib/x86_64-unknown-linux-gnu/lib/libaddr2line-8d001680935b5e3c.rlib" "/opt/rustwide/rustup-home/toolchains/1.83.0-x86_64-unknown-linux-gnu/lib/rustlib/x86_64-unknown-linux-gnu/lib/libgimli-ba8ce71964f984f4.rlib" "/opt/rustwide/rustup-home/toolchains/1.83.0-x86_64-unknown-linux-gnu/lib/rustlib/x86_64-unknown-linux-gnu/lib/librustc_demangle-99a73526abcec14b.rlib" "/opt/rustwide/rustup-home/toolchains/1.83.0-x86_64-unknown-linux-gnu/lib/rustlib/x86_64-unknown-linux-gnu/lib/libstd_detect-63ac0d22cff92579.rlib" "/opt/rustwide/rustup-home/toolchains/1.83.0-x86_64-unknown-linux-gnu/lib/rustlib/x86_64-unknown-linux-gnu/lib/libhashbrown-9057355c92c922d5.rlib" "/opt/rustwide/rustup-home/toolchains/1.83.0-x86_64-unknown-linux-gnu/lib/rustlib/x86_64-unknown-linux-gnu/lib/librustc_std_workspace_alloc-358be9bc1f6bab04.rlib" "/opt/rustwide/rustup-home/toolchains/1.83.0-x86_64-unknown-linux-gnu/lib/rustlib/x86_64-unknown-linux-gnu/lib/libminiz_oxide-aca15549d5bff974.rlib" "/opt/rustwide/rustup-home/toolchains/1.83.0-x86_64-unknown-linux-gnu/lib/rustlib/x86_64-unknown-linux-gnu/lib/libadler-8251d2cef7072448.rlib" "/opt/rustwide/rustup-home/toolchains/1.83.0-x86_64-unknown-linux-gnu/lib/rustlib/x86_64-unknown-linux-gnu/lib/libunwind-7d50b86011c66411.rlib" "/opt/rustwide/rustup-home/toolchains/1.83.0-x86_64-unknown-linux-gnu/lib/rustlib/x86_64-unknown-linux-gnu/lib/libcfg_if-51ea098fce5006bf.rlib" "/opt/rustwide/rustup-home/toolchains/1.83.0-x86_64-unknown-linux-gnu/lib/rustlib/x86_64-unknown-linux-gnu/lib/liblibc-5a14e0d0b712e731.rlib" "/opt/rustwide/rustup-home/toolchains/1.83.0-x86_64-unknown-linux-gnu/lib/rustlib/x86_64-unknown-linux-gnu/lib/liballoc-8b83dbf3a7b8f999.rlib" "/opt/rustwide/rustup-home/toolchains/1.83.0-x86_64-unknown-linux-gnu/lib/rustlib/x86_64-unknown-linux-gnu/lib/librustc_std_workspace_core-c6fd227bdc7b39ff.rlib" "/opt/rustwide/rustup-home/toolchains/1.83.0-x86_64-unknown-linux-gnu/lib/rustlib/x86_64-unknown-linux-gnu/lib/libcore-959d3389fa3da8a5.rlib" "/opt/rustwide/rustup-home/toolchains/1.83.0-x86_64-unknown-linux-gnu/lib/rustlib/x86_64-unknown-linux-gnu/lib/libcompiler_builtins-abe05db089cc2c62.rlib" "-Wl,-Bdynamic" "-lgcc_s" "-lutil" "-lrt" "-lpthread" "-lm" "-ldl" "-lc" "-Wl,--eh-frame-hdr" "-Wl,-z,noexecstack" "-L" "/opt/rustwide/rustup-home/toolchains/1.83.0-x86_64-unknown-linux-gnu/lib/rustlib/x86_64-unknown-linux-gnu/lib" "-o" "/opt/rustwide/target/debug/deps/libwit_bindgen_rust_impl-b6753b04a3dd196e.so" "-Wl,--gc-sections" "-shared" "-Wl,-z,relro,-z,now" "-nodefaultlibs"
[INFO] [stdout]   = note: /usr/bin/ld: final link failed: No space left on device
[INFO] [stdout]           collect2: error: ld returned 1 exit status
[INFO] [stdout]           
[INFO] [stdout] 
[INFO] [stdout] 
[INFO] [stderr] error: could not compile `async-trait` (lib) due to 1 previous error
[INFO] [stderr] warning: build failed, waiting for other jobs to finish...
[INFO] [stderr] error: could not compile `wit-bindgen-rust-impl` (lib) due to 1 previous error
[INFO] [stdout] error: linking with `cc` failed: exit status: 1
[INFO] [stdout]   |
[INFO] [stdout]   = note: LC_ALL="C" PATH="/opt/rustwide/rustup-home/toolchains/1.83.0-x86_64-unknown-linux-gnu/lib/rustlib/x86_64-unknown-linux-gnu/bin:/opt/rustwide/cargo-home/bin:/usr/local/sbin:/usr/local/bin:/usr/sbin:/usr/bin:/sbin:/bin" VSLANG="1033" "cc" "-Wl,--version-script=/tmp/rustcsXszev/list" "-Wl,--no-undefined-version" "-m64" "/tmp/rustcsXszev/symbols.o" "/opt/rustwide/target/debug/deps/thiserror_impl-c1b442ca15ba7d98.thiserror_impl.c3c61f90e8c6ab5f-cgu.00.rcgu.o" "/opt/rustwide/target/debug/deps/thiserror_impl-c1b442ca15ba7d98.thiserror_impl.c3c61f90e8c6ab5f-cgu.01.rcgu.o" "/opt/rustwide/target/debug/deps/thiserror_impl-c1b442ca15ba7d98.thiserror_impl.c3c61f90e8c6ab5f-cgu.02.rcgu.o" "/opt/rustwide/target/debug/deps/thiserror_impl-c1b442ca15ba7d98.thiserror_impl.c3c61f90e8c6ab5f-cgu.03.rcgu.o" "/opt/rustwide/target/debug/deps/thiserror_impl-c1b442ca15ba7d98.thiserror_impl.c3c61f90e8c6ab5f-cgu.04.rcgu.o" "/opt/rustwide/target/debug/deps/thiserror_impl-c1b442ca15ba7d98.thiserror_impl.c3c61f90e8c6ab5f-cgu.05.rcgu.o" "/opt/rustwide/target/debug/deps/thiserror_impl-c1b442ca15ba7d98.thiserror_impl.c3c61f90e8c6ab5f-cgu.06.rcgu.o" "/opt/rustwide/target/debug/deps/thiserror_impl-c1b442ca15ba7d98.thiserror_impl.c3c61f90e8c6ab5f-cgu.07.rcgu.o" "/opt/rustwide/target/debug/deps/thiserror_impl-c1b442ca15ba7d98.thiserror_impl.c3c61f90e8c6ab5f-cgu.08.rcgu.o" "/opt/rustwide/target/debug/deps/thiserror_impl-c1b442ca15ba7d98.thiserror_impl.c3c61f90e8c6ab5f-cgu.09.rcgu.o" "/opt/rustwide/target/debug/deps/thiserror_impl-c1b442ca15ba7d98.thiserror_impl.c3c61f90e8c6ab5f-cgu.10.rcgu.o" "/opt/rustwide/target/debug/deps/thiserror_impl-c1b442ca15ba7d98.thiserror_impl.c3c61f90e8c6ab5f-cgu.11.rcgu.o" "/opt/rustwide/target/debug/deps/thiserror_impl-c1b442ca15ba7d98.thiserror_impl.c3c61f90e8c6ab5f-cgu.12.rcgu.o" "/opt/rustwide/target/debug/deps/thiserror_impl-c1b442ca15ba7d98.thiserror_impl.c3c61f90e8c6ab5f-cgu.13.rcgu.o" "/opt/rustwide/target/debug/deps/thiserror_impl-c1b442ca15ba7d98.thiserror_impl.c3c61f90e8c6ab5f-cgu.14.rcgu.o" "/opt/rustwide/target/debug/deps/thiserror_impl-c1b442ca15ba7d98.thiserror_impl.c3c61f90e8c6ab5f-cgu.15.rcgu.o" "/opt/rustwide/target/debug/deps/thiserror_impl-c1b442ca15ba7d98.bj482p0l3wd4k9hk29tzffg92.rcgu.rmeta" "/opt/rustwide/target/debug/deps/thiserror_impl-c1b442ca15ba7d98.c8xvleiebpn71hgfh9t67cmft.rcgu.o" "-Wl,--as-needed" "-Wl,-Bstatic" "/opt/rustwide/target/debug/deps/libsyn-0a801964c87f991d.rlib" "/opt/rustwide/target/debug/deps/libquote-0bf583cc9b425361.rlib" "/opt/rustwide/target/debug/deps/libproc_macro2-f695ab5754d8b67d.rlib" "/opt/rustwide/target/debug/deps/libunicode_ident-8c53233dd0f97cd7.rlib" "/opt/rustwide/rustup-home/toolchains/1.83.0-x86_64-unknown-linux-gnu/lib/rustlib/x86_64-unknown-linux-gnu/lib/libproc_macro-a2fc9021817a412b.rlib" "/opt/rustwide/rustup-home/toolchains/1.83.0-x86_64-unknown-linux-gnu/lib/rustlib/x86_64-unknown-linux-gnu/lib/libstd-ca74a2d9c5166d9f.rlib" "/opt/rustwide/rustup-home/toolchains/1.83.0-x86_64-unknown-linux-gnu/lib/rustlib/x86_64-unknown-linux-gnu/lib/libpanic_unwind-e31ab23316ed5080.rlib" "/opt/rustwide/rustup-home/toolchains/1.83.0-x86_64-unknown-linux-gnu/lib/rustlib/x86_64-unknown-linux-gnu/lib/libobject-27dc4aa955912662.rlib" "/opt/rustwide/rustup-home/toolchains/1.83.0-x86_64-unknown-linux-gnu/lib/rustlib/x86_64-unknown-linux-gnu/lib/libmemchr-bd0d6cccce077b99.rlib" "/opt/rustwide/rustup-home/toolchains/1.83.0-x86_64-unknown-linux-gnu/lib/rustlib/x86_64-unknown-linux-gnu/lib/libaddr2line-8d001680935b5e3c.rlib" "/opt/rustwide/rustup-home/toolchains/1.83.0-x86_64-unknown-linux-gnu/lib/rustlib/x86_64-unknown-linux-gnu/lib/libgimli-ba8ce71964f984f4.rlib" "/opt/rustwide/rustup-home/toolchains/1.83.0-x86_64-unknown-linux-gnu/lib/rustlib/x86_64-unknown-linux-gnu/lib/librustc_demangle-99a73526abcec14b.rlib" "/opt/rustwide/rustup-home/toolchains/1.83.0-x86_64-unknown-linux-gnu/lib/rustlib/x86_64-unknown-linux-gnu/lib/libstd_detect-63ac0d22cff92579.rlib" "/opt/rustwide/rustup-home/toolchains/1.83.0-x86_64-unknown-linux-gnu/lib/rustlib/x86_64-unknown-linux-gnu/lib/libhashbrown-9057355c92c922d5.rlib" "/opt/rustwide/rustup-home/toolchains/1.83.0-x86_64-unknown-linux-gnu/lib/rustlib/x86_64-unknown-linux-gnu/lib/librustc_std_workspace_alloc-358be9bc1f6bab04.rlib" "/opt/rustwide/rustup-home/toolchains/1.83.0-x86_64-unknown-linux-gnu/lib/rustlib/x86_64-unknown-linux-gnu/lib/libminiz_oxide-aca15549d5bff974.rlib" "/opt/rustwide/rustup-home/toolchains/1.83.0-x86_64-unknown-linux-gnu/lib/rustlib/x86_64-unknown-linux-gnu/lib/libadler-8251d2cef7072448.rlib" "/opt/rustwide/rustup-home/toolchains/1.83.0-x86_64-unknown-linux-gnu/lib/rustlib/x86_64-unknown-linux-gnu/lib/libunwind-7d50b86011c66411.rlib" "/opt/rustwide/rustup-home/toolchains/1.83.0-x86_64-unknown-linux-gnu/lib/rustlib/x86_64-unknown-linux-gnu/lib/libcfg_if-51ea098fce5006bf.rlib" "/opt/rustwide/rustup-home/toolchains/1.83.0-x86_64-unknown-linux-gnu/lib/rustlib/x86_64-unknown-linux-gnu/lib/liblibc-5a14e0d0b712e731.rlib" "/opt/rustwide/rustup-home/toolchains/1.83.0-x86_64-unknown-linux-gnu/lib/rustlib/x86_64-unknown-linux-gnu/lib/liballoc-8b83dbf3a7b8f999.rlib" "/opt/rustwide/rustup-home/toolchains/1.83.0-x86_64-unknown-linux-gnu/lib/rustlib/x86_64-unknown-linux-gnu/lib/librustc_std_workspace_core-c6fd227bdc7b39ff.rlib" "/opt/rustwide/rustup-home/toolchains/1.83.0-x86_64-unknown-linux-gnu/lib/rustlib/x86_64-unknown-linux-gnu/lib/libcore-959d3389fa3da8a5.rlib" "/opt/rustwide/rustup-home/toolchains/1.83.0-x86_64-unknown-linux-gnu/lib/rustlib/x86_64-unknown-linux-gnu/lib/libcompiler_builtins-abe05db089cc2c62.rlib" "-Wl,-Bdynamic" "-lgcc_s" "-lutil" "-lrt" "-lpthread" "-lm" "-ldl" "-lc" "-Wl,--eh-frame-hdr" "-Wl,-z,noexecstack" "-L" "/opt/rustwide/rustup-home/toolchains/1.83.0-x86_64-unknown-linux-gnu/lib/rustlib/x86_64-unknown-linux-gnu/lib" "-o" "/opt/rustwide/target/debug/deps/libthiserror_impl-c1b442ca15ba7d98.so" "-Wl,--gc-sections" "-shared" "-Wl,-z,relro,-z,now" "-nodefaultlibs"
[INFO] [stdout]   = note: /usr/bin/ld: final link failed: No space left on device
[INFO] [stdout]           collect2: error: ld returned 1 exit status
[INFO] [stdout]           
[INFO] [stdout] 
[INFO] [stdout] 
[INFO] [stderr] error: could not compile `thiserror-impl` (lib) due to 1 previous error
[INFO] [stdout] error: error writing metadata object file: No space left on device (os error 28)
[INFO] [stdout] 
[INFO] [stdout] 
[INFO] [stderr] error: could not compile `clap_derive` (lib) due to 1 previous error
[INFO] running `Command { std: "docker" "inspect" "b5d8bcd4735441dedda8d19a7d0854042701802e26c4c900ba6426fa919a4289", kill_on_drop: false }`
[INFO] running `Command { std: "docker" "rm" "-f" "b5d8bcd4735441dedda8d19a7d0854042701802e26c4c900ba6426fa919a4289", kill_on_drop: false }`
[INFO] [stdout] b5d8bcd4735441dedda8d19a7d0854042701802e26c4c900ba6426fa919a4289
