[INFO] cloning repository https://github.com/intuis/lemmynator
[INFO] running `Command { std: "git" "-c" "credential.helper=" "-c" "credential.helper=/workspace/cargo-home/bin/git-credential-null" "clone" "--bare" "https://github.com/intuis/lemmynator" "/workspace/cache/git-repos/https%3A%2F%2Fgithub.com%2Fintuis%2Flemmynator", kill_on_drop: false }`
[INFO] [stderr] Cloning into bare repository '/workspace/cache/git-repos/https%3A%2F%2Fgithub.com%2Fintuis%2Flemmynator'...
[INFO] running `Command { std: "git" "rev-parse" "HEAD", kill_on_drop: false }`
[INFO] [stdout] 58645910d5424ce798dfca9eb0f222a178b1eeba
[INFO] testing intuis/lemmynator against beta-2024-12-08 for beta-1.84.0-4-retry
[INFO] running `Command { std: "git" "clone" "/workspace/cache/git-repos/https%3A%2F%2Fgithub.com%2Fintuis%2Flemmynator" "/workspace/builds/worker-5-tc2/source", kill_on_drop: false }`
[INFO] [stderr] Cloning into '/workspace/builds/worker-5-tc2/source'...
[INFO] [stderr] done.
[INFO] validating manifest of git repo https://github.com/intuis/lemmynator on toolchain beta-2024-12-08
[INFO] running `Command { std: CARGO_HOME="/workspace/cargo-home" RUSTUP_HOME="/workspace/rustup-home" "/workspace/cargo-home/bin/cargo" "+beta-2024-12-08" "metadata" "--manifest-path" "Cargo.toml" "--no-deps", kill_on_drop: false }`
[INFO] started tweaking git repo https://github.com/intuis/lemmynator
[INFO] finished tweaking git repo https://github.com/intuis/lemmynator
[INFO] tweaked toml for git repo https://github.com/intuis/lemmynator written to /workspace/builds/worker-5-tc2/source/Cargo.toml
[INFO] crate git repo https://github.com/intuis/lemmynator already has a lockfile, it will not be regenerated
[INFO] running `Command { std: CARGO_HOME="/workspace/cargo-home" RUSTUP_HOME="/workspace/rustup-home" "/workspace/cargo-home/bin/cargo" "+beta-2024-12-08" "fetch" "--manifest-path" "Cargo.toml", kill_on_drop: false }`
[INFO] running `Command { std: "docker" "create" "-v" "/var/lib/crater-agent-workspace/builds/worker-5-tc2/target:/opt/rustwide/target:rw,Z" "-v" "/var/lib/crater-agent-workspace/builds/worker-5-tc2/source:/opt/rustwide/workdir:ro,Z" "-v" "/var/lib/crater-agent-workspace/cargo-home:/opt/rustwide/cargo-home:ro,Z" "-v" "/var/lib/crater-agent-workspace/rustup-home:/opt/rustwide/rustup-home:ro,Z" "-e" "SOURCE_DIR=/opt/rustwide/workdir" "-e" "CARGO_TARGET_DIR=/opt/rustwide/target" "-e" "CARGO_HOME=/opt/rustwide/cargo-home" "-e" "RUSTUP_HOME=/opt/rustwide/rustup-home" "-w" "/opt/rustwide/workdir" "-m" "1610612736" "--user" "0:0" "--network" "none" "ghcr.io/rust-lang/crates-build-env/linux@sha256:f3a9d4ad9d972b27faf3965f35b62e55ba32bbce8f20bc8fe909558a86702fde" "/opt/rustwide/cargo-home/bin/cargo" "+beta-2024-12-08" "metadata" "--no-deps" "--format-version=1", kill_on_drop: false }`
[INFO] [stdout] 3dac20c172b901bbd62955957080331de3a6bad560d6c926684911c077069b3d
[INFO] running `Command { std: "docker" "start" "-a" "3dac20c172b901bbd62955957080331de3a6bad560d6c926684911c077069b3d", kill_on_drop: false }`
[INFO] running `Command { std: "docker" "inspect" "3dac20c172b901bbd62955957080331de3a6bad560d6c926684911c077069b3d", kill_on_drop: false }`
[INFO] running `Command { std: "docker" "rm" "-f" "3dac20c172b901bbd62955957080331de3a6bad560d6c926684911c077069b3d", kill_on_drop: false }`
[INFO] [stdout] 3dac20c172b901bbd62955957080331de3a6bad560d6c926684911c077069b3d
[INFO] running `Command { std: "docker" "create" "-v" "/var/lib/crater-agent-workspace/builds/worker-5-tc2/target:/opt/rustwide/target:rw,Z" "-v" "/var/lib/crater-agent-workspace/builds/worker-5-tc2/source:/opt/rustwide/workdir:ro,Z" "-v" "/var/lib/crater-agent-workspace/cargo-home:/opt/rustwide/cargo-home:ro,Z" "-v" "/var/lib/crater-agent-workspace/rustup-home:/opt/rustwide/rustup-home:ro,Z" "-e" "SOURCE_DIR=/opt/rustwide/workdir" "-e" "CARGO_TARGET_DIR=/opt/rustwide/target" "-e" "CARGO_INCREMENTAL=0" "-e" "RUST_BACKTRACE=full" "-e" "RUSTFLAGS=--cap-lints=warn" "-e" "RUSTDOCFLAGS=--cap-lints=warn" "-e" "CARGO_HOME=/opt/rustwide/cargo-home" "-e" "RUSTUP_HOME=/opt/rustwide/rustup-home" "-w" "/opt/rustwide/workdir" "-m" "1610612736" "--user" "0:0" "--network" "none" "ghcr.io/rust-lang/crates-build-env/linux@sha256:f3a9d4ad9d972b27faf3965f35b62e55ba32bbce8f20bc8fe909558a86702fde" "/opt/rustwide/cargo-home/bin/cargo" "+beta-2024-12-08" "build" "--frozen" "--message-format=json", kill_on_drop: false }`
[INFO] [stdout] 60621a57e95a3b96ddc031a7173266c6b320f4b9205af7234dee16781e882671
[INFO] running `Command { std: "docker" "start" "-a" "60621a57e95a3b96ddc031a7173266c6b320f4b9205af7234dee16781e882671", kill_on_drop: false }`
[INFO] [stderr]    Compiling proc-macro2 v1.0.89
[INFO] [stderr]    Compiling unicode-ident v1.0.13
[INFO] [stderr]    Compiling libc v0.2.164
[INFO] [stderr]    Compiling cfg-if v1.0.0
[INFO] [stderr]    Compiling autocfg v1.4.0
[INFO] [stderr]    Compiling serde v1.0.215
[INFO] [stderr]    Compiling memchr v2.7.4
[INFO] [stderr]    Compiling smallvec v1.13.2
[INFO] [stderr]    Compiling futures-core v0.3.31
[INFO] [stderr]    Compiling fnv v1.0.7
[INFO] [stderr]    Compiling crossbeam-utils v0.8.20
[INFO] [stderr]    Compiling pin-project-lite v0.2.15
[INFO] [stderr]    Compiling log v0.4.22
[INFO] [stderr]    Compiling once_cell v1.20.2
[INFO] [stderr]    Compiling equivalent v1.0.1
[INFO] [stderr]    Compiling stable_deref_trait v1.2.0
[INFO] [stderr]    Compiling simd-adler32 v0.3.7
[INFO] [stderr]    Compiling itoa v1.0.11
[INFO] [stderr]    Compiling futures-sink v0.3.31
[INFO] [stderr]    Compiling rustversion v1.0.18
[INFO] [stderr]    Compiling adler2 v2.0.0
[INFO] [stderr]    Compiling ident_case v1.0.1
[INFO] [stderr]    Compiling strsim v0.11.1
[INFO] [stderr]    Compiling futures-channel v0.3.31
[INFO] [stderr]    Compiling allocator-api2 v0.2.20
[INFO] [stderr]    Compiling miniz_oxide v0.8.0
[INFO] [stderr]    Compiling futures-task v0.3.31
[INFO] [stderr]    Compiling litemap v0.7.3
[INFO] [stderr]    Compiling writeable v0.5.5
[INFO] [stderr]    Compiling futures-io v0.3.31
[INFO] [stderr]    Compiling pin-utils v0.1.0
[INFO] [stderr]    Compiling parking_lot_core v0.9.10
[INFO] [stderr]    Compiling foldhash v0.1.3
[INFO] [stderr]    Compiling scopeguard v1.2.0
[INFO] [stderr]    Compiling heck v0.5.0
[INFO] [stderr]    Compiling icu_locid_transform_data v1.5.0
[INFO] [stderr]    Compiling slab v0.4.9
[INFO] [stderr]    Compiling num-traits v0.2.19
[INFO] [stderr]    Compiling lock_api v0.4.12
[INFO] [stderr]    Compiling either v1.13.0
[INFO] [stderr]    Compiling gimli v0.31.1
[INFO] [stderr]    Compiling regex-syntax v0.8.5
[INFO] [stderr]    Compiling crossbeam-epoch v0.9.18
[INFO] [stderr]    Compiling quote v1.0.37
[INFO] [stderr]    Compiling hashbrown v0.15.1
[INFO] [stderr]    Compiling object v0.36.5
[INFO] [stderr]    Compiling anyhow v1.0.93
[INFO] [stderr]    Compiling syn v2.0.87
[INFO] [stderr]    Compiling rustc-demangle v0.1.24
[INFO] [stderr]    Compiling ryu v1.0.18
[INFO] [stderr]    Compiling icu_properties_data v1.5.0
[INFO] [stderr]    Compiling icu_normalizer_data v1.5.0
[INFO] [stderr]    Compiling utf8_iter v1.0.4
[INFO] [stderr]    Compiling utf16_iter v1.0.5
[INFO] [stderr]    Compiling write16 v1.0.0
[INFO] [stderr]    Compiling thiserror v1.0.69
[INFO] [stderr]    Compiling tracing-core v0.1.32
[INFO] [stderr]    Compiling paste v1.0.15
[INFO] [stderr]    Compiling shlex v1.3.0
[INFO] [stderr]    Compiling percent-encoding v2.3.1
[INFO] [stderr]    Compiling bytes v1.8.0
[INFO] [stderr]    Compiling pkg-config v0.3.31
[INFO] [stderr]    Compiling form_urlencoded v1.2.1
[INFO] [stderr]    Compiling signal-hook v0.3.17
[INFO] [stderr]    Compiling mio v1.0.2
[INFO] [stderr]    Compiling getrandom v0.2.15
[INFO] [stderr]    Compiling cc v1.2.1
[INFO] [stderr]    Compiling vcpkg v0.2.15
[INFO] [stderr]    Compiling signal-hook-registry v1.4.2
[INFO] [stderr]    Compiling concurrent-queue v2.5.0
[INFO] [stderr]    Compiling parking_lot v0.12.3
[INFO] [stderr]    Compiling parking v2.2.1
[INFO] [stderr]    Compiling rayon-core v1.12.1
[INFO] [stderr]    Compiling rustix v0.38.40
[INFO] [stderr]    Compiling aho-corasick v1.1.3
[INFO] [stderr]    Compiling event-listener v5.3.1
[INFO] [stderr]    Compiling socket2 v0.5.7
[INFO] [stderr]    Compiling crossbeam-deque v0.8.5
[INFO] [stderr]    Compiling indexmap v2.6.0
[INFO] [stderr]    Compiling diff v0.1.13
[INFO] [stderr]    Compiling winnow v0.6.20
[INFO] [stderr]    Compiling semver v1.0.23
[INFO] [stderr]    Compiling linux-raw-sys v0.4.14
[INFO] [stderr]    Compiling yansi v1.0.1
[INFO] [stderr]    Compiling event-listener-strategy v0.5.2
[INFO] [stderr]    Compiling signal-hook-mio v0.2.4
[INFO] [stderr]    Compiling http v1.1.0
[INFO] [stderr]    Compiling num-integer v0.1.46
[INFO] [stderr]    Compiling castaway v0.2.3
[INFO] [stderr]    Compiling itertools v0.13.0
[INFO] [stderr]    Compiling static_assertions v1.1.0
[INFO] [stderr]    Compiling indoc v2.0.5
[INFO] [stderr]    Compiling unicode-segmentation v1.12.0
[INFO] [stderr]    Compiling pretty_assertions v1.4.1
[INFO] [stderr]    Compiling unicode-width v0.1.14
[INFO] [stderr]    Compiling moka v0.12.8
[INFO] [stderr]    Compiling num-bigint v0.4.6
[INFO] [stderr]    Compiling async-lock v3.4.0
[INFO] [stderr]    Compiling lru v0.12.5
[INFO] [stderr]    Compiling crossbeam-channel v0.5.13
[INFO] [stderr]    Compiling unicode-width v0.2.0
[INFO] [stderr]    Compiling built v0.7.5
[INFO] [stderr]    Compiling addr2line v0.24.2
[INFO] [stderr]    Compiling regex-automata v0.4.9
[INFO] [stderr]    Compiling foreign-types-shared v0.1.1
[INFO] [stderr]    Compiling lazy_static v1.5.0
[INFO] [stderr]    Compiling aligned-vec v0.5.0
[INFO] [stderr]    Compiling tagptr v0.2.0
[INFO] [stderr]    Compiling openssl v0.10.68
[INFO] [stderr]    Compiling cassowary v0.3.0
[INFO] [stderr]    Compiling arrayvec v0.7.6
[INFO] [stderr]    Compiling httparse v1.9.5
[INFO] [stderr]    Compiling openssl-sys v0.9.104
[INFO] [stderr]    Compiling triomphe v0.1.11
[INFO] [stderr]    Compiling minimal-lexical v0.2.1
[INFO] [stderr]    Compiling serde_json v1.0.133
[INFO] [stderr]    Compiling http-body v1.0.1
[INFO] [stderr]    Compiling unicode-truncate v1.1.0
[INFO] [stderr]    Compiling nom v7.1.3
[INFO] [stderr]    Compiling rav1e v0.7.1
[INFO] [stderr]    Compiling v_frame v0.3.8
[INFO] [stderr]    Compiling foreign-types v0.3.2
[INFO] [stderr]    Compiling rustc_version v0.4.1
[INFO] [stderr]    Compiling rayon v1.10.0
[INFO] [stderr]    Compiling crc32fast v1.4.2
[INFO] [stderr]    Compiling num-rational v0.4.2
[INFO] [stderr]    Compiling toml_datetime v0.6.8
[INFO] [stderr]    Compiling atomic-waker v1.1.2
[INFO] [stderr]    Compiling convert_case v0.4.0
[INFO] [stderr]    Compiling byteorder v1.5.0
[INFO] [stderr]    Compiling native-tls v0.2.12
[INFO] [stderr]    Compiling tinyjson v2.5.1
[INFO] [stderr]    Compiling try-lock v0.2.5
[INFO] [stderr]    Compiling want v0.3.1
[INFO] [stderr]    Compiling rstest_macros v0.23.0
[INFO] [stderr]    Compiling flate2 v1.0.35
[INFO] [stderr]    Compiling toml_edit v0.22.22
[INFO] [stderr]    Compiling simd_helpers v0.1.0
[INFO] [stderr]    Compiling itertools v0.12.1
[INFO] [stderr]    Compiling openssl-probe v0.1.5
[INFO] [stderr]    Compiling imgref v1.11.0
[INFO] [stderr]    Compiling backtrace v0.3.74
[INFO] [stderr]    Compiling noop_proc_macro v0.3.0
[INFO] [stderr]    Compiling bitstream-io v2.6.0
[INFO] [stderr]    Compiling synstructure v0.13.1
[INFO] [stderr]    Compiling darling_core v0.20.10
[INFO] [stderr]    Compiling quick-error v2.0.1
[INFO] [stderr]    Compiling weezl v0.1.8
[INFO] [stderr]    Compiling new_debug_unreachable v1.0.6
[INFO] [stderr]    Compiling loop9 v0.1.5
[INFO] [stderr]    Compiling regex v1.11.1
[INFO] [stderr]    Compiling avif-serialize v0.8.2
[INFO] [stderr]    Compiling rand_core v0.6.4
[INFO] [stderr]    Compiling linkify v0.10.0
[INFO] [stderr]    Compiling fdeflate v0.3.6
[INFO] [stderr]    Compiling zune-inflate v0.2.54
[INFO] [stderr]    Compiling av1-grain v0.2.3
[INFO] [stderr]    Compiling proc-macro-crate v3.2.0
[INFO] [stderr]    Compiling rosetta-build v0.1.3
[INFO] [stderr]    Compiling half v2.4.1
[INFO] [stderr]    Compiling tower-service v0.3.3
[INFO] [stderr]    Compiling bit_field v0.10.2
[INFO] [stderr]    Compiling relative-path v1.9.3
[INFO] [stderr]    Compiling glob v0.3.1
[INFO] [stderr]    Compiling color_quant v1.1.0
[INFO] [stderr]    Compiling rgb v0.8.50
[INFO] [stderr]    Compiling bitflags v1.3.2
[INFO] [stderr]    Compiling zune-core v0.4.12
[INFO] [stderr]    Compiling jpeg-decoder v0.3.1
[INFO] [stderr]    Compiling lebe v0.5.2
[INFO] [stderr]    Compiling bytemuck v1.19.0
[INFO] [stderr]    Compiling predicates-core v1.0.8
[INFO] [stderr]    Compiling byteorder-lite v0.1.0
[INFO] [stderr]    Compiling exr v1.73.0
[INFO] [stderr]    Compiling zune-jpeg v0.4.13
[INFO] [stderr]    Compiling maybe-rayon v0.1.1
[INFO] [stderr]    Compiling png v0.17.14
[INFO] [stderr]    Compiling gif v0.13.1
[INFO] [stderr]    Compiling termtree v0.4.1
[INFO] [stderr]    Compiling rustls-pki-types v1.10.0
[INFO] [stderr]    Compiling futures-timer v3.0.3
[INFO] [stderr]    Compiling qoi v0.4.1
[INFO] [stderr]    Compiling image-webp v0.2.0
[INFO] [stderr]    Compiling anstyle v1.0.10
[INFO] [stderr]    Compiling rustls-pemfile v2.2.0
[INFO] [stderr]    Compiling tiff v0.9.1
[INFO] [stderr]    Compiling predicates v3.1.2
[INFO] [stderr]    Compiling predicates-tree v1.0.11
[INFO] [stderr]    Compiling sync_wrapper v1.0.1
[INFO] [stderr]    Compiling encoding_rs v0.8.35
[INFO] [stderr]    Compiling serde_derive v1.0.215
[INFO] [stderr]    Compiling zerofrom-derive v0.1.4
[INFO] [stderr]    Compiling yoke-derive v0.7.4
[INFO] [stderr]    Compiling zerovec-derive v0.10.3
[INFO] [stderr]    Compiling displaydoc v0.2.5
[INFO] [stderr]    Compiling futures-macro v0.3.31
[INFO] [stderr]    Compiling icu_provider_macros v1.5.0
[INFO] [stderr]    Compiling strum_macros v0.26.4
[INFO] [stderr]    Compiling thiserror-impl v1.0.69
[INFO] [stderr]    Compiling darling_macro v0.20.10
[INFO] [stderr]    Compiling tracing-attributes v0.1.27
[INFO] [stderr]    Compiling tokio-macros v2.4.0
[INFO] [stderr]    Compiling typed-builder-macro v0.19.1
[INFO] [stderr]    Compiling async-trait v0.1.83
[INFO] [stderr]    Compiling openssl-macros v0.1.1
[INFO] [stderr]    Compiling darling v0.20.10
[INFO] [stderr]    Compiling serde_with_macros v3.11.0
[INFO] [stderr]    Compiling instability v0.3.3
[INFO] [stderr]    Compiling futures-util v0.3.31
[INFO] [stderr]    Compiling zerofrom v0.1.4
[INFO] [stderr]    Compiling yoke v0.7.4
[INFO] [stderr]    Compiling profiling-procmacros v1.0.16
[INFO] [stderr]    Compiling zerovec v0.10.4
[INFO] [stderr]    Compiling zerocopy-derive v0.7.35
[INFO] [stderr]    Compiling tokio v1.41.1
[INFO] [stderr]    Compiling derive-new v0.7.0
[INFO] [stderr]    Compiling profiling v1.0.16
[INFO] [stderr]    Compiling arg_enum_proc_macro v0.3.4
[INFO] [stderr]    Compiling num-derive v0.4.2
[INFO] [stderr]    Compiling lemmy_utils v0.19.7
[INFO] [stderr]    Compiling tracing v0.1.40
[INFO] [stderr]    Compiling enum-map-derive v0.17.0
[INFO] [stderr]    Compiling mockall_derive v0.12.1
[INFO] [stderr]    Compiling typed-builder v0.19.1
[INFO] [stderr]    Compiling base64 v0.22.1
[INFO] [stderr]    Compiling tinystr v0.7.6
[INFO] [stderr]    Compiling icu_collections v1.5.0
[INFO] [stderr]    Compiling strum v0.26.3
[INFO] [stderr]    Compiling zerocopy v0.7.35
[INFO] [stderr]    Compiling urlencoding v2.1.3
[INFO] [stderr]    Compiling icu_locid v1.5.0
[INFO] [stderr]    Compiling fragile v2.0.0
[INFO] [stderr]    Compiling ipnet v2.10.1
[INFO] [stderr]    Compiling downcast v0.11.0
[INFO] [stderr]    Compiling mime v0.3.17
[INFO] [stderr]    Compiling enum-map v2.7.3
[INFO] [stderr]    Compiling xdg v2.5.2
[INFO] [stderr]    Compiling icy_sixel v0.1.2
[INFO] [stderr]    Compiling base64 v0.21.7
[INFO] [stderr]    Compiling ppv-lite86 v0.2.20
[INFO] [stderr]    Compiling icu_provider v1.5.0
[INFO] [stderr]    Compiling icu_locid_transform v1.5.0
[INFO] [stderr]    Compiling rand_chacha v0.3.1
[INFO] [stderr]    Compiling futures-executor v0.3.31
[INFO] [stderr]    Compiling http-body-util v0.1.2
[INFO] [stderr]    Compiling rand v0.8.5
[INFO] [stderr]    Compiling futures v0.3.31
[INFO] [stderr]    Compiling icu_properties v1.5.1
[INFO] [stderr]    Compiling mockall v0.12.1
[INFO] [stderr]    Compiling rstest v0.23.0
[INFO] [stderr]    Compiling tokio-util v0.7.12
[INFO] [stderr]    Compiling h2 v0.4.6
[INFO] [stderr]    Compiling icu_normalizer v1.5.0
[INFO] [stderr]    Compiling bitflags v2.6.0
[INFO] [stderr]    Compiling uuid v1.11.0
[INFO] [stderr]    Compiling compact_str v0.8.0
[INFO] [stderr]    Compiling chrono v0.4.38
[INFO] [stderr]    Compiling serde_with v3.11.0
[INFO] [stderr]    Compiling serde_spanned v0.6.8
[INFO] [stderr]    Compiling serde_urlencoded v0.7.1
[INFO] [stderr]    Compiling raw-cpuid v11.2.0
[INFO] [stderr]    Compiling idna_adapter v1.2.0
[INFO] [stderr]    Compiling idna v1.0.3
[INFO] [stderr]    Compiling url v2.5.3
[INFO] [stderr]    Compiling clearurls v0.0.4
[INFO] [stderr]    Compiling ravif v0.11.11
[INFO] [stderr]    Compiling toml v0.8.19
[INFO] [stderr]    Compiling quanta v0.12.3
[INFO] [stderr]    Compiling crossterm v0.28.1
[INFO] [stderr]    Compiling image v0.25.5
[INFO] [stderr]    Compiling ratatui v0.29.0
[INFO] [stderr]    Compiling hyper v1.5.0
[INFO] [stderr]    Compiling lemmy_db_schema v0.19.7
[INFO] [stderr]    Compiling tokio-native-tls v0.3.1
[INFO] [stderr]    Compiling hyper-util v0.1.10
[INFO] [stderr]    Compiling tui-scrollview v0.5.0
[INFO] [stderr]    Compiling tui-input v0.11.0
[INFO] [stderr]    Compiling intui-tabs v0.3.0
[INFO] [stderr]    Compiling ln-config v0.1.0 (/opt/rustwide/workdir/ln-config)
[INFO] [stderr]    Compiling hyper-tls v0.6.0
[INFO] [stderr]    Compiling reqwest v0.12.9
[INFO] [stderr]    Compiling ratatui-image v3.0.0
[INFO] [stderr]    Compiling lemmy_db_views v0.19.7
[INFO] [stderr]    Compiling lemmy_db_views_actor v0.19.7
[INFO] [stderr]    Compiling lemmy_db_views_moderator v0.19.7
[INFO] [stderr]    Compiling lemmy_api_common v0.19.7
[INFO] [stderr]    Compiling ln-main v0.1.0 (/opt/rustwide/workdir/ln-main)
[INFO] [stdout] warning: unused import: `collections::HashMap`
[INFO] [stdout]  --> ln-main/src/ui/components/tabs.rs:1:11
[INFO] [stdout]   |
[INFO] [stdout] 1 | use std::{collections::HashMap, fmt::Display, sync::Arc};
[INFO] [stdout]   |           ^^^^^^^^^^^^^^^^^^^^
[INFO] [stdout]   |
[INFO] [stdout]   = note: `#[warn(unused_imports)]` on by default
[INFO] [stdout] 
[INFO] [stdout] 
[INFO] [stdout] warning: unused import: `std::borrow::Borrow`
[INFO] [stdout]  --> ln-main/src/ui/listing/lemmynator_post.rs:1:5
[INFO] [stdout]   |
[INFO] [stdout] 1 | use std::borrow::Borrow;
[INFO] [stdout]   |     ^^^^^^^^^^^^^^^^^^^
[INFO] [stdout] 
[INFO] [stdout] 
[INFO] [stdout] warning: unused import: `Borders`
[INFO] [stdout]   --> ln-main/src/ui/listing/lemmynator_post.rs:11:43
[INFO] [stdout]    |
[INFO] [stdout] 11 | use ratatui::widgets::{Block, BorderType, Borders, Paragraph, Wrap};
[INFO] [stdout]    |                                           ^^^^^^^
[INFO] [stdout] 
[INFO] [stdout] 
[INFO] [stdout] warning: unused import: `tui_scrollview::ScrollView`
[INFO] [stdout]   --> ln-main/src/ui/listing/lemmynator_post.rs:15:5
[INFO] [stdout]    |
[INFO] [stdout] 15 | use tui_scrollview::ScrollView;
[INFO] [stdout]    |     ^^^^^^^^^^^^^^^^^^^^^^^^^^
[INFO] [stdout] 
[INFO] [stdout] 
[INFO] [stdout] warning: unused imports: `Constraint` and `Layout`
[INFO] [stdout]  --> ln-main/src/ui/listing_view.rs:4:23
[INFO] [stdout]   |
[INFO] [stdout] 4 | use ratatui::layout::{Constraint, Layout};
[INFO] [stdout]   |                       ^^^^^^^^^^  ^^^^^^
[INFO] [stdout] 
[INFO] [stdout] 
[INFO] [stdout] warning: unused import: `lemmy_db_schema::SortType`
[INFO] [stdout]   --> ln-main/src/ui/main_ui.rs:16:5
[INFO] [stdout]    |
[INFO] [stdout] 16 |     lemmy_db_schema::SortType,
[INFO] [stdout]    |     ^^^^^^^^^^^^^^^^^^^^^^^^^
[INFO] [stdout] 
[INFO] [stdout] 
[INFO] [stdout] warning: unused import: `core::panic`
[INFO] [stdout]  --> ln-main/src/ui/post_view.rs:1:5
[INFO] [stdout]   |
[INFO] [stdout] 1 | use core::panic;
[INFO] [stdout]   |     ^^^^^^^^^^^
[INFO] [stdout] 
[INFO] [stdout] 
[INFO] [stdout] warning: use of deprecated method `ratatui::widgets::block::Title::<'a>::alignment`: use Block::title_top() or Block::title_bottom() instead. This will be removed in a future release.
[INFO] [stdout]    --> ln-main/src/ui/listing/lemmynator_post.rs:314:47
[INFO] [stdout]     |
[INFO] [stdout] 314 |             .title(Title::from(self.header()).alignment(Alignment::Left))
[INFO] [stdout]     |                                               ^^^^^^^^^
[INFO] [stdout]     |
[INFO] [stdout]     = note: `#[warn(deprecated)]` on by default
[INFO] [stdout] 
[INFO] [stdout] 
[INFO] [stdout] warning: use of deprecated method `ratatui::widgets::block::Title::<'a>::alignment`: use Block::title_top() or Block::title_bottom() instead. This will be removed in a future release.
[INFO] [stdout]    --> ln-main/src/ui/listing/lemmynator_post.rs:317:22
[INFO] [stdout]     |
[INFO] [stdout] 317 |                     .alignment(Alignment::Right)
[INFO] [stdout]     |                      ^^^^^^^^^
[INFO] [stdout] 
[INFO] [stdout] 
[INFO] [stdout] warning: use of deprecated method `ratatui::widgets::block::Title::<'a>::position`: use Block::title_top() or Block::title_bottom() instead. This will be removed in a future release.
[INFO] [stdout]    --> ln-main/src/ui/listing/lemmynator_post.rs:318:22
[INFO] [stdout]     |
[INFO] [stdout] 318 |                     .position(Position::Bottom),
[INFO] [stdout]     |                      ^^^^^^^^
[INFO] [stdout] 
[INFO] [stdout] 
[INFO] [stdout] warning: use of deprecated method `ratatui::widgets::block::Title::<'a>::alignment`: use Block::title_top() or Block::title_bottom() instead. This will be removed in a future release.
[INFO] [stdout]    --> ln-main/src/ui/post_view.rs:185:30
[INFO] [stdout]     |
[INFO] [stdout] 185 | ...                   .alignment(Alignment::Left),
[INFO] [stdout]     |                        ^^^^^^^^^
[INFO] [stdout] 
[INFO] [stdout] 
[INFO] [stdout] warning: unused variable: `action`
[INFO] [stdout]   --> ln-main/src/ui/listing_view.rs:63:34
[INFO] [stdout]    |
[INFO] [stdout] 63 |     fn handle_actions(&mut self, action: Action) {}
[INFO] [stdout]    |                                  ^^^^^^ help: if this is intentional, prefix it with an underscore: `_action`
[INFO] [stdout]    |
[INFO] [stdout]    = note: `#[warn(unused_variables)]` on by default
[INFO] [stdout] 
[INFO] [stdout] 
[INFO] [stdout] warning: unused variable: `f`
[INFO] [stdout]   --> ln-main/src/ui/listing_view.rs:77:26
[INFO] [stdout]    |
[INFO] [stdout] 77 |     fn render(&mut self, f: &mut ratatui::Frame, rect: ratatui::prelude::Rect) {}
[INFO] [stdout]    |                          ^ help: if this is intentional, prefix it with an underscore: `_f`
[INFO] [stdout] 
[INFO] [stdout] 
[INFO] [stdout] warning: unused variable: `rect`
[INFO] [stdout]   --> ln-main/src/ui/listing_view.rs:77:50
[INFO] [stdout]    |
[INFO] [stdout] 77 |     fn render(&mut self, f: &mut ratatui::Frame, rect: ratatui::prelude::Rect) {}
[INFO] [stdout]    |                                                  ^^^^ help: if this is intentional, prefix it with an underscore: `_rect`
[INFO] [stdout] 
[INFO] [stdout] 
[INFO] [stdout] warning: value assigned to `body_rect` is never read
[INFO] [stdout]    --> ln-main/src/ui/post_view.rs:117:17
[INFO] [stdout]     |
[INFO] [stdout] 117 |         let mut body_rect: Option<Rect> = None;
[INFO] [stdout]     |                 ^^^^^^^^^
[INFO] [stdout]     |
[INFO] [stdout]     = help: maybe it is overwritten before being read?
[INFO] [stdout]     = note: `#[warn(unused_assignments)]` on by default
[INFO] [stdout] 
[INFO] [stdout] 
[INFO] [stdout] warning: value assigned to `comments_rect` is never read
[INFO] [stdout]    --> ln-main/src/ui/post_view.rs:118:17
[INFO] [stdout]     |
[INFO] [stdout] 118 |         let mut comments_rect: Option<Rect> = None;
[INFO] [stdout]     |                 ^^^^^^^^^^^^^
[INFO] [stdout]     |
[INFO] [stdout]     = help: maybe it is overwritten before being read?
[INFO] [stdout] 
[INFO] [stdout] 
[INFO] [stdout] warning: unused variable: `idx`
[INFO] [stdout]    --> ln-main/src/ui/post_view.rs:205:26
[INFO] [stdout]     |
[INFO] [stdout] 205 |                     for (idx, comment) in comments.iter().enumerate() {
[INFO] [stdout]     |                          ^^^ help: if this is intentional, prefix it with an underscore: `_idx`
[INFO] [stdout] 
[INFO] [stdout] 
[INFO] [stdout] warning: type `LemmynatorCounts` is more private than the item `LemmynatorPost::counts`
[INFO] [stdout]   --> ln-main/src/ui/listing/lemmynator_post.rs:32:5
[INFO] [stdout]    |
[INFO] [stdout] 32 |     pub counts: LemmynatorCounts,
[INFO] [stdout]    |     ^^^^^^^^^^^^^^^^^^^^^^^^^^^^ field `LemmynatorPost::counts` is reachable at visibility `pub(crate)`
[INFO] [stdout]    |
[INFO] [stdout] note: but type `LemmynatorCounts` is only usable at visibility `pub(self)`
[INFO] [stdout]   --> ln-main/src/ui/listing/lemmynator_post.rs:41:1
[INFO] [stdout]    |
[INFO] [stdout] 41 | struct LemmynatorCounts {
[INFO] [stdout]    | ^^^^^^^^^^^^^^^^^^^^^^^
[INFO] [stdout]    = note: `#[warn(private_interfaces)]` on by default
[INFO] [stdout] 
[INFO] [stdout] 
[INFO] [stdout] warning: field `0` is never read
[INFO] [stdout]   --> ln-main/src/action.rs:35:18
[INFO] [stdout]    |
[INFO] [stdout] 35 |     ChangeSubTab(char),
[INFO] [stdout]    |     ------------ ^^^^
[INFO] [stdout]    |     |
[INFO] [stdout]    |     field in this variant
[INFO] [stdout]    |
[INFO] [stdout]    = note: `Action` has derived impls for the traits `Clone` and `Debug`, but these are intentionally ignored during dead code analysis
[INFO] [stdout]    = note: `#[warn(dead_code)]` on by default
[INFO] [stdout] help: consider changing the field to be of unit type to suppress this warning while preserving the field numbering, or remove the field
[INFO] [stdout]    |
[INFO] [stdout] 35 |     ChangeSubTab(()),
[INFO] [stdout]    |                  ~~
[INFO] [stdout] 
[INFO] [stdout] 
[INFO] [stdout] warning: field `0` is never read
[INFO] [stdout]   --> ln-main/src/action.rs:36:11
[INFO] [stdout]    |
[INFO] [stdout] 36 |     Input(KeyEvent),
[INFO] [stdout]    |     ----- ^^^^^^^^
[INFO] [stdout]    |     |
[INFO] [stdout]    |     field in this variant
[INFO] [stdout]    |
[INFO] [stdout]    = note: `Action` has derived impls for the traits `Clone` and `Debug`, but these are intentionally ignored during dead code analysis
[INFO] [stdout] help: consider changing the field to be of unit type to suppress this warning while preserving the field numbering, or remove the field
[INFO] [stdout]    |
[INFO] [stdout] 36 |     Input(()),
[INFO] [stdout]    |           ~~
[INFO] [stdout] 
[INFO] [stdout] 
[INFO] [stdout] warning: variants `SwitchToInputMode` and `SwitchToNormalMode` are never constructed
[INFO] [stdout]   --> ln-main/src/action.rs:30:5
[INFO] [stdout]    |
[INFO] [stdout] 20 | pub enum Action {
[INFO] [stdout]    |          ------ variants in this enum
[INFO] [stdout] ...
[INFO] [stdout] 30 |     SwitchToInputMode,
[INFO] [stdout]    |     ^^^^^^^^^^^^^^^^^
[INFO] [stdout] 31 |     SwitchToNormalMode,
[INFO] [stdout]    |     ^^^^^^^^^^^^^^^^^^
[INFO] [stdout]    |
[INFO] [stdout]    = note: `Action` has derived impls for the traits `Clone` and `Debug`, but these are intentionally ignored during dead code analysis
[INFO] [stdout] 
[INFO] [stdout] 
[INFO] [stdout] warning: field `tabs_sort` is never read
[INFO] [stdout]   --> ln-main/src/ui/components/tabs.rs:55:5
[INFO] [stdout]    |
[INFO] [stdout] 54 | pub struct TabComponent {
[INFO] [stdout]    |            ------------ field in this struct
[INFO] [stdout] 55 |     tabs_sort: [&'static str; 5],
[INFO] [stdout]    |     ^^^^^^^^^
[INFO] [stdout] 
[INFO] [stdout] 
[INFO] [stdout] warning: function `sort_type_index` is never used
[INFO] [stdout]    --> ln-main/src/ui/components/tabs.rs:100:4
[INFO] [stdout]     |
[INFO] [stdout] 100 | fn sort_type_index(sort_type: SortType) -> usize {
[INFO] [stdout]     |    ^^^^^^^^^^^^^^^
[INFO] [stdout] 
[INFO] [stdout] 
[INFO] [stderr]     Finished `dev` profile [unoptimized + debuginfo] target(s) in 2m 24s
[INFO] running `Command { std: "docker" "inspect" "60621a57e95a3b96ddc031a7173266c6b320f4b9205af7234dee16781e882671", kill_on_drop: false }`
[INFO] running `Command { std: "docker" "rm" "-f" "60621a57e95a3b96ddc031a7173266c6b320f4b9205af7234dee16781e882671", kill_on_drop: false }`
[INFO] [stdout] 60621a57e95a3b96ddc031a7173266c6b320f4b9205af7234dee16781e882671
[INFO] running `Command { std: "docker" "create" "-v" "/var/lib/crater-agent-workspace/builds/worker-5-tc2/target:/opt/rustwide/target:rw,Z" "-v" "/var/lib/crater-agent-workspace/builds/worker-5-tc2/source:/opt/rustwide/workdir:ro,Z" "-v" "/var/lib/crater-agent-workspace/cargo-home:/opt/rustwide/cargo-home:ro,Z" "-v" "/var/lib/crater-agent-workspace/rustup-home:/opt/rustwide/rustup-home:ro,Z" "-e" "SOURCE_DIR=/opt/rustwide/workdir" "-e" "CARGO_TARGET_DIR=/opt/rustwide/target" "-e" "CARGO_INCREMENTAL=0" "-e" "RUST_BACKTRACE=full" "-e" "RUSTFLAGS=--cap-lints=warn" "-e" "RUSTDOCFLAGS=--cap-lints=warn" "-e" "CARGO_HOME=/opt/rustwide/cargo-home" "-e" "RUSTUP_HOME=/opt/rustwide/rustup-home" "-w" "/opt/rustwide/workdir" "-m" "1610612736" "--user" "0:0" "--network" "none" "ghcr.io/rust-lang/crates-build-env/linux@sha256:f3a9d4ad9d972b27faf3965f35b62e55ba32bbce8f20bc8fe909558a86702fde" "/opt/rustwide/cargo-home/bin/cargo" "+beta-2024-12-08" "test" "--frozen" "--no-run" "--message-format=json", kill_on_drop: false }`
[INFO] [stdout] fbc7574595442184beba3a8b3dd93f0fe6d338a60e9cef86a1512cc29def7565
[INFO] running `Command { std: "docker" "start" "-a" "fbc7574595442184beba3a8b3dd93f0fe6d338a60e9cef86a1512cc29def7565", kill_on_drop: false }`
[INFO] [stderr]    Compiling ln-config v0.1.0 (/opt/rustwide/workdir/ln-config)
[INFO] [stderr]    Compiling ln-main v0.1.0 (/opt/rustwide/workdir/ln-main)
[INFO] [stdout] warning: unused import: `collections::HashMap`
[INFO] [stdout]  --> ln-main/src/ui/components/tabs.rs:1:11
[INFO] [stdout]   |
[INFO] [stdout] 1 | use std::{collections::HashMap, fmt::Display, sync::Arc};
[INFO] [stdout]   |           ^^^^^^^^^^^^^^^^^^^^
[INFO] [stdout]   |
[INFO] [stdout]   = note: `#[warn(unused_imports)]` on by default
[INFO] [stdout] 
[INFO] [stdout] 
[INFO] [stdout] warning: unused import: `std::borrow::Borrow`
[INFO] [stdout]  --> ln-main/src/ui/listing/lemmynator_post.rs:1:5
[INFO] [stdout]   |
[INFO] [stdout] 1 | use std::borrow::Borrow;
[INFO] [stdout]   |     ^^^^^^^^^^^^^^^^^^^
[INFO] [stdout] 
[INFO] [stdout] 
[INFO] [stdout] warning: unused import: `Borders`
[INFO] [stdout]   --> ln-main/src/ui/listing/lemmynator_post.rs:11:43
[INFO] [stdout]    |
[INFO] [stdout] 11 | use ratatui::widgets::{Block, BorderType, Borders, Paragraph, Wrap};
[INFO] [stdout]    |                                           ^^^^^^^
[INFO] [stdout] 
[INFO] [stdout] 
[INFO] [stdout] warning: unused import: `tui_scrollview::ScrollView`
[INFO] [stdout]   --> ln-main/src/ui/listing/lemmynator_post.rs:15:5
[INFO] [stdout]    |
[INFO] [stdout] 15 | use tui_scrollview::ScrollView;
[INFO] [stdout]    |     ^^^^^^^^^^^^^^^^^^^^^^^^^^
[INFO] [stdout] 
[INFO] [stdout] 
[INFO] [stdout] warning: unused imports: `Constraint` and `Layout`
[INFO] [stdout]  --> ln-main/src/ui/listing_view.rs:4:23
[INFO] [stdout]   |
[INFO] [stdout] 4 | use ratatui::layout::{Constraint, Layout};
[INFO] [stdout]   |                       ^^^^^^^^^^  ^^^^^^
[INFO] [stdout] 
[INFO] [stdout] 
[INFO] [stdout] warning: unused import: `lemmy_db_schema::SortType`
[INFO] [stdout]   --> ln-main/src/ui/main_ui.rs:16:5
[INFO] [stdout]    |
[INFO] [stdout] 16 |     lemmy_db_schema::SortType,
[INFO] [stdout]    |     ^^^^^^^^^^^^^^^^^^^^^^^^^
[INFO] [stdout] 
[INFO] [stdout] 
[INFO] [stdout] warning: unused import: `core::panic`
[INFO] [stdout]  --> ln-main/src/ui/post_view.rs:1:5
[INFO] [stdout]   |
[INFO] [stdout] 1 | use core::panic;
[INFO] [stdout]   |     ^^^^^^^^^^^
[INFO] [stdout] 
[INFO] [stdout] 
[INFO] [stdout] warning: use of deprecated method `ratatui::widgets::block::Title::<'a>::alignment`: use Block::title_top() or Block::title_bottom() instead. This will be removed in a future release.
[INFO] [stdout]    --> ln-main/src/ui/listing/lemmynator_post.rs:314:47
[INFO] [stdout]     |
[INFO] [stdout] 314 |             .title(Title::from(self.header()).alignment(Alignment::Left))
[INFO] [stdout]     |                                               ^^^^^^^^^
[INFO] [stdout]     |
[INFO] [stdout]     = note: `#[warn(deprecated)]` on by default
[INFO] [stdout] 
[INFO] [stdout] 
[INFO] [stdout] warning: use of deprecated method `ratatui::widgets::block::Title::<'a>::alignment`: use Block::title_top() or Block::title_bottom() instead. This will be removed in a future release.
[INFO] [stdout]    --> ln-main/src/ui/listing/lemmynator_post.rs:317:22
[INFO] [stdout]     |
[INFO] [stdout] 317 |                     .alignment(Alignment::Right)
[INFO] [stdout]     |                      ^^^^^^^^^
[INFO] [stdout] 
[INFO] [stdout] 
[INFO] [stdout] warning: use of deprecated method `ratatui::widgets::block::Title::<'a>::position`: use Block::title_top() or Block::title_bottom() instead. This will be removed in a future release.
[INFO] [stdout]    --> ln-main/src/ui/listing/lemmynator_post.rs:318:22
[INFO] [stdout]     |
[INFO] [stdout] 318 |                     .position(Position::Bottom),
[INFO] [stdout]     |                      ^^^^^^^^
[INFO] [stdout] 
[INFO] [stdout] 
[INFO] [stdout] warning: use of deprecated method `ratatui::widgets::block::Title::<'a>::alignment`: use Block::title_top() or Block::title_bottom() instead. This will be removed in a future release.
[INFO] [stdout]    --> ln-main/src/ui/post_view.rs:185:30
[INFO] [stdout]     |
[INFO] [stdout] 185 | ...                   .alignment(Alignment::Left),
[INFO] [stdout]     |                        ^^^^^^^^^
[INFO] [stdout] 
[INFO] [stdout] 
[INFO] [stdout] warning: unused variable: `action`
[INFO] [stdout]   --> ln-main/src/ui/listing_view.rs:63:34
[INFO] [stdout]    |
[INFO] [stdout] 63 |     fn handle_actions(&mut self, action: Action) {}
[INFO] [stdout]    |                                  ^^^^^^ help: if this is intentional, prefix it with an underscore: `_action`
[INFO] [stdout]    |
[INFO] [stdout]    = note: `#[warn(unused_variables)]` on by default
[INFO] [stdout] 
[INFO] [stdout] 
[INFO] [stdout] warning: unused variable: `f`
[INFO] [stdout]   --> ln-main/src/ui/listing_view.rs:77:26
[INFO] [stdout]    |
[INFO] [stdout] 77 |     fn render(&mut self, f: &mut ratatui::Frame, rect: ratatui::prelude::Rect) {}
[INFO] [stdout]    |                          ^ help: if this is intentional, prefix it with an underscore: `_f`
[INFO] [stdout] 
[INFO] [stdout] 
[INFO] [stdout] warning: unused variable: `rect`
[INFO] [stdout]   --> ln-main/src/ui/listing_view.rs:77:50
[INFO] [stdout]    |
[INFO] [stdout] 77 |     fn render(&mut self, f: &mut ratatui::Frame, rect: ratatui::prelude::Rect) {}
[INFO] [stdout]    |                                                  ^^^^ help: if this is intentional, prefix it with an underscore: `_rect`
[INFO] [stdout] 
[INFO] [stdout] 
[INFO] [stdout] warning: value assigned to `body_rect` is never read
[INFO] [stdout]    --> ln-main/src/ui/post_view.rs:117:17
[INFO] [stdout]     |
[INFO] [stdout] 117 |         let mut body_rect: Option<Rect> = None;
[INFO] [stdout]     |                 ^^^^^^^^^
[INFO] [stdout]     |
[INFO] [stdout]     = help: maybe it is overwritten before being read?
[INFO] [stdout]     = note: `#[warn(unused_assignments)]` on by default
[INFO] [stdout] 
[INFO] [stdout] 
[INFO] [stdout] warning: value assigned to `comments_rect` is never read
[INFO] [stdout]    --> ln-main/src/ui/post_view.rs:118:17
[INFO] [stdout]     |
[INFO] [stdout] 118 |         let mut comments_rect: Option<Rect> = None;
[INFO] [stdout]     |                 ^^^^^^^^^^^^^
[INFO] [stdout]     |
[INFO] [stdout]     = help: maybe it is overwritten before being read?
[INFO] [stdout] 
[INFO] [stdout] 
[INFO] [stdout] warning: unused variable: `idx`
[INFO] [stdout]    --> ln-main/src/ui/post_view.rs:205:26
[INFO] [stdout]     |
[INFO] [stdout] 205 |                     for (idx, comment) in comments.iter().enumerate() {
[INFO] [stdout]     |                          ^^^ help: if this is intentional, prefix it with an underscore: `_idx`
[INFO] [stdout] 
[INFO] [stdout] 
[INFO] [stdout] warning: type `LemmynatorCounts` is more private than the item `LemmynatorPost::counts`
[INFO] [stdout]   --> ln-main/src/ui/listing/lemmynator_post.rs:32:5
[INFO] [stdout]    |
[INFO] [stdout] 32 |     pub counts: LemmynatorCounts,
[INFO] [stdout]    |     ^^^^^^^^^^^^^^^^^^^^^^^^^^^^ field `LemmynatorPost::counts` is reachable at visibility `pub(crate)`
[INFO] [stdout]    |
[INFO] [stdout] note: but type `LemmynatorCounts` is only usable at visibility `pub(self)`
[INFO] [stdout]   --> ln-main/src/ui/listing/lemmynator_post.rs:41:1
[INFO] [stdout]    |
[INFO] [stdout] 41 | struct LemmynatorCounts {
[INFO] [stdout]    | ^^^^^^^^^^^^^^^^^^^^^^^
[INFO] [stdout]    = note: `#[warn(private_interfaces)]` on by default
[INFO] [stdout] 
[INFO] [stdout] 
[INFO] [stdout] warning: field `0` is never read
[INFO] [stdout]   --> ln-main/src/action.rs:35:18
[INFO] [stdout]    |
[INFO] [stdout] 35 |     ChangeSubTab(char),
[INFO] [stdout]    |     ------------ ^^^^
[INFO] [stdout]    |     |
[INFO] [stdout]    |     field in this variant
[INFO] [stdout]    |
[INFO] [stdout]    = note: `Action` has derived impls for the traits `Clone` and `Debug`, but these are intentionally ignored during dead code analysis
[INFO] [stdout]    = note: `#[warn(dead_code)]` on by default
[INFO] [stdout] help: consider changing the field to be of unit type to suppress this warning while preserving the field numbering, or remove the field
[INFO] [stdout]    |
[INFO] [stdout] 35 |     ChangeSubTab(()),
[INFO] [stdout]    |                  ~~
[INFO] [stdout] 
[INFO] [stdout] 
[INFO] [stdout] warning: field `0` is never read
[INFO] [stdout]   --> ln-main/src/action.rs:36:11
[INFO] [stdout]    |
[INFO] [stdout] 36 |     Input(KeyEvent),
[INFO] [stdout]    |     ----- ^^^^^^^^
[INFO] [stdout]    |     |
[INFO] [stdout]    |     field in this variant
[INFO] [stdout]    |
[INFO] [stdout]    = note: `Action` has derived impls for the traits `Clone` and `Debug`, but these are intentionally ignored during dead code analysis
[INFO] [stdout] help: consider changing the field to be of unit type to suppress this warning while preserving the field numbering, or remove the field
[INFO] [stdout]    |
[INFO] [stdout] 36 |     Input(()),
[INFO] [stdout]    |           ~~
[INFO] [stdout] 
[INFO] [stdout] 
[INFO] [stdout] warning: variants `SwitchToInputMode` and `SwitchToNormalMode` are never constructed
[INFO] [stdout]   --> ln-main/src/action.rs:30:5
[INFO] [stdout]    |
[INFO] [stdout] 20 | pub enum Action {
[INFO] [stdout]    |          ------ variants in this enum
[INFO] [stdout] ...
[INFO] [stdout] 30 |     SwitchToInputMode,
[INFO] [stdout]    |     ^^^^^^^^^^^^^^^^^
[INFO] [stdout] 31 |     SwitchToNormalMode,
[INFO] [stdout]    |     ^^^^^^^^^^^^^^^^^^
[INFO] [stdout]    |
[INFO] [stdout]    = note: `Action` has derived impls for the traits `Clone` and `Debug`, but these are intentionally ignored during dead code analysis
[INFO] [stdout] 
[INFO] [stdout] 
[INFO] [stdout] warning: field `tabs_sort` is never read
[INFO] [stdout]   --> ln-main/src/ui/components/tabs.rs:55:5
[INFO] [stdout]    |
[INFO] [stdout] 54 | pub struct TabComponent {
[INFO] [stdout]    |            ------------ field in this struct
[INFO] [stdout] 55 |     tabs_sort: [&'static str; 5],
[INFO] [stdout]    |     ^^^^^^^^^
[INFO] [stdout] 
[INFO] [stdout] 
[INFO] [stdout] warning: function `sort_type_index` is never used
[INFO] [stdout]    --> ln-main/src/ui/components/tabs.rs:100:4
[INFO] [stdout]     |
[INFO] [stdout] 100 | fn sort_type_index(sort_type: SortType) -> usize {
[INFO] [stdout]     |    ^^^^^^^^^^^^^^^
[INFO] [stdout] 
[INFO] [stdout] 
[INFO] [stderr]     Finished `test` profile [unoptimized + debuginfo] target(s) in 2.75s
[INFO] running `Command { std: "docker" "inspect" "fbc7574595442184beba3a8b3dd93f0fe6d338a60e9cef86a1512cc29def7565", kill_on_drop: false }`
[INFO] running `Command { std: "docker" "rm" "-f" "fbc7574595442184beba3a8b3dd93f0fe6d338a60e9cef86a1512cc29def7565", kill_on_drop: false }`
[INFO] [stdout] fbc7574595442184beba3a8b3dd93f0fe6d338a60e9cef86a1512cc29def7565
[INFO] running `Command { std: "docker" "create" "-v" "/var/lib/crater-agent-workspace/builds/worker-5-tc2/target:/opt/rustwide/target:rw,Z" "-v" "/var/lib/crater-agent-workspace/builds/worker-5-tc2/source:/opt/rustwide/workdir:ro,Z" "-v" "/var/lib/crater-agent-workspace/cargo-home:/opt/rustwide/cargo-home:ro,Z" "-v" "/var/lib/crater-agent-workspace/rustup-home:/opt/rustwide/rustup-home:ro,Z" "-e" "SOURCE_DIR=/opt/rustwide/workdir" "-e" "CARGO_TARGET_DIR=/opt/rustwide/target" "-e" "CARGO_INCREMENTAL=0" "-e" "RUST_BACKTRACE=full" "-e" "RUSTFLAGS=--cap-lints=warn" "-e" "RUSTDOCFLAGS=--cap-lints=warn" "-e" "CARGO_HOME=/opt/rustwide/cargo-home" "-e" "RUSTUP_HOME=/opt/rustwide/rustup-home" "-w" "/opt/rustwide/workdir" "-m" "1610612736" "--user" "0:0" "--network" "none" "ghcr.io/rust-lang/crates-build-env/linux@sha256:f3a9d4ad9d972b27faf3965f35b62e55ba32bbce8f20bc8fe909558a86702fde" "/opt/rustwide/cargo-home/bin/cargo" "+beta-2024-12-08" "test" "--frozen", kill_on_drop: false }`
[INFO] [stdout] b7b5bea75c59c6b1cb74843c42c991f64e1c51934904e3a8ee4b8649b0b8138c
[INFO] running `Command { std: "docker" "start" "-a" "b7b5bea75c59c6b1cb74843c42c991f64e1c51934904e3a8ee4b8649b0b8138c", kill_on_drop: false }`
[INFO] [stderr] warning: unused import: `collections::HashMap`
[INFO] [stderr]  --> ln-main/src/ui/components/tabs.rs:1:11
[INFO] [stderr]   |
[INFO] [stderr] 1 | use std::{collections::HashMap, fmt::Display, sync::Arc};
[INFO] [stderr]   |           ^^^^^^^^^^^^^^^^^^^^
[INFO] [stderr]   |
[INFO] [stderr]   = note: `#[warn(unused_imports)]` on by default
[INFO] [stderr] 
[INFO] [stderr] warning: unused import: `std::borrow::Borrow`
[INFO] [stderr]  --> ln-main/src/ui/listing/lemmynator_post.rs:1:5
[INFO] [stderr]   |
[INFO] [stderr] 1 | use std::borrow::Borrow;
[INFO] [stderr]   |     ^^^^^^^^^^^^^^^^^^^
[INFO] [stderr] 
[INFO] [stderr] warning: unused import: `Borders`
[INFO] [stderr]   --> ln-main/src/ui/listing/lemmynator_post.rs:11:43
[INFO] [stderr]    |
[INFO] [stderr] 11 | use ratatui::widgets::{Block, BorderType, Borders, Paragraph, Wrap};
[INFO] [stderr]    |                                           ^^^^^^^
[INFO] [stderr] 
[INFO] [stderr] warning: unused import: `tui_scrollview::ScrollView`
[INFO] [stderr]   --> ln-main/src/ui/listing/lemmynator_post.rs:15:5
[INFO] [stderr]    |
[INFO] [stderr] 15 | use tui_scrollview::ScrollView;
[INFO] [stderr]    |     ^^^^^^^^^^^^^^^^^^^^^^^^^^
[INFO] [stderr] 
[INFO] [stderr] warning: unused imports: `Constraint` and `Layout`
[INFO] [stderr]  --> ln-main/src/ui/listing_view.rs:4:23
[INFO] [stderr]   |
[INFO] [stderr] 4 | use ratatui::layout::{Constraint, Layout};
[INFO] [stderr]   |                       ^^^^^^^^^^  ^^^^^^
[INFO] [stderr] 
[INFO] [stderr] warning: unused import: `lemmy_db_schema::SortType`
[INFO] [stderr]   --> ln-main/src/ui/main_ui.rs:16:5
[INFO] [stderr]    |
[INFO] [stderr] 16 |     lemmy_db_schema::SortType,
[INFO] [stderr]    |     ^^^^^^^^^^^^^^^^^^^^^^^^^
[INFO] [stderr] 
[INFO] [stderr] warning: unused import: `core::panic`
[INFO] [stderr]  --> ln-main/src/ui/post_view.rs:1:5
[INFO] [stderr]   |
[INFO] [stderr] 1 | use core::panic;
[INFO] [stderr]   |     ^^^^^^^^^^^
[INFO] [stderr] 
[INFO] [stderr] warning: use of deprecated method `ratatui::widgets::block::Title::<'a>::alignment`: use Block::title_top() or Block::title_bottom() instead. This will be removed in a future release.
[INFO] [stderr]    --> ln-main/src/ui/listing/lemmynator_post.rs:314:47
[INFO] [stderr]     |
[INFO] [stderr] 314 |             .title(Title::from(self.header()).alignment(Alignment::Left))
[INFO] [stderr]     |                                               ^^^^^^^^^
[INFO] [stderr]     |
[INFO] [stderr]     = note: `#[warn(deprecated)]` on by default
[INFO] [stderr] 
[INFO] [stderr] warning: use of deprecated method `ratatui::widgets::block::Title::<'a>::alignment`: use Block::title_top() or Block::title_bottom() instead. This will be removed in a future release.
[INFO] [stderr]    --> ln-main/src/ui/listing/lemmynator_post.rs:317:22
[INFO] [stderr]     |
[INFO] [stderr] 317 |                     .alignment(Alignment::Right)
[INFO] [stderr]     |                      ^^^^^^^^^
[INFO] [stderr] 
[INFO] [stderr] warning: use of deprecated method `ratatui::widgets::block::Title::<'a>::position`: use Block::title_top() or Block::title_bottom() instead. This will be removed in a future release.
[INFO] [stderr]    --> ln-main/src/ui/listing/lemmynator_post.rs:318:22
[INFO] [stderr]     |
[INFO] [stderr] 318 |                     .position(Position::Bottom),
[INFO] [stderr]     |                      ^^^^^^^^
[INFO] [stderr] 
[INFO] [stderr] warning: use of deprecated method `ratatui::widgets::block::Title::<'a>::alignment`: use Block::title_top() or Block::title_bottom() instead. This will be removed in a future release.
[INFO] [stderr]    --> ln-main/src/ui/post_view.rs:185:30
[INFO] [stderr]     |
[INFO] [stderr] 185 | ...                   .alignment(Alignment::Left),
[INFO] [stderr]     |                        ^^^^^^^^^
[INFO] [stderr] 
[INFO] [stderr] warning: unused variable: `action`
[INFO] [stderr]   --> ln-main/src/ui/listing_view.rs:63:34
[INFO] [stderr]    |
[INFO] [stderr] 63 |     fn handle_actions(&mut self, action: Action) {}
[INFO] [stderr]    |                                  ^^^^^^ help: if this is intentional, prefix it with an underscore: `_action`
[INFO] [stderr]    |
[INFO] [stderr]    = note: `#[warn(unused_variables)]` on by default
[INFO] [stderr] 
[INFO] [stderr] warning: unused variable: `f`
[INFO] [stderr]   --> ln-main/src/ui/listing_view.rs:77:26
[INFO] [stderr]    |
[INFO] [stderr] 77 |     fn render(&mut self, f: &mut ratatui::Frame, rect: ratatui::prelude::Rect) {}
[INFO] [stderr]    |                          ^ help: if this is intentional, prefix it with an underscore: `_f`
[INFO] [stderr] 
[INFO] [stderr] warning: unused variable: `rect`
[INFO] [stderr]   --> ln-main/src/ui/listing_view.rs:77:50
[INFO] [stderr]    |
[INFO] [stderr] 77 |     fn render(&mut self, f: &mut ratatui::Frame, rect: ratatui::prelude::Rect) {}
[INFO] [stderr]    |                                                  ^^^^ help: if this is intentional, prefix it with an underscore: `_rect`
[INFO] [stderr] 
[INFO] [stderr] warning: value assigned to `body_rect` is never read
[INFO] [stderr]    --> ln-main/src/ui/post_view.rs:117:17
[INFO] [stderr]     |
[INFO] [stderr] 117 |         let mut body_rect: Option<Rect> = None;
[INFO] [stderr]     |                 ^^^^^^^^^
[INFO] [stderr]     |
[INFO] [stderr]     = help: maybe it is overwritten before being read?
[INFO] [stderr]     = note: `#[warn(unused_assignments)]` on by default
[INFO] [stderr] 
[INFO] [stderr] warning: value assigned to `comments_rect` is never read
[INFO] [stderr]    --> ln-main/src/ui/post_view.rs:118:17
[INFO] [stderr]     |
[INFO] [stderr] 118 |         let mut comments_rect: Option<Rect> = None;
[INFO] [stderr]     |                 ^^^^^^^^^^^^^
[INFO] [stderr]     |
[INFO] [stderr]     = help: maybe it is overwritten before being read?
[INFO] [stderr] 
[INFO] [stderr] warning: unused variable: `idx`
[INFO] [stderr]    --> ln-main/src/ui/post_view.rs:205:26
[INFO] [stderr]     |
[INFO] [stderr] 205 |                     for (idx, comment) in comments.iter().enumerate() {
[INFO] [stderr]     |                          ^^^ help: if this is intentional, prefix it with an underscore: `_idx`
[INFO] [stderr] 
[INFO] [stderr] warning: type `LemmynatorCounts` is more private than the item `LemmynatorPost::counts`
[INFO] [stderr]   --> ln-main/src/ui/listing/lemmynator_post.rs:32:5
[INFO] [stderr]    |
[INFO] [stderr] 32 |     pub counts: LemmynatorCounts,
[INFO] [stderr]    |     ^^^^^^^^^^^^^^^^^^^^^^^^^^^^ field `LemmynatorPost::counts` is reachable at visibility `pub(crate)`
[INFO] [stderr]    |
[INFO] [stderr] note: but type `LemmynatorCounts` is only usable at visibility `pub(self)`
[INFO] [stderr]   --> ln-main/src/ui/listing/lemmynator_post.rs:41:1
[INFO] [stderr]    |
[INFO] [stderr] 41 | struct LemmynatorCounts {
[INFO] [stderr]    | ^^^^^^^^^^^^^^^^^^^^^^^
[INFO] [stderr]    = note: `#[warn(private_interfaces)]` on by default
[INFO] [stderr] 
[INFO] [stderr] warning: field `0` is never read
[INFO] [stderr]   --> ln-main/src/action.rs:35:18
[INFO] [stderr]    |
[INFO] [stderr] 35 |     ChangeSubTab(char),
[INFO] [stderr]    |     ------------ ^^^^
[INFO] [stderr]    |     |
[INFO] [stderr]    |     field in this variant
[INFO] [stderr]    |
[INFO] [stderr]    = note: `Action` has derived impls for the traits `Clone` and `Debug`, but these are intentionally ignored during dead code analysis
[INFO] [stderr]    = note: `#[warn(dead_code)]` on by default
[INFO] [stderr] help: consider changing the field to be of unit type to suppress this warning while preserving the field numbering, or remove the field
[INFO] [stderr]    |
[INFO] [stderr] 35 |     ChangeSubTab(()),
[INFO] [stderr]    |                  ~~
[INFO] [stderr] 
[INFO] [stderr] warning: field `0` is never read
[INFO] [stderr]   --> ln-main/src/action.rs:36:11
[INFO] [stderr]    |
[INFO] [stderr] 36 |     Input(KeyEvent),
[INFO] [stderr]    |     ----- ^^^^^^^^
[INFO] [stderr]    |     |
[INFO] [stderr]    |     field in this variant
[INFO] [stderr]    |
[INFO] [stderr]    = note: `Action` has derived impls for the traits `Clone` and `Debug`, but these are intentionally ignored during dead code analysis
[INFO] [stderr] help: consider changing the field to be of unit type to suppress this warning while preserving the field numbering, or remove the field
[INFO] [stderr]    |
[INFO] [stderr] 36 |     Input(()),
[INFO] [stderr]    |           ~~
[INFO] [stderr] 
[INFO] [stderr] warning: variants `SwitchToInputMode` and `SwitchToNormalMode` are never constructed
[INFO] [stderr]   --> ln-main/src/action.rs:30:5
[INFO] [stderr]    |
[INFO] [stderr] 20 | pub enum Action {
[INFO] [stderr]    |          ------ variants in this enum
[INFO] [stderr] ...
[INFO] [stderr] 30 |     SwitchToInputMode,
[INFO] [stderr]    |     ^^^^^^^^^^^^^^^^^
[INFO] [stderr] 31 |     SwitchToNormalMode,
[INFO] [stderr]    |     ^^^^^^^^^^^^^^^^^^
[INFO] [stderr]    |
[INFO] [stderr]    = note: `Action` has derived impls for the traits `Clone` and `Debug`, but these are intentionally ignored during dead code analysis
[INFO] [stderr] 
[INFO] [stderr] warning: field `tabs_sort` is never read
[INFO] [stderr]   --> ln-main/src/ui/components/tabs.rs:55:5
[INFO] [stderr]    |
[INFO] [stderr] 54 | pub struct TabComponent {
[INFO] [stderr]    |            ------------ field in this struct
[INFO] [stderr] 55 |     tabs_sort: [&'static str; 5],
[INFO] [stderr]    |     ^^^^^^^^^
[INFO] [stderr] 
[INFO] [stderr] warning: function `sort_type_index` is never used
[INFO] [stderr]    --> ln-main/src/ui/components/tabs.rs:100:4
[INFO] [stderr]     |
[INFO] [stderr] 100 | fn sort_type_index(sort_type: SortType) -> usize {
[INFO] [stderr]     |    ^^^^^^^^^^^^^^^
[INFO] [stderr] 
[INFO] [stderr] warning: `ln-main` (bin "ln-main" test) generated 23 warnings (run `cargo fix --bin "ln-main" --tests` to apply 7 suggestions)
[INFO] [stderr]     Finished `test` profile [unoptimized + debuginfo] target(s) in 0.35s
[INFO] [stderr]      Running unittests src/lib.rs (/opt/rustwide/target/debug/deps/ln_config-1f954f09c78433be)
[INFO] [stdout] 
[INFO] [stdout] running 2 tests
[INFO] [stdout] test tests::invalidates_properly ... ok
[INFO] [stdout] test tests::validates_properly ... FAILED
[INFO] [stdout] 
[INFO] [stdout] failures:
[INFO] [stdout] 
[INFO] [stdout] ---- tests::validates_properly stdout ----
[INFO] [stdout] thread 'tests::validates_properly' panicked at ln-config/src/lib.rs:127:9:
[INFO] [stdout] assertion failed: Config::table_config_verify(&valid_config).is_ok()
[INFO] [stdout] stack backtrace:
[INFO] [stdout]    0:     0x573c594fd82a - std::backtrace_rs::backtrace::libunwind::trace::h8810477743020387
[INFO] [stdout]                                at /rustc/202008a1b8de96d2e5b6bc02d379db03a877d34d/library/std/src/../../backtrace/src/backtrace/libunwind.rs:116:5
[INFO] [stdout]    1:     0x573c594fd82a - std::backtrace_rs::backtrace::trace_unsynchronized::h3aa55355dd6c54a6
[INFO] [stdout]                                at /rustc/202008a1b8de96d2e5b6bc02d379db03a877d34d/library/std/src/../../backtrace/src/backtrace/mod.rs:66:5
[INFO] [stdout]    2:     0x573c594fd82a - std::sys::backtrace::_print_fmt::h8588b0f62410823f
[INFO] [stdout]                                at /rustc/202008a1b8de96d2e5b6bc02d379db03a877d34d/library/std/src/sys/backtrace.rs:66:9
[INFO] [stdout]    3:     0x573c594fd82a - <std::sys::backtrace::BacktraceLock::print::DisplayBacktrace as core::fmt::Display>::fmt::h98c26ac25ffe89bb
[INFO] [stdout]                                at /rustc/202008a1b8de96d2e5b6bc02d379db03a877d34d/library/std/src/sys/backtrace.rs:39:26
[INFO] [stdout]    4:     0x573c59523393 - core::fmt::rt::Argument::fmt::hf95377f4aebd453b
[INFO] [stdout]                                at /rustc/202008a1b8de96d2e5b6bc02d379db03a877d34d/library/core/src/fmt/rt.rs:177:76
[INFO] [stdout]    5:     0x573c59523393 - core::fmt::write::h0dd5f6e2238c7982
[INFO] [stdout]                                at /rustc/202008a1b8de96d2e5b6bc02d379db03a877d34d/library/core/src/fmt/mod.rs:1189:21
[INFO] [stdout]    6:     0x573c594fa5b3 - std::io::Write::write_fmt::h03bb0ca26e6faf8c
[INFO] [stdout]                                at /rustc/202008a1b8de96d2e5b6bc02d379db03a877d34d/library/std/src/io/mod.rs:1884:15
[INFO] [stdout]    7:     0x573c594fd672 - std::sys::backtrace::BacktraceLock::print::h5c19c1c038ee186d
[INFO] [stdout]                                at /rustc/202008a1b8de96d2e5b6bc02d379db03a877d34d/library/std/src/sys/backtrace.rs:42:9
[INFO] [stdout]    8:     0x573c594fecad - std::panicking::default_hook::{{closure}}::h77172f079a1fcb13
[INFO] [stdout]                                at /rustc/202008a1b8de96d2e5b6bc02d379db03a877d34d/library/std/src/panicking.rs:268:22
[INFO] [stdout]    9:     0x573c594feab7 - std::panicking::default_hook::he5f8e3b203ccddba
[INFO] [stdout]                                at /rustc/202008a1b8de96d2e5b6bc02d379db03a877d34d/library/std/src/panicking.rs:292:9
[INFO] [stdout]   10:     0x573c594a9747 - <alloc::boxed::Box<F,A> as core::ops::function::Fn<Args>>::call::h7a3c7b4a1ae77f2f
[INFO] [stdout]                                at /rustc/202008a1b8de96d2e5b6bc02d379db03a877d34d/library/alloc/src/boxed.rs:1986:9
[INFO] [stdout]   11:     0x573c594a9747 - test::test_main::{{closure}}::hf0d3b69ae9b353d1
[INFO] [stdout]                                at /rustc/202008a1b8de96d2e5b6bc02d379db03a877d34d/library/test/src/lib.rs:134:21
[INFO] [stdout]   12:     0x573c594ff358 - <alloc::boxed::Box<F,A> as core::ops::function::Fn<Args>>::call::h6332e82e7b189abd
[INFO] [stdout]                                at /rustc/202008a1b8de96d2e5b6bc02d379db03a877d34d/library/alloc/src/boxed.rs:1986:9
[INFO] [stdout]   13:     0x573c594ff358 - std::panicking::rust_panic_with_hook::h53863d4e9018df39
[INFO] [stdout]                                at /rustc/202008a1b8de96d2e5b6bc02d379db03a877d34d/library/std/src/panicking.rs:809:13
[INFO] [stdout]   14:     0x573c594ff0e6 - std::panicking::begin_panic_handler::{{closure}}::h67280e6fa0757873
[INFO] [stdout]                                at /rustc/202008a1b8de96d2e5b6bc02d379db03a877d34d/library/std/src/panicking.rs:667:13
[INFO] [stdout]   15:     0x573c594fdd09 - std::sys::backtrace::__rust_end_short_backtrace::h1dac3f54d6fbbeb2
[INFO] [stdout]                                at /rustc/202008a1b8de96d2e5b6bc02d379db03a877d34d/library/std/src/sys/backtrace.rs:170:18
[INFO] [stdout]   16:     0x573c594fedac - rust_begin_unwind
[INFO] [stdout]                                at /rustc/202008a1b8de96d2e5b6bc02d379db03a877d34d/library/std/src/panicking.rs:665:5
[INFO] [stdout]   17:     0x573c5946ab50 - core::panicking::panic_fmt::h6792bd1b2bf01041
[INFO] [stdout]                                at /rustc/202008a1b8de96d2e5b6bc02d379db03a877d34d/library/core/src/panicking.rs:76:14
[INFO] [stdout]   18:     0x573c5946abdc - core::panicking::panic::hbb5c236a846c507c
[INFO] [stdout]                                at /rustc/202008a1b8de96d2e5b6bc02d379db03a877d34d/library/core/src/panicking.rs:148:5
[INFO] [stdout]   19:     0x573c5946fd4b - ln_config::tests::validates_properly::h1cc96c20c7677761
[INFO] [stdout]                                at /opt/rustwide/workdir/ln-config/src/lib.rs:127:9
[INFO] [stdout]   20:     0x573c5946fc77 - ln_config::tests::validates_properly::{{closure}}::hce806b8ddef5ff8f
[INFO] [stdout]                                at /opt/rustwide/workdir/ln-config/src/lib.rs:125:28
[INFO] [stdout]   21:     0x573c5946d3d6 - core::ops::function::FnOnce::call_once::h05a83e4c3320b5d8
[INFO] [stdout]                                at /rustc/202008a1b8de96d2e5b6bc02d379db03a877d34d/library/core/src/ops/function.rs:250:5
[INFO] [stdout]   22:     0x573c594ae26b - core::ops::function::FnOnce::call_once::h871bf86719ec9aa4
[INFO] [stdout]                                at /rustc/202008a1b8de96d2e5b6bc02d379db03a877d34d/library/core/src/ops/function.rs:250:5
[INFO] [stdout]   23:     0x573c594ae26b - test::__rust_begin_short_backtrace::h2167df1e2b7d76fd
[INFO] [stdout]                                at /rustc/202008a1b8de96d2e5b6bc02d379db03a877d34d/library/test/src/lib.rs:632:18
[INFO] [stdout]   24:     0x573c594adc58 - test::run_test_in_process::{{closure}}::h15d92f75a3adfb79
[INFO] [stdout]                                at /rustc/202008a1b8de96d2e5b6bc02d379db03a877d34d/library/test/src/lib.rs:655:60
[INFO] [stdout]   25:     0x573c594adc58 - <core::panic::unwind_safe::AssertUnwindSafe<F> as core::ops::function::FnOnce<()>>::call_once::hb6c8955835a8dbbb
[INFO] [stdout]                                at /rustc/202008a1b8de96d2e5b6bc02d379db03a877d34d/library/core/src/panic/unwind_safe.rs:272:9
[INFO] [stdout]   26:     0x573c594adc58 - std::panicking::try::do_call::hc79d0fc888a0bd30
[INFO] [stdout]                                at /rustc/202008a1b8de96d2e5b6bc02d379db03a877d34d/library/std/src/panicking.rs:557:40
[INFO] [stdout]   27:     0x573c594adc58 - std::panicking::try::hb8a7878e3a8589d6
[INFO] [stdout]                                at /rustc/202008a1b8de96d2e5b6bc02d379db03a877d34d/library/std/src/panicking.rs:520:19
[INFO] [stdout]   28:     0x573c594adc58 - std::panic::catch_unwind::hb8e4600ff0ff5cfa
[INFO] [stdout]                                at /rustc/202008a1b8de96d2e5b6bc02d379db03a877d34d/library/std/src/panic.rs:358:14
[INFO] [stdout]   29:     0x573c594adc58 - test::run_test_in_process::hc2900b0b18688dd6
[INFO] [stdout]                                at /rustc/202008a1b8de96d2e5b6bc02d379db03a877d34d/library/test/src/lib.rs:655:27
[INFO] [stdout]   30:     0x573c594adc58 - test::run_test::{{closure}}::hac2a9cb07be3d48d
[INFO] [stdout]                                at /rustc/202008a1b8de96d2e5b6bc02d379db03a877d34d/library/test/src/lib.rs:576:43
[INFO] [stdout]   31:     0x573c594716fa - test::run_test::{{closure}}::h4a5b729e66a38cd8
[INFO] [stdout]                                at /rustc/202008a1b8de96d2e5b6bc02d379db03a877d34d/library/test/src/lib.rs:606:41
[INFO] [stdout]   32:     0x573c594716fa - std::sys::backtrace::__rust_begin_short_backtrace::h0496fb742492f573
[INFO] [stdout]                                at /rustc/202008a1b8de96d2e5b6bc02d379db03a877d34d/library/std/src/sys/backtrace.rs:154:18
[INFO] [stdout]   33:     0x573c59475074 - std::thread::Builder::spawn_unchecked_::{{closure}}::{{closure}}::hbb6d257c550a54bd
[INFO] [stdout]                                at /rustc/202008a1b8de96d2e5b6bc02d379db03a877d34d/library/std/src/thread/mod.rs:561:17
[INFO] [stdout]   34:     0x573c59475074 - <core::panic::unwind_safe::AssertUnwindSafe<F> as core::ops::function::FnOnce<()>>::call_once::h46696fe4a6832328
[INFO] [stdout]                                at /rustc/202008a1b8de96d2e5b6bc02d379db03a877d34d/library/core/src/panic/unwind_safe.rs:272:9
[INFO] [stdout]   35:     0x573c59475074 - std::panicking::try::do_call::h2625a51b667bfb64
[INFO] [stdout]                                at /rustc/202008a1b8de96d2e5b6bc02d379db03a877d34d/library/std/src/panicking.rs:557:40
[INFO] [stdout]   36:     0x573c59475074 - std::panicking::try::hb956a59a1973aa4c
[INFO] [stdout]                                at /rustc/202008a1b8de96d2e5b6bc02d379db03a877d34d/library/std/src/panicking.rs:520:19
[INFO] [stdout]   37:     0x573c59475074 - std::panic::catch_unwind::h64f3b9d1067ef6a0
[INFO] [stdout]                                at /rustc/202008a1b8de96d2e5b6bc02d379db03a877d34d/library/std/src/panic.rs:358:14
[INFO] [stdout]   38:     0x573c59475074 - std::thread::Builder::spawn_unchecked_::{{closure}}::h42b2841295b6c0b2
[INFO] [stdout]                                at /rustc/202008a1b8de96d2e5b6bc02d379db03a877d34d/library/std/src/thread/mod.rs:559:30
[INFO] [stdout]   39:     0x573c59475074 - core::ops::function::FnOnce::call_once{{vtable.shim}}::h6127de71b8124639
[INFO] [stdout]                                at /rustc/202008a1b8de96d2e5b6bc02d379db03a877d34d/library/core/src/ops/function.rs:250:5
[INFO] [stdout]   40:     0x573c5950335b - <alloc::boxed::Box<F,A> as core::ops::function::FnOnce<Args>>::call_once::h42f0ba71002a1b2c
[INFO] [stdout]                                at /rustc/202008a1b8de96d2e5b6bc02d379db03a877d34d/library/alloc/src/boxed.rs:1972:9
[INFO] [stdout]   41:     0x573c5950335b - <alloc::boxed::Box<F,A> as core::ops::function::FnOnce<Args>>::call_once::had9e47d7a3dcecb8
[INFO] [stdout]                                at /rustc/202008a1b8de96d2e5b6bc02d379db03a877d34d/library/alloc/src/boxed.rs:1972:9
[INFO] [stdout]   42:     0x573c5950335b - std::sys::pal::unix::thread::Thread::new::thread_start::h48cf765408f6f5f2
[INFO] [stdout]                                at /rustc/202008a1b8de96d2e5b6bc02d379db03a877d34d/library/std/src/sys/pal/unix/thread.rs:105:17
[INFO] [stdout]   43:     0x77e220c28ac3 - <unknown>
[INFO] [stdout]   44:     0x77e220cb9a04 - clone
[INFO] [stdout]   45:                0x0 - <unknown>
[INFO] [stdout] 
[INFO] [stdout] 
[INFO] [stdout] failures:
[INFO] [stdout]     tests::validates_properly
[INFO] [stdout] 
[INFO] [stdout] test result: FAILED. 1 passed; 1 failed; 0 ignored; 0 measured; 0 filtered out; finished in 0.06s
[INFO] [stdout] 
[INFO] [stderr] error: test failed, to rerun pass `-p ln-config --lib`
[INFO] running `Command { std: "docker" "inspect" "b7b5bea75c59c6b1cb74843c42c991f64e1c51934904e3a8ee4b8649b0b8138c", kill_on_drop: false }`
[INFO] running `Command { std: "docker" "rm" "-f" "b7b5bea75c59c6b1cb74843c42c991f64e1c51934904e3a8ee4b8649b0b8138c", kill_on_drop: false }`
[INFO] [stdout] b7b5bea75c59c6b1cb74843c42c991f64e1c51934904e3a8ee4b8649b0b8138c
