[INFO] cloning repository https://github.com/heronsounds/heron-rebuild
[INFO] running `Command { std: "git" "-c" "credential.helper=" "-c" "credential.helper=/workspace/cargo-home/bin/git-credential-null" "clone" "--bare" "https://github.com/heronsounds/heron-rebuild" "/workspace/cache/git-repos/https%3A%2F%2Fgithub.com%2Fheronsounds%2Fheron-rebuild", kill_on_drop: false }`
[INFO] [stderr] Cloning into bare repository '/workspace/cache/git-repos/https%3A%2F%2Fgithub.com%2Fheronsounds%2Fheron-rebuild'...
[INFO] running `Command { std: "git" "rev-parse" "HEAD", kill_on_drop: false }`
[INFO] [stdout] d02e9364dbefa556d9c7d7cc3520e9869d49da26
[INFO] testing heronsounds/heron-rebuild against beta-2024-12-08 for beta-1.84.0-4-retry
[INFO] running `Command { std: "git" "clone" "/workspace/cache/git-repos/https%3A%2F%2Fgithub.com%2Fheronsounds%2Fheron-rebuild" "/workspace/builds/worker-2-tc2/source", kill_on_drop: false }`
[INFO] [stderr] Cloning into '/workspace/builds/worker-2-tc2/source'...
[INFO] [stderr] done.
[INFO] validating manifest of git repo https://github.com/heronsounds/heron-rebuild on toolchain beta-2024-12-08
[INFO] running `Command { std: CARGO_HOME="/workspace/cargo-home" RUSTUP_HOME="/workspace/rustup-home" "/workspace/cargo-home/bin/cargo" "+beta-2024-12-08" "metadata" "--manifest-path" "Cargo.toml" "--no-deps", kill_on_drop: false }`
[INFO] started tweaking git repo https://github.com/heronsounds/heron-rebuild
[INFO] finished tweaking git repo https://github.com/heronsounds/heron-rebuild
[INFO] tweaked toml for git repo https://github.com/heronsounds/heron-rebuild written to /workspace/builds/worker-2-tc2/source/Cargo.toml
[INFO] crate git repo https://github.com/heronsounds/heron-rebuild already has a lockfile, it will not be regenerated
[INFO] running `Command { std: CARGO_HOME="/workspace/cargo-home" RUSTUP_HOME="/workspace/rustup-home" "/workspace/cargo-home/bin/cargo" "+beta-2024-12-08" "fetch" "--manifest-path" "Cargo.toml", kill_on_drop: false }`
[INFO] running `Command { std: "docker" "create" "-v" "/var/lib/crater-agent-workspace/builds/worker-2-tc2/target:/opt/rustwide/target:rw,Z" "-v" "/var/lib/crater-agent-workspace/builds/worker-2-tc2/source:/opt/rustwide/workdir:ro,Z" "-v" "/var/lib/crater-agent-workspace/cargo-home:/opt/rustwide/cargo-home:ro,Z" "-v" "/var/lib/crater-agent-workspace/rustup-home:/opt/rustwide/rustup-home:ro,Z" "-e" "SOURCE_DIR=/opt/rustwide/workdir" "-e" "CARGO_TARGET_DIR=/opt/rustwide/target" "-e" "CARGO_HOME=/opt/rustwide/cargo-home" "-e" "RUSTUP_HOME=/opt/rustwide/rustup-home" "-w" "/opt/rustwide/workdir" "-m" "1610612736" "--user" "0:0" "--network" "none" "ghcr.io/rust-lang/crates-build-env/linux@sha256:f3a9d4ad9d972b27faf3965f35b62e55ba32bbce8f20bc8fe909558a86702fde" "/opt/rustwide/cargo-home/bin/cargo" "+beta-2024-12-08" "metadata" "--no-deps" "--format-version=1", kill_on_drop: false }`
[INFO] [stdout] 322c01f93871072e2077307432108e710f7665643f3aa34be5c0dd0e92f9c1f5
[INFO] running `Command { std: "docker" "start" "-a" "322c01f93871072e2077307432108e710f7665643f3aa34be5c0dd0e92f9c1f5", kill_on_drop: false }`
[INFO] running `Command { std: "docker" "inspect" "322c01f93871072e2077307432108e710f7665643f3aa34be5c0dd0e92f9c1f5", kill_on_drop: false }`
[INFO] running `Command { std: "docker" "rm" "-f" "322c01f93871072e2077307432108e710f7665643f3aa34be5c0dd0e92f9c1f5", kill_on_drop: false }`
[INFO] [stdout] 322c01f93871072e2077307432108e710f7665643f3aa34be5c0dd0e92f9c1f5
[INFO] running `Command { std: "docker" "create" "-v" "/var/lib/crater-agent-workspace/builds/worker-2-tc2/target:/opt/rustwide/target:rw,Z" "-v" "/var/lib/crater-agent-workspace/builds/worker-2-tc2/source:/opt/rustwide/workdir:ro,Z" "-v" "/var/lib/crater-agent-workspace/cargo-home:/opt/rustwide/cargo-home:ro,Z" "-v" "/var/lib/crater-agent-workspace/rustup-home:/opt/rustwide/rustup-home:ro,Z" "-e" "SOURCE_DIR=/opt/rustwide/workdir" "-e" "CARGO_TARGET_DIR=/opt/rustwide/target" "-e" "CARGO_INCREMENTAL=0" "-e" "RUST_BACKTRACE=full" "-e" "RUSTFLAGS=--cap-lints=warn" "-e" "RUSTDOCFLAGS=--cap-lints=warn" "-e" "CARGO_HOME=/opt/rustwide/cargo-home" "-e" "RUSTUP_HOME=/opt/rustwide/rustup-home" "-w" "/opt/rustwide/workdir" "-m" "1610612736" "--user" "0:0" "--network" "none" "ghcr.io/rust-lang/crates-build-env/linux@sha256:f3a9d4ad9d972b27faf3965f35b62e55ba32bbce8f20bc8fe909558a86702fde" "/opt/rustwide/cargo-home/bin/cargo" "+beta-2024-12-08" "build" "--frozen" "--message-format=json", kill_on_drop: false }`
[INFO] [stdout] 83c1049a740ee6d8125bf0a92d14e73cff8a200892208b96145326cc72774d0b
[INFO] running `Command { std: "docker" "start" "-a" "83c1049a740ee6d8125bf0a92d14e73cff8a200892208b96145326cc72774d0b", kill_on_drop: false }`
[INFO] [stderr]    Compiling proc-macro2 v1.0.76
[INFO] [stderr]    Compiling unicode-ident v1.0.12
[INFO] [stderr]    Compiling syn v1.0.63
[INFO] [stderr]    Compiling unicode-xid v0.2.1
[INFO] [stderr]    Compiling version_check v0.9.4
[INFO] [stderr]    Compiling cfg-if v1.0.0
[INFO] [stderr]    Compiling anyhow v1.0.38
[INFO] [stderr]    Compiling memchr v2.3.4
[INFO] [stderr]    Compiling once_cell v1.19.0
[INFO] [stderr]    Compiling log v0.4.14
[INFO] [stderr]    Compiling rustc-hash v1.1.0
[INFO] [stderr]    Compiling zerocopy v0.7.32
[INFO] [stderr]    Compiling allocator-api2 v0.2.16
[INFO] [stderr]    Compiling bytes v1.0.1
[INFO] [stderr]    Compiling lazy_static v1.4.0
[INFO] [stderr]    Compiling utf8parse v0.2.2
[INFO] [stderr]    Compiling libc v0.2.155
[INFO] [stderr]    Compiling anstyle-parse v0.2.4
[INFO] [stderr]    Compiling anstyle-query v1.1.0
[INFO] [stderr]    Compiling is_terminal_polyfill v1.70.0
[INFO] [stderr]    Compiling colorchoice v1.0.1
[INFO] [stderr]    Compiling anstyle v1.0.7
[INFO] [stderr]    Compiling colored v2.1.0
[INFO] [stderr]    Compiling clap_lex v0.7.1
[INFO] [stderr]    Compiling heck v0.5.0
[INFO] [stderr]    Compiling strsim v0.11.1
[INFO] [stderr]    Compiling ahash v0.8.7
[INFO] [stderr]    Compiling anstream v0.6.14
[INFO] [stderr]    Compiling combine v4.5.2
[INFO] [stderr]    Compiling clap_builder v4.5.8
[INFO] [stderr]    Compiling hashbrown v0.14.3
[INFO] [stderr]    Compiling thread-id v3.3.0
[INFO] [stderr]    Compiling quote v1.0.35
[INFO] [stderr]    Compiling simple-logging v2.0.2
[INFO] [stderr]    Compiling syn v2.0.48
[INFO] [stderr]    Compiling thiserror-impl v1.0.24
[INFO] [stderr]    Compiling clap_derive v4.5.8
[INFO] [stderr]    Compiling thiserror v1.0.24
[INFO] [stderr]    Compiling heron-rebuild-util v0.2.0 (/opt/rustwide/workdir/util)
[INFO] [stderr]    Compiling heron-rebuild-intern v0.2.0 (/opt/rustwide/workdir/intern)
[INFO] [stderr]    Compiling clap v4.5.8
[INFO] [stderr]    Compiling heron-rebuild-syntax v0.2.0 (/opt/rustwide/workdir/syntax)
[INFO] [stderr]    Compiling heron-rebuild-workflow v0.2.0 (/opt/rustwide/workdir/workflow)
[INFO] [stderr]    Compiling heron-rebuild-traverse v0.2.0 (/opt/rustwide/workdir/traverse)
[INFO] [stderr]    Compiling heron-rebuild v0.2.0 (/opt/rustwide/workdir)
[INFO] [stderr]     Finished `dev` profile [unoptimized + debuginfo] target(s) in 1m 30s
[INFO] running `Command { std: "docker" "inspect" "83c1049a740ee6d8125bf0a92d14e73cff8a200892208b96145326cc72774d0b", kill_on_drop: false }`
[INFO] running `Command { std: "docker" "rm" "-f" "83c1049a740ee6d8125bf0a92d14e73cff8a200892208b96145326cc72774d0b", kill_on_drop: false }`
[INFO] [stdout] 83c1049a740ee6d8125bf0a92d14e73cff8a200892208b96145326cc72774d0b
[INFO] running `Command { std: "docker" "create" "-v" "/var/lib/crater-agent-workspace/builds/worker-2-tc2/target:/opt/rustwide/target:rw,Z" "-v" "/var/lib/crater-agent-workspace/builds/worker-2-tc2/source:/opt/rustwide/workdir:ro,Z" "-v" "/var/lib/crater-agent-workspace/cargo-home:/opt/rustwide/cargo-home:ro,Z" "-v" "/var/lib/crater-agent-workspace/rustup-home:/opt/rustwide/rustup-home:ro,Z" "-e" "SOURCE_DIR=/opt/rustwide/workdir" "-e" "CARGO_TARGET_DIR=/opt/rustwide/target" "-e" "CARGO_INCREMENTAL=0" "-e" "RUST_BACKTRACE=full" "-e" "RUSTFLAGS=--cap-lints=warn" "-e" "RUSTDOCFLAGS=--cap-lints=warn" "-e" "CARGO_HOME=/opt/rustwide/cargo-home" "-e" "RUSTUP_HOME=/opt/rustwide/rustup-home" "-w" "/opt/rustwide/workdir" "-m" "1610612736" "--user" "0:0" "--network" "none" "ghcr.io/rust-lang/crates-build-env/linux@sha256:f3a9d4ad9d972b27faf3965f35b62e55ba32bbce8f20bc8fe909558a86702fde" "/opt/rustwide/cargo-home/bin/cargo" "+beta-2024-12-08" "test" "--frozen" "--no-run" "--message-format=json", kill_on_drop: false }`
[INFO] [stdout] b3e3743355d19898358172d160620c8164a957e966d5dbadc76f5219559bbee7
[INFO] running `Command { std: "docker" "start" "-a" "b3e3743355d19898358172d160620c8164a957e966d5dbadc76f5219559bbee7", kill_on_drop: false }`
[INFO] [stderr]    Compiling rustix v0.38.34
[INFO] [stderr]    Compiling bitflags v2.6.0
[INFO] [stderr]    Compiling linux-raw-sys v0.4.14
[INFO] [stderr]    Compiling fastrand v2.1.0
[INFO] [stderr]    Compiling tempfile v3.10.1
[INFO] [stderr]    Compiling heron-rebuild v0.2.0 (/opt/rustwide/workdir)
[INFO] [stderr]     Finished `test` profile [unoptimized + debuginfo] target(s) in 6.55s
[INFO] running `Command { std: "docker" "inspect" "b3e3743355d19898358172d160620c8164a957e966d5dbadc76f5219559bbee7", kill_on_drop: false }`
[INFO] running `Command { std: "docker" "rm" "-f" "b3e3743355d19898358172d160620c8164a957e966d5dbadc76f5219559bbee7", kill_on_drop: false }`
[INFO] [stdout] b3e3743355d19898358172d160620c8164a957e966d5dbadc76f5219559bbee7
[INFO] running `Command { std: "docker" "create" "-v" "/var/lib/crater-agent-workspace/builds/worker-2-tc2/target:/opt/rustwide/target:rw,Z" "-v" "/var/lib/crater-agent-workspace/builds/worker-2-tc2/source:/opt/rustwide/workdir:ro,Z" "-v" "/var/lib/crater-agent-workspace/cargo-home:/opt/rustwide/cargo-home:ro,Z" "-v" "/var/lib/crater-agent-workspace/rustup-home:/opt/rustwide/rustup-home:ro,Z" "-e" "SOURCE_DIR=/opt/rustwide/workdir" "-e" "CARGO_TARGET_DIR=/opt/rustwide/target" "-e" "CARGO_INCREMENTAL=0" "-e" "RUST_BACKTRACE=full" "-e" "RUSTFLAGS=--cap-lints=warn" "-e" "RUSTDOCFLAGS=--cap-lints=warn" "-e" "CARGO_HOME=/opt/rustwide/cargo-home" "-e" "RUSTUP_HOME=/opt/rustwide/rustup-home" "-w" "/opt/rustwide/workdir" "-m" "1610612736" "--user" "0:0" "--network" "none" "ghcr.io/rust-lang/crates-build-env/linux@sha256:f3a9d4ad9d972b27faf3965f35b62e55ba32bbce8f20bc8fe909558a86702fde" "/opt/rustwide/cargo-home/bin/cargo" "+beta-2024-12-08" "test" "--frozen", kill_on_drop: false }`
[INFO] [stdout] 2c683a63d3a763bf81f7054cb56f245337dc888a8285347307fd73608b06b6eb
[INFO] running `Command { std: "docker" "start" "-a" "2c683a63d3a763bf81f7054cb56f245337dc888a8285347307fd73608b06b6eb", kill_on_drop: false }`
[INFO] [stderr]     Finished `test` profile [unoptimized + debuginfo] target(s) in 0.08s
[INFO] [stderr]      Running unittests src/lib.rs (/opt/rustwide/target/debug/deps/heron_rebuild-e48db9cb36be8a53)
[INFO] [stdout] 
[INFO] [stdout] running 2 tests
[INFO] [stdout] test fs::ops::tests::test_copy_file ... ok
[INFO] [stdout] test fs::ops::tests::test_copy_dir ... ok
[INFO] [stderr]      Running unittests src/main.rs (/opt/rustwide/target/debug/deps/hr-39c34600dc9ea238)
[INFO] [stdout] 
[INFO] [stdout] test result: ok. 2 passed; 0 failed; 0 ignored; 0 measured; 0 filtered out; finished in 0.00s
[INFO] [stdout] 
[INFO] [stdout] 
[INFO] [stdout] running 0 tests
[INFO] [stdout] 
[INFO] [stdout] test result: ok. 0 passed; 0 failed; 0 ignored; 0 measured; 0 filtered out; finished in 0.00s
[INFO] [stdout] 
[INFO] [stderr]      Running tests/integ.rs (/opt/rustwide/target/debug/deps/integ-0004b74114761b9a)
[INFO] [stdout] 
[INFO] [stdout] running 10 tests
[INFO] [stdout] test test_basic ... FAILED
[INFO] [stdout] test test_invalidate_goal_non_matching_branch ... FAILED
[INFO] [stdout] test test_nonexistent_config ... ok
[INFO] [stdout] test test_nonexistent_task_output ... ok
[INFO] [stdout] test test_invalidate_earlier_task_baseline ... FAILED
[INFO] [stdout] test test_plan_with_two_goals ... FAILED
[INFO] [stdout] test test_self_referential_task ... ok
[INFO] [stdout] test test_invalidate_earlier_task ... FAILED
[INFO] [stdout] test test_plan_with_two_subplans ... FAILED
[INFO] [stdout] test test_invalidate_goal_empty_branch ... FAILED
[INFO] [stdout] 
[INFO] [stdout] failures:
[INFO] [stdout] 
[INFO] [stderr] error: test failed, to rerun pass `--test integ`
[INFO] [stdout] ---- test_basic stdout ----
[INFO] [stdout] Error: Read-only file system (os error 30)
[INFO] [stdout] 
[INFO] [stdout] ---- test_invalidate_goal_non_matching_branch stdout ----
[INFO] [stdout] Error: Read-only file system (os error 30)
[INFO] [stdout] 
[INFO] [stdout] ---- test_invalidate_earlier_task_baseline stdout ----
[INFO] [stdout] Error: Read-only file system (os error 30)
[INFO] [stdout] 
[INFO] [stdout] ---- test_plan_with_two_goals stdout ----
[INFO] [stdout] Error: Read-only file system (os error 30)
[INFO] [stdout] 
[INFO] [stdout] ---- test_invalidate_earlier_task stdout ----
[INFO] [stdout] Error: Read-only file system (os error 30)
[INFO] [stdout] 
[INFO] [stdout] ---- test_plan_with_two_subplans stdout ----
[INFO] [stdout] Error: Read-only file system (os error 30)
[INFO] [stdout] 
[INFO] [stdout] ---- test_invalidate_goal_empty_branch stdout ----
[INFO] [stdout] Error: Read-only file system (os error 30)
[INFO] [stdout] 
[INFO] [stdout] 
[INFO] [stdout] failures:
[INFO] [stdout]     test_basic
[INFO] [stdout]     test_invalidate_earlier_task
[INFO] [stdout]     test_invalidate_earlier_task_baseline
[INFO] [stdout]     test_invalidate_goal_empty_branch
[INFO] [stdout]     test_invalidate_goal_non_matching_branch
[INFO] [stdout]     test_plan_with_two_goals
[INFO] [stdout]     test_plan_with_two_subplans
[INFO] [stdout] 
[INFO] [stdout] test result: FAILED. 3 passed; 7 failed; 0 ignored; 0 measured; 0 filtered out; finished in 0.01s
[INFO] [stdout] 
[INFO] running `Command { std: "docker" "inspect" "2c683a63d3a763bf81f7054cb56f245337dc888a8285347307fd73608b06b6eb", kill_on_drop: false }`
[INFO] running `Command { std: "docker" "rm" "-f" "2c683a63d3a763bf81f7054cb56f245337dc888a8285347307fd73608b06b6eb", kill_on_drop: false }`
[INFO] [stdout] 2c683a63d3a763bf81f7054cb56f245337dc888a8285347307fd73608b06b6eb
