[INFO] cloning repository https://github.com/hderms/qsv
[INFO] running `Command { std: "git" "-c" "credential.helper=" "-c" "credential.helper=/workspace/cargo-home/bin/git-credential-null" "clone" "--bare" "https://github.com/hderms/qsv" "/workspace/cache/git-repos/https%3A%2F%2Fgithub.com%2Fhderms%2Fqsv", kill_on_drop: false }`
[INFO] [stderr] Cloning into bare repository '/workspace/cache/git-repos/https%3A%2F%2Fgithub.com%2Fhderms%2Fqsv'...
[INFO] running `Command { std: "git" "rev-parse" "HEAD", kill_on_drop: false }`
[INFO] [stdout] c93a3247cd9648698c1edcb7cb3a0f9e6c8af19d
[INFO] testing hderms/qsv against beta-2024-12-08 for beta-1.84.0-4-retry
[INFO] running `Command { std: "git" "clone" "/workspace/cache/git-repos/https%3A%2F%2Fgithub.com%2Fhderms%2Fqsv" "/workspace/builds/worker-2-tc2/source", kill_on_drop: false }`
[INFO] [stderr] Cloning into '/workspace/builds/worker-2-tc2/source'...
[INFO] [stderr] done.
[INFO] validating manifest of git repo https://github.com/hderms/qsv on toolchain beta-2024-12-08
[INFO] running `Command { std: CARGO_HOME="/workspace/cargo-home" RUSTUP_HOME="/workspace/rustup-home" "/workspace/cargo-home/bin/cargo" "+beta-2024-12-08" "metadata" "--manifest-path" "Cargo.toml" "--no-deps", kill_on_drop: false }`
[INFO] started tweaking git repo https://github.com/hderms/qsv
[INFO] finished tweaking git repo https://github.com/hderms/qsv
[INFO] tweaked toml for git repo https://github.com/hderms/qsv written to /workspace/builds/worker-2-tc2/source/Cargo.toml
[INFO] crate git repo https://github.com/hderms/qsv already has a lockfile, it will not be regenerated
[INFO] running `Command { std: CARGO_HOME="/workspace/cargo-home" RUSTUP_HOME="/workspace/rustup-home" "/workspace/cargo-home/bin/cargo" "+beta-2024-12-08" "fetch" "--manifest-path" "Cargo.toml", kill_on_drop: false }`
[INFO] [stderr]     Blocking waiting for file lock on package cache
[INFO] [stderr]     Blocking waiting for file lock on package cache
[INFO] running `Command { std: "docker" "create" "-v" "/var/lib/crater-agent-workspace/builds/worker-2-tc2/target:/opt/rustwide/target:rw,Z" "-v" "/var/lib/crater-agent-workspace/builds/worker-2-tc2/source:/opt/rustwide/workdir:ro,Z" "-v" "/var/lib/crater-agent-workspace/cargo-home:/opt/rustwide/cargo-home:ro,Z" "-v" "/var/lib/crater-agent-workspace/rustup-home:/opt/rustwide/rustup-home:ro,Z" "-e" "SOURCE_DIR=/opt/rustwide/workdir" "-e" "CARGO_TARGET_DIR=/opt/rustwide/target" "-e" "CARGO_HOME=/opt/rustwide/cargo-home" "-e" "RUSTUP_HOME=/opt/rustwide/rustup-home" "-w" "/opt/rustwide/workdir" "-m" "1610612736" "--user" "0:0" "--network" "none" "ghcr.io/rust-lang/crates-build-env/linux@sha256:f3a9d4ad9d972b27faf3965f35b62e55ba32bbce8f20bc8fe909558a86702fde" "/opt/rustwide/cargo-home/bin/cargo" "+beta-2024-12-08" "metadata" "--no-deps" "--format-version=1", kill_on_drop: false }`
[INFO] [stdout] 0f1e5f96af1ee02b355fa751702d967d1b8a50fb261b150d9fee2245aad55175
[INFO] running `Command { std: "docker" "start" "-a" "0f1e5f96af1ee02b355fa751702d967d1b8a50fb261b150d9fee2245aad55175", kill_on_drop: false }`
[INFO] running `Command { std: "docker" "inspect" "0f1e5f96af1ee02b355fa751702d967d1b8a50fb261b150d9fee2245aad55175", kill_on_drop: false }`
[INFO] running `Command { std: "docker" "rm" "-f" "0f1e5f96af1ee02b355fa751702d967d1b8a50fb261b150d9fee2245aad55175", kill_on_drop: false }`
[INFO] [stdout] 0f1e5f96af1ee02b355fa751702d967d1b8a50fb261b150d9fee2245aad55175
[INFO] running `Command { std: "docker" "create" "-v" "/var/lib/crater-agent-workspace/builds/worker-2-tc2/target:/opt/rustwide/target:rw,Z" "-v" "/var/lib/crater-agent-workspace/builds/worker-2-tc2/source:/opt/rustwide/workdir:ro,Z" "-v" "/var/lib/crater-agent-workspace/cargo-home:/opt/rustwide/cargo-home:ro,Z" "-v" "/var/lib/crater-agent-workspace/rustup-home:/opt/rustwide/rustup-home:ro,Z" "-e" "SOURCE_DIR=/opt/rustwide/workdir" "-e" "CARGO_TARGET_DIR=/opt/rustwide/target" "-e" "CARGO_INCREMENTAL=0" "-e" "RUST_BACKTRACE=full" "-e" "RUSTFLAGS=--cap-lints=warn" "-e" "RUSTDOCFLAGS=--cap-lints=warn" "-e" "CARGO_HOME=/opt/rustwide/cargo-home" "-e" "RUSTUP_HOME=/opt/rustwide/rustup-home" "-w" "/opt/rustwide/workdir" "-m" "1610612736" "--user" "0:0" "--network" "none" "ghcr.io/rust-lang/crates-build-env/linux@sha256:f3a9d4ad9d972b27faf3965f35b62e55ba32bbce8f20bc8fe909558a86702fde" "/opt/rustwide/cargo-home/bin/cargo" "+beta-2024-12-08" "build" "--frozen" "--message-format=json", kill_on_drop: false }`
[INFO] [stdout] e29b60e6f0c74e10a12e8f7b646b14a89e4eb1147371bf548eec89d49ae4f049
[INFO] running `Command { std: "docker" "start" "-a" "e29b60e6f0c74e10a12e8f7b646b14a89e4eb1147371bf548eec89d49ae4f049", kill_on_drop: false }`
[INFO] [stderr]    Compiling autocfg v1.0.1
[INFO] [stderr]    Compiling libc v0.2.94
[INFO] [stderr]    Compiling proc-macro2 v1.0.26
[INFO] [stderr]    Compiling unicode-xid v0.2.1
[INFO] [stderr]    Compiling syn v1.0.70
[INFO] [stderr]    Compiling version_check v0.9.3
[INFO] [stderr]    Compiling ahash v0.4.7
[INFO] [stderr]    Compiling memchr v2.3.4
[INFO] [stderr]    Compiling lazy_static v1.4.0
[INFO] [stderr]    Compiling serde_derive v1.0.125
[INFO] [stderr]    Compiling serde v1.0.125
[INFO] [stderr]    Compiling pkg-config v0.3.19
[INFO] [stderr]    Compiling bitflags v1.2.1
[INFO] [stderr]    Compiling log v0.4.14
[INFO] [stderr]    Compiling smallvec v1.6.1
[INFO] [stderr]    Compiling scopeguard v1.1.0
[INFO] [stderr]    Compiling ryu v1.0.5
[INFO] [stderr]    Compiling cfg-if v0.1.10
[INFO] [stderr]    Compiling byteorder v1.4.3
[INFO] [stderr]    Compiling getrandom v0.2.2
[INFO] [stderr]    Compiling hashbrown v0.9.1
[INFO] [stderr]    Compiling crc32fast v1.2.1
[INFO] [stderr]    Compiling proc-macro-error-attr v1.0.4
[INFO] [stderr]    Compiling proc-macro-error v1.0.4
[INFO] [stderr]    Compiling unicode-segmentation v1.7.1
[INFO] [stderr]    Compiling regex-automata v0.1.9
[INFO] [stderr]    Compiling lock_api v0.3.4
[INFO] [stderr]    Compiling num-traits v0.2.14
[INFO] [stderr]    Compiling indexmap v1.6.2
[INFO] [stderr]    Compiling num-integer v0.1.44
[INFO] [stderr]    Compiling miniz_oxide v0.4.4
[INFO] [stderr]    Compiling heck v0.3.2
[INFO] [stderr]    Compiling either v1.6.1
[INFO] [stderr]    Compiling fixedbitset v0.2.0
[INFO] [stderr]    Compiling unicode-width v0.1.8
[INFO] [stderr]    Compiling adler v1.0.2
[INFO] [stderr]    Compiling csv-core v0.1.10
[INFO] [stderr]    Compiling itertools v0.8.2
[INFO] [stderr]    Compiling textwrap v0.12.1
[INFO] [stderr]    Compiling hashlink v0.6.0
[INFO] [stderr]    Compiling quote v1.0.9
[INFO] [stderr]    Compiling libsqlite3-sys v0.22.1
[INFO] [stderr]    Compiling vec_map v0.8.2
[INFO] [stderr]    Compiling strsim v0.10.0
[INFO] [stderr]    Compiling termcolor v1.1.2
[INFO] [stderr]    Compiling itoa v0.4.7
[INFO] [stderr]    Compiling fallible-iterator v0.2.0
[INFO] [stderr]    Compiling fnv v1.0.7
[INFO] [stderr]    Compiling fallible-streaming-iterator v0.1.9
[INFO] [stderr]    Compiling os_str_bytes v2.4.0
[INFO] [stderr]    Compiling sqlparser v0.9.0
[INFO] [stderr]    Compiling md5 v0.7.0
[INFO] [stderr]    Compiling petgraph v0.5.1
[INFO] [stderr]    Compiling atty v0.2.14
[INFO] [stderr]    Compiling time v0.1.43
[INFO] [stderr]    Compiling memchr v1.0.2
[INFO] [stderr]    Compiling parking_lot_core v0.7.2
[INFO] [stderr]    Compiling colored v1.9.3
[INFO] [stderr]    Compiling rusqlite v0.25.1
[INFO] [stderr]    Compiling flate2 v1.0.20
[INFO] [stderr]    Compiling nom v3.2.1
[INFO] [stderr]    Compiling uuid v0.8.2
[INFO] [stderr]    Compiling streaming-stats v0.2.3
[INFO] [stderr]    Compiling format-sql-query v0.4.0
[INFO] [stderr]    Compiling parking_lot v0.10.2
[INFO] [stderr]    Compiling chrono v0.4.19
[INFO] [stderr]    Compiling simple_logger v1.11.0
[INFO] [stderr]    Compiling tree_magic v0.2.3
[INFO] [stderr]    Compiling clap_derive v3.0.0-beta.2
[INFO] [stderr]    Compiling clap v3.0.0-beta.2
[INFO] [stderr]    Compiling bstr v0.2.15
[INFO] [stderr]    Compiling csv v1.1.6
[INFO] [stderr]    Compiling qsv v0.1.0 (/opt/rustwide/workdir)
[INFO] [stdout] warning: trait `ReadAndSeek` is never used
[INFO] [stdout]   --> src/qsv/mod.rs:44:7
[INFO] [stdout]    |
[INFO] [stdout] 44 | trait ReadAndSeek: std::io::Read + std::io::Seek {}
[INFO] [stdout]    |       ^^^^^^^^^^^
[INFO] [stdout]    |
[INFO] [stdout]    = note: `#[warn(dead_code)]` on by default
[INFO] [stdout] 
[INFO] [stdout] 
[INFO] [stderr]     Finished `dev` profile [unoptimized + debuginfo] target(s) in 30.05s
[INFO] [stderr] warning: the following packages contain code that will be rejected by a future version of Rust: nom v3.2.1
[INFO] [stderr] note: to see what the problems were, use the option `--future-incompat-report`, or run `cargo report future-incompatibilities --id 1`
[INFO] running `Command { std: "docker" "inspect" "e29b60e6f0c74e10a12e8f7b646b14a89e4eb1147371bf548eec89d49ae4f049", kill_on_drop: false }`
[INFO] running `Command { std: "docker" "rm" "-f" "e29b60e6f0c74e10a12e8f7b646b14a89e4eb1147371bf548eec89d49ae4f049", kill_on_drop: false }`
[INFO] [stdout] e29b60e6f0c74e10a12e8f7b646b14a89e4eb1147371bf548eec89d49ae4f049
[INFO] running `Command { std: "docker" "create" "-v" "/var/lib/crater-agent-workspace/builds/worker-2-tc2/target:/opt/rustwide/target:rw,Z" "-v" "/var/lib/crater-agent-workspace/builds/worker-2-tc2/source:/opt/rustwide/workdir:ro,Z" "-v" "/var/lib/crater-agent-workspace/cargo-home:/opt/rustwide/cargo-home:ro,Z" "-v" "/var/lib/crater-agent-workspace/rustup-home:/opt/rustwide/rustup-home:ro,Z" "-e" "SOURCE_DIR=/opt/rustwide/workdir" "-e" "CARGO_TARGET_DIR=/opt/rustwide/target" "-e" "CARGO_INCREMENTAL=0" "-e" "RUST_BACKTRACE=full" "-e" "RUSTFLAGS=--cap-lints=warn" "-e" "RUSTDOCFLAGS=--cap-lints=warn" "-e" "CARGO_HOME=/opt/rustwide/cargo-home" "-e" "RUSTUP_HOME=/opt/rustwide/rustup-home" "-w" "/opt/rustwide/workdir" "-m" "1610612736" "--user" "0:0" "--network" "none" "ghcr.io/rust-lang/crates-build-env/linux@sha256:f3a9d4ad9d972b27faf3965f35b62e55ba32bbce8f20bc8fe909558a86702fde" "/opt/rustwide/cargo-home/bin/cargo" "+beta-2024-12-08" "test" "--frozen" "--no-run" "--message-format=json", kill_on_drop: false }`
[INFO] [stdout] a1eb9fa553066efc1d5c486331872b09f7594f0a1f4df7a0bc101da2882bb53c
[INFO] running `Command { std: "docker" "start" "-a" "a1eb9fa553066efc1d5c486331872b09f7594f0a1f4df7a0bc101da2882bb53c", kill_on_drop: false }`
[INFO] [stderr]    Compiling serde_json v1.0.64
[INFO] [stderr]    Compiling aho-corasick v0.7.15
[INFO] [stderr]    Compiling predicates-core v1.0.2
[INFO] [stderr]    Compiling escargot v0.3.1
[INFO] [stderr]    Compiling regex-syntax v0.6.23
[INFO] [stderr]    Compiling float-cmp v0.8.0
[INFO] [stderr]    Compiling difference v2.0.0
[INFO] [stderr]    Compiling normalize-line-endings v0.3.0
[INFO] [stderr]    Compiling treeline v0.1.0
[INFO] [stdout] warning: trait `ReadAndSeek` is never used
[INFO] [stdout]   --> src/qsv/mod.rs:44:7
[INFO] [stdout]    |
[INFO] [stdout] 44 | trait ReadAndSeek: std::io::Read + std::io::Seek {}
[INFO] [stdout]    |       ^^^^^^^^^^^
[INFO] [stdout]    |
[INFO] [stdout]    = note: `#[warn(dead_code)]` on by default
[INFO] [stdout] 
[INFO] [stdout] 
[INFO] [stderr]    Compiling predicates-tree v1.0.2
[INFO] [stderr]    Compiling regex v1.4.6
[INFO] [stderr]    Compiling predicates v1.0.7
[INFO] [stderr]    Compiling assert_cmd v0.10.2
[INFO] [stderr]    Compiling qsv v0.1.0 (/opt/rustwide/workdir)
[INFO] [stdout] warning: trait `ReadAndSeek` is never used
[INFO] [stdout]   --> src/qsv/mod.rs:44:7
[INFO] [stdout]    |
[INFO] [stdout] 44 | trait ReadAndSeek: std::io::Read + std::io::Seek {}
[INFO] [stdout]    |       ^^^^^^^^^^^
[INFO] [stdout]    |
[INFO] [stdout]    = note: `#[warn(dead_code)]` on by default
[INFO] [stdout] 
[INFO] [stdout] 
[INFO] [stderr]     Finished `test` profile [unoptimized + debuginfo] target(s) in 9.72s
[INFO] [stderr] warning: the following packages contain code that will be rejected by a future version of Rust: nom v3.2.1
[INFO] [stderr] note: to see what the problems were, use the option `--future-incompat-report`, or run `cargo report future-incompatibilities --id 1`
[INFO] running `Command { std: "docker" "inspect" "a1eb9fa553066efc1d5c486331872b09f7594f0a1f4df7a0bc101da2882bb53c", kill_on_drop: false }`
[INFO] running `Command { std: "docker" "rm" "-f" "a1eb9fa553066efc1d5c486331872b09f7594f0a1f4df7a0bc101da2882bb53c", kill_on_drop: false }`
[INFO] [stdout] a1eb9fa553066efc1d5c486331872b09f7594f0a1f4df7a0bc101da2882bb53c
[INFO] running `Command { std: "docker" "create" "-v" "/var/lib/crater-agent-workspace/builds/worker-2-tc2/target:/opt/rustwide/target:rw,Z" "-v" "/var/lib/crater-agent-workspace/builds/worker-2-tc2/source:/opt/rustwide/workdir:ro,Z" "-v" "/var/lib/crater-agent-workspace/cargo-home:/opt/rustwide/cargo-home:ro,Z" "-v" "/var/lib/crater-agent-workspace/rustup-home:/opt/rustwide/rustup-home:ro,Z" "-e" "SOURCE_DIR=/opt/rustwide/workdir" "-e" "CARGO_TARGET_DIR=/opt/rustwide/target" "-e" "CARGO_INCREMENTAL=0" "-e" "RUST_BACKTRACE=full" "-e" "RUSTFLAGS=--cap-lints=warn" "-e" "RUSTDOCFLAGS=--cap-lints=warn" "-e" "CARGO_HOME=/opt/rustwide/cargo-home" "-e" "RUSTUP_HOME=/opt/rustwide/rustup-home" "-w" "/opt/rustwide/workdir" "-m" "1610612736" "--user" "0:0" "--network" "none" "ghcr.io/rust-lang/crates-build-env/linux@sha256:f3a9d4ad9d972b27faf3965f35b62e55ba32bbce8f20bc8fe909558a86702fde" "/opt/rustwide/cargo-home/bin/cargo" "+beta-2024-12-08" "test" "--frozen", kill_on_drop: false }`
[INFO] [stdout] 363e09536bea67864a662de8fe881da4b2510bd0c18963585dc818fdc82dfde7
[INFO] running `Command { std: "docker" "start" "-a" "363e09536bea67864a662de8fe881da4b2510bd0c18963585dc818fdc82dfde7", kill_on_drop: false }`
[INFO] [stderr] warning: trait `ReadAndSeek` is never used
[INFO] [stderr]   --> src/qsv/mod.rs:44:7
[INFO] [stderr]    |
[INFO] [stderr] 44 | trait ReadAndSeek: std::io::Read + std::io::Seek {}
[INFO] [stderr]    |       ^^^^^^^^^^^
[INFO] [stderr]    |
[INFO] [stderr]    = note: `#[warn(dead_code)]` on by default
[INFO] [stderr] 
[INFO] [stderr] warning: `qsv` (bin "qsv") generated 1 warning
[INFO] [stderr] warning: `qsv` (bin "qsv" test) generated 1 warning (1 duplicate)
[INFO] [stderr]     Finished `test` profile [unoptimized + debuginfo] target(s) in 0.11s
[INFO] [stderr] warning: the following packages contain code that will be rejected by a future version of Rust: nom v3.2.1
[INFO] [stderr] note: to see what the problems were, use the option `--future-incompat-report`, or run `cargo report future-incompatibilities --id 1`
[INFO] [stderr]      Running unittests src/main.rs (/opt/rustwide/target/debug/deps/qsv-3e70fa35431db061)
[INFO] [stdout] 
[INFO] [stdout] running 30 tests
[INFO] [stdout] test csv::csv_data::tests::it_can_load_file ... ok
[INFO] [stdout] test csv::csv_data::tests::it_can_load_file_with_alternate_delimiter ... ok
[INFO] [stdout] test csv::inference::test::it_should_parse_strings ... ok
[INFO] [stdout] test csv::inference::test::it_should_parse_integers ... ok
[INFO] [stdout] test csv::inference::test::it_should_parse_floats ... ok
[INFO] [stdout] test csv::inference::test::it_should_classify_mixed_floats_as_float ... ok
[INFO] [stdout] test csv::inference::test::it_should_classify_any_column_with_string_as_string ... ok
[INFO] [stdout] test csv::inference::test::it_should_use_default_column_type_if_inference_disabled ... ok
[INFO] [stdout] test csv::inference::test::it_should_recognize_integer_column ... ok
[INFO] [stdout] test csv::csv_data::tests::it_can_load_file_with_trim ... ok
[INFO] [stdout] test db::utils::tests::it_repeats_variables_a_number_of_times ... ok
[INFO] [stdout] test parser::rewriter::tests::it_rewrites_filenames_in_ctes ... ok
[INFO] [stdout] test parser::collector::tests::it_collects_filenames_from_unions ... ok
[INFO] [stdout] test parser::collector::tests::it_collects ... ok
[INFO] [stdout] test parser::tests::it_parses_sql_files_with_spaces_with_backticks_around_filename ... ok
[INFO] [stdout] test parser::tests::it_parses_sql_with_backticks_around_columns_with_spaces ... ok
[INFO] [stdout] test parser::tests::it_parses_sql_with_filenames_for_tables ... ok
[INFO] [stdout] test parser::tests::it_parses_sql_with_filenames_for_tables_in_subqueries ... ok
[INFO] [stdout] test csv::inference::test::it_should_recognize_float_column ... ok
[INFO] [stdout] test parser::rewriter::tests::it_rewrites ... ok
[INFO] [stdout] test db::utils::tests::it_escapes_fields ... ok
[INFO] [stdout] test db::utils::tests::it_escapes_tables ... ok
[INFO] [stdout] test parser::collector::tests::it_collects_filenames_from_ctes ... ok
[INFO] [stdout] test parser::collector::tests::it_collects_recursively ... ok
[INFO] [stdout] test parser::rewriter::tests::it_rewrites_filenames_in_unions ... ok
[INFO] [stdout] test db::test::can_create_table ... ok
[INFO] [stdout] test db::test::can_execute_a_query ... ok
[INFO] [stdout] test db::test::can_insert ... ok
[INFO] [stdout] test db::utils::tests::it_fails_on_zero - should panic ... ok
[INFO] [stdout] test db::utils::tests::it_fails_above_1000 - should panic ... ok
[INFO] [stdout] 
[INFO] [stdout] test result: ok. 30 passed; 0 failed; 0 ignored; 0 measured; 0 filtered out; finished in 0.09s
[INFO] [stdout] 
[INFO] [stderr]      Running tests/integration.rs (/opt/rustwide/target/debug/deps/integration-c1a8a7adb95bcb45)
[INFO] [stdout] 
[INFO] [stdout] running 28 tests
[INFO] [stdout] test analyze_subcommand::it_errors_if_no_query_is_passed ... FAILED
[INFO] [stdout] test query_subcommand::it_can_run_the_commandline_for_a_simple_query ... FAILED
[INFO] [stdout] test analyze_subcommand::it_will_run_a_simple_query_with_unions ... FAILED
[INFO] [stdout] test query_subcommand::it_succeeds_with_a_single_statement_ended_with_semicolon ... FAILED
[INFO] [stdout] test analyze_subcommand::it_will_run_a_simple_query_with_subqueries ... FAILED
[INFO] [stdout] test analyze_subcommand::it_will_run_a_simple_query_with_spaces_in_filename ... FAILED
[INFO] [stdout] test query_subcommand::it_will_run_a_query_and_output_header ... FAILED
[INFO] [stdout] test query_subcommand::it_will_run_a_simple_query_with_ctes ... FAILED
[INFO] [stdout] test query_subcommand::it_will_handle_a_column_of_mixed_floats ... ok
[INFO] [stdout] test analyze_subcommand::it_can_run_the_commandline_for_a_simple_query ... ok
[INFO] [stdout] test query_subcommand::it_succeeds_with_a_csv_with_spaces_in_headers ... ok
[INFO] [stdout] test query_subcommand::it_succeeds_without_running_sql_in_file_headers ... ok
[INFO] [stdout] test query_subcommand::it_will_run_a_query_from_a_gz_file ... ok
[INFO] [stdout] test query_subcommand::it_errors_if_no_query_is_passed ... ok
[INFO] [stdout] test query_subcommand::it_rejects_multiple_sql_statements_in_query ... ok
[INFO] [stdout] test query_subcommand::it_will_handle_a_column_of_floats ... ok
[INFO] [stdout] test query_subcommand::it_will_run_a_simple_query_with_md5 ... ok
[INFO] [stdout] test query_subcommand::it_will_run_a_simple_query_with_spaces_in_filename ... ok
[INFO] [stdout] test query_subcommand::it_will_run_a_simple_query_with_sqrt_on_float ... ok
[INFO] [stdout] test query_subcommand::it_will_run_a_simple_query_with_sqrt_on_integer ... ok
[INFO] [stdout] test query_subcommand::it_will_run_a_simple_query_with_stddev ... ok
[INFO] [stdout] test query_subcommand::it_will_run_a_simple_query_with_subqueries ... ok
[INFO] [stdout] test query_subcommand::it_will_run_a_simple_query_with_unions ... ok
[INFO] [stdout] test query_subcommand::it_will_run_with_an_alternate_delimiter ... ok
[INFO] [stdout] test stats_subcommand::it_can_run_the_commandline_for_a_simple_query ... ok
[INFO] [stdout] test query_subcommand::it_will_run_with_trim ... ok
[INFO] [stdout] test query_subcommand::it_will_run_with_textonly ... ok
[INFO] [stdout] test stats_subcommand::it_errors_if_no_query_is_passed ... ok
[INFO] [stdout] 
[INFO] [stdout] failures:
[INFO] [stdout] 
[INFO] [stdout] ---- analyze_subcommand::it_errors_if_no_query_is_passed stdout ----
[INFO] [stdout] thread 'analyze_subcommand::it_errors_if_no_query_is_passed' panicked at tests/integration.rs:219:49:
[INFO] [stdout] called `Result::unwrap()` on an `Err` value: CargoError { cause: Some(CargoError { kind: CommandFailed, context: Some("   Compiling autocfg v1.0.1\n   Compiling libc v0.2.94\n   Compiling proc-macro2 v1.0.26\n   Compiling unicode-xid v0.2.1\n   Compiling syn v1.0.70\n   Compiling version_check v0.9.3\n   Compiling ahash v0.4.7\n   Compiling cfg-if v1.0.0\n   Compiling memchr v2.3.4\n   Compiling lazy_static v1.4.0\n   Compiling serde_derive v1.0.125\n   Compiling log v0.4.14\n   Compiling serde v1.0.125\n   Compiling smallvec v1.6.1\n   Compiling pkg-config v0.3.19\n   Compiling bitflags v1.2.1\n   Compiling crc32fast v1.2.1\n   Compiling ryu v1.0.5\nerror: could not compile `unicode-xid` (lib) due to 1 previous error\nwarning: build failed, waiting for other jobs to finish...\nerror: could not compile `proc-macro2` (build script) due to 1 previous error\nrustc-LLVM ERROR: IO failure on output stream: No space left on device\nrustc-LLVM ERROR: IO failure on output stream: No space left on device\nrustc-LLVM ERROR: IO failure on output stream: No space left on device\nerror: could not compile `serde_derive` (build script)\n\nCaused by:\n  No space left on device (os error 28)\n\nCaused by:\n  failed to parse process output: `/opt/rustwide/rustup-home/toolchains/beta-2024-12-08-x86_64-unknown-linux-gnu/bin/rustc --crate-name build_script_build --edition=2015 /opt/rustwide/cargo-home/registry/src/index.crates.io-6f17d22bba15001f/serde_derive-1.0.125/build.rs --error-format=json --json=diagnostic-rendered-ansi,artifacts,future-incompat --crate-type bin --emit=dep-info,link -C embed-bitcode=no -C debuginfo=2 --cfg 'feature=\"default\"' --check-cfg 'cfg(docsrs)' --check-cfg 'cfg(feature, values(\"default\", \"deserialize_in_place\"))' -C metadata=60361da985f6e585 -C extra-filename=-60361da985f6e585 --out-dir /opt/rustwide/target/debug/build/serde_derive-60361da985f6e585 -L dependency=/opt/rustwide/target/debug/deps --cap-lints allow` (exit status: 101)\nerror: could not compile `syn` (build script)\n\nCaused by:\n  No space left on device (os error 28)\n\nCaused by:\n  failed to parse process output: `/opt/rustwide/rustup-home/toolchains/beta-2024-12-08-x86_64-unknown-linux-gnu/bin/rustc --crate-name build_script_build --edition=2018 /opt/rustwide/cargo-home/registry/src/index.crates.io-6f17d22bba15001f/syn-1.0.70/build.rs --error-format=json --json=diagnostic-rendered-ansi,artifacts,future-incompat --crate-type bin --emit=dep-info,link -C embed-bitcode=no -C debuginfo=2 --cfg 'feature=\"clone-impls\"' --cfg 'feature=\"default\"' --cfg 'feature=\"derive\"' --cfg 'feature=\"full\"' --cfg 'feature=\"parsing\"' --cfg 'feature=\"printing\"' --cfg 'feature=\"proc-macro\"' --cfg 'feature=\"quote\"' --check-cfg 'cfg(docsrs)' --check-cfg 'cfg(feature, values(\"clone-impls\", \"default\", \"derive\", \"extra-traits\", \"fold\", \"full\", \"parsing\", \"printing\", \"proc-macro\", \"quote\", \"test\", \"visit\", \"visit-mut\"))' -C metadata=404f789d3852a43e -C extra-filename=-404f789d3852a43e --out-dir /opt/rustwide/target/debug/build/syn-404f789d3852a43e -L dependency=/opt/rustwide/target/debug/deps --cap-lints allow` (exit status: 101)\nerror: could not compile `crc32fast` (build script)\n\nCaused by:\n  No space left on device (os error 28)\n\nCaused by:\n  failed to parse process output: `/opt/rustwide/rustup-home/toolchains/beta-2024-12-08-x86_64-unknown-linux-gnu/bin/rustc --crate-name build_script_build --edition=2015 /opt/rustwide/cargo-home/registry/src/index.crates.io-6f17d22bba15001f/crc32fast-1.2.1/build.rs --error-format=json --json=diagnostic-rendered-ansi,artifacts,future-incompat --crate-type bin --emit=dep-info,link -C embed-bitcode=no -C debuginfo=2 --cfg 'feature=\"default\"' --cfg 'feature=\"std\"' --check-cfg 'cfg(docsrs)' --check-cfg 'cfg(feature, values(\"default\", \"nightly\", \"std\"))' -C metadata=4015e00da19abd94 -C extra-filename=-4015e00da19abd94 --out-dir /opt/rustwide/target/debug/build/crc32fast-4015e00da19abd94 -L dependency=/opt/rustwide/target/debug/deps --cap-lints allow` (exit status: 101)\nrustc-LLVM ERROR: IO failure on output stream: No space left on device\nerror: could not compile `smallvec` (lib)\n\nCaused by:\n  process didn't exit successfully: `/opt/rustwide/rustup-home/toolchains/beta-2024-12-08-x86_64-unknown-linux-gnu/bin/rustc --crate-name smallvec --edition=2018 /opt/rustwide/cargo-home/registry/src/index.crates.io-6f17d22bba15001f/smallvec-1.6.1/src/lib.rs --error-format=json --json=diagnostic-rendered-ansi,artifacts,future-incompat --crate-type lib --emit=dep-info,metadata,link -C embed-bitcode=no -C debuginfo=2 --check-cfg 'cfg(docsrs)' --check-cfg 'cfg(feature, values(\"const_generics\", \"may_dangle\", \"serde\", \"specialization\", \"union\", \"write\"))' -C metadata=5f52c7abcea0adbc -C extra-filename=-5f52c7abcea0adbc --out-dir /opt/rustwide/target/x86_64-unknown-linux-gnu/debug/deps --target x86_64-unknown-linux-gnu -L dependency=/opt/rustwide/target/x86_64-unknown-linux-gnu/debug/deps -L dependency=/opt/rustwide/target/debug/deps --cap-lints allow --cap-lints=warn` (exit status: 101)\nrustc-LLVM ERROR: IO failure on output stream: No space left on device\nrustc-LLVM ERROR: IO failure on output stream: No space left on device\nerror: could not compile `libc` (build script)\n\nCaused by:\n  No space left on device (os error 28)\n\nCaused by:\n  failed to parse process output: `/opt/rustwide/rustup-home/toolchains/beta-2024-12-08-x86_64-unknown-linux-gnu/bin/rustc --crate-name build_script_build --edition=2015 /opt/rustwide/cargo-home/registry/src/index.crates.io-6f17d22bba15001f/libc-0.2.94/build.rs --error-format=json --json=diagnostic-rendered-ansi,artifacts,future-incompat --crate-type bin --emit=dep-info,link -C embed-bitcode=no -C debuginfo=2 --cfg 'feature=\"default\"' --cfg 'feature=\"std\"' --cfg 'feature=\"use_std\"' --check-cfg 'cfg(docsrs)' --check-cfg 'cfg(feature, values(\"align\", \"const-extern-fn\", \"default\", \"extra_traits\", \"rustc-dep-of-std\", \"rustc-std-workspace-core\", \"std\", \"use_std\"))' -C metadata=445ade9f02d7e2ad -C extra-filename=-445ade9f02d7e2ad --out-dir /opt/rustwide/target/debug/build/libc-445ade9f02d7e2ad -L dependency=/opt/rustwide/target/debug/deps --cap-lints allow` (exit status: 101)\nrustc-LLVM ERROR: IO failure on output stream: No space left on device\nerror: could not compile `ryu` (build script)\n\nCaused by:\n  No space left on device (os error 28)\n\nCaused by:\n  failed to parse process output: `/opt/rustwide/rustup-home/toolchains/beta-2024-12-08-x86_64-unknown-linux-gnu/bin/rustc --crate-name build_script_build --edition=2018 /opt/rustwide/cargo-home/registry/src/index.crates.io-6f17d22bba15001f/ryu-1.0.5/build.rs --error-format=json --json=diagnostic-rendered-ansi,artifacts,future-incompat --crate-type bin --emit=dep-info,link -C embed-bitcode=no -C debuginfo=2 --check-cfg 'cfg(docsrs)' --check-cfg 'cfg(feature, values(\"no-panic\", \"small\"))' -C metadata=835fff8460646b32 -C extra-filename=-835fff8460646b32 --out-dir /opt/rustwide/target/debug/build/ryu-835fff8460646b32 -L dependency=/opt/rustwide/target/debug/deps --cap-lints allow` (exit status: 101)\nerror: could not compile `bitflags` (build script)\n\nCaused by:\n  No space left on device (os error 28)\n\nCaused by:\n  failed to parse process output: `/opt/rustwide/rustup-home/toolchains/beta-2024-12-08-x86_64-unknown-linux-gnu/bin/rustc --crate-name build_script_build --edition=2015 /opt/rustwide/cargo-home/registry/src/index.crates.io-6f17d22bba15001f/bitflags-1.2.1/build.rs --error-format=json --json=diagnostic-rendered-ansi,artifacts,future-incompat --crate-type bin --emit=dep-info,link -C embed-bitcode=no -C debuginfo=2 --cfg 'feature=\"default\"' --check-cfg 'cfg(docsrs)' --check-cfg 'cfg(feature, values(\"default\", \"example_generated\"))' -C metadata=4ec37bd1359ced05 -C extra-filename=-4ec37bd1359ced05 --out-dir /opt/rustwide/target/debug/build/bitflags-4ec37bd1359ced05 -L dependency=/opt/rustwide/target/debug/deps --cap-lints allow` (exit status: 101)\nerror: could not compile `autocfg` (lib) due to 1 previous error\nerror: could not compile `log` (build script) due to 1 previous error\nerror: could not compile `version_check` (lib) due to 1 previous error\nrustc-LLVM ERROR: IO failure on output stream: No space left on device\nrustc-LLVM ERROR: IO failure on output stream: No space left on device\nerror: could not compile `memchr` (build script)\n\nCaused by:\n  No space left on device (os error 28)\n\nCaused by:\n  failed to parse process output: `/opt/rustwide/rustup-home/toolchains/beta-2024-12-08-x86_64-unknown-linux-gnu/bin/rustc --crate-name build_script_build --edition=2015 /opt/rustwide/cargo-home/registry/src/index.crates.io-6f17d22bba15001f/memchr-2.3.4/build.rs --error-format=json --json=diagnostic-rendered-ansi,artifacts,future-incompat --crate-type bin --emit=dep-info,link -C embed-bitcode=no -C debuginfo=2 --cfg 'feature=\"default\"' --cfg 'feature=\"std\"' --cfg 'feature=\"use_std\"' --check-cfg 'cfg(docsrs)' --check-cfg 'cfg(feature, values(\"default\", \"libc\", \"std\", \"use_std\"))' -C metadata=ac0ec31a0f4ddc5f -C extra-filename=-ac0ec31a0f4ddc5f --out-dir /opt/rustwide/target/debug/build/memchr-ac0ec31a0f4ddc5f -L dependency=/opt/rustwide/target/debug/deps --cap-lints allow` (exit status: 101)\nerror: could not compile `serde` (build script)\n\nCaused by:\n  No space left on device (os error 28)\n\nCaused by:\n  failed to parse process output: `/opt/rustwide/rustup-home/toolchains/beta-2024-12-08-x86_64-unknown-linux-gnu/bin/rustc --crate-name build_script_build --edition=2015 /opt/rustwide/cargo-home/registry/src/index.crates.io-6f17d22bba15001f/serde-1.0.125/build.rs --error-format=json --json=diagnostic-rendered-ansi,artifacts,future-incompat --crate-type bin --emit=dep-info,link -C embed-bitcode=no -C debuginfo=2 --cfg 'feature=\"default\"' --cfg 'feature=\"derive\"' --cfg 'feature=\"serde_derive\"' --cfg 'feature=\"std\"' --check-cfg 'cfg(docsrs)' --check-cfg 'cfg(feature, values(\"alloc\", \"default\", \"derive\", \"rc\", \"serde_derive\", \"std\", \"unstable\"))' -C metadata=c13aca8652bf1126 -C extra-filename=-c13aca8652bf1126 --out-dir /opt/rustwide/target/debug/build/serde-c13aca8652bf1126 -L dependency=/opt/rustwide/target/debug/deps --cap-lints allow` (exit status: 101)\nerror: could not compile `pkg-config` (lib) due to 1 previous error\nerror: could not compile `ahash` (lib) due to 1 previous error\n"), cause: None }) }
[INFO] [stdout] stack backtrace:
[INFO] [stdout]    0:     0x5aa5a8a759ca - std::backtrace_rs::backtrace::libunwind::trace::h8810477743020387
[INFO] [stdout]                                at /rustc/202008a1b8de96d2e5b6bc02d379db03a877d34d/library/std/src/../../backtrace/src/backtrace/libunwind.rs:116:5
[INFO] [stdout]    1:     0x5aa5a8a759ca - std::backtrace_rs::backtrace::trace_unsynchronized::h3aa55355dd6c54a6
[INFO] [stdout]                                at /rustc/202008a1b8de96d2e5b6bc02d379db03a877d34d/library/std/src/../../backtrace/src/backtrace/mod.rs:66:5
[INFO] [stdout]    2:     0x5aa5a8a759ca - std::sys::backtrace::_print_fmt::h8588b0f62410823f
[INFO] [stdout]                                at /rustc/202008a1b8de96d2e5b6bc02d379db03a877d34d/library/std/src/sys/backtrace.rs:66:9
[INFO] [stdout]    3:     0x5aa5a8a759ca - <std::sys::backtrace::BacktraceLock::print::DisplayBacktrace as core::fmt::Display>::fmt::h98c26ac25ffe89bb
[INFO] [stdout]                                at /rustc/202008a1b8de96d2e5b6bc02d379db03a877d34d/library/std/src/sys/backtrace.rs:39:26
[INFO] [stdout]    4:     0x5aa5a8a9c2d3 - core::fmt::rt::Argument::fmt::hf95377f4aebd453b
[INFO] [stdout]                                at /rustc/202008a1b8de96d2e5b6bc02d379db03a877d34d/library/core/src/fmt/rt.rs:177:76
[INFO] [stdout]    5:     0x5aa5a8a9c2d3 - core::fmt::write::h0dd5f6e2238c7982
[INFO] [stdout]                                at /rustc/202008a1b8de96d2e5b6bc02d379db03a877d34d/library/core/src/fmt/mod.rs:1189:21
[INFO] [stdout]    6:     0x5aa5a8a72b53 - std::io::Write::write_fmt::h03bb0ca26e6faf8c
[INFO] [stdout]                                at /rustc/202008a1b8de96d2e5b6bc02d379db03a877d34d/library/std/src/io/mod.rs:1884:15
[INFO] [stdout]    7:     0x5aa5a8a75812 - std::sys::backtrace::BacktraceLock::print::h5c19c1c038ee186d
[INFO] [stdout]                                at /rustc/202008a1b8de96d2e5b6bc02d379db03a877d34d/library/std/src/sys/backtrace.rs:42:9
[INFO] [stdout]    8:     0x5aa5a8a76ecd - std::panicking::default_hook::{{closure}}::h77172f079a1fcb13
[INFO] [stdout]                                at /rustc/202008a1b8de96d2e5b6bc02d379db03a877d34d/library/std/src/panicking.rs:268:22
[INFO] [stdout]    9:     0x5aa5a8a76cd7 - std::panicking::default_hook::he5f8e3b203ccddba
[INFO] [stdout]                                at /rustc/202008a1b8de96d2e5b6bc02d379db03a877d34d/library/std/src/panicking.rs:292:9
[INFO] [stdout]   10:     0x5aa5a8a094c7 - <alloc::boxed::Box<F,A> as core::ops::function::Fn<Args>>::call::h7a3c7b4a1ae77f2f
[INFO] [stdout]                                at /rustc/202008a1b8de96d2e5b6bc02d379db03a877d34d/library/alloc/src/boxed.rs:1986:9
[INFO] [stdout]   11:     0x5aa5a8a094c7 - test::test_main::{{closure}}::hf0d3b69ae9b353d1
[INFO] [stdout]                                at /rustc/202008a1b8de96d2e5b6bc02d379db03a877d34d/library/test/src/lib.rs:134:21
[INFO] [stdout]   12:     0x5aa5a8a77578 - <alloc::boxed::Box<F,A> as core::ops::function::Fn<Args>>::call::h6332e82e7b189abd
[INFO] [stdout]                                at /rustc/202008a1b8de96d2e5b6bc02d379db03a877d34d/library/alloc/src/boxed.rs:1986:9
[INFO] [stdout]   13:     0x5aa5a8a77578 - std::panicking::rust_panic_with_hook::h53863d4e9018df39
[INFO] [stdout]                                at /rustc/202008a1b8de96d2e5b6bc02d379db03a877d34d/library/std/src/panicking.rs:809:13
[INFO] [stdout]   14:     0x5aa5a8a7733a - std::panicking::begin_panic_handler::{{closure}}::h67280e6fa0757873
[INFO] [stdout]                                at /rustc/202008a1b8de96d2e5b6bc02d379db03a877d34d/library/std/src/panicking.rs:674:13
[INFO] [stdout]   15:     0x5aa5a8a75ea9 - std::sys::backtrace::__rust_end_short_backtrace::h1dac3f54d6fbbeb2
[INFO] [stdout]                                at /rustc/202008a1b8de96d2e5b6bc02d379db03a877d34d/library/std/src/sys/backtrace.rs:170:18
[INFO] [stdout]   16:     0x5aa5a8a76fcc - rust_begin_unwind
[INFO] [stdout]                                at /rustc/202008a1b8de96d2e5b6bc02d379db03a877d34d/library/std/src/panicking.rs:665:5
[INFO] [stdout]   17:     0x5aa5a89c9ab0 - core::panicking::panic_fmt::h6792bd1b2bf01041
[INFO] [stdout]                                at /rustc/202008a1b8de96d2e5b6bc02d379db03a877d34d/library/core/src/panicking.rs:76:14
[INFO] [stdout]   18:     0x5aa5a89c9ef6 - core::result::unwrap_failed::h05e0602ed34287c5
[INFO] [stdout]                                at /rustc/202008a1b8de96d2e5b6bc02d379db03a877d34d/library/core/src/result.rs:1699:5
[INFO] [stdout]   19:     0x5aa5a89cc96c - core::result::Result<T,E>::unwrap::h6533ff29b96d6774
[INFO] [stdout]                                at /rustc/202008a1b8de96d2e5b6bc02d379db03a877d34d/library/core/src/result.rs:1104:23
[INFO] [stdout]   20:     0x5aa5a89cc96c - integration::analyze_subcommand::build_cmd::h137435b471a21dbe
[INFO] [stdout]                                at /opt/rustwide/workdir/tests/integration.rs:219:23
[INFO] [stdout]   21:     0x5aa5a89ceb66 - integration::analyze_subcommand::it_errors_if_no_query_is_passed::hf2c7df88a386c3e3
[INFO] [stdout]                                at /opt/rustwide/workdir/tests/integration.rs:233:23
[INFO] [stdout]   22:     0x5aa5a89ceb27 - integration::analyze_subcommand::it_errors_if_no_query_is_passed::{{closure}}::h05d7c18661d217a0
[INFO] [stdout]                                at /opt/rustwide/workdir/tests/integration.rs:232:45
[INFO] [stdout]   23:     0x5aa5a89cb346 - core::ops::function::FnOnce::call_once::h9799511d2f3f6442
[INFO] [stdout]                                at /rustc/202008a1b8de96d2e5b6bc02d379db03a877d34d/library/core/src/ops/function.rs:250:5
[INFO] [stdout]   24:     0x5aa5a8a0dfeb - core::ops::function::FnOnce::call_once::h871bf86719ec9aa4
[INFO] [stdout]                                at /rustc/202008a1b8de96d2e5b6bc02d379db03a877d34d/library/core/src/ops/function.rs:250:5
[INFO] [stdout]   25:     0x5aa5a8a0dfeb - test::__rust_begin_short_backtrace::h2167df1e2b7d76fd
[INFO] [stdout]                                at /rustc/202008a1b8de96d2e5b6bc02d379db03a877d34d/library/test/src/lib.rs:632:18
[INFO] [stdout]   26:     0x5aa5a8a0d9d8 - test::run_test_in_process::{{closure}}::h15d92f75a3adfb79
[INFO] [stdout]                                at /rustc/202008a1b8de96d2e5b6bc02d379db03a877d34d/library/test/src/lib.rs:655:60
[INFO] [stdout]   27:     0x5aa5a8a0d9d8 - <core::panic::unwind_safe::AssertUnwindSafe<F> as core::ops::function::FnOnce<()>>::call_once::hb6c8955835a8dbbb
[INFO] [stdout]                                at /rustc/202008a1b8de96d2e5b6bc02d379db03a877d34d/library/core/src/panic/unwind_safe.rs:272:9
[INFO] [stdout]   28:     0x5aa5a8a0d9d8 - std::panicking::try::do_call::hc79d0fc888a0bd30
[INFO] [stdout]                                at /rustc/202008a1b8de96d2e5b6bc02d379db03a877d34d/library/std/src/panicking.rs:557:40
[INFO] [stdout]   29:     0x5aa5a8a0d9d8 - std::panicking::try::hb8a7878e3a8589d6
[INFO] [stdout]                                at /rustc/202008a1b8de96d2e5b6bc02d379db03a877d34d/library/std/src/panicking.rs:520:19
[INFO] [stdout]   30:     0x5aa5a8a0d9d8 - std::panic::catch_unwind::hb8e4600ff0ff5cfa
[INFO] [stdout]                                at /rustc/202008a1b8de96d2e5b6bc02d379db03a877d34d/library/std/src/panic.rs:358:14
[INFO] [stdout]   31:     0x5aa5a8a0d9d8 - test::run_test_in_process::hc2900b0b18688dd6
[INFO] [stdout]                                at /rustc/202008a1b8de96d2e5b6bc02d379db03a877d34d/library/test/src/lib.rs:655:27
[INFO] [stdout]   32:     0x5aa5a8a0d9d8 - test::run_test::{{closure}}::hac2a9cb07be3d48d
[INFO] [stdout]                                at /rustc/202008a1b8de96d2e5b6bc02d379db03a877d34d/library/test/src/lib.rs:576:43
[INFO] [stdout]   33:     0x5aa5a89d147a - test::run_test::{{closure}}::h4a5b729e66a38cd8
[INFO] [stdout]                                at /rustc/202008a1b8de96d2e5b6bc02d379db03a877d34d/library/test/src/lib.rs:606:41
[INFO] [stdout]   34:     0x5aa5a89d147a - std::sys::backtrace::__rust_begin_short_backtrace::h0496fb742492f573
[INFO] [stdout]                                at /rustc/202008a1b8de96d2e5b6bc02d379db03a877d34d/library/std/src/sys/backtrace.rs:154:18
[INFO] [stdout]   35:     0x5aa5a89d4df4 - std::thread::Builder::spawn_unchecked_::{{closure}}::{{closure}}::hbb6d257c550a54bd
[INFO] [stdout]                                at /rustc/202008a1b8de96d2e5b6bc02d379db03a877d34d/library/std/src/thread/mod.rs:561:17
[INFO] [stdout]   36:     0x5aa5a89d4df4 - <core::panic::unwind_safe::AssertUnwindSafe<F> as core::ops::function::FnOnce<()>>::call_once::h46696fe4a6832328
[INFO] [stdout]                                at /rustc/202008a1b8de96d2e5b6bc02d379db03a877d34d/library/core/src/panic/unwind_safe.rs:272:9
[INFO] [stdout]   37:     0x5aa5a89d4df4 - std::panicking::try::do_call::h2625a51b667bfb64
[INFO] [stdout]                                at /rustc/202008a1b8de96d2e5b6bc02d379db03a877d34d/library/std/src/panicking.rs:557:40
[INFO] [stdout]   38:     0x5aa5a89d4df4 - std::panicking::try::hb956a59a1973aa4c
[INFO] [stdout]                                at /rustc/202008a1b8de96d2e5b6bc02d379db03a877d34d/library/std/src/panicking.rs:520:19
[INFO] [stdout]   39:     0x5aa5a89d4df4 - std::panic::catch_unwind::h64f3b9d1067ef6a0
[INFO] [stdout]                                at /rustc/202008a1b8de96d2e5b6bc02d379db03a877d34d/library/std/src/panic.rs:358:14
[INFO] [stdout]   40:     0x5aa5a89d4df4 - std::thread::Builder::spawn_unchecked_::{{closure}}::h42b2841295b6c0b2
[INFO] [stdout]                                at /rustc/202008a1b8de96d2e5b6bc02d379db03a877d34d/library/std/src/thread/mod.rs:559:30
[INFO] [stdout]   41:     0x5aa5a89d4df4 - core::ops::function::FnOnce::call_once{{vtable.shim}}::h6127de71b8124639
[INFO] [stdout]                                at /rustc/202008a1b8de96d2e5b6bc02d379db03a877d34d/library/core/src/ops/function.rs:250:5
[INFO] [stdout]   42:     0x5aa5a8a7beab - <alloc::boxed::Box<F,A> as core::ops::function::FnOnce<Args>>::call_once::h42f0ba71002a1b2c
[INFO] [stdout]                                at /rustc/202008a1b8de96d2e5b6bc02d379db03a877d34d/library/alloc/src/boxed.rs:1972:9
[INFO] [stdout]   43:     0x5aa5a8a7beab - <alloc::boxed::Box<F,A> as core::ops::function::FnOnce<Args>>::call_once::had9e47d7a3dcecb8
[INFO] [stdout]                                at /rustc/202008a1b8de96d2e5b6bc02d379db03a877d34d/library/alloc/src/boxed.rs:1972:9
[INFO] [stdout]   44:     0x5aa5a8a7beab - std::sys::pal::unix::thread::Thread::new::thread_start::h48cf765408f6f5f2
[INFO] [stdout]                                at /rustc/202008a1b8de96d2e5b6bc02d379db03a877d34d/library/std/src/sys/pal/unix/thread.rs:105:17
[INFO] [stdout]   45:     0x70602642dac3 - <unknown>
[INFO] [stdout]   46:     0x7060264bea04 - clone
[INFO] [stdout]   47:                0x0 - <unknown>
[INFO] [stdout] 
[INFO] [stdout] ---- query_subcommand::it_can_run_the_commandline_for_a_simple_query stdout ----
[INFO] [stdout] thread 'query_subcommand::it_can_run_the_commandline_for_a_simple_query' panicked at tests/integration.rs:6:49:
[INFO] [stdout] called `Result::unwrap()` on an `Err` value: CargoError { cause: Some(CargoError { kind: CommandFailed, context: Some("    Blocking waiting for file lock on build directory\n    Blocking waiting for file lock on build directory\n   Compiling autocfg v1.0.1\n   Compiling libc v0.2.94\n   Compiling proc-macro2 v1.0.26\n   Compiling unicode-xid v0.2.1\n   Compiling syn v1.0.70\n   Compiling version_check v0.9.3\n   Compiling ahash v0.4.7\n   Compiling memchr v2.3.4\n   Compiling serde_derive v1.0.125\n   Compiling pkg-config v0.3.19\n   Compiling log v0.4.14\n   Compiling serde v1.0.125\n   Compiling bitflags v1.2.1\n   Compiling smallvec v1.6.1\n   Compiling byteorder v1.4.3\n   Compiling unicode-segmentation v1.7.1\nerror: failed to write `/opt/rustwide/target/debug/.fingerprint/pkg-config-7675a4ad22df1067/invoked.timestamp`\n\nCaused by:\n  No space left on device (os error 28)\nwarning: build failed, waiting for other jobs to finish...\nerror: failed to write `/opt/rustwide/target/x86_64-unknown-linux-gnu/debug/.fingerprint/byteorder-f3d68b71947f87da/invoked.timestamp`\n\nCaused by:\n  No space left on device (os error 28)\nerror: failed to write `/opt/rustwide/target/debug/.fingerprint/serde_derive-60361da985f6e585/invoked.timestamp`\n\nCaused by:\n  No space left on device (os error 28)\nerror: failed to write `/opt/rustwide/target/debug/.fingerprint/unicode-segmentation-d495620073ea62e2/invoked.timestamp`\n\nCaused by:\n  No space left on device (os error 28)\nerror: could not compile `serde` (build script) due to 1 previous error\nerror: could not compile `unicode-xid` (lib) due to 1 previous error\nerror: could not compile `memchr` (build script) due to 1 previous error\nrustc-LLVM ERROR: IO failure on output stream: No space left on device\nrustc-LLVM ERROR: IO failure on output stream: No space left on device\nerror: could not compile `log` (build script)\n\nCaused by:\n  No space left on device (os error 28)\n\nCaused by:\n  failed to parse process output: `/opt/rustwide/rustup-home/toolchains/beta-2024-12-08-x86_64-unknown-linux-gnu/bin/rustc --crate-name build_script_build --edition=2015 /opt/rustwide/cargo-home/registry/src/index.crates.io-6f17d22bba15001f/log-0.4.14/build.rs --error-format=json --json=diagnostic-rendered-ansi,artifacts,future-incompat --crate-type bin --emit=dep-info,link -C embed-bitcode=no -C debuginfo=2 --cfg 'feature=\"std\"' --check-cfg 'cfg(docsrs)' --check-cfg 'cfg(feature, values(\"kv_unstable\", \"kv_unstable_serde\", \"kv_unstable_std\", \"kv_unstable_sval\", \"max_level_debug\", \"max_level_error\", \"max_level_info\", \"max_level_off\", \"max_level_trace\", \"max_level_warn\", \"release_max_level_debug\", \"release_max_level_error\", \"release_max_level_info\", \"release_max_level_off\", \"release_max_level_trace\", \"release_max_level_warn\", \"serde\", \"std\", \"sval\", \"value-bag\"))' -C metadata=853af308df9912f1 -C extra-filename=-853af308df9912f1 --out-dir /opt/rustwide/target/debug/build/log-853af308df9912f1 -L dependency=/opt/rustwide/target/debug/deps --cap-lints allow` (exit status: 101)\nerror: could not compile `bitflags` (build script)\n\nCaused by:\n  No space left on device (os error 28)\n\nCaused by:\n  failed to parse process output: `/opt/rustwide/rustup-home/toolchains/beta-2024-12-08-x86_64-unknown-linux-gnu/bin/rustc --crate-name build_script_build --edition=2015 /opt/rustwide/cargo-home/registry/src/index.crates.io-6f17d22bba15001f/bitflags-1.2.1/build.rs --error-format=json --json=diagnostic-rendered-ansi,artifacts,future-incompat --crate-type bin --emit=dep-info,link -C embed-bitcode=no -C debuginfo=2 --cfg 'feature=\"default\"' --check-cfg 'cfg(docsrs)' --check-cfg 'cfg(feature, values(\"default\", \"example_generated\"))' -C metadata=4ec37bd1359ced05 -C extra-filename=-4ec37bd1359ced05 --out-dir /opt/rustwide/target/debug/build/bitflags-4ec37bd1359ced05 -L dependency=/opt/rustwide/target/debug/deps --cap-lints allow` (exit status: 101)\nrustc-LLVM ERROR: IO failure on output stream: No space left on device\nerror: could not compile `version_check` (lib) due to 1 previous error\nerror: could not compile `libc` (build script)\n\nCaused by:\n  No space left on device (os error 28)\n\nCaused by:\n  failed to parse process output: `/opt/rustwide/rustup-home/toolchains/beta-2024-12-08-x86_64-unknown-linux-gnu/bin/rustc --crate-name build_script_build --edition=2015 /opt/rustwide/cargo-home/registry/src/index.crates.io-6f17d22bba15001f/libc-0.2.94/build.rs --error-format=json --json=diagnostic-rendered-ansi,artifacts,future-incompat --crate-type bin --emit=dep-info,link -C embed-bitcode=no -C debuginfo=2 --cfg 'feature=\"default\"' --cfg 'feature=\"std\"' --cfg 'feature=\"use_std\"' --check-cfg 'cfg(docsrs)' --check-cfg 'cfg(feature, values(\"align\", \"const-extern-fn\", \"default\", \"extra_traits\", \"rustc-dep-of-std\", \"rustc-std-workspace-core\", \"std\", \"use_std\"))' -C metadata=445ade9f02d7e2ad -C extra-filename=-445ade9f02d7e2ad --out-dir /opt/rustwide/target/debug/build/libc-445ade9f02d7e2ad -L dependency=/opt/rustwide/target/debug/deps --cap-lints allow` (exit status: 101)\nerror: could not compile `autocfg` (lib) due to 1 previous error\nrustc-LLVM ERROR: IO failure on output stream: No space left on device\nrustc-LLVM ERROR: IO failure on output stream: No space left on device\nerror: could not compile `syn` (build script)\n\nCaused by:\n  No space left on device (os error 28)\n\nCaused by:\n  failed to parse process output: `/opt/rustwide/rustup-home/toolchains/beta-2024-12-08-x86_64-unknown-linux-gnu/bin/rustc --crate-name build_script_build --edition=2018 /opt/rustwide/cargo-home/registry/src/index.crates.io-6f17d22bba15001f/syn-1.0.70/build.rs --error-format=json --json=diagnostic-rendered-ansi,artifacts,future-incompat --crate-type bin --emit=dep-info,link -C embed-bitcode=no -C debuginfo=2 --cfg 'feature=\"clone-impls\"' --cfg 'feature=\"default\"' --cfg 'feature=\"derive\"' --cfg 'feature=\"full\"' --cfg 'feature=\"parsing\"' --cfg 'feature=\"printing\"' --cfg 'feature=\"proc-macro\"' --cfg 'feature=\"quote\"' --check-cfg 'cfg(docsrs)' --check-cfg 'cfg(feature, values(\"clone-impls\", \"default\", \"derive\", \"extra-traits\", \"fold\", \"full\", \"parsing\", \"printing\", \"proc-macro\", \"quote\", \"test\", \"visit\", \"visit-mut\"))' -C metadata=404f789d3852a43e -C extra-filename=-404f789d3852a43e --out-dir /opt/rustwide/target/debug/build/syn-404f789d3852a43e -L dependency=/opt/rustwide/target/debug/deps --cap-lints allow` (exit status: 101)\nerror: could not compile `proc-macro2` (build script)\n\nCaused by:\n  No space left on device (os error 28)\n\nCaused by:\n  failed to parse process output: `/opt/rustwide/rustup-home/toolchains/beta-2024-12-08-x86_64-unknown-linux-gnu/bin/rustc --crate-name build_script_build --edition=2018 /opt/rustwide/cargo-home/registry/src/index.crates.io-6f17d22bba15001f/proc-macro2-1.0.26/build.rs --error-format=json --json=diagnostic-rendered-ansi,artifacts,future-incompat --crate-type bin --emit=dep-info,link -C embed-bitcode=no -C debuginfo=2 --cfg 'feature=\"default\"' --cfg 'feature=\"proc-macro\"' --check-cfg 'cfg(docsrs)' --check-cfg 'cfg(feature, values(\"default\", \"nightly\", \"proc-macro\", \"span-locations\"))' -C metadata=371c3c5e17e74b84 -C extra-filename=-371c3c5e17e74b84 --out-dir /opt/rustwide/target/debug/build/proc-macro2-371c3c5e17e74b84 -L dependency=/opt/rustwide/target/debug/deps --cap-lints allow` (exit status: 101)\nerror: could not compile `ahash` (lib) due to 1 previous error\nerror: could not compile `smallvec` (lib) due to 1 previous error\n"), cause: None }) }
[INFO] [stdout] stack backtrace:
[INFO] [stdout]    0:     0x5aa5a8a759ca - std::backtrace_rs::backtrace::libunwind::trace::h8810477743020387
[INFO] [stdout]                                at /rustc/202008a1b8de96d2e5b6bc02d379db03a877d34d/library/std/src/../../backtrace/src/backtrace/libunwind.rs:116:5
[INFO] [stdout]    1:     0x5aa5a8a759ca - std::backtrace_rs::backtrace::trace_unsynchronized::h3aa55355dd6c54a6
[INFO] [stdout]                                at /rustc/202008a1b8de96d2e5b6bc02d379db03a877d34d/library/std/src/../../backtrace/src/backtrace/mod.rs:66:5
[INFO] [stdout]    2:     0x5aa5a8a759ca - std::sys::backtrace::_print_fmt::h8588b0f62410823f
[INFO] [stdout]                                at /rustc/202008a1b8de96d2e5b6bc02d379db03a877d34d/library/std/src/sys/backtrace.rs:66:9
[INFO] [stdout]    3:     0x5aa5a8a759ca - <std::sys::backtrace::BacktraceLock::print::DisplayBacktrace as core::fmt::Display>::fmt::h98c26ac25ffe89bb
[INFO] [stdout]                                at /rustc/202008a1b8de96d2e5b6bc02d379db03a877d34d/library/std/src/sys/backtrace.rs:39:26
[INFO] [stdout]    4:     0x5aa5a8a9c2d3 - core::fmt::rt::Argument::fmt::hf95377f4aebd453b
[INFO] [stdout]                                at /rustc/202008a1b8de96d2e5b6bc02d379db03a877d34d/library/core/src/fmt/rt.rs:177:76
[INFO] [stdout]    5:     0x5aa5a8a9c2d3 - core::fmt::write::h0dd5f6e2238c7982
[INFO] [stdout]                                at /rustc/202008a1b8de96d2e5b6bc02d379db03a877d34d/library/core/src/fmt/mod.rs:1189:21
[INFO] [stdout]    6:     0x5aa5a8a72b53 - std::io::Write::write_fmt::h03bb0ca26e6faf8c
[INFO] [stdout]                                at /rustc/202008a1b8de96d2e5b6bc02d379db03a877d34d/library/std/src/io/mod.rs:1884:15
[INFO] [stdout]    7:     0x5aa5a8a75812 - std::sys::backtrace::BacktraceLock::print::h5c19c1c038ee186d
[INFO] [stdout]                                at /rustc/202008a1b8de96d2e5b6bc02d379db03a877d34d/library/std/src/sys/backtrace.rs:42:9
[INFO] [stdout]    8:     0x5aa5a8a76ecd - std::panicking::default_hook::{{closure}}::h77172f079a1fcb13
[INFO] [stdout]                                at /rustc/202008a1b8de96d2e5b6bc02d379db03a877d34d/library/std/src/panicking.rs:268:22
[INFO] [stdout]    9:     0x5aa5a8a76cd7 - std::panicking::default_hook::he5f8e3b203ccddba
[INFO] [stdout]                                at /rustc/202008a1b8de96d2e5b6bc02d379db03a877d34d/library/std/src/panicking.rs:292:9
[INFO] [stdout]   10:     0x5aa5a8a094c7 - <alloc::boxed::Box<F,A> as core::ops::function::Fn<Args>>::call::h7a3c7b4a1ae77f2f
[INFO] [stdout]                                at /rustc/202008a1b8de96d2e5b6bc02d379db03a877d34d/library/alloc/src/boxed.rs:1986:9
[INFO] [stdout]   11:     0x5aa5a8a094c7 - test::test_main::{{closure}}::hf0d3b69ae9b353d1
[INFO] [stdout]                                at /rustc/202008a1b8de96d2e5b6bc02d379db03a877d34d/library/test/src/lib.rs:134:21
[INFO] [stdout]   12:     0x5aa5a8a77578 - <alloc::boxed::Box<F,A> as core::ops::function::Fn<Args>>::call::h6332e82e7b189abd
[INFO] [stdout]                                at /rustc/202008a1b8de96d2e5b6bc02d379db03a877d34d/library/alloc/src/boxed.rs:1986:9
[INFO] [stdout]   13:     0x5aa5a8a77578 - std::panicking::rust_panic_with_hook::h53863d4e9018df39
[INFO] [stdout]                                at /rustc/202008a1b8de96d2e5b6bc02d379db03a877d34d/library/std/src/panicking.rs:809:13
[INFO] [stdout]   14:     0x5aa5a8a7733a - std::panicking::begin_panic_handler::{{closure}}::h67280e6fa0757873
[INFO] [stdout]                                at /rustc/202008a1b8de96d2e5b6bc02d379db03a877d34d/library/std/src/panicking.rs:674:13
[INFO] [stdout]   15:     0x5aa5a8a75ea9 - std::sys::backtrace::__rust_end_short_backtrace::h1dac3f54d6fbbeb2
[INFO] [stdout]                                at /rustc/202008a1b8de96d2e5b6bc02d379db03a877d34d/library/std/src/sys/backtrace.rs:170:18
[INFO] [stdout]   16:     0x5aa5a8a76fcc - rust_begin_unwind
[INFO] [stdout]                                at /rustc/202008a1b8de96d2e5b6bc02d379db03a877d34d/library/std/src/panicking.rs:665:5
[INFO] [stdout]   17:     0x5aa5a89c9ab0 - core::panicking::panic_fmt::h6792bd1b2bf01041
[INFO] [stdout]                                at /rustc/202008a1b8de96d2e5b6bc02d379db03a877d34d/library/core/src/panicking.rs:76:14
[INFO] [stdout]   18:     0x5aa5a89c9ef6 - core::result::unwrap_failed::h05e0602ed34287c5
[INFO] [stdout]                                at /rustc/202008a1b8de96d2e5b6bc02d379db03a877d34d/library/core/src/result.rs:1699:5
[INFO] [stdout]   19:     0x5aa5a89cc7dc - core::result::Result<T,E>::unwrap::h6533ff29b96d6774
[INFO] [stdout]                                at /rustc/202008a1b8de96d2e5b6bc02d379db03a877d34d/library/core/src/result.rs:1104:23
[INFO] [stdout]   20:     0x5aa5a89cc7dc - integration::query_subcommand::build_cmd::haa032b0c22ce3ae1
[INFO] [stdout]                                at /opt/rustwide/workdir/tests/integration.rs:6:23
[INFO] [stdout]   21:     0x5aa5a89ccc35 - integration::query_subcommand::it_can_run_the_commandline_for_a_simple_query::h7f1c737d7aaca0c3
[INFO] [stdout]                                at /opt/rustwide/workdir/tests/integration.rs:12:23
[INFO] [stdout]   22:     0x5aa5a89ccc07 - integration::query_subcommand::it_can_run_the_commandline_for_a_simple_query::{{closure}}::h580865238a732771
[INFO] [stdout]                                at /opt/rustwide/workdir/tests/integration.rs:11:59
[INFO] [stdout]   23:     0x5aa5a89cb446 - core::ops::function::FnOnce::call_once::hb3d8eccd7c643e63
[INFO] [stdout]                                at /rustc/202008a1b8de96d2e5b6bc02d379db03a877d34d/library/core/src/ops/function.rs:250:5
[INFO] [stdout]   24:     0x5aa5a8a0dfeb - core::ops::function::FnOnce::call_once::h871bf86719ec9aa4
[INFO] [stdout]                                at /rustc/202008a1b8de96d2e5b6bc02d379db03a877d34d/library/core/src/ops/function.rs:250:5
[INFO] [stdout]   25:     0x5aa5a8a0dfeb - test::__rust_begin_short_backtrace::h2167df1e2b7d76fd
[INFO] [stdout]                                at /rustc/202008a1b8de96d2e5b6bc02d379db03a877d34d/library/test/src/lib.rs:632:18
[INFO] [stdout]   26:     0x5aa5a8a0d9d8 - test::run_test_in_process::{{closure}}::h15d92f75a3adfb79
[INFO] [stdout]                                at /rustc/202008a1b8de96d2e5b6bc02d379db03a877d34d/library/test/src/lib.rs:655:60
[INFO] [stdout]   27:     0x5aa5a8a0d9d8 - <core::panic::unwind_safe::AssertUnwindSafe<F> as core::ops::function::FnOnce<()>>::call_once::hb6c8955835a8dbbb
[INFO] [stdout]                                at /rustc/202008a1b8de96d2e5b6bc02d379db03a877d34d/library/core/src/panic/unwind_safe.rs:272:9
[INFO] [stdout]   28:     0x5aa5a8a0d9d8 - std::panicking::try::do_call::hc79d0fc888a0bd30
[INFO] [stdout]                                at /rustc/202008a1b8de96d2e5b6bc02d379db03a877d34d/library/std/src/panicking.rs:557:40
[INFO] [stdout]   29:     0x5aa5a8a0d9d8 - std::panicking::try::hb8a7878e3a8589d6
[INFO] [stdout]                                at /rustc/202008a1b8de96d2e5b6bc02d379db03a877d34d/library/std/src/panicking.rs:520:19
[INFO] [stdout]   30:     0x5aa5a8a0d9d8 - std::panic::catch_unwind::hb8e4600ff0ff5cfa
[INFO] [stdout]                                at /rustc/202008a1b8de96d2e5b6bc02d379db03a877d34d/library/std/src/panic.rs:358:14
[INFO] [stdout]   31:     0x5aa5a8a0d9d8 - test::run_test_in_process::hc2900b0b18688dd6
[INFO] [stdout]                                at /rustc/202008a1b8de96d2e5b6bc02d379db03a877d34d/library/test/src/lib.rs:655:27
[INFO] [stdout]   32:     0x5aa5a8a0d9d8 - test::run_test::{{closure}}::hac2a9cb07be3d48d
[INFO] [stdout]                                at /rustc/202008a1b8de96d2e5b6bc02d379db03a877d34d/library/test/src/lib.rs:576:43
[INFO] [stdout]   33:     0x5aa5a89d147a - test::run_test::{{closure}}::h4a5b729e66a38cd8
[INFO] [stdout]                                at /rustc/202008a1b8de96d2e5b6bc02d379db03a877d34d/library/test/src/lib.rs:606:41
[INFO] [stdout]   34:     0x5aa5a89d147a - std::sys::backtrace::__rust_begin_short_backtrace::h0496fb742492f573
[INFO] [stdout]                                at /rustc/202008a1b8de96d2e5b6bc02d379db03a877d34d/library/std/src/sys/backtrace.rs:154:18
[INFO] [stdout]   35:     0x5aa5a89d4df4 - std::thread::Builder::spawn_unchecked_::{{closure}}::{{closure}}::hbb6d257c550a54bd
[INFO] [stdout]                                at /rustc/202008a1b8de96d2e5b6bc02d379db03a877d34d/library/std/src/thread/mod.rs:561:17
[INFO] [stdout]   36:     0x5aa5a89d4df4 - <core::panic::unwind_safe::AssertUnwindSafe<F> as core::ops::function::FnOnce<()>>::call_once::h46696fe4a6832328
[INFO] [stdout]                                at /rustc/202008a1b8de96d2e5b6bc02d379db03a877d34d/library/core/src/panic/unwind_safe.rs:272:9
[INFO] [stdout]   37:     0x5aa5a89d4df4 - std::panicking::try::do_call::h2625a51b667bfb64
[INFO] [stdout]                                at /rustc/202008a1b8de96d2e5b6bc02d379db03a877d34d/library/std/src/panicking.rs:557:40
[INFO] [stdout]   38:     0x5aa5a89d4df4 - std::panicking::try::hb956a59a1973aa4c
[INFO] [stdout]                                at /rustc/202008a1b8de96d2e5b6bc02d379db03a877d34d/library/std/src/panicking.rs:520:19
[INFO] [stdout]   39:     0x5aa5a89d4df4 - std::panic::catch_unwind::h64f3b9d1067ef6a0
[INFO] [stdout]                                at /rustc/202008a1b8de96d2e5b6bc02d379db03a877d34d/library/std/src/panic.rs:358:14
[INFO] [stdout]   40:     0x5aa5a89d4df4 - std::thread::Builder::spawn_unchecked_::{{closure}}::h42b2841295b6c0b2
[INFO] [stdout]                                at /rustc/202008a1b8de96d2e5b6bc02d379db03a877d34d/library/std/src/thread/mod.rs:559:30
[INFO] [stdout]   41:     0x5aa5a89d4df4 - core::ops::function::FnOnce::call_once{{vtable.shim}}::h6127de71b8124639
[INFO] [stdout]                                at /rustc/202008a1b8de96d2e5b6bc02d379db03a877d34d/library/core/src/ops/function.rs:250:5
[INFO] [stdout]   42:     0x5aa5a8a7beab - <alloc::boxed::Box<F,A> as core::ops::function::FnOnce<Args>>::call_once::h42f0ba71002a1b2c
[INFO] [stdout]                                at /rustc/202008a1b8de96d2e5b6bc02d379db03a877d34d/library/alloc/src/boxed.rs:1972:9
[INFO] [stdout]   43:     0x5aa5a8a7beab - <alloc::boxed::Box<F,A> as core::ops::function::FnOnce<Args>>::call_once::had9e47d7a3dcecb8
[INFO] [stdout]                                at /rustc/202008a1b8de96d2e5b6bc02d379db03a877d34d/library/alloc/src/boxed.rs:1972:9
[INFO] [stdout]   44:     0x5aa5a8a7beab - std::sys::pal::unix::thread::Thread::new::thread_start::h48cf765408f6f5f2
[INFO] [stdout]                                at /rustc/202008a1b8de96d2e5b6bc02d379db03a877d34d/library/std/src/sys/pal/unix/thread.rs:105:17
[INFO] [stdout]   45:     0x70602642dac3 - <unknown>
[INFO] [stdout]   46:     0x7060264bea04 - clone
[INFO] [stdout]   47:                0x0 - <unknown>
[INFO] [stdout] 
[INFO] [stdout] ---- analyze_subcommand::it_will_run_a_simple_query_with_unions stdout ----
[INFO] [stdout] thread 'analyze_subcommand::it_will_run_a_simple_query_with_unions' panicked at tests/integration.rs:219:49:
[INFO] [stdout] called `Result::unwrap()` on an `Err` value: CargoError { cause: Some(CargoError { kind: CommandFailed, context: Some("    Blocking waiting for file lock on build directory\n   Compiling autocfg v1.0.1\n   Compiling libc v0.2.94\n   Compiling proc-macro2 v1.0.26\n   Compiling unicode-xid v0.2.1\n   Compiling syn v1.0.70\n   Compiling version_check v0.9.3\n   Compiling ahash v0.4.7\n   Compiling memchr v2.3.4\n   Compiling serde_derive v1.0.125\n   Compiling smallvec v1.6.1\n   Compiling bitflags v1.2.1\n   Compiling log v0.4.14\n   Compiling pkg-config v0.3.19\n   Compiling serde v1.0.125\n   Compiling unicode-segmentation v1.7.1\n   Compiling scopeguard v1.1.0\nerror: failed to write `/opt/rustwide/target/debug/.fingerprint/serde_derive-60361da985f6e585/invoked.timestamp`\n\nCaused by:\n  No space left on device (os error 28)\nwarning: build failed, waiting for other jobs to finish...\nerror: failed to write `/opt/rustwide/target/x86_64-unknown-linux-gnu/debug/.fingerprint/scopeguard-857ba79f877b0975/invoked.timestamp`\n\nCaused by:\n  No space left on device (os error 28)\nerror: could not compile `ahash` (lib) due to 1 previous error\nrustc-LLVM ERROR: IO failure on output stream: No space left on device\nerror: could not compile `version_check` (lib) due to 1 previous error\nerror: could not compile `proc-macro2` (build script)\n\nCaused by:\n  No space left on device (os error 28)\n\nCaused by:\n  failed to parse process output: `/opt/rustwide/rustup-home/toolchains/beta-2024-12-08-x86_64-unknown-linux-gnu/bin/rustc --crate-name build_script_build --edition=2018 /opt/rustwide/cargo-home/registry/src/index.crates.io-6f17d22bba15001f/proc-macro2-1.0.26/build.rs --error-format=json --json=diagnostic-rendered-ansi,artifacts,future-incompat --crate-type bin --emit=dep-info,link -C embed-bitcode=no -C debuginfo=2 --cfg 'feature=\"default\"' --cfg 'feature=\"proc-macro\"' --check-cfg 'cfg(docsrs)' --check-cfg 'cfg(feature, values(\"default\", \"nightly\", \"proc-macro\", \"span-locations\"))' -C metadata=371c3c5e17e74b84 -C extra-filename=-371c3c5e17e74b84 --out-dir /opt/rustwide/target/debug/build/proc-macro2-371c3c5e17e74b84 -L dependency=/opt/rustwide/target/debug/deps --cap-lints allow` (exit status: 101)\nerror: could not compile `memchr` (build script) due to 1 previous error\nerror: could not compile `unicode-xid` (lib) due to 1 previous error\nerror: could not compile `serde` (build script) due to 1 previous error\nrustc-LLVM ERROR: IO failure on output stream: No space left on device\nerror: could not compile `bitflags` (build script)\n\nCaused by:\n  No space left on device (os error 28)\n\nCaused by:\n  failed to parse process output: `/opt/rustwide/rustup-home/toolchains/beta-2024-12-08-x86_64-unknown-linux-gnu/bin/rustc --crate-name build_script_build --edition=2015 /opt/rustwide/cargo-home/registry/src/index.crates.io-6f17d22bba15001f/bitflags-1.2.1/build.rs --error-format=json --json=diagnostic-rendered-ansi,artifacts,future-incompat --crate-type bin --emit=dep-info,link -C embed-bitcode=no -C debuginfo=2 --cfg 'feature=\"default\"' --check-cfg 'cfg(docsrs)' --check-cfg 'cfg(feature, values(\"default\", \"example_generated\"))' -C metadata=4ec37bd1359ced05 -C extra-filename=-4ec37bd1359ced05 --out-dir /opt/rustwide/target/debug/build/bitflags-4ec37bd1359ced05 -L dependency=/opt/rustwide/target/debug/deps --cap-lints allow` (exit status: 101)\nerror: could not compile `smallvec` (lib) due to 1 previous error\nrustc-LLVM ERROR: IO failure on output stream: No space left on device\nerror: could not compile `libc` (build script)\n\nCaused by:\n  No space left on device (os error 28)\n\nCaused by:\n  failed to parse process output: `/opt/rustwide/rustup-home/toolchains/beta-2024-12-08-x86_64-unknown-linux-gnu/bin/rustc --crate-name build_script_build --edition=2015 /opt/rustwide/cargo-home/registry/src/index.crates.io-6f17d22bba15001f/libc-0.2.94/build.rs --error-format=json --json=diagnostic-rendered-ansi,artifacts,future-incompat --crate-type bin --emit=dep-info,link -C embed-bitcode=no -C debuginfo=2 --cfg 'feature=\"default\"' --cfg 'feature=\"std\"' --cfg 'feature=\"use_std\"' --check-cfg 'cfg(docsrs)' --check-cfg 'cfg(feature, values(\"align\", \"const-extern-fn\", \"default\", \"extra_traits\", \"rustc-dep-of-std\", \"rustc-std-workspace-core\", \"std\", \"use_std\"))' -C metadata=445ade9f02d7e2ad -C extra-filename=-445ade9f02d7e2ad --out-dir /opt/rustwide/target/debug/build/libc-445ade9f02d7e2ad -L dependency=/opt/rustwide/target/debug/deps --cap-lints allow` (exit status: 101)\nrustc-LLVM ERROR: IO failure on output stream: No space left on device\nerror: could not compile `log` (build script) due to 1 previous error\nerror: could not compile `syn` (build script)\n\nCaused by:\n  No space left on device (os error 28)\n\nCaused by:\n  failed to parse process output: `/opt/rustwide/rustup-home/toolchains/beta-2024-12-08-x86_64-unknown-linux-gnu/bin/rustc --crate-name build_script_build --edition=2018 /opt/rustwide/cargo-home/registry/src/index.crates.io-6f17d22bba15001f/syn-1.0.70/build.rs --error-format=json --json=diagnostic-rendered-ansi,artifacts,future-incompat --crate-type bin --emit=dep-info,link -C embed-bitcode=no -C debuginfo=2 --cfg 'feature=\"clone-impls\"' --cfg 'feature=\"default\"' --cfg 'feature=\"derive\"' --cfg 'feature=\"full\"' --cfg 'feature=\"parsing\"' --cfg 'feature=\"printing\"' --cfg 'feature=\"proc-macro\"' --cfg 'feature=\"quote\"' --check-cfg 'cfg(docsrs)' --check-cfg 'cfg(feature, values(\"clone-impls\", \"default\", \"derive\", \"extra-traits\", \"fold\", \"full\", \"parsing\", \"printing\", \"proc-macro\", \"quote\", \"test\", \"visit\", \"visit-mut\"))' -C metadata=404f789d3852a43e -C extra-filename=-404f789d3852a43e --out-dir /opt/rustwide/target/debug/build/syn-404f789d3852a43e -L dependency=/opt/rustwide/target/debug/deps --cap-lints allow` (exit status: 101)\nerror: could not compile `autocfg` (lib) due to 1 previous error\nerror: could not compile `unicode-segmentation` (lib) due to 1 previous error\nrustc-LLVM ERROR: IO failure on output stream: No space left on device\nerror: could not compile `pkg-config` (lib)\n\nCaused by:\n  No space left on device (os error 28)\n\nCaused by:\n  failed to parse process output: `/opt/rustwide/rustup-home/toolchains/beta-2024-12-08-x86_64-unknown-linux-gnu/bin/rustc --crate-name pkg_config --edition=2015 /opt/rustwide/cargo-home/registry/src/index.crates.io-6f17d22bba15001f/pkg-config-0.3.19/src/lib.rs --error-format=json --json=diagnostic-rendered-ansi,artifacts,future-incompat --crate-type lib --emit=dep-info,metadata,link -C embed-bitcode=no -C debuginfo=2 --check-cfg 'cfg(docsrs)' --check-cfg 'cfg(feature, values())' -C metadata=7675a4ad22df1067 -C extra-filename=-7675a4ad22df1067 --out-dir /opt/rustwide/target/debug/deps -L dependency=/opt/rustwide/target/debug/deps --cap-lints allow` (exit status: 101)\n"), cause: None }) }
[INFO] [stdout] stack backtrace:
[INFO] [stdout]    0:     0x5aa5a8a759ca - std::backtrace_rs::backtrace::libunwind::trace::h8810477743020387
[INFO] [stdout]                                at /rustc/202008a1b8de96d2e5b6bc02d379db03a877d34d/library/std/src/../../backtrace/src/backtrace/libunwind.rs:116:5
[INFO] [stdout]    1:     0x5aa5a8a759ca - std::backtrace_rs::backtrace::trace_unsynchronized::h3aa55355dd6c54a6
[INFO] [stdout]                                at /rustc/202008a1b8de96d2e5b6bc02d379db03a877d34d/library/std/src/../../backtrace/src/backtrace/mod.rs:66:5
[INFO] [stdout]    2:     0x5aa5a8a759ca - std::sys::backtrace::_print_fmt::h8588b0f62410823f
[INFO] [stdout]                                at /rustc/202008a1b8de96d2e5b6bc02d379db03a877d34d/library/std/src/sys/backtrace.rs:66:9
[INFO] [stdout]    3:     0x5aa5a8a759ca - <std::sys::backtrace::BacktraceLock::print::DisplayBacktrace as core::fmt::Display>::fmt::h98c26ac25ffe89bb
[INFO] [stdout]                                at /rustc/202008a1b8de96d2e5b6bc02d379db03a877d34d/library/std/src/sys/backtrace.rs:39:26
[INFO] [stdout]    4:     0x5aa5a8a9c2d3 - core::fmt::rt::Argument::fmt::hf95377f4aebd453b
[INFO] [stdout]                                at /rustc/202008a1b8de96d2e5b6bc02d379db03a877d34d/library/core/src/fmt/rt.rs:177:76
[INFO] [stdout]    5:     0x5aa5a8a9c2d3 - core::fmt::write::h0dd5f6e2238c7982
[INFO] [stdout]                                at /rustc/202008a1b8de96d2e5b6bc02d379db03a877d34d/library/core/src/fmt/mod.rs:1189:21
[INFO] [stdout]    6:     0x5aa5a8a72b53 - std::io::Write::write_fmt::h03bb0ca26e6faf8c
[INFO] [stdout]                                at /rustc/202008a1b8de96d2e5b6bc02d379db03a877d34d/library/std/src/io/mod.rs:1884:15
[INFO] [stdout]    7:     0x5aa5a8a75812 - std::sys::backtrace::BacktraceLock::print::h5c19c1c038ee186d
[INFO] [stdout]                                at /rustc/202008a1b8de96d2e5b6bc02d379db03a877d34d/library/std/src/sys/backtrace.rs:42:9
[INFO] [stdout]    8:     0x5aa5a8a76ecd - std::panicking::default_hook::{{closure}}::h77172f079a1fcb13
[INFO] [stdout]                                at /rustc/202008a1b8de96d2e5b6bc02d379db03a877d34d/library/std/src/panicking.rs:268:22
[INFO] [stdout]    9:     0x5aa5a8a76cd7 - std::panicking::default_hook::he5f8e3b203ccddba
[INFO] [stdout]                                at /rustc/202008a1b8de96d2e5b6bc02d379db03a877d34d/library/std/src/panicking.rs:292:9
[INFO] [stdout]   10:     0x5aa5a8a094c7 - <alloc::boxed::Box<F,A> as core::ops::function::Fn<Args>>::call::h7a3c7b4a1ae77f2f
[INFO] [stdout]                                at /rustc/202008a1b8de96d2e5b6bc02d379db03a877d34d/library/alloc/src/boxed.rs:1986:9
[INFO] [stdout]   11:     0x5aa5a8a094c7 - test::test_main::{{closure}}::hf0d3b69ae9b353d1
[INFO] [stdout]                                at /rustc/202008a1b8de96d2e5b6bc02d379db03a877d34d/library/test/src/lib.rs:134:21
[INFO] [stdout]   12:     0x5aa5a8a77578 - <alloc::boxed::Box<F,A> as core::ops::function::Fn<Args>>::call::h6332e82e7b189abd
[INFO] [stdout]                                at /rustc/202008a1b8de96d2e5b6bc02d379db03a877d34d/library/alloc/src/boxed.rs:1986:9
[INFO] [stdout]   13:     0x5aa5a8a77578 - std::panicking::rust_panic_with_hook::h53863d4e9018df39
[INFO] [stdout]                                at /rustc/202008a1b8de96d2e5b6bc02d379db03a877d34d/library/std/src/panicking.rs:809:13
[INFO] [stdout]   14:     0x5aa5a8a7733a - std::panicking::begin_panic_handler::{{closure}}::h67280e6fa0757873
[INFO] [stdout]                                at /rustc/202008a1b8de96d2e5b6bc02d379db03a877d34d/library/std/src/panicking.rs:674:13
[INFO] [stdout]   15:     0x5aa5a8a75ea9 - std::sys::backtrace::__rust_end_short_backtrace::h1dac3f54d6fbbeb2
[INFO] [stdout]                                at /rustc/202008a1b8de96d2e5b6bc02d379db03a877d34d/library/std/src/sys/backtrace.rs:170:18
[INFO] [stdout]   16:     0x5aa5a8a76fcc - rust_begin_unwind
[INFO] [stdout]                                at /rustc/202008a1b8de96d2e5b6bc02d379db03a877d34d/library/std/src/panicking.rs:665:5
[INFO] [stdout]   17:     0x5aa5a89c9ab0 - core::panicking::panic_fmt::h6792bd1b2bf01041
[INFO] [stdout]                                at /rustc/202008a1b8de96d2e5b6bc02d379db03a877d34d/library/core/src/panicking.rs:76:14
[INFO] [stdout]   18:     0x5aa5a89c9ef6 - core::result::unwrap_failed::h05e0602ed34287c5
[INFO] [stdout]                                at /rustc/202008a1b8de96d2e5b6bc02d379db03a877d34d/library/core/src/result.rs:1699:5
[INFO] [stdout]   19:     0x5aa5a89cc96c - core::result::Result<T,E>::unwrap::h6533ff29b96d6774
[INFO] [stdout]                                at /rustc/202008a1b8de96d2e5b6bc02d379db03a877d34d/library/core/src/result.rs:1104:23
[INFO] [stdout]   20:     0x5aa5a89cc96c - integration::analyze_subcommand::build_cmd::h137435b471a21dbe
[INFO] [stdout]                                at /opt/rustwide/workdir/tests/integration.rs:219:23
[INFO] [stdout]   21:     0x5aa5a89cf1a6 - integration::analyze_subcommand::it_will_run_a_simple_query_with_unions::h45fb5815b736cf41
[INFO] [stdout]                                at /opt/rustwide/workdir/tests/integration.rs:268:23
[INFO] [stdout]   22:     0x5aa5a89cf147 - integration::analyze_subcommand::it_will_run_a_simple_query_with_unions::{{closure}}::h519e82b8c293aaeb
[INFO] [stdout]                                at /opt/rustwide/workdir/tests/integration.rs:267:52
[INFO] [stdout]   23:     0x5aa5a89cb276 - core::ops::function::FnOnce::call_once::h5d82d7b8fe39d25b
[INFO] [stdout]                                at /rustc/202008a1b8de96d2e5b6bc02d379db03a877d34d/library/core/src/ops/function.rs:250:5
[INFO] [stdout]   24:     0x5aa5a8a0dfeb - core::ops::function::FnOnce::call_once::h871bf86719ec9aa4
[INFO] [stdout]                                at /rustc/202008a1b8de96d2e5b6bc02d379db03a877d34d/library/core/src/ops/function.rs:250:5
[INFO] [stdout]   25:     0x5aa5a8a0dfeb - test::__rust_begin_short_backtrace::h2167df1e2b7d76fd
[INFO] [stdout]                                at /rustc/202008a1b8de96d2e5b6bc02d379db03a877d34d/library/test/src/lib.rs:632:18
[INFO] [stdout]   26:     0x5aa5a8a0d9d8 - test::run_test_in_process::{{closure}}::h15d92f75a3adfb79
[INFO] [stdout]                                at /rustc/202008a1b8de96d2e5b6bc02d379db03a877d34d/library/test/src/lib.rs:655:60
[INFO] [stdout]   27:     0x5aa5a8a0d9d8 - <core::panic::unwind_safe::AssertUnwindSafe<F> as core::ops::function::FnOnce<()>>::call_once::hb6c8955835a8dbbb
[INFO] [stdout]                                at /rustc/202008a1b8de96d2e5b6bc02d379db03a877d34d/library/core/src/panic/unwind_safe.rs:272:9
[INFO] [stdout]   28:     0x5aa5a8a0d9d8 - std::panicking::try::do_call::hc79d0fc888a0bd30
[INFO] [stdout]                                at /rustc/202008a1b8de96d2e5b6bc02d379db03a877d34d/library/std/src/panicking.rs:557:40
[INFO] [stdout]   29:     0x5aa5a8a0d9d8 - std::panicking::try::hb8a7878e3a8589d6
[INFO] [stdout]                                at /rustc/202008a1b8de96d2e5b6bc02d379db03a877d34d/library/std/src/panicking.rs:520:19
[INFO] [stdout]   30:     0x5aa5a8a0d9d8 - std::panic::catch_unwind::hb8e4600ff0ff5cfa
[INFO] [stdout]                                at /rustc/202008a1b8de96d2e5b6bc02d379db03a877d34d/library/std/src/panic.rs:358:14
[INFO] [stdout]   31:     0x5aa5a8a0d9d8 - test::run_test_in_process::hc2900b0b18688dd6
[INFO] [stdout]                                at /rustc/202008a1b8de96d2e5b6bc02d379db03a877d34d/library/test/src/lib.rs:655:27
[INFO] [stdout]   32:     0x5aa5a8a0d9d8 - test::run_test::{{closure}}::hac2a9cb07be3d48d
[INFO] [stdout]                                at /rustc/202008a1b8de96d2e5b6bc02d379db03a877d34d/library/test/src/lib.rs:576:43
[INFO] [stdout]   33:     0x5aa5a89d147a - test::run_test::{{closure}}::h4a5b729e66a38cd8
[INFO] [stdout]                                at /rustc/202008a1b8de96d2e5b6bc02d379db03a877d34d/library/test/src/lib.rs:606:41
[INFO] [stdout]   34:     0x5aa5a89d147a - std::sys::backtrace::__rust_begin_short_backtrace::h0496fb742492f573
[INFO] [stdout]                                at /rustc/202008a1b8de96d2e5b6bc02d379db03a877d34d/library/std/src/sys/backtrace.rs:154:18
[INFO] [stdout]   35:     0x5aa5a89d4df4 - std::thread::Builder::spawn_unchecked_::{{closure}}::{{closure}}::hbb6d257c550a54bd
[INFO] [stdout]                                at /rustc/202008a1b8de96d2e5b6bc02d379db03a877d34d/library/std/src/thread/mod.rs:561:17
[INFO] [stdout]   36:     0x5aa5a89d4df4 - <core::panic::unwind_safe::AssertUnwindSafe<F> as core::ops::function::FnOnce<()>>::call_once::h46696fe4a6832328
[INFO] [stdout]                                at /rustc/202008a1b8de96d2e5b6bc02d379db03a877d34d/library/core/src/panic/unwind_safe.rs:272:9
[INFO] [stdout]   37:     0x5aa5a89d4df4 - std::panicking::try::do_call::h2625a51b667bfb64
[INFO] [stdout]                                at /rustc/202008a1b8de96d2e5b6bc02d379db03a877d34d/library/std/src/panicking.rs:557:40
[INFO] [stdout]   38:     0x5aa5a89d4df4 - std::panicking::try::hb956a59a1973aa4c
[INFO] [stdout]                                at /rustc/202008a1b8de96d2e5b6bc02d379db03a877d34d/library/std/src/panicking.rs:520:19
[INFO] [stdout]   39:     0x5aa5a89d4df4 - std::panic::catch_unwind::h64f3b9d1067ef6a0
[INFO] [stdout]                                at /rustc/202008a1b8de96d2e5b6bc02d379db03a877d34d/library/std/src/panic.rs:358:14
[INFO] [stdout]   40:     0x5aa5a89d4df4 - std::thread::Builder::spawn_unchecked_::{{closure}}::h42b2841295b6c0b2
[INFO] [stdout]                                at /rustc/202008a1b8de96d2e5b6bc02d379db03a877d34d/library/std/src/thread/mod.rs:559:30
[INFO] [stdout]   41:     0x5aa5a89d4df4 - core::ops::function::FnOnce::call_once{{vtable.shim}}::h6127de71b8124639
[INFO] [stdout]                                at /rustc/202008a1b8de96d2e5b6bc02d379db03a877d34d/library/core/src/ops/function.rs:250:5
[INFO] [stdout]   42:     0x5aa5a8a7beab - <alloc::boxed::Box<F,A> as core::ops::function::FnOnce<Args>>::call_once::h42f0ba71002a1b2c
[INFO] [stdout]                                at /rustc/202008a1b8de96d2e5b6bc02d379db03a877d34d/library/alloc/src/boxed.rs:1972:9
[INFO] [stdout]   43:     0x5aa5a8a7beab - <alloc::boxed::Box<F,A> as core::ops::function::FnOnce<Args>>::call_once::had9e47d7a3dcecb8
[INFO] [stdout]                                at /rustc/202008a1b8de96d2e5b6bc02d379db03a877d34d/library/alloc/src/boxed.rs:1972:9
[INFO] [stdout]   44:     0x5aa5a8a7beab - std::sys::pal::unix::thread::Thread::new::thread_start::h48cf765408f6f5f2
[INFO] [stdout]                                at /rustc/202008a1b8de96d2e5b6bc02d379db03a877d34d/library/std/src/sys/pal/unix/thread.rs:105:17
[INFO] [stdout]   45:     0x70602642dac3 - <unknown>
[INFO] [stdout]   46:     0x7060264bea04 - clone
[INFO] [stdout]   47:                0x0 - <unknown>
[INFO] [stdout] 
[INFO] [stdout] ---- query_subcommand::it_succeeds_with_a_single_statement_ended_with_semicolon stdout ----
[INFO] [stdout] thread 'query_subcommand::it_succeeds_with_a_single_statement_ended_with_semicolon' panicked at tests/integration.rs:6:49:
[INFO] [stdout] called `Result::unwrap()` on an `Err` value: CargoError { cause: Some(CargoError { kind: CommandFailed, context: Some("    Blocking waiting for file lock on build directory\n   Compiling autocfg v1.0.1\n   Compiling libc v0.2.94\n   Compiling proc-macro2 v1.0.26\n   Compiling unicode-xid v0.2.1\n   Compiling syn v1.0.70\n   Compiling version_check v0.9.3\n   Compiling ahash v0.4.7\n   Compiling memchr v2.3.4\n   Compiling serde_derive v1.0.125\n   Compiling pkg-config v0.3.19\n   Compiling serde v1.0.125\n   Compiling smallvec v1.6.1\n   Compiling bitflags v1.2.1\n   Compiling log v0.4.14\n   Compiling unicode-segmentation v1.7.1\n   Compiling byteorder v1.4.3\nerror: could not compile `unicode-xid` (lib) due to 1 previous error\nwarning: build failed, waiting for other jobs to finish...\nerror: could not compile `serde` (build script) due to 1 previous error\nerror: could not compile `proc-macro2` (build script) due to 1 previous error\nerror: could not parse/generate dep info at: /opt/rustwide/target/x86_64-unknown-linux-gnu/debug/deps/ahash-0beed83ea388c103.d\n\nCaused by:\n  failed to write `/opt/rustwide/target/x86_64-unknown-linux-gnu/debug/.fingerprint/ahash-0beed83ea388c103/dep-lib-ahash`\n\nCaused by:\n  No space left on device (os error 28)\nrustc-LLVM ERROR: IO failure on output stream: No space left on device\nrustc-LLVM ERROR: IO failure on output stream: No space left on device\nrustc-LLVM ERROR: IO failure on output stream: No space left on device\nrustc-LLVM ERROR: IO failure on output stream: No space left on device\nerror: could not compile `serde_derive` (build script)\n\nCaused by:\n  No space left on device (os error 28)\n\nCaused by:\n  failed to parse process output: `/opt/rustwide/rustup-home/toolchains/beta-2024-12-08-x86_64-unknown-linux-gnu/bin/rustc --crate-name build_script_build --edition=2015 /opt/rustwide/cargo-home/registry/src/index.crates.io-6f17d22bba15001f/serde_derive-1.0.125/build.rs --error-format=json --json=diagnostic-rendered-ansi,artifacts,future-incompat --crate-type bin --emit=dep-info,link -C embed-bitcode=no -C debuginfo=2 --cfg 'feature=\"default\"' --check-cfg 'cfg(docsrs)' --check-cfg 'cfg(feature, values(\"default\", \"deserialize_in_place\"))' -C metadata=60361da985f6e585 -C extra-filename=-60361da985f6e585 --out-dir /opt/rustwide/target/debug/build/serde_derive-60361da985f6e585 -L dependency=/opt/rustwide/target/debug/deps --cap-lints allow` (exit status: 101)\nerror: could not compile `bitflags` (build script)\n\nCaused by:\n  No space left on device (os error 28)\n\nCaused by:\n  failed to parse process output: `/opt/rustwide/rustup-home/toolchains/beta-2024-12-08-x86_64-unknown-linux-gnu/bin/rustc --crate-name build_script_build --edition=2015 /opt/rustwide/cargo-home/registry/src/index.crates.io-6f17d22bba15001f/bitflags-1.2.1/build.rs --error-format=json --json=diagnostic-rendered-ansi,artifacts,future-incompat --crate-type bin --emit=dep-info,link -C embed-bitcode=no -C debuginfo=2 --cfg 'feature=\"default\"' --check-cfg 'cfg(docsrs)' --check-cfg 'cfg(feature, values(\"default\", \"example_generated\"))' -C metadata=4ec37bd1359ced05 -C extra-filename=-4ec37bd1359ced05 --out-dir /opt/rustwide/target/debug/build/bitflags-4ec37bd1359ced05 -L dependency=/opt/rustwide/target/debug/deps --cap-lints allow` (exit status: 101)\nerror: could not compile `smallvec` (lib) due to 1 previous error\nerror: could not compile `memchr` (build script)\n\nCaused by:\n  No space left on device (os error 28)\n\nCaused by:\n  failed to parse process output: `/opt/rustwide/rustup-home/toolchains/beta-2024-12-08-x86_64-unknown-linux-gnu/bin/rustc --crate-name build_script_build --edition=2015 /opt/rustwide/cargo-home/registry/src/index.crates.io-6f17d22bba15001f/memchr-2.3.4/build.rs --error-format=json --json=diagnostic-rendered-ansi,artifacts,future-incompat --crate-type bin --emit=dep-info,link -C embed-bitcode=no -C debuginfo=2 --cfg 'feature=\"default\"' --cfg 'feature=\"std\"' --cfg 'feature=\"use_std\"' --check-cfg 'cfg(docsrs)' --check-cfg 'cfg(feature, values(\"default\", \"libc\", \"std\", \"use_std\"))' -C metadata=ac0ec31a0f4ddc5f -C extra-filename=-ac0ec31a0f4ddc5f --out-dir /opt/rustwide/target/debug/build/memchr-ac0ec31a0f4ddc5f -L dependency=/opt/rustwide/target/debug/deps --cap-lints allow` (exit status: 101)\nerror: could not compile `syn` (build script)\n\nCaused by:\n  No space left on device (os error 28)\n\nCaused by:\n  failed to parse process output: `/opt/rustwide/rustup-home/toolchains/beta-2024-12-08-x86_64-unknown-linux-gnu/bin/rustc --crate-name build_script_build --edition=2018 /opt/rustwide/cargo-home/registry/src/index.crates.io-6f17d22bba15001f/syn-1.0.70/build.rs --error-format=json --json=diagnostic-rendered-ansi,artifacts,future-incompat --crate-type bin --emit=dep-info,link -C embed-bitcode=no -C debuginfo=2 --cfg 'feature=\"clone-impls\"' --cfg 'feature=\"default\"' --cfg 'feature=\"derive\"' --cfg 'feature=\"full\"' --cfg 'feature=\"parsing\"' --cfg 'feature=\"printing\"' --cfg 'feature=\"proc-macro\"' --cfg 'feature=\"quote\"' --check-cfg 'cfg(docsrs)' --check-cfg 'cfg(feature, values(\"clone-impls\", \"default\", \"derive\", \"extra-traits\", \"fold\", \"full\", \"parsing\", \"printing\", \"proc-macro\", \"quote\", \"test\", \"visit\", \"visit-mut\"))' -C metadata=404f789d3852a43e -C extra-filename=-404f789d3852a43e --out-dir /opt/rustwide/target/debug/build/syn-404f789d3852a43e -L dependency=/opt/rustwide/target/debug/deps --cap-lints allow` (exit status: 101)\nerror: could not compile `byteorder` (lib) due to 1 previous error\nrustc-LLVM ERROR: IO failure on output stream: No space left on device\nerror: could not compile `libc` (build script)\n\nCaused by:\n  No space left on device (os error 28)\n\nCaused by:\n  failed to parse process output: `/opt/rustwide/rustup-home/toolchains/beta-2024-12-08-x86_64-unknown-linux-gnu/bin/rustc --crate-name build_script_build --edition=2015 /opt/rustwide/cargo-home/registry/src/index.crates.io-6f17d22bba15001f/libc-0.2.94/build.rs --error-format=json --json=diagnostic-rendered-ansi,artifacts,future-incompat --crate-type bin --emit=dep-info,link -C embed-bitcode=no -C debuginfo=2 --cfg 'feature=\"default\"' --cfg 'feature=\"std\"' --cfg 'feature=\"use_std\"' --check-cfg 'cfg(docsrs)' --check-cfg 'cfg(feature, values(\"align\", \"const-extern-fn\", \"default\", \"extra_traits\", \"rustc-dep-of-std\", \"rustc-std-workspace-core\", \"std\", \"use_std\"))' -C metadata=445ade9f02d7e2ad -C extra-filename=-445ade9f02d7e2ad --out-dir /opt/rustwide/target/debug/build/libc-445ade9f02d7e2ad -L dependency=/opt/rustwide/target/debug/deps --cap-lints allow` (exit status: 101)\nerror: could not compile `version_check` (lib) due to 1 previous error\nerror: could not compile `pkg-config` (lib) due to 1 previous error\nerror: could not compile `log` (build script) due to 1 previous error\nrustc-LLVM ERROR: IO failure on output stream: No space left on device\nerror: could not compile `autocfg` (lib)\n\nCaused by:\n  No space left on device (os error 28)\n\nCaused by:\n  failed to parse process output: `/opt/rustwide/rustup-home/toolchains/beta-2024-12-08-x86_64-unknown-linux-gnu/bin/rustc --crate-name autocfg --edition=2015 /opt/rustwide/cargo-home/registry/src/index.crates.io-6f17d22bba15001f/autocfg-1.0.1/src/lib.rs --error-format=json --json=diagnostic-rendered-ansi,artifacts,future-incompat --crate-type lib --emit=dep-info,metadata,link -C embed-bitcode=no -C debuginfo=2 --check-cfg 'cfg(docsrs)' --check-cfg 'cfg(feature, values())' -C metadata=7da0dc40ba170df0 -C extra-filename=-7da0dc40ba170df0 --out-dir /opt/rustwide/target/debug/deps -L dependency=/opt/rustwide/target/debug/deps --cap-lints allow` (exit status: 101)\nerror: could not compile `unicode-segmentation` (lib) due to 1 previous error\n"), cause: None }) }
[INFO] [stdout] stack backtrace:
[INFO] [stdout]    0:     0x5aa5a8a759ca - std::backtrace_rs::backtrace::libunwind::trace::h8810477743020387
[INFO] [stdout]                                at /rustc/202008a1b8de96d2e5b6bc02d379db03a877d34d/library/std/src/../../backtrace/src/backtrace/libunwind.rs:116:5
[INFO] [stdout]    1:     0x5aa5a8a759ca - std::backtrace_rs::backtrace::trace_unsynchronized::h3aa55355dd6c54a6
[INFO] [stdout]                                at /rustc/202008a1b8de96d2e5b6bc02d379db03a877d34d/library/std/src/../../backtrace/src/backtrace/mod.rs:66:5
[INFO] [stdout]    2:     0x5aa5a8a759ca - std::sys::backtrace::_print_fmt::h8588b0f62410823f
[INFO] [stdout]                                at /rustc/202008a1b8de96d2e5b6bc02d379db03a877d34d/library/std/src/sys/backtrace.rs:66:9
[INFO] [stdout]    3:     0x5aa5a8a759ca - <std::sys::backtrace::BacktraceLock::print::DisplayBacktrace as core::fmt::Display>::fmt::h98c26ac25ffe89bb
[INFO] [stdout]                                at /rustc/202008a1b8de96d2e5b6bc02d379db03a877d34d/library/std/src/sys/backtrace.rs:39:26
[INFO] [stdout]    4:     0x5aa5a8a9c2d3 - core::fmt::rt::Argument::fmt::hf95377f4aebd453b
[INFO] [stdout]                                at /rustc/202008a1b8de96d2e5b6bc02d379db03a877d34d/library/core/src/fmt/rt.rs:177:76
[INFO] [stdout]    5:     0x5aa5a8a9c2d3 - core::fmt::write::h0dd5f6e2238c7982
[INFO] [stdout]                                at /rustc/202008a1b8de96d2e5b6bc02d379db03a877d34d/library/core/src/fmt/mod.rs:1189:21
[INFO] [stdout]    6:     0x5aa5a8a72b53 - std::io::Write::write_fmt::h03bb0ca26e6faf8c
[INFO] [stdout]                                at /rustc/202008a1b8de96d2e5b6bc02d379db03a877d34d/library/std/src/io/mod.rs:1884:15
[INFO] [stdout]    7:     0x5aa5a8a75812 - std::sys::backtrace::BacktraceLock::print::h5c19c1c038ee186d
[INFO] [stdout]                                at /rustc/202008a1b8de96d2e5b6bc02d379db03a877d34d/library/std/src/sys/backtrace.rs:42:9
[INFO] [stdout]    8:     0x5aa5a8a76ecd - std::panicking::default_hook::{{closure}}::h77172f079a1fcb13
[INFO] [stdout]                                at /rustc/202008a1b8de96d2e5b6bc02d379db03a877d34d/library/std/src/panicking.rs:268:22
[INFO] [stdout]    9:     0x5aa5a8a76cd7 - std::panicking::default_hook::he5f8e3b203ccddba
[INFO] [stdout]                                at /rustc/202008a1b8de96d2e5b6bc02d379db03a877d34d/library/std/src/panicking.rs:292:9
[INFO] [stdout]   10:     0x5aa5a8a094c7 - <alloc::boxed::Box<F,A> as core::ops::function::Fn<Args>>::call::h7a3c7b4a1ae77f2f
[INFO] [stdout]                                at /rustc/202008a1b8de96d2e5b6bc02d379db03a877d34d/library/alloc/src/boxed.rs:1986:9
[INFO] [stdout]   11:     0x5aa5a8a094c7 - test::test_main::{{closure}}::hf0d3b69ae9b353d1
[INFO] [stdout]                                at /rustc/202008a1b8de96d2e5b6bc02d379db03a877d34d/library/test/src/lib.rs:134:21
[INFO] [stdout]   12:     0x5aa5a8a77578 - <alloc::boxed::Box<F,A> as core::ops::function::Fn<Args>>::call::h6332e82e7b189abd
[INFO] [stdout]                                at /rustc/202008a1b8de96d2e5b6bc02d379db03a877d34d/library/alloc/src/boxed.rs:1986:9
[INFO] [stdout]   13:     0x5aa5a8a77578 - std::panicking::rust_panic_with_hook::h53863d4e9018df39
[INFO] [stdout]                                at /rustc/202008a1b8de96d2e5b6bc02d379db03a877d34d/library/std/src/panicking.rs:809:13
[INFO] [stdout]   14:     0x5aa5a8a7733a - std::panicking::begin_panic_handler::{{closure}}::h67280e6fa0757873
[INFO] [stdout]                                at /rustc/202008a1b8de96d2e5b6bc02d379db03a877d34d/library/std/src/panicking.rs:674:13
[INFO] [stdout]   15:     0x5aa5a8a75ea9 - std::sys::backtrace::__rust_end_short_backtrace::h1dac3f54d6fbbeb2
[INFO] [stdout]                                at /rustc/202008a1b8de96d2e5b6bc02d379db03a877d34d/library/std/src/sys/backtrace.rs:170:18
[INFO] [stdout]   16:     0x5aa5a8a76fcc - rust_begin_unwind
[INFO] [stdout]                                at /rustc/202008a1b8de96d2e5b6bc02d379db03a877d34d/library/std/src/panicking.rs:665:5
[INFO] [stdout]   17:     0x5aa5a89c9ab0 - core::panicking::panic_fmt::h6792bd1b2bf01041
[INFO] [stdout]                                at /rustc/202008a1b8de96d2e5b6bc02d379db03a877d34d/library/core/src/panicking.rs:76:14
[INFO] [stdout]   18:     0x5aa5a89c9ef6 - core::result::unwrap_failed::h05e0602ed34287c5
[INFO] [stdout]                                at /rustc/202008a1b8de96d2e5b6bc02d379db03a877d34d/library/core/src/result.rs:1699:5
[INFO] [stdout]   19:     0x5aa5a89cc7dc - core::result::Result<T,E>::unwrap::h6533ff29b96d6774
[INFO] [stdout]                                at /rustc/202008a1b8de96d2e5b6bc02d379db03a877d34d/library/core/src/result.rs:1104:23
[INFO] [stdout]   20:     0x5aa5a89cc7dc - integration::query_subcommand::build_cmd::haa032b0c22ce3ae1
[INFO] [stdout]                                at /opt/rustwide/workdir/tests/integration.rs:6:23
[INFO] [stdout]   21:     0x5aa5a89ce6f5 - integration::query_subcommand::it_succeeds_with_a_single_statement_ended_with_semicolon::hf1f9788e854d4ef2
[INFO] [stdout]                                at /opt/rustwide/workdir/tests/integration.rs:189:23
[INFO] [stdout]   22:     0x5aa5a89ce6c7 - integration::query_subcommand::it_succeeds_with_a_single_statement_ended_with_semicolon::{{closure}}::h0de9286b1c1ae6b2
[INFO] [stdout]                                at /opt/rustwide/workdir/tests/integration.rs:188:10
[INFO] [stdout]   23:     0x5aa5a89cb386 - core::ops::function::FnOnce::call_once::h99a16fcfa5f950ee
[INFO] [stdout]                                at /rustc/202008a1b8de96d2e5b6bc02d379db03a877d34d/library/core/src/ops/function.rs:250:5
[INFO] [stdout]   24:     0x5aa5a8a0dfeb - core::ops::function::FnOnce::call_once::h871bf86719ec9aa4
[INFO] [stdout]                                at /rustc/202008a1b8de96d2e5b6bc02d379db03a877d34d/library/core/src/ops/function.rs:250:5
[INFO] [stdout]   25:     0x5aa5a8a0dfeb - test::__rust_begin_short_backtrace::h2167df1e2b7d76fd
[INFO] [stdout]                                at /rustc/202008a1b8de96d2e5b6bc02d379db03a877d34d/library/test/src/lib.rs:632:18
[INFO] [stdout]   26:     0x5aa5a8a0d9d8 - test::run_test_in_process::{{closure}}::h15d92f75a3adfb79
[INFO] [stdout]                                at /rustc/202008a1b8de96d2e5b6bc02d379db03a877d34d/library/test/src/lib.rs:655:60
[INFO] [stdout]   27:     0x5aa5a8a0d9d8 - <core::panic::unwind_safe::AssertUnwindSafe<F> as core::ops::function::FnOnce<()>>::call_once::hb6c8955835a8dbbb
[INFO] [stdout]                                at /rustc/202008a1b8de96d2e5b6bc02d379db03a877d34d/library/core/src/panic/unwind_safe.rs:272:9
[INFO] [stdout]   28:     0x5aa5a8a0d9d8 - std::panicking::try::do_call::hc79d0fc888a0bd30
[INFO] [stdout]                                at /rustc/202008a1b8de96d2e5b6bc02d379db03a877d34d/library/std/src/panicking.rs:557:40
[INFO] [stdout]   29:     0x5aa5a8a0d9d8 - std::panicking::try::hb8a7878e3a8589d6
[INFO] [stdout]                                at /rustc/202008a1b8de96d2e5b6bc02d379db03a877d34d/library/std/src/panicking.rs:520:19
[INFO] [stdout]   30:     0x5aa5a8a0d9d8 - std::panic::catch_unwind::hb8e4600ff0ff5cfa
[INFO] [stdout]                                at /rustc/202008a1b8de96d2e5b6bc02d379db03a877d34d/library/std/src/panic.rs:358:14
[INFO] [stdout]   31:     0x5aa5a8a0d9d8 - test::run_test_in_process::hc2900b0b18688dd6
[INFO] [stdout]                                at /rustc/202008a1b8de96d2e5b6bc02d379db03a877d34d/library/test/src/lib.rs:655:27
[INFO] [stdout]   32:     0x5aa5a8a0d9d8 - test::run_test::{{closure}}::hac2a9cb07be3d48d
[INFO] [stdout]                                at /rustc/202008a1b8de96d2e5b6bc02d379db03a877d34d/library/test/src/lib.rs:576:43
[INFO] [stdout]   33:     0x5aa5a89d147a - test::run_test::{{closure}}::h4a5b729e66a38cd8
[INFO] [stdout]                                at /rustc/202008a1b8de96d2e5b6bc02d379db03a877d34d/library/test/src/lib.rs:606:41
[INFO] [stdout]   34:     0x5aa5a89d147a - std::sys::backtrace::__rust_begin_short_backtrace::h0496fb742492f573
[INFO] [stdout]                                at /rustc/202008a1b8de96d2e5b6bc02d379db03a877d34d/library/std/src/sys/backtrace.rs:154:18
[INFO] [stdout]   35:     0x5aa5a89d4df4 - std::thread::Builder::spawn_unchecked_::{{closure}}::{{closure}}::hbb6d257c550a54bd
[INFO] [stdout]                                at /rustc/202008a1b8de96d2e5b6bc02d379db03a877d34d/library/std/src/thread/mod.rs:561:17
[INFO] [stdout]   36:     0x5aa5a89d4df4 - <core::panic::unwind_safe::AssertUnwindSafe<F> as core::ops::function::FnOnce<()>>::call_once::h46696fe4a6832328
[INFO] [stdout]                                at /rustc/202008a1b8de96d2e5b6bc02d379db03a877d34d/library/core/src/panic/unwind_safe.rs:272:9
[INFO] [stdout]   37:     0x5aa5a89d4df4 - std::panicking::try::do_call::h2625a51b667bfb64
[INFO] [stdout]                                at /rustc/202008a1b8de96d2e5b6bc02d379db03a877d34d/library/std/src/panicking.rs:557:40
[INFO] [stdout]   38:     0x5aa5a89d4df4 - std::panicking::try::hb956a59a1973aa4c
[INFO] [stdout]                                at /rustc/202008a1b8de96d2e5b6bc02d379db03a877d34d/library/std/src/panicking.rs:520:19
[INFO] [stdout]   39:     0x5aa5a89d4df4 - std::panic::catch_unwind::h64f3b9d1067ef6a0
[INFO] [stdout]                                at /rustc/202008a1b8de96d2e5b6bc02d379db03a877d34d/library/std/src/panic.rs:358:14
[INFO] [stdout]   40:     0x5aa5a89d4df4 - std::thread::Builder::spawn_unchecked_::{{closure}}::h42b2841295b6c0b2
[INFO] [stdout]                                at /rustc/202008a1b8de96d2e5b6bc02d379db03a877d34d/library/std/src/thread/mod.rs:559:30
[INFO] [stdout]   41:     0x5aa5a89d4df4 - core::ops::function::FnOnce::call_once{{vtable.shim}}::h6127de71b8124639
[INFO] [stdout]                                at /rustc/202008a1b8de96d2e5b6bc02d379db03a877d34d/library/core/src/ops/function.rs:250:5
[INFO] [stdout]   42:     0x5aa5a8a7beab - <alloc::boxed::Box<F,A> as core::ops::function::FnOnce<Args>>::call_once::h42f0ba71002a1b2c
[INFO] [stdout]                                at /rustc/202008a1b8de96d2e5b6bc02d379db03a877d34d/library/alloc/src/boxed.rs:1972:9
[INFO] [stdout]   43:     0x5aa5a8a7beab - <alloc::boxed::Box<F,A> as core::ops::function::FnOnce<Args>>::call_once::had9e47d7a3dcecb8
[INFO] [stdout]                                at /rustc/202008a1b8de96d2e5b6bc02d379db03a877d34d/library/alloc/src/boxed.rs:1972:9
[INFO] [stdout]   44:     0x5aa5a8a7beab - std::sys::pal::unix::thread::Thread::new::thread_start::h48cf765408f6f5f2
[INFO] [stdout]                                at /rustc/202008a1b8de96d2e5b6bc02d379db03a877d34d/library/std/src/sys/pal/unix/thread.rs:105:17
[INFO] [stdout]   45:     0x70602642dac3 - <unknown>
[INFO] [stdout]   46:     0x7060264bea04 - clone
[INFO] [stdout]   47:                0x0 - <unknown>
[INFO] [stdout] 
[INFO] [stdout] ---- analyze_subcommand::it_will_run_a_simple_query_with_subqueries stdout ----
[INFO] [stdout] thread 'analyze_subcommand::it_will_run_a_simple_query_with_subqueries' panicked at tests/integration.rs:219:49:
[INFO] [stdout] called `Result::unwrap()` on an `Err` value: CargoError { cause: Some(CargoError { kind: CommandFailed, context: Some("    Blocking waiting for file lock on build directory\n   Compiling autocfg v1.0.1\n   Compiling libc v0.2.94\n   Compiling proc-macro2 v1.0.26\n   Compiling unicode-xid v0.2.1\n   Compiling syn v1.0.70\n   Compiling version_check v0.9.3\n   Compiling ahash v0.4.7\n   Compiling memchr v2.3.4\n   Compiling serde_derive v1.0.125\n   Compiling pkg-config v0.3.19\n   Compiling log v0.4.14\n   Compiling bitflags v1.2.1\n   Compiling serde v1.0.125\n   Compiling smallvec v1.6.1\n   Compiling getrandom v0.2.2\n   Compiling unicode-segmentation v1.7.1\nrustc-LLVM ERROR: IO failure on output stream: No space left on device\nerror: could not compile `log` (build script)\n\nCaused by:\n  No space left on device (os error 28)\n\nCaused by:\n  failed to parse process output: `/opt/rustwide/rustup-home/toolchains/beta-2024-12-08-x86_64-unknown-linux-gnu/bin/rustc --crate-name build_script_build --edition=2015 /opt/rustwide/cargo-home/registry/src/index.crates.io-6f17d22bba15001f/log-0.4.14/build.rs --error-format=json --json=diagnostic-rendered-ansi,artifacts,future-incompat --crate-type bin --emit=dep-info,link -C embed-bitcode=no -C debuginfo=2 --cfg 'feature=\"std\"' --check-cfg 'cfg(docsrs)' --check-cfg 'cfg(feature, values(\"kv_unstable\", \"kv_unstable_serde\", \"kv_unstable_std\", \"kv_unstable_sval\", \"max_level_debug\", \"max_level_error\", \"max_level_info\", \"max_level_off\", \"max_level_trace\", \"max_level_warn\", \"release_max_level_debug\", \"release_max_level_error\", \"release_max_level_info\", \"release_max_level_off\", \"release_max_level_trace\", \"release_max_level_warn\", \"serde\", \"std\", \"sval\", \"value-bag\"))' -C metadata=853af308df9912f1 -C extra-filename=-853af308df9912f1 --out-dir /opt/rustwide/target/debug/build/log-853af308df9912f1 -L dependency=/opt/rustwide/target/debug/deps --cap-lints allow` (exit status: 101)\nwarning: build failed, waiting for other jobs to finish...\nerror: could not compile `unicode-xid` (lib) due to 1 previous error\nrustc-LLVM ERROR: IO failure on output stream: No space left on device\nrustc-LLVM ERROR: IO failure on output stream: No space left on device\nrustc-LLVM ERROR: IO failure on output stream: No space left on device\nerror: could not compile `ahash` (lib) due to 1 previous error\nerror: could not compile `autocfg` (lib) due to 1 previous error\nerror: could not compile `libc` (build script)\n\nCaused by:\n  process didn't exit successfully: `/opt/rustwide/rustup-home/toolchains/beta-2024-12-08-x86_64-unknown-linux-gnu/bin/rustc --crate-name build_script_build --edition=2015 /opt/rustwide/cargo-home/registry/src/index.crates.io-6f17d22bba15001f/libc-0.2.94/build.rs --error-format=json --json=diagnostic-rendered-ansi,artifacts,future-incompat --crate-type bin --emit=dep-info,link -C embed-bitcode=no -C debuginfo=2 --cfg 'feature=\"default\"' --cfg 'feature=\"std\"' --cfg 'feature=\"use_std\"' --check-cfg 'cfg(docsrs)' --check-cfg 'cfg(feature, values(\"align\", \"const-extern-fn\", \"default\", \"extra_traits\", \"rustc-dep-of-std\", \"rustc-std-workspace-core\", \"std\", \"use_std\"))' -C metadata=445ade9f02d7e2ad -C extra-filename=-445ade9f02d7e2ad --out-dir /opt/rustwide/target/debug/build/libc-445ade9f02d7e2ad -L dependency=/opt/rustwide/target/debug/deps --cap-lints allow` (exit status: 101)\nerror: could not compile `proc-macro2` (build script)\n\nCaused by:\n  No space left on device (os error 28)\n\nCaused by:\n  failed to parse process output: `/opt/rustwide/rustup-home/toolchains/beta-2024-12-08-x86_64-unknown-linux-gnu/bin/rustc --crate-name build_script_build --edition=2018 /opt/rustwide/cargo-home/registry/src/index.crates.io-6f17d22bba15001f/proc-macro2-1.0.26/build.rs --error-format=json --json=diagnostic-rendered-ansi,artifacts,future-incompat --crate-type bin --emit=dep-info,link -C embed-bitcode=no -C debuginfo=2 --cfg 'feature=\"default\"' --cfg 'feature=\"proc-macro\"' --check-cfg 'cfg(docsrs)' --check-cfg 'cfg(feature, values(\"default\", \"nightly\", \"proc-macro\", \"span-locations\"))' -C metadata=371c3c5e17e74b84 -C extra-filename=-371c3c5e17e74b84 --out-dir /opt/rustwide/target/debug/build/proc-macro2-371c3c5e17e74b84 -L dependency=/opt/rustwide/target/debug/deps --cap-lints allow` (exit status: 101)\nrustc-LLVM ERROR: IO failure on output stream: No space left on device\nerror: could not compile `bitflags` (build script)\n\nCaused by:\n  process didn't exit successfully: `/opt/rustwide/rustup-home/toolchains/beta-2024-12-08-x86_64-unknown-linux-gnu/bin/rustc --crate-name build_script_build --edition=2015 /opt/rustwide/cargo-home/registry/src/index.crates.io-6f17d22bba15001f/bitflags-1.2.1/build.rs --error-format=json --json=diagnostic-rendered-ansi,artifacts,future-incompat --crate-type bin --emit=dep-info,link -C embed-bitcode=no -C debuginfo=2 --cfg 'feature=\"default\"' --check-cfg 'cfg(docsrs)' --check-cfg 'cfg(feature, values(\"default\", \"example_generated\"))' -C metadata=4ec37bd1359ced05 -C extra-filename=-4ec37bd1359ced05 --out-dir /opt/rustwide/target/debug/build/bitflags-4ec37bd1359ced05 -L dependency=/opt/rustwide/target/debug/deps --cap-lints allow` (exit status: 101)\nerror: could not compile `smallvec` (lib) due to 1 previous error\nerror: could not compile `serde_derive` (build script)\n\nCaused by:\n  No space left on device (os error 28)\n\nCaused by:\n  failed to parse process output: `/opt/rustwide/rustup-home/toolchains/beta-2024-12-08-x86_64-unknown-linux-gnu/bin/rustc --crate-name build_script_build --edition=2015 /opt/rustwide/cargo-home/registry/src/index.crates.io-6f17d22bba15001f/serde_derive-1.0.125/build.rs --error-format=json --json=diagnostic-rendered-ansi,artifacts,future-incompat --crate-type bin --emit=dep-info,link -C embed-bitcode=no -C debuginfo=2 --cfg 'feature=\"default\"' --check-cfg 'cfg(docsrs)' --check-cfg 'cfg(feature, values(\"default\", \"deserialize_in_place\"))' -C metadata=60361da985f6e585 -C extra-filename=-60361da985f6e585 --out-dir /opt/rustwide/target/debug/build/serde_derive-60361da985f6e585 -L dependency=/opt/rustwide/target/debug/deps --cap-lints allow` (exit status: 101)\nrustc-LLVM ERROR: IO failure on output stream: No space left on device\nerror: could not compile `version_check` (lib) due to 1 previous error\nrustc-LLVM ERROR: IO failure on output stream: No space left on device\nerror: could not compile `syn` (build script)\n\nCaused by:\n  No space left on device (os error 28)\n\nCaused by:\n  failed to parse process output: `/opt/rustwide/rustup-home/toolchains/beta-2024-12-08-x86_64-unknown-linux-gnu/bin/rustc --crate-name build_script_build --edition=2018 /opt/rustwide/cargo-home/registry/src/index.crates.io-6f17d22bba15001f/syn-1.0.70/build.rs --error-format=json --json=diagnostic-rendered-ansi,artifacts,future-incompat --crate-type bin --emit=dep-info,link -C embed-bitcode=no -C debuginfo=2 --cfg 'feature=\"clone-impls\"' --cfg 'feature=\"default\"' --cfg 'feature=\"derive\"' --cfg 'feature=\"full\"' --cfg 'feature=\"parsing\"' --cfg 'feature=\"printing\"' --cfg 'feature=\"proc-macro\"' --cfg 'feature=\"quote\"' --check-cfg 'cfg(docsrs)' --check-cfg 'cfg(feature, values(\"clone-impls\", \"default\", \"derive\", \"extra-traits\", \"fold\", \"full\", \"parsing\", \"printing\", \"proc-macro\", \"quote\", \"test\", \"visit\", \"visit-mut\"))' -C metadata=404f789d3852a43e -C extra-filename=-404f789d3852a43e --out-dir /opt/rustwide/target/debug/build/syn-404f789d3852a43e -L dependency=/opt/rustwide/target/debug/deps --cap-lints allow` (exit status: 101)\nerror: could not compile `getrandom` (build script)\n\nCaused by:\n  No space left on device (os error 28)\n\nCaused by:\n  failed to parse process output: `/opt/rustwide/rustup-home/toolchains/beta-2024-12-08-x86_64-unknown-linux-gnu/bin/rustc --crate-name build_script_build --edition=2018 /opt/rustwide/cargo-home/registry/src/index.crates.io-6f17d22bba15001f/getrandom-0.2.2/build.rs --error-format=json --json=diagnostic-rendered-ansi,artifacts,future-incompat --crate-type bin --emit=dep-info,link -C embed-bitcode=no -C debuginfo=2 --check-cfg 'cfg(docsrs)' --check-cfg 'cfg(feature, values(\"compiler_builtins\", \"core\", \"custom\", \"js\", \"js-sys\", \"rdrand\", \"rustc-dep-of-std\", \"std\", \"test-in-browser\", \"wasm-bindgen\"))' -C metadata=f4d38cef159df348 -C extra-filename=-f4d38cef159df348 --out-dir /opt/rustwide/target/debug/build/getrandom-f4d38cef159df348 -L dependency=/opt/rustwide/target/debug/deps --cap-lints allow` (exit status: 101)\nerror: could not compile `pkg-config` (lib) due to 1 previous error\nrustc-LLVM ERROR: IO failure on output stream: No space left on device\nerror: could not compile `memchr` (build script)\n\nCaused by:\n  No space left on device (os error 28)\n\nCaused by:\n  failed to parse process output: `/opt/rustwide/rustup-home/toolchains/beta-2024-12-08-x86_64-unknown-linux-gnu/bin/rustc --crate-name build_script_build --edition=2015 /opt/rustwide/cargo-home/registry/src/index.crates.io-6f17d22bba15001f/memchr-2.3.4/build.rs --error-format=json --json=diagnostic-rendered-ansi,artifacts,future-incompat --crate-type bin --emit=dep-info,link -C embed-bitcode=no -C debuginfo=2 --cfg 'feature=\"default\"' --cfg 'feature=\"std\"' --cfg 'feature=\"use_std\"' --check-cfg 'cfg(docsrs)' --check-cfg 'cfg(feature, values(\"default\", \"libc\", \"std\", \"use_std\"))' -C metadata=ac0ec31a0f4ddc5f -C extra-filename=-ac0ec31a0f4ddc5f --out-dir /opt/rustwide/target/debug/build/memchr-ac0ec31a0f4ddc5f -L dependency=/opt/rustwide/target/debug/deps --cap-lints allow` (exit status: 101)\nrustc-LLVM ERROR: IO failure on output stream: No space left on device\nerror: could not compile `serde` (build script)\n\nCaused by:\n  No space left on device (os error 28)\n\nCaused by:\n  failed to parse process output: `/opt/rustwide/rustup-home/toolchains/beta-2024-12-08-x86_64-unknown-linux-gnu/bin/rustc --crate-name build_script_build --edition=2015 /opt/rustwide/cargo-home/registry/src/index.crates.io-6f17d22bba15001f/serde-1.0.125/build.rs --error-format=json --json=diagnostic-rendered-ansi,artifacts,future-incompat --crate-type bin --emit=dep-info,link -C embed-bitcode=no -C debuginfo=2 --cfg 'feature=\"default\"' --cfg 'feature=\"derive\"' --cfg 'feature=\"serde_derive\"' --cfg 'feature=\"std\"' --check-cfg 'cfg(docsrs)' --check-cfg 'cfg(feature, values(\"alloc\", \"default\", \"derive\", \"rc\", \"serde_derive\", \"std\", \"unstable\"))' -C metadata=c13aca8652bf1126 -C extra-filename=-c13aca8652bf1126 --out-dir /opt/rustwide/target/debug/build/serde-c13aca8652bf1126 -L dependency=/opt/rustwide/target/debug/deps --cap-lints allow` (exit status: 101)\nerror: could not compile `unicode-segmentation` (lib) due to 1 previous error\n"), cause: None }) }
[INFO] [stdout] stack backtrace:
[INFO] [stdout]    0:     0x5aa5a8a759ca - std::backtrace_rs::backtrace::libunwind::trace::h8810477743020387
[INFO] [stdout]                                at /rustc/202008a1b8de96d2e5b6bc02d379db03a877d34d/library/std/src/../../backtrace/src/backtrace/libunwind.rs:116:5
[INFO] [stderr] error: test failed, to rerun pass `--test integration`
[INFO] [stdout]    1:     0x5aa5a8a759ca - std::backtrace_rs::backtrace::trace_unsynchronized::h3aa55355dd6c54a6
[INFO] [stdout]                                at /rustc/202008a1b8de96d2e5b6bc02d379db03a877d34d/library/std/src/../../backtrace/src/backtrace/mod.rs:66:5
[INFO] [stdout]    2:     0x5aa5a8a759ca - std::sys::backtrace::_print_fmt::h8588b0f62410823f
[INFO] [stdout]                                at /rustc/202008a1b8de96d2e5b6bc02d379db03a877d34d/library/std/src/sys/backtrace.rs:66:9
[INFO] [stdout]    3:     0x5aa5a8a759ca - <std::sys::backtrace::BacktraceLock::print::DisplayBacktrace as core::fmt::Display>::fmt::h98c26ac25ffe89bb
[INFO] [stdout]                                at /rustc/202008a1b8de96d2e5b6bc02d379db03a877d34d/library/std/src/sys/backtrace.rs:39:26
[INFO] [stdout]    4:     0x5aa5a8a9c2d3 - core::fmt::rt::Argument::fmt::hf95377f4aebd453b
[INFO] [stdout]                                at /rustc/202008a1b8de96d2e5b6bc02d379db03a877d34d/library/core/src/fmt/rt.rs:177:76
[INFO] [stdout]    5:     0x5aa5a8a9c2d3 - core::fmt::write::h0dd5f6e2238c7982
[INFO] [stdout]                                at /rustc/202008a1b8de96d2e5b6bc02d379db03a877d34d/library/core/src/fmt/mod.rs:1189:21
[INFO] [stdout]    6:     0x5aa5a8a72b53 - std::io::Write::write_fmt::h03bb0ca26e6faf8c
[INFO] [stdout]                                at /rustc/202008a1b8de96d2e5b6bc02d379db03a877d34d/library/std/src/io/mod.rs:1884:15
[INFO] [stdout]    7:     0x5aa5a8a75812 - std::sys::backtrace::BacktraceLock::print::h5c19c1c038ee186d
[INFO] [stdout]                                at /rustc/202008a1b8de96d2e5b6bc02d379db03a877d34d/library/std/src/sys/backtrace.rs:42:9
[INFO] [stdout]    8:     0x5aa5a8a76ecd - std::panicking::default_hook::{{closure}}::h77172f079a1fcb13
[INFO] [stdout]                                at /rustc/202008a1b8de96d2e5b6bc02d379db03a877d34d/library/std/src/panicking.rs:268:22
[INFO] [stdout]    9:     0x5aa5a8a76cd7 - std::panicking::default_hook::he5f8e3b203ccddba
[INFO] [stdout]                                at /rustc/202008a1b8de96d2e5b6bc02d379db03a877d34d/library/std/src/panicking.rs:292:9
[INFO] [stdout]   10:     0x5aa5a8a094c7 - <alloc::boxed::Box<F,A> as core::ops::function::Fn<Args>>::call::h7a3c7b4a1ae77f2f
[INFO] [stdout]                                at /rustc/202008a1b8de96d2e5b6bc02d379db03a877d34d/library/alloc/src/boxed.rs:1986:9
[INFO] [stdout]   11:     0x5aa5a8a094c7 - test::test_main::{{closure}}::hf0d3b69ae9b353d1
[INFO] [stdout]                                at /rustc/202008a1b8de96d2e5b6bc02d379db03a877d34d/library/test/src/lib.rs:134:21
[INFO] [stdout]   12:     0x5aa5a8a77578 - <alloc::boxed::Box<F,A> as core::ops::function::Fn<Args>>::call::h6332e82e7b189abd
[INFO] [stdout]                                at /rustc/202008a1b8de96d2e5b6bc02d379db03a877d34d/library/alloc/src/boxed.rs:1986:9
[INFO] [stdout]   13:     0x5aa5a8a77578 - std::panicking::rust_panic_with_hook::h53863d4e9018df39
[INFO] [stdout]                                at /rustc/202008a1b8de96d2e5b6bc02d379db03a877d34d/library/std/src/panicking.rs:809:13
[INFO] [stdout]   14:     0x5aa5a8a7733a - std::panicking::begin_panic_handler::{{closure}}::h67280e6fa0757873
[INFO] [stdout]                                at /rustc/202008a1b8de96d2e5b6bc02d379db03a877d34d/library/std/src/panicking.rs:674:13
[INFO] [stdout]   15:     0x5aa5a8a75ea9 - std::sys::backtrace::__rust_end_short_backtrace::h1dac3f54d6fbbeb2
[INFO] [stdout]                                at /rustc/202008a1b8de96d2e5b6bc02d379db03a877d34d/library/std/src/sys/backtrace.rs:170:18
[INFO] [stdout]   16:     0x5aa5a8a76fcc - rust_begin_unwind
[INFO] [stdout]                                at /rustc/202008a1b8de96d2e5b6bc02d379db03a877d34d/library/std/src/panicking.rs:665:5
[INFO] [stdout]   17:     0x5aa5a89c9ab0 - core::panicking::panic_fmt::h6792bd1b2bf01041
[INFO] [stdout]                                at /rustc/202008a1b8de96d2e5b6bc02d379db03a877d34d/library/core/src/panicking.rs:76:14
[INFO] [stdout]   18:     0x5aa5a89c9ef6 - core::result::unwrap_failed::h05e0602ed34287c5
[INFO] [stdout]                                at /rustc/202008a1b8de96d2e5b6bc02d379db03a877d34d/library/core/src/result.rs:1699:5
[INFO] [stdout]   19:     0x5aa5a89cc96c - core::result::Result<T,E>::unwrap::h6533ff29b96d6774
[INFO] [stdout]                                at /rustc/202008a1b8de96d2e5b6bc02d379db03a877d34d/library/core/src/result.rs:1104:23
[INFO] [stdout]   20:     0x5aa5a89cc96c - integration::analyze_subcommand::build_cmd::h137435b471a21dbe
[INFO] [stdout]                                at /opt/rustwide/workdir/tests/integration.rs:219:23
[INFO] [stdout]   21:     0x5aa5a89ced9d - integration::analyze_subcommand::it_will_run_a_simple_query_with_subqueries::h43ae9ce2ea063a69
[INFO] [stdout]                                at /opt/rustwide/workdir/tests/integration.rs:245:23
[INFO] [stdout]   22:     0x5aa5a89ced57 - integration::analyze_subcommand::it_will_run_a_simple_query_with_subqueries::{{closure}}::ha89a78371b79d6e4
[INFO] [stdout]                                at /opt/rustwide/workdir/tests/integration.rs:244:56
[INFO] [stdout]   23:     0x5aa5a89cb2c6 - core::ops::function::FnOnce::call_once::h8f7a5a5e2d1b48af
[INFO] [stdout]                                at /rustc/202008a1b8de96d2e5b6bc02d379db03a877d34d/library/core/src/ops/function.rs:250:5
[INFO] [stdout]   24:     0x5aa5a8a0dfeb - core::ops::function::FnOnce::call_once::h871bf86719ec9aa4
[INFO] [stdout]                                at /rustc/202008a1b8de96d2e5b6bc02d379db03a877d34d/library/core/src/ops/function.rs:250:5
[INFO] [stdout]   25:     0x5aa5a8a0dfeb - test::__rust_begin_short_backtrace::h2167df1e2b7d76fd
[INFO] [stdout]                                at /rustc/202008a1b8de96d2e5b6bc02d379db03a877d34d/library/test/src/lib.rs:632:18
[INFO] [stdout]   26:     0x5aa5a8a0d9d8 - test::run_test_in_process::{{closure}}::h15d92f75a3adfb79
[INFO] [stdout]                                at /rustc/202008a1b8de96d2e5b6bc02d379db03a877d34d/library/test/src/lib.rs:655:60
[INFO] [stdout]   27:     0x5aa5a8a0d9d8 - <core::panic::unwind_safe::AssertUnwindSafe<F> as core::ops::function::FnOnce<()>>::call_once::hb6c8955835a8dbbb
[INFO] [stdout]                                at /rustc/202008a1b8de96d2e5b6bc02d379db03a877d34d/library/core/src/panic/unwind_safe.rs:272:9
[INFO] [stdout]   28:     0x5aa5a8a0d9d8 - std::panicking::try::do_call::hc79d0fc888a0bd30
[INFO] [stdout]                                at /rustc/202008a1b8de96d2e5b6bc02d379db03a877d34d/library/std/src/panicking.rs:557:40
[INFO] [stdout]   29:     0x5aa5a8a0d9d8 - std::panicking::try::hb8a7878e3a8589d6
[INFO] [stdout]                                at /rustc/202008a1b8de96d2e5b6bc02d379db03a877d34d/library/std/src/panicking.rs:520:19
[INFO] [stdout]   30:     0x5aa5a8a0d9d8 - std::panic::catch_unwind::hb8e4600ff0ff5cfa
[INFO] [stdout]                                at /rustc/202008a1b8de96d2e5b6bc02d379db03a877d34d/library/std/src/panic.rs:358:14
[INFO] [stdout]   31:     0x5aa5a8a0d9d8 - test::run_test_in_process::hc2900b0b18688dd6
[INFO] [stdout]                                at /rustc/202008a1b8de96d2e5b6bc02d379db03a877d34d/library/test/src/lib.rs:655:27
[INFO] [stdout]   32:     0x5aa5a8a0d9d8 - test::run_test::{{closure}}::hac2a9cb07be3d48d
[INFO] [stdout]                                at /rustc/202008a1b8de96d2e5b6bc02d379db03a877d34d/library/test/src/lib.rs:576:43
[INFO] [stdout]   33:     0x5aa5a89d147a - test::run_test::{{closure}}::h4a5b729e66a38cd8
[INFO] [stdout]                                at /rustc/202008a1b8de96d2e5b6bc02d379db03a877d34d/library/test/src/lib.rs:606:41
[INFO] [stdout]   34:     0x5aa5a89d147a - std::sys::backtrace::__rust_begin_short_backtrace::h0496fb742492f573
[INFO] [stdout]                                at /rustc/202008a1b8de96d2e5b6bc02d379db03a877d34d/library/std/src/sys/backtrace.rs:154:18
[INFO] [stdout]   35:     0x5aa5a89d4df4 - std::thread::Builder::spawn_unchecked_::{{closure}}::{{closure}}::hbb6d257c550a54bd
[INFO] [stdout]                                at /rustc/202008a1b8de96d2e5b6bc02d379db03a877d34d/library/std/src/thread/mod.rs:561:17
[INFO] [stdout]   36:     0x5aa5a89d4df4 - <core::panic::unwind_safe::AssertUnwindSafe<F> as core::ops::function::FnOnce<()>>::call_once::h46696fe4a6832328
[INFO] [stdout]                                at /rustc/202008a1b8de96d2e5b6bc02d379db03a877d34d/library/core/src/panic/unwind_safe.rs:272:9
[INFO] [stdout]   37:     0x5aa5a89d4df4 - std::panicking::try::do_call::h2625a51b667bfb64
[INFO] [stdout]                                at /rustc/202008a1b8de96d2e5b6bc02d379db03a877d34d/library/std/src/panicking.rs:557:40
[INFO] [stdout]   38:     0x5aa5a89d4df4 - std::panicking::try::hb956a59a1973aa4c
[INFO] [stdout]                                at /rustc/202008a1b8de96d2e5b6bc02d379db03a877d34d/library/std/src/panicking.rs:520:19
[INFO] [stdout]   39:     0x5aa5a89d4df4 - std::panic::catch_unwind::h64f3b9d1067ef6a0
[INFO] [stdout]                                at /rustc/202008a1b8de96d2e5b6bc02d379db03a877d34d/library/std/src/panic.rs:358:14
[INFO] [stdout]   40:     0x5aa5a89d4df4 - std::thread::Builder::spawn_unchecked_::{{closure}}::h42b2841295b6c0b2
[INFO] [stdout]                                at /rustc/202008a1b8de96d2e5b6bc02d379db03a877d34d/library/std/src/thread/mod.rs:559:30
[INFO] [stdout]   41:     0x5aa5a89d4df4 - core::ops::function::FnOnce::call_once{{vtable.shim}}::h6127de71b8124639
[INFO] [stdout]                                at /rustc/202008a1b8de96d2e5b6bc02d379db03a877d34d/library/core/src/ops/function.rs:250:5
[INFO] [stdout]   42:     0x5aa5a8a7beab - <alloc::boxed::Box<F,A> as core::ops::function::FnOnce<Args>>::call_once::h42f0ba71002a1b2c
[INFO] [stdout]                                at /rustc/202008a1b8de96d2e5b6bc02d379db03a877d34d/library/alloc/src/boxed.rs:1972:9
[INFO] [stdout]   43:     0x5aa5a8a7beab - <alloc::boxed::Box<F,A> as core::ops::function::FnOnce<Args>>::call_once::had9e47d7a3dcecb8
[INFO] [stdout]                                at /rustc/202008a1b8de96d2e5b6bc02d379db03a877d34d/library/alloc/src/boxed.rs:1972:9
[INFO] [stdout]   44:     0x5aa5a8a7beab - std::sys::pal::unix::thread::Thread::new::thread_start::h48cf765408f6f5f2
[INFO] [stdout]                                at /rustc/202008a1b8de96d2e5b6bc02d379db03a877d34d/library/std/src/sys/pal/unix/thread.rs:105:17
[INFO] [stdout]   45:     0x70602642dac3 - <unknown>
[INFO] [stdout]   46:     0x7060264bea04 - clone
[INFO] [stdout]   47:                0x0 - <unknown>
[INFO] [stdout] 
[INFO] [stdout] ---- analyze_subcommand::it_will_run_a_simple_query_with_spaces_in_filename stdout ----
[INFO] [stdout] thread 'analyze_subcommand::it_will_run_a_simple_query_with_spaces_in_filename' panicked at tests/integration.rs:219:49:
[INFO] [stdout] called `Result::unwrap()` on an `Err` value: CargoError { cause: Some(CargoError { kind: CommandFailed, context: Some("    Blocking waiting for file lock on build directory\n   Compiling autocfg v1.0.1\n   Compiling libc v0.2.94\n   Compiling proc-macro2 v1.0.26\n   Compiling unicode-xid v0.2.1\n   Compiling syn v1.0.70\n   Compiling version_check v0.9.3\n   Compiling ahash v0.4.7\n   Compiling memchr v2.3.4\n   Compiling serde_derive v1.0.125\n   Compiling log v0.4.14\n   Compiling bitflags v1.2.1\n   Compiling smallvec v1.6.1\n   Compiling pkg-config v0.3.19\n   Compiling serde v1.0.125\n   Compiling crc32fast v1.2.1\n   Compiling scopeguard v1.1.0\nerror: could not compile `proc-macro2` (build script) due to 1 previous error\nwarning: build failed, waiting for other jobs to finish...\nerror: could not compile `bitflags` (build script) due to 1 previous error\nerror: could not compile `serde` (build script) due to 1 previous error\nerror: could not compile `log` (build script) due to 1 previous error\nerror: could not compile `scopeguard` (lib) due to 1 previous error\nerror: could not compile `libc` (build script) due to 1 previous error\nerror: could not compile `unicode-xid` (lib) due to 1 previous error\nerror: could not compile `crc32fast` (build script) due to 1 previous error\nerror: could not compile `autocfg` (lib) due to 1 previous error\nrustc-LLVM ERROR: IO failure on output stream: No space left on device\nrustc-LLVM ERROR: IO failure on output stream: No space left on device\nerror: could not compile `memchr` (build script)\n\nCaused by:\n  No space left on device (os error 28)\n\nCaused by:\n  failed to parse process output: `/opt/rustwide/rustup-home/toolchains/beta-2024-12-08-x86_64-unknown-linux-gnu/bin/rustc --crate-name build_script_build --edition=2015 /opt/rustwide/cargo-home/registry/src/index.crates.io-6f17d22bba15001f/memchr-2.3.4/build.rs --error-format=json --json=diagnostic-rendered-ansi,artifacts,future-incompat --crate-type bin --emit=dep-info,link -C embed-bitcode=no -C debuginfo=2 --cfg 'feature=\"default\"' --cfg 'feature=\"std\"' --cfg 'feature=\"use_std\"' --check-cfg 'cfg(docsrs)' --check-cfg 'cfg(feature, values(\"default\", \"libc\", \"std\", \"use_std\"))' -C metadata=ac0ec31a0f4ddc5f -C extra-filename=-ac0ec31a0f4ddc5f --out-dir /opt/rustwide/target/debug/build/memchr-ac0ec31a0f4ddc5f -L dependency=/opt/rustwide/target/debug/deps --cap-lints allow` (exit status: 101)\nerror: could not compile `syn` (build script)\n\nCaused by:\n  No space left on device (os error 28)\n\nCaused by:\n  failed to parse process output: `/opt/rustwide/rustup-home/toolchains/beta-2024-12-08-x86_64-unknown-linux-gnu/bin/rustc --crate-name build_script_build --edition=2018 /opt/rustwide/cargo-home/registry/src/index.crates.io-6f17d22bba15001f/syn-1.0.70/build.rs --error-format=json --json=diagnostic-rendered-ansi,artifacts,future-incompat --crate-type bin --emit=dep-info,link -C embed-bitcode=no -C debuginfo=2 --cfg 'feature=\"clone-impls\"' --cfg 'feature=\"default\"' --cfg 'feature=\"derive\"' --cfg 'feature=\"full\"' --cfg 'feature=\"parsing\"' --cfg 'feature=\"printing\"' --cfg 'feature=\"proc-macro\"' --cfg 'feature=\"quote\"' --check-cfg 'cfg(docsrs)' --check-cfg 'cfg(feature, values(\"clone-impls\", \"default\", \"derive\", \"extra-traits\", \"fold\", \"full\", \"parsing\", \"printing\", \"proc-macro\", \"quote\", \"test\", \"visit\", \"visit-mut\"))' -C metadata=404f789d3852a43e -C extra-filename=-404f789d3852a43e --out-dir /opt/rustwide/target/debug/build/syn-404f789d3852a43e -L dependency=/opt/rustwide/target/debug/deps --cap-lints allow` (exit status: 101)\nerror: could not compile `ahash` (lib) due to 1 previous error\nrustc-LLVM ERROR: IO failure on output stream: No space left on device\nerror: could not compile `serde_derive` (build script)\n\nCaused by:\n  No space left on device (os error 28)\n\nCaused by:\n  failed to parse process output: `/opt/rustwide/rustup-home/toolchains/beta-2024-12-08-x86_64-unknown-linux-gnu/bin/rustc --crate-name build_script_build --edition=2015 /opt/rustwide/cargo-home/registry/src/index.crates.io-6f17d22bba15001f/serde_derive-1.0.125/build.rs --error-format=json --json=diagnostic-rendered-ansi,artifacts,future-incompat --crate-type bin --emit=dep-info,link -C embed-bitcode=no -C debuginfo=2 --cfg 'feature=\"default\"' --check-cfg 'cfg(docsrs)' --check-cfg 'cfg(feature, values(\"default\", \"deserialize_in_place\"))' -C metadata=60361da985f6e585 -C extra-filename=-60361da985f6e585 --out-dir /opt/rustwide/target/debug/build/serde_derive-60361da985f6e585 -L dependency=/opt/rustwide/target/debug/deps --cap-lints allow` (exit status: 101)\nerror: could not compile `smallvec` (lib) due to 1 previous error\nrustc-LLVM ERROR: IO failure on output stream: No space left on device\nerror: could not compile `version_check` (lib)\n\nCaused by:\n  No space left on device (os error 28)\n\nCaused by:\n  failed to parse process output: `/opt/rustwide/rustup-home/toolchains/beta-2024-12-08-x86_64-unknown-linux-gnu/bin/rustc --crate-name version_check --edition=2015 /opt/rustwide/cargo-home/registry/src/index.crates.io-6f17d22bba15001f/version_check-0.9.3/src/lib.rs --error-format=json --json=diagnostic-rendered-ansi,artifacts,future-incompat --crate-type lib --emit=dep-info,metadata,link -C embed-bitcode=no -C debuginfo=2 --check-cfg 'cfg(docsrs)' --check-cfg 'cfg(feature, values())' -C metadata=d730cbfe94273235 -C extra-filename=-d730cbfe94273235 --out-dir /opt/rustwide/target/debug/deps -L dependency=/opt/rustwide/target/debug/deps --cap-lints allow` (exit status: 101)\nerror: could not compile `pkg-config` (lib) due to 1 previous error\n"), cause: None }) }
[INFO] [stdout] stack backtrace:
[INFO] [stdout]    0:     0x5aa5a8a759ca - std::backtrace_rs::backtrace::libunwind::trace::h8810477743020387
[INFO] [stdout]                                at /rustc/202008a1b8de96d2e5b6bc02d379db03a877d34d/library/std/src/../../backtrace/src/backtrace/libunwind.rs:116:5
[INFO] [stdout]    1:     0x5aa5a8a759ca - std::backtrace_rs::backtrace::trace_unsynchronized::h3aa55355dd6c54a6
[INFO] [stdout]                                at /rustc/202008a1b8de96d2e5b6bc02d379db03a877d34d/library/std/src/../../backtrace/src/backtrace/mod.rs:66:5
[INFO] [stdout]    2:     0x5aa5a8a759ca - std::sys::backtrace::_print_fmt::h8588b0f62410823f
[INFO] [stdout]                                at /rustc/202008a1b8de96d2e5b6bc02d379db03a877d34d/library/std/src/sys/backtrace.rs:66:9
[INFO] [stdout]    3:     0x5aa5a8a759ca - <std::sys::backtrace::BacktraceLock::print::DisplayBacktrace as core::fmt::Display>::fmt::h98c26ac25ffe89bb
[INFO] [stdout]                                at /rustc/202008a1b8de96d2e5b6bc02d379db03a877d34d/library/std/src/sys/backtrace.rs:39:26
[INFO] [stdout]    4:     0x5aa5a8a9c2d3 - core::fmt::rt::Argument::fmt::hf95377f4aebd453b
[INFO] [stdout]                                at /rustc/202008a1b8de96d2e5b6bc02d379db03a877d34d/library/core/src/fmt/rt.rs:177:76
[INFO] [stdout]    5:     0x5aa5a8a9c2d3 - core::fmt::write::h0dd5f6e2238c7982
[INFO] [stdout]                                at /rustc/202008a1b8de96d2e5b6bc02d379db03a877d34d/library/core/src/fmt/mod.rs:1189:21
[INFO] [stdout]    6:     0x5aa5a8a72b53 - std::io::Write::write_fmt::h03bb0ca26e6faf8c
[INFO] [stdout]                                at /rustc/202008a1b8de96d2e5b6bc02d379db03a877d34d/library/std/src/io/mod.rs:1884:15
[INFO] [stdout]    7:     0x5aa5a8a75812 - std::sys::backtrace::BacktraceLock::print::h5c19c1c038ee186d
[INFO] [stdout]                                at /rustc/202008a1b8de96d2e5b6bc02d379db03a877d34d/library/std/src/sys/backtrace.rs:42:9
[INFO] [stdout]    8:     0x5aa5a8a76ecd - std::panicking::default_hook::{{closure}}::h77172f079a1fcb13
[INFO] [stdout]                                at /rustc/202008a1b8de96d2e5b6bc02d379db03a877d34d/library/std/src/panicking.rs:268:22
[INFO] [stdout]    9:     0x5aa5a8a76cd7 - std::panicking::default_hook::he5f8e3b203ccddba
[INFO] [stdout]                                at /rustc/202008a1b8de96d2e5b6bc02d379db03a877d34d/library/std/src/panicking.rs:292:9
[INFO] [stdout]   10:     0x5aa5a8a094c7 - <alloc::boxed::Box<F,A> as core::ops::function::Fn<Args>>::call::h7a3c7b4a1ae77f2f
[INFO] [stdout]                                at /rustc/202008a1b8de96d2e5b6bc02d379db03a877d34d/library/alloc/src/boxed.rs:1986:9
[INFO] [stdout]   11:     0x5aa5a8a094c7 - test::test_main::{{closure}}::hf0d3b69ae9b353d1
[INFO] [stdout]                                at /rustc/202008a1b8de96d2e5b6bc02d379db03a877d34d/library/test/src/lib.rs:134:21
[INFO] [stdout]   12:     0x5aa5a8a77578 - <alloc::boxed::Box<F,A> as core::ops::function::Fn<Args>>::call::h6332e82e7b189abd
[INFO] [stdout]                                at /rustc/202008a1b8de96d2e5b6bc02d379db03a877d34d/library/alloc/src/boxed.rs:1986:9
[INFO] [stdout]   13:     0x5aa5a8a77578 - std::panicking::rust_panic_with_hook::h53863d4e9018df39
[INFO] [stdout]                                at /rustc/202008a1b8de96d2e5b6bc02d379db03a877d34d/library/std/src/panicking.rs:809:13
[INFO] [stdout]   14:     0x5aa5a8a7733a - std::panicking::begin_panic_handler::{{closure}}::h67280e6fa0757873
[INFO] [stdout]                                at /rustc/202008a1b8de96d2e5b6bc02d379db03a877d34d/library/std/src/panicking.rs:674:13
[INFO] [stdout]   15:     0x5aa5a8a75ea9 - std::sys::backtrace::__rust_end_short_backtrace::h1dac3f54d6fbbeb2
[INFO] [stdout]                                at /rustc/202008a1b8de96d2e5b6bc02d379db03a877d34d/library/std/src/sys/backtrace.rs:170:18
[INFO] [stdout]   16:     0x5aa5a8a76fcc - rust_begin_unwind
[INFO] [stdout]                                at /rustc/202008a1b8de96d2e5b6bc02d379db03a877d34d/library/std/src/panicking.rs:665:5
[INFO] [stdout]   17:     0x5aa5a89c9ab0 - core::panicking::panic_fmt::h6792bd1b2bf01041
[INFO] [stdout]                                at /rustc/202008a1b8de96d2e5b6bc02d379db03a877d34d/library/core/src/panicking.rs:76:14
[INFO] [stdout]   18:     0x5aa5a89c9ef6 - core::result::unwrap_failed::h05e0602ed34287c5
[INFO] [stdout]                                at /rustc/202008a1b8de96d2e5b6bc02d379db03a877d34d/library/core/src/result.rs:1699:5
[INFO] [stdout]   19:     0x5aa5a89cc96c - core::result::Result<T,E>::unwrap::h6533ff29b96d6774
[INFO] [stdout]                                at /rustc/202008a1b8de96d2e5b6bc02d379db03a877d34d/library/core/src/result.rs:1104:23
[INFO] [stdout]   20:     0x5aa5a89cc96c - integration::analyze_subcommand::build_cmd::h137435b471a21dbe
[INFO] [stdout]                                at /opt/rustwide/workdir/tests/integration.rs:219:23
[INFO] [stdout]   21:     0x5aa5a89cf065 - integration::analyze_subcommand::it_will_run_a_simple_query_with_spaces_in_filename::hd20dac5182b65253
[INFO] [stdout]                                at /opt/rustwide/workdir/tests/integration.rs:258:23
[INFO] [stdout]   22:     0x5aa5a89cf037 - integration::analyze_subcommand::it_will_run_a_simple_query_with_spaces_in_filename::{{closure}}::h90ffd7240cf576bc
[INFO] [stdout]                                at /opt/rustwide/workdir/tests/integration.rs:256:64
[INFO] [stdout]   23:     0x5aa5a89cb076 - core::ops::function::FnOnce::call_once::h1cf340c1cca38eae
[INFO] [stdout]                                at /rustc/202008a1b8de96d2e5b6bc02d379db03a877d34d/library/core/src/ops/function.rs:250:5
[INFO] [stdout]   24:     0x5aa5a8a0dfeb - core::ops::function::FnOnce::call_once::h871bf86719ec9aa4
[INFO] [stdout]                                at /rustc/202008a1b8de96d2e5b6bc02d379db03a877d34d/library/core/src/ops/function.rs:250:5
[INFO] [stdout]   25:     0x5aa5a8a0dfeb - test::__rust_begin_short_backtrace::h2167df1e2b7d76fd
[INFO] [stdout]                                at /rustc/202008a1b8de96d2e5b6bc02d379db03a877d34d/library/test/src/lib.rs:632:18
[INFO] [stdout]   26:     0x5aa5a8a0d9d8 - test::run_test_in_process::{{closure}}::h15d92f75a3adfb79
[INFO] [stdout]                                at /rustc/202008a1b8de96d2e5b6bc02d379db03a877d34d/library/test/src/lib.rs:655:60
[INFO] [stdout]   27:     0x5aa5a8a0d9d8 - <core::panic::unwind_safe::AssertUnwindSafe<F> as core::ops::function::FnOnce<()>>::call_once::hb6c8955835a8dbbb
[INFO] [stdout]                                at /rustc/202008a1b8de96d2e5b6bc02d379db03a877d34d/library/core/src/panic/unwind_safe.rs:272:9
[INFO] [stdout]   28:     0x5aa5a8a0d9d8 - std::panicking::try::do_call::hc79d0fc888a0bd30
[INFO] [stdout]                                at /rustc/202008a1b8de96d2e5b6bc02d379db03a877d34d/library/std/src/panicking.rs:557:40
[INFO] [stdout]   29:     0x5aa5a8a0d9d8 - std::panicking::try::hb8a7878e3a8589d6
[INFO] [stdout]                                at /rustc/202008a1b8de96d2e5b6bc02d379db03a877d34d/library/std/src/panicking.rs:520:19
[INFO] [stdout]   30:     0x5aa5a8a0d9d8 - std::panic::catch_unwind::hb8e4600ff0ff5cfa
[INFO] [stdout]                                at /rustc/202008a1b8de96d2e5b6bc02d379db03a877d34d/library/std/src/panic.rs:358:14
[INFO] [stdout]   31:     0x5aa5a8a0d9d8 - test::run_test_in_process::hc2900b0b18688dd6
[INFO] [stdout]                                at /rustc/202008a1b8de96d2e5b6bc02d379db03a877d34d/library/test/src/lib.rs:655:27
[INFO] [stdout]   32:     0x5aa5a8a0d9d8 - test::run_test::{{closure}}::hac2a9cb07be3d48d
[INFO] [stdout]                                at /rustc/202008a1b8de96d2e5b6bc02d379db03a877d34d/library/test/src/lib.rs:576:43
[INFO] [stdout]   33:     0x5aa5a89d147a - test::run_test::{{closure}}::h4a5b729e66a38cd8
[INFO] [stdout]                                at /rustc/202008a1b8de96d2e5b6bc02d379db03a877d34d/library/test/src/lib.rs:606:41
[INFO] [stdout]   34:     0x5aa5a89d147a - std::sys::backtrace::__rust_begin_short_backtrace::h0496fb742492f573
[INFO] [stdout]                                at /rustc/202008a1b8de96d2e5b6bc02d379db03a877d34d/library/std/src/sys/backtrace.rs:154:18
[INFO] [stdout]   35:     0x5aa5a89d4df4 - std::thread::Builder::spawn_unchecked_::{{closure}}::{{closure}}::hbb6d257c550a54bd
[INFO] [stdout]                                at /rustc/202008a1b8de96d2e5b6bc02d379db03a877d34d/library/std/src/thread/mod.rs:561:17
[INFO] [stdout]   36:     0x5aa5a89d4df4 - <core::panic::unwind_safe::AssertUnwindSafe<F> as core::ops::function::FnOnce<()>>::call_once::h46696fe4a6832328
[INFO] [stdout]                                at /rustc/202008a1b8de96d2e5b6bc02d379db03a877d34d/library/core/src/panic/unwind_safe.rs:272:9
[INFO] [stdout]   37:     0x5aa5a89d4df4 - std::panicking::try::do_call::h2625a51b667bfb64
[INFO] [stdout]                                at /rustc/202008a1b8de96d2e5b6bc02d379db03a877d34d/library/std/src/panicking.rs:557:40
[INFO] [stdout]   38:     0x5aa5a89d4df4 - std::panicking::try::hb956a59a1973aa4c
[INFO] [stdout]                                at /rustc/202008a1b8de96d2e5b6bc02d379db03a877d34d/library/std/src/panicking.rs:520:19
[INFO] [stdout]   39:     0x5aa5a89d4df4 - std::panic::catch_unwind::h64f3b9d1067ef6a0
[INFO] [stdout]                                at /rustc/202008a1b8de96d2e5b6bc02d379db03a877d34d/library/std/src/panic.rs:358:14
[INFO] [stdout]   40:     0x5aa5a89d4df4 - std::thread::Builder::spawn_unchecked_::{{closure}}::h42b2841295b6c0b2
[INFO] [stdout]                                at /rustc/202008a1b8de96d2e5b6bc02d379db03a877d34d/library/std/src/thread/mod.rs:559:30
[INFO] [stdout]   41:     0x5aa5a89d4df4 - core::ops::function::FnOnce::call_once{{vtable.shim}}::h6127de71b8124639
[INFO] [stdout]                                at /rustc/202008a1b8de96d2e5b6bc02d379db03a877d34d/library/core/src/ops/function.rs:250:5
[INFO] [stdout]   42:     0x5aa5a8a7beab - <alloc::boxed::Box<F,A> as core::ops::function::FnOnce<Args>>::call_once::h42f0ba71002a1b2c
[INFO] [stdout]                                at /rustc/202008a1b8de96d2e5b6bc02d379db03a877d34d/library/alloc/src/boxed.rs:1972:9
[INFO] [stdout]   43:     0x5aa5a8a7beab - <alloc::boxed::Box<F,A> as core::ops::function::FnOnce<Args>>::call_once::had9e47d7a3dcecb8
[INFO] [stdout]                                at /rustc/202008a1b8de96d2e5b6bc02d379db03a877d34d/library/alloc/src/boxed.rs:1972:9
[INFO] [stdout]   44:     0x5aa5a8a7beab - std::sys::pal::unix::thread::Thread::new::thread_start::h48cf765408f6f5f2
[INFO] [stdout]                                at /rustc/202008a1b8de96d2e5b6bc02d379db03a877d34d/library/std/src/sys/pal/unix/thread.rs:105:17
[INFO] [stdout]   45:     0x70602642dac3 - <unknown>
[INFO] [stdout]   46:     0x7060264bea04 - clone
[INFO] [stdout]   47:                0x0 - <unknown>
[INFO] [stdout] 
[INFO] [stdout] ---- query_subcommand::it_will_run_a_query_and_output_header stdout ----
[INFO] [stdout] thread 'query_subcommand::it_will_run_a_query_and_output_header' panicked at tests/integration.rs:6:49:
[INFO] [stdout] called `Result::unwrap()` on an `Err` value: CargoError { cause: Some(CargoError { kind: CommandFailed, context: Some("    Blocking waiting for file lock on build directory\n   Compiling autocfg v1.0.1\n   Compiling libc v0.2.94\n   Compiling proc-macro2 v1.0.26\n   Compiling unicode-xid v0.2.1\n   Compiling syn v1.0.70\n   Compiling version_check v0.9.3\n   Compiling ahash v0.4.7\n   Compiling memchr v2.3.4\n   Compiling serde_derive v1.0.125\n   Compiling serde v1.0.125\n   Compiling log v0.4.14\n   Compiling bitflags v1.2.1\n   Compiling pkg-config v0.3.19\n   Compiling smallvec v1.6.1\n   Compiling scopeguard v1.1.0\n   Compiling byteorder v1.4.3\nrustc-LLVM ERROR: IO failure on output stream: No space left on device\nrustc-LLVM ERROR: IO failure on output stream: No space left on device\nerror: could not compile `serde_derive` (build script) due to 1 previous error\nwarning: build failed, waiting for other jobs to finish...\nerror: could not compile `libc` (build script)\n\nCaused by:\n  No space left on device (os error 28)\n\nCaused by:\n  failed to parse process output: `/opt/rustwide/rustup-home/toolchains/beta-2024-12-08-x86_64-unknown-linux-gnu/bin/rustc --crate-name build_script_build --edition=2015 /opt/rustwide/cargo-home/registry/src/index.crates.io-6f17d22bba15001f/libc-0.2.94/build.rs --error-format=json --json=diagnostic-rendered-ansi,artifacts,future-incompat --crate-type bin --emit=dep-info,link -C embed-bitcode=no -C debuginfo=2 --cfg 'feature=\"default\"' --cfg 'feature=\"std\"' --cfg 'feature=\"use_std\"' --check-cfg 'cfg(docsrs)' --check-cfg 'cfg(feature, values(\"align\", \"const-extern-fn\", \"default\", \"extra_traits\", \"rustc-dep-of-std\", \"rustc-std-workspace-core\", \"std\", \"use_std\"))' -C metadata=445ade9f02d7e2ad -C extra-filename=-445ade9f02d7e2ad --out-dir /opt/rustwide/target/debug/build/libc-445ade9f02d7e2ad -L dependency=/opt/rustwide/target/debug/deps --cap-lints allow` (exit status: 101)\nerror: could not compile `proc-macro2` (build script)\n\nCaused by:\n  No space left on device (os error 28)\n\nCaused by:\n  failed to parse process output: `/opt/rustwide/rustup-home/toolchains/beta-2024-12-08-x86_64-unknown-linux-gnu/bin/rustc --crate-name build_script_build --edition=2018 /opt/rustwide/cargo-home/registry/src/index.crates.io-6f17d22bba15001f/proc-macro2-1.0.26/build.rs --error-format=json --json=diagnostic-rendered-ansi,artifacts,future-incompat --crate-type bin --emit=dep-info,link -C embed-bitcode=no -C debuginfo=2 --cfg 'feature=\"default\"' --cfg 'feature=\"proc-macro\"' --check-cfg 'cfg(docsrs)' --check-cfg 'cfg(feature, values(\"default\", \"nightly\", \"proc-macro\", \"span-locations\"))' -C metadata=371c3c5e17e74b84 -C extra-filename=-371c3c5e17e74b84 --out-dir /opt/rustwide/target/debug/build/proc-macro2-371c3c5e17e74b84 -L dependency=/opt/rustwide/target/debug/deps --cap-lints allow` (exit status: 101)\nerror: could not compile `scopeguard` (lib) due to 1 previous error\nerror: could not compile `bitflags` (build script) due to 1 previous error\nerror: could not compile `unicode-xid` (lib) due to 1 previous error\nrustc-LLVM ERROR: IO failure on output stream: No space left on device\nerror: could not compile `syn` (build script)\n\nCaused by:\n  No space left on device (os error 28)\n\nCaused by:\n  failed to parse process output: `/opt/rustwide/rustup-home/toolchains/beta-2024-12-08-x86_64-unknown-linux-gnu/bin/rustc --crate-name build_script_build --edition=2018 /opt/rustwide/cargo-home/registry/src/index.crates.io-6f17d22bba15001f/syn-1.0.70/build.rs --error-format=json --json=diagnostic-rendered-ansi,artifacts,future-incompat --crate-type bin --emit=dep-info,link -C embed-bitcode=no -C debuginfo=2 --cfg 'feature=\"clone-impls\"' --cfg 'feature=\"default\"' --cfg 'feature=\"derive\"' --cfg 'feature=\"full\"' --cfg 'feature=\"parsing\"' --cfg 'feature=\"printing\"' --cfg 'feature=\"proc-macro\"' --cfg 'feature=\"quote\"' --check-cfg 'cfg(docsrs)' --check-cfg 'cfg(feature, values(\"clone-impls\", \"default\", \"derive\", \"extra-traits\", \"fold\", \"full\", \"parsing\", \"printing\", \"proc-macro\", \"quote\", \"test\", \"visit\", \"visit-mut\"))' -C metadata=404f789d3852a43e -C extra-filename=-404f789d3852a43e --out-dir /opt/rustwide/target/debug/build/syn-404f789d3852a43e -L dependency=/opt/rustwide/target/debug/deps --cap-lints allow` (exit status: 101)\nrustc-LLVM ERROR: IO failure on output stream: No space left on device\nerror: could not compile `autocfg` (lib) due to 1 previous error\nerror: could not compile `version_check` (lib) due to 1 previous error\nerror: could not compile `memchr` (build script)\n\nCaused by:\n  No space left on device (os error 28)\n\nCaused by:\n  failed to parse process output: `/opt/rustwide/rustup-home/toolchains/beta-2024-12-08-x86_64-unknown-linux-gnu/bin/rustc --crate-name build_script_build --edition=2015 /opt/rustwide/cargo-home/registry/src/index.crates.io-6f17d22bba15001f/memchr-2.3.4/build.rs --error-format=json --json=diagnostic-rendered-ansi,artifacts,future-incompat --crate-type bin --emit=dep-info,link -C embed-bitcode=no -C debuginfo=2 --cfg 'feature=\"default\"' --cfg 'feature=\"std\"' --cfg 'feature=\"use_std\"' --check-cfg 'cfg(docsrs)' --check-cfg 'cfg(feature, values(\"default\", \"libc\", \"std\", \"use_std\"))' -C metadata=ac0ec31a0f4ddc5f -C extra-filename=-ac0ec31a0f4ddc5f --out-dir /opt/rustwide/target/debug/build/memchr-ac0ec31a0f4ddc5f -L dependency=/opt/rustwide/target/debug/deps --cap-lints allow` (exit status: 101)\nrustc-LLVM ERROR: IO failure on output stream: No space left on device\nerror: could not compile `byteorder` (lib) due to 1 previous error\nerror: could not compile `serde` (build script)\n\nCaused by:\n  No space left on device (os error 28)\n\nCaused by:\n  failed to parse process output: `/opt/rustwide/rustup-home/toolchains/beta-2024-12-08-x86_64-unknown-linux-gnu/bin/rustc --crate-name build_script_build --edition=2015 /opt/rustwide/cargo-home/registry/src/index.crates.io-6f17d22bba15001f/serde-1.0.125/build.rs --error-format=json --json=diagnostic-rendered-ansi,artifacts,future-incompat --crate-type bin --emit=dep-info,link -C embed-bitcode=no -C debuginfo=2 --cfg 'feature=\"default\"' --cfg 'feature=\"derive\"' --cfg 'feature=\"serde_derive\"' --cfg 'feature=\"std\"' --check-cfg 'cfg(docsrs)' --check-cfg 'cfg(feature, values(\"alloc\", \"default\", \"derive\", \"rc\", \"serde_derive\", \"std\", \"unstable\"))' -C metadata=c13aca8652bf1126 -C extra-filename=-c13aca8652bf1126 --out-dir /opt/rustwide/target/debug/build/serde-c13aca8652bf1126 -L dependency=/opt/rustwide/target/debug/deps --cap-lints allow` (exit status: 101)\nerror: could not compile `log` (build script) due to 1 previous error\nerror: could not compile `smallvec` (lib) due to 1 previous error\n"), cause: None }) }
[INFO] [stdout] stack backtrace:
[INFO] [stdout]    0:     0x5aa5a8a759ca - std::backtrace_rs::backtrace::libunwind::trace::h8810477743020387
[INFO] [stdout]                                at /rustc/202008a1b8de96d2e5b6bc02d379db03a877d34d/library/std/src/../../backtrace/src/backtrace/libunwind.rs:116:5
[INFO] [stdout]    1:     0x5aa5a8a759ca - std::backtrace_rs::backtrace::trace_unsynchronized::h3aa55355dd6c54a6
[INFO] [stdout]                                at /rustc/202008a1b8de96d2e5b6bc02d379db03a877d34d/library/std/src/../../backtrace/src/backtrace/mod.rs:66:5
[INFO] [stdout]    2:     0x5aa5a8a759ca - std::sys::backtrace::_print_fmt::h8588b0f62410823f
[INFO] [stdout]                                at /rustc/202008a1b8de96d2e5b6bc02d379db03a877d34d/library/std/src/sys/backtrace.rs:66:9
[INFO] [stdout]    3:     0x5aa5a8a759ca - <std::sys::backtrace::BacktraceLock::print::DisplayBacktrace as core::fmt::Display>::fmt::h98c26ac25ffe89bb
[INFO] [stdout]                                at /rustc/202008a1b8de96d2e5b6bc02d379db03a877d34d/library/std/src/sys/backtrace.rs:39:26
[INFO] [stdout]    4:     0x5aa5a8a9c2d3 - core::fmt::rt::Argument::fmt::hf95377f4aebd453b
[INFO] [stdout]                                at /rustc/202008a1b8de96d2e5b6bc02d379db03a877d34d/library/core/src/fmt/rt.rs:177:76
[INFO] [stdout]    5:     0x5aa5a8a9c2d3 - core::fmt::write::h0dd5f6e2238c7982
[INFO] [stdout]                                at /rustc/202008a1b8de96d2e5b6bc02d379db03a877d34d/library/core/src/fmt/mod.rs:1189:21
[INFO] [stdout]    6:     0x5aa5a8a72b53 - std::io::Write::write_fmt::h03bb0ca26e6faf8c
[INFO] [stdout]                                at /rustc/202008a1b8de96d2e5b6bc02d379db03a877d34d/library/std/src/io/mod.rs:1884:15
[INFO] [stdout]    7:     0x5aa5a8a75812 - std::sys::backtrace::BacktraceLock::print::h5c19c1c038ee186d
[INFO] [stdout]                                at /rustc/202008a1b8de96d2e5b6bc02d379db03a877d34d/library/std/src/sys/backtrace.rs:42:9
[INFO] [stdout]    8:     0x5aa5a8a76ecd - std::panicking::default_hook::{{closure}}::h77172f079a1fcb13
[INFO] [stdout]                                at /rustc/202008a1b8de96d2e5b6bc02d379db03a877d34d/library/std/src/panicking.rs:268:22
[INFO] [stdout]    9:     0x5aa5a8a76cd7 - std::panicking::default_hook::he5f8e3b203ccddba
[INFO] [stdout]                                at /rustc/202008a1b8de96d2e5b6bc02d379db03a877d34d/library/std/src/panicking.rs:292:9
[INFO] [stdout]   10:     0x5aa5a8a094c7 - <alloc::boxed::Box<F,A> as core::ops::function::Fn<Args>>::call::h7a3c7b4a1ae77f2f
[INFO] [stdout]                                at /rustc/202008a1b8de96d2e5b6bc02d379db03a877d34d/library/alloc/src/boxed.rs:1986:9
[INFO] [stdout]   11:     0x5aa5a8a094c7 - test::test_main::{{closure}}::hf0d3b69ae9b353d1
[INFO] [stdout]                                at /rustc/202008a1b8de96d2e5b6bc02d379db03a877d34d/library/test/src/lib.rs:134:21
[INFO] [stdout]   12:     0x5aa5a8a77578 - <alloc::boxed::Box<F,A> as core::ops::function::Fn<Args>>::call::h6332e82e7b189abd
[INFO] [stdout]                                at /rustc/202008a1b8de96d2e5b6bc02d379db03a877d34d/library/alloc/src/boxed.rs:1986:9
[INFO] [stdout]   13:     0x5aa5a8a77578 - std::panicking::rust_panic_with_hook::h53863d4e9018df39
[INFO] [stdout]                                at /rustc/202008a1b8de96d2e5b6bc02d379db03a877d34d/library/std/src/panicking.rs:809:13
[INFO] [stdout]   14:     0x5aa5a8a7733a - std::panicking::begin_panic_handler::{{closure}}::h67280e6fa0757873
[INFO] [stdout]                                at /rustc/202008a1b8de96d2e5b6bc02d379db03a877d34d/library/std/src/panicking.rs:674:13
[INFO] [stdout]   15:     0x5aa5a8a75ea9 - std::sys::backtrace::__rust_end_short_backtrace::h1dac3f54d6fbbeb2
[INFO] [stdout]                                at /rustc/202008a1b8de96d2e5b6bc02d379db03a877d34d/library/std/src/sys/backtrace.rs:170:18
[INFO] [stdout]   16:     0x5aa5a8a76fcc - rust_begin_unwind
[INFO] [stdout]                                at /rustc/202008a1b8de96d2e5b6bc02d379db03a877d34d/library/std/src/panicking.rs:665:5
[INFO] [stdout]   17:     0x5aa5a89c9ab0 - core::panicking::panic_fmt::h6792bd1b2bf01041
[INFO] [stdout]                                at /rustc/202008a1b8de96d2e5b6bc02d379db03a877d34d/library/core/src/panicking.rs:76:14
[INFO] [stdout]   18:     0x5aa5a89c9ef6 - core::result::unwrap_failed::h05e0602ed34287c5
[INFO] [stdout]                                at /rustc/202008a1b8de96d2e5b6bc02d379db03a877d34d/library/core/src/result.rs:1699:5
[INFO] [stdout]   19:     0x5aa5a89cc7dc - core::result::Result<T,E>::unwrap::h6533ff29b96d6774
[INFO] [stdout]                                at /rustc/202008a1b8de96d2e5b6bc02d379db03a877d34d/library/core/src/result.rs:1104:23
[INFO] [stdout]   20:     0x5aa5a89cc7dc - integration::query_subcommand::build_cmd::haa032b0c22ce3ae1
[INFO] [stdout]                                at /opt/rustwide/workdir/tests/integration.rs:6:23
[INFO] [stdout]   21:     0x5aa5a89cdfbd - integration::query_subcommand::it_will_run_a_query_and_output_header::h02f52ff7566efe94
[INFO] [stdout]                                at /opt/rustwide/workdir/tests/integration.rs:144:23
[INFO] [stdout]   22:     0x5aa5a89cdf87 - integration::query_subcommand::it_will_run_a_query_and_output_header::{{closure}}::h29dc82db290c3dd4
[INFO] [stdout]                                at /opt/rustwide/workdir/tests/integration.rs:143:51
[INFO] [stdout]   23:     0x5aa5a89cb546 - core::ops::function::FnOnce::call_once::hda581026775f17fd
[INFO] [stdout]                                at /rustc/202008a1b8de96d2e5b6bc02d379db03a877d34d/library/core/src/ops/function.rs:250:5
[INFO] [stdout]   24:     0x5aa5a8a0dfeb - core::ops::function::FnOnce::call_once::h871bf86719ec9aa4
[INFO] [stdout]                                at /rustc/202008a1b8de96d2e5b6bc02d379db03a877d34d/library/core/src/ops/function.rs:250:5
[INFO] [stdout]   25:     0x5aa5a8a0dfeb - test::__rust_begin_short_backtrace::h2167df1e2b7d76fd
[INFO] [stdout]                                at /rustc/202008a1b8de96d2e5b6bc02d379db03a877d34d/library/test/src/lib.rs:632:18
[INFO] [stdout]   26:     0x5aa5a8a0d9d8 - test::run_test_in_process::{{closure}}::h15d92f75a3adfb79
[INFO] [stdout]                                at /rustc/202008a1b8de96d2e5b6bc02d379db03a877d34d/library/test/src/lib.rs:655:60
[INFO] [stdout]   27:     0x5aa5a8a0d9d8 - <core::panic::unwind_safe::AssertUnwindSafe<F> as core::ops::function::FnOnce<()>>::call_once::hb6c8955835a8dbbb
[INFO] [stdout]                                at /rustc/202008a1b8de96d2e5b6bc02d379db03a877d34d/library/core/src/panic/unwind_safe.rs:272:9
[INFO] [stdout]   28:     0x5aa5a8a0d9d8 - std::panicking::try::do_call::hc79d0fc888a0bd30
[INFO] [stdout]                                at /rustc/202008a1b8de96d2e5b6bc02d379db03a877d34d/library/std/src/panicking.rs:557:40
[INFO] [stdout]   29:     0x5aa5a8a0d9d8 - std::panicking::try::hb8a7878e3a8589d6
[INFO] [stdout]                                at /rustc/202008a1b8de96d2e5b6bc02d379db03a877d34d/library/std/src/panicking.rs:520:19
[INFO] [stdout]   30:     0x5aa5a8a0d9d8 - std::panic::catch_unwind::hb8e4600ff0ff5cfa
[INFO] [stdout]                                at /rustc/202008a1b8de96d2e5b6bc02d379db03a877d34d/library/std/src/panic.rs:358:14
[INFO] [stdout]   31:     0x5aa5a8a0d9d8 - test::run_test_in_process::hc2900b0b18688dd6
[INFO] [stdout]                                at /rustc/202008a1b8de96d2e5b6bc02d379db03a877d34d/library/test/src/lib.rs:655:27
[INFO] [stdout]   32:     0x5aa5a8a0d9d8 - test::run_test::{{closure}}::hac2a9cb07be3d48d
[INFO] [stdout]                                at /rustc/202008a1b8de96d2e5b6bc02d379db03a877d34d/library/test/src/lib.rs:576:43
[INFO] [stdout]   33:     0x5aa5a89d147a - test::run_test::{{closure}}::h4a5b729e66a38cd8
[INFO] [stdout]                                at /rustc/202008a1b8de96d2e5b6bc02d379db03a877d34d/library/test/src/lib.rs:606:41
[INFO] [stdout]   34:     0x5aa5a89d147a - std::sys::backtrace::__rust_begin_short_backtrace::h0496fb742492f573
[INFO] [stdout]                                at /rustc/202008a1b8de96d2e5b6bc02d379db03a877d34d/library/std/src/sys/backtrace.rs:154:18
[INFO] [stdout]   35:     0x5aa5a89d4df4 - std::thread::Builder::spawn_unchecked_::{{closure}}::{{closure}}::hbb6d257c550a54bd
[INFO] [stdout]                                at /rustc/202008a1b8de96d2e5b6bc02d379db03a877d34d/library/std/src/thread/mod.rs:561:17
[INFO] [stdout]   36:     0x5aa5a89d4df4 - <core::panic::unwind_safe::AssertUnwindSafe<F> as core::ops::function::FnOnce<()>>::call_once::h46696fe4a6832328
[INFO] [stdout]                                at /rustc/202008a1b8de96d2e5b6bc02d379db03a877d34d/library/core/src/panic/unwind_safe.rs:272:9
[INFO] [stdout]   37:     0x5aa5a89d4df4 - std::panicking::try::do_call::h2625a51b667bfb64
[INFO] [stdout]                                at /rustc/202008a1b8de96d2e5b6bc02d379db03a877d34d/library/std/src/panicking.rs:557:40
[INFO] [stdout]   38:     0x5aa5a89d4df4 - std::panicking::try::hb956a59a1973aa4c
[INFO] [stdout]                                at /rustc/202008a1b8de96d2e5b6bc02d379db03a877d34d/library/std/src/panicking.rs:520:19
[INFO] [stdout]   39:     0x5aa5a89d4df4 - std::panic::catch_unwind::h64f3b9d1067ef6a0
[INFO] [stdout]                                at /rustc/202008a1b8de96d2e5b6bc02d379db03a877d34d/library/std/src/panic.rs:358:14
[INFO] [stdout]   40:     0x5aa5a89d4df4 - std::thread::Builder::spawn_unchecked_::{{closure}}::h42b2841295b6c0b2
[INFO] [stdout]                                at /rustc/202008a1b8de96d2e5b6bc02d379db03a877d34d/library/std/src/thread/mod.rs:559:30
[INFO] [stdout]   41:     0x5aa5a89d4df4 - core::ops::function::FnOnce::call_once{{vtable.shim}}::h6127de71b8124639
[INFO] [stdout]                                at /rustc/202008a1b8de96d2e5b6bc02d379db03a877d34d/library/core/src/ops/function.rs:250:5
[INFO] [stdout]   42:     0x5aa5a8a7beab - <alloc::boxed::Box<F,A> as core::ops::function::FnOnce<Args>>::call_once::h42f0ba71002a1b2c
[INFO] [stdout]                                at /rustc/202008a1b8de96d2e5b6bc02d379db03a877d34d/library/alloc/src/boxed.rs:1972:9
[INFO] [stdout]   43:     0x5aa5a8a7beab - <alloc::boxed::Box<F,A> as core::ops::function::FnOnce<Args>>::call_once::had9e47d7a3dcecb8
[INFO] [stdout]                                at /rustc/202008a1b8de96d2e5b6bc02d379db03a877d34d/library/alloc/src/boxed.rs:1972:9
[INFO] [stdout]   44:     0x5aa5a8a7beab - std::sys::pal::unix::thread::Thread::new::thread_start::h48cf765408f6f5f2
[INFO] [stdout]                                at /rustc/202008a1b8de96d2e5b6bc02d379db03a877d34d/library/std/src/sys/pal/unix/thread.rs:105:17
[INFO] [stdout]   45:     0x70602642dac3 - <unknown>
[INFO] [stdout]   46:     0x7060264bea04 - clone
[INFO] [stdout]   47:                0x0 - <unknown>
[INFO] [stdout] 
[INFO] [stdout] ---- query_subcommand::it_will_run_a_simple_query_with_ctes stdout ----
[INFO] [stdout] thread 'query_subcommand::it_will_run_a_simple_query_with_ctes' panicked at tests/integration.rs:6:49:
[INFO] [stdout] called `Result::unwrap()` on an `Err` value: CargoError { cause: Some(CargoError { kind: CommandFailed, context: Some("    Blocking waiting for file lock on build directory\n   Compiling autocfg v1.0.1\n   Compiling libc v0.2.94\n   Compiling proc-macro2 v1.0.26\n   Compiling unicode-xid v0.2.1\n   Compiling syn v1.0.70\n   Compiling version_check v0.9.3\n   Compiling memchr v2.3.4\n   Compiling serde_derive v1.0.125\n   Compiling bitflags v1.2.1\n   Compiling log v0.4.14\n   Compiling serde v1.0.125\n   Compiling smallvec v1.6.1\n   Compiling hashbrown v0.9.1\n   Compiling libsqlite3-sys v0.22.1\n   Compiling byteorder v1.4.3\n   Compiling cfg-if v0.1.10\n   Compiling scopeguard v1.1.0\n   Compiling getrandom v0.2.2\n   Compiling ryu v1.0.5\n   Compiling crc32fast v1.2.1\n   Compiling unicode-segmentation v1.7.1\n   Compiling regex-automata v0.1.9\n   Compiling lock_api v0.3.4\n   Compiling fixedbitset v0.2.0\n   Compiling either v1.6.1\n   Compiling unicode-width v0.1.8\n   Compiling adler v1.0.2\n   Compiling hashlink v0.6.0\n   Compiling num-traits v0.2.14\n   Compiling indexmap v1.6.2\n   Compiling num-integer v0.1.44\n   Compiling proc-macro-error-attr v1.0.4\n   Compiling proc-macro-error v1.0.4\n   Compiling miniz_oxide v0.4.4\n   Compiling heck v0.3.2\n   Compiling itertools v0.8.2\n   Compiling csv-core v0.1.10\n   Compiling textwrap v0.12.1\n   Compiling fallible-iterator v0.2.0\n   Compiling fnv v1.0.7\n   Compiling os_str_bytes v2.4.0\n   Compiling itoa v0.4.7\n   Compiling fallible-streaming-iterator v0.1.9\n   Compiling strsim v0.10.0\n   Compiling termcolor v1.1.2\n   Compiling vec_map v0.8.2\n   Compiling sqlparser v0.9.0\n   Compiling quote v1.0.9\n   Compiling md5 v0.7.0\n   Compiling rusqlite v0.25.1\n   Compiling atty v0.2.14\n   Compiling time v0.1.43\n   Compiling parking_lot_core v0.7.2\n   Compiling memchr v1.0.2\n   Compiling colored v1.9.3\n   Compiling nom v3.2.1\n   Compiling parking_lot v0.10.2\n   Compiling format-sql-query v0.4.0\n   Compiling uuid v0.8.2\n   Compiling petgraph v0.5.1\n   Compiling flate2 v1.0.20\n   Compiling streaming-stats v0.2.3\n   Compiling chrono v0.4.19\n   Compiling tree_magic v0.2.3\n   Compiling simple_logger v1.11.0\n   Compiling clap_derive v3.0.0-beta.2\n   Compiling clap v3.0.0-beta.2\nrustc-LLVM ERROR: IO failure on output stream: No space left on device\nerror: could not compile `clap` (lib)\n\nCaused by:\n  No space left on device (os error 28)\n\nCaused by:\n  failed to parse process output: `/opt/rustwide/rustup-home/toolchains/beta-2024-12-08-x86_64-unknown-linux-gnu/bin/rustc --crate-name clap --edition=2018 /opt/rustwide/cargo-home/registry/src/index.crates.io-6f17d22bba15001f/clap-3.0.0-beta.2/src/lib.rs --error-format=json --json=diagnostic-rendered-ansi,artifacts,future-incompat --crate-type lib --emit=dep-info,metadata,link -C embed-bitcode=no -C debuginfo=2 --cfg 'feature=\"atty\"' --cfg 'feature=\"cargo\"' --cfg 'feature=\"clap_derive\"' --cfg 'feature=\"color\"' --cfg 'feature=\"default\"' --cfg 'feature=\"derive\"' --cfg 'feature=\"lazy_static\"' --cfg 'feature=\"std\"' --cfg 'feature=\"strsim\"' --cfg 'feature=\"suggestions\"' --cfg 'feature=\"termcolor\"' --check-cfg 'cfg(docsrs)' --check-cfg 'cfg(feature, values(\"atty\", \"cargo\", \"clap_derive\", \"color\", \"debug\", \"default\", \"derive\", \"doc\", \"lazy_static\", \"regex\", \"std\", \"strsim\", \"suggestions\", \"termcolor\", \"terminal_size\", \"unstable\", \"wrap_help\", \"yaml\", \"yaml-rust\"))' -C metadata=48fb37b1704e14f5 -C extra-filename=-48fb37b1704e14f5 --out-dir /opt/rustwide/target/x86_64-unknown-linux-gnu/debug/deps --target x86_64-unknown-linux-gnu -L dependency=/opt/rustwide/target/x86_64-unknown-linux-gnu/debug/deps -L dependency=/opt/rustwide/target/debug/deps --extern atty=/opt/rustwide/target/x86_64-unknown-linux-gnu/debug/deps/libatty-ab020e5a96e9079d.rmeta --extern bitflags=/opt/rustwide/target/x86_64-unknown-linux-gnu/debug/deps/libbitflags-628680430c2d6851.rmeta --extern clap_derive=/opt/rustwide/target/debug/deps/libclap_derive-2a2bf8e359aeb244.so --extern indexmap=/opt/rustwide/target/x86_64-unknown-linux-gnu/debug/deps/libindexmap-921d081e09201a3b.rmeta --extern lazy_static=/opt/rustwide/target/x86_64-unknown-linux-gnu/debug/deps/liblazy_static-07464b59db3c1558.rmeta --extern os_str_bytes=/opt/rustwide/target/x86_64-unknown-linux-gnu/debug/deps/libos_str_bytes-97a87e2150f266bd.rmeta --extern strsim=/opt/rustwide/target/x86_64-unknown-linux-gnu/debug/deps/libstrsim-ee737893057d3132.rmeta --extern termcolor=/opt/rustwide/target/x86_64-unknown-linux-gnu/debug/deps/libtermcolor-cdebeeae911ef628.rmeta --extern textwrap=/opt/rustwide/target/x86_64-unknown-linux-gnu/debug/deps/libtextwrap-a10c6be002f88731.rmeta --extern unicode_width=/opt/rustwide/target/x86_64-unknown-linux-gnu/debug/deps/libunicode_width-17560ebd30e54f1f.rmeta --extern vec_map=/opt/rustwide/target/x86_64-unknown-linux-gnu/debug/deps/libvec_map-c088ef68189fd74b.rmeta --cap-lints allow --cap-lints=warn` (exit status: 101)\nwarning: build failed, waiting for other jobs to finish...\nerror: could not compile `serde` (lib) due to 1 previous error\n"), cause: None }) }
[INFO] [stdout] stack backtrace:
[INFO] [stdout]    0:     0x5aa5a8a759ca - std::backtrace_rs::backtrace::libunwind::trace::h8810477743020387
[INFO] [stdout]                                at /rustc/202008a1b8de96d2e5b6bc02d379db03a877d34d/library/std/src/../../backtrace/src/backtrace/libunwind.rs:116:5
[INFO] [stdout]    1:     0x5aa5a8a759ca - std::backtrace_rs::backtrace::trace_unsynchronized::h3aa55355dd6c54a6
[INFO] [stdout]                                at /rustc/202008a1b8de96d2e5b6bc02d379db03a877d34d/library/std/src/../../backtrace/src/backtrace/mod.rs:66:5
[INFO] [stdout]    2:     0x5aa5a8a759ca - std::sys::backtrace::_print_fmt::h8588b0f62410823f
[INFO] [stdout]                                at /rustc/202008a1b8de96d2e5b6bc02d379db03a877d34d/library/std/src/sys/backtrace.rs:66:9
[INFO] [stdout]    3:     0x5aa5a8a759ca - <std::sys::backtrace::BacktraceLock::print::DisplayBacktrace as core::fmt::Display>::fmt::h98c26ac25ffe89bb
[INFO] [stdout]                                at /rustc/202008a1b8de96d2e5b6bc02d379db03a877d34d/library/std/src/sys/backtrace.rs:39:26
[INFO] [stdout]    4:     0x5aa5a8a9c2d3 - core::fmt::rt::Argument::fmt::hf95377f4aebd453b
[INFO] [stdout]                                at /rustc/202008a1b8de96d2e5b6bc02d379db03a877d34d/library/core/src/fmt/rt.rs:177:76
[INFO] [stdout]    5:     0x5aa5a8a9c2d3 - core::fmt::write::h0dd5f6e2238c7982
[INFO] [stdout]                                at /rustc/202008a1b8de96d2e5b6bc02d379db03a877d34d/library/core/src/fmt/mod.rs:1189:21
[INFO] [stdout]    6:     0x5aa5a8a72b53 - std::io::Write::write_fmt::h03bb0ca26e6faf8c
[INFO] [stdout]                                at /rustc/202008a1b8de96d2e5b6bc02d379db03a877d34d/library/std/src/io/mod.rs:1884:15
[INFO] [stdout]    7:     0x5aa5a8a75812 - std::sys::backtrace::BacktraceLock::print::h5c19c1c038ee186d
[INFO] [stdout]                                at /rustc/202008a1b8de96d2e5b6bc02d379db03a877d34d/library/std/src/sys/backtrace.rs:42:9
[INFO] [stdout]    8:     0x5aa5a8a76ecd - std::panicking::default_hook::{{closure}}::h77172f079a1fcb13
[INFO] [stdout]                                at /rustc/202008a1b8de96d2e5b6bc02d379db03a877d34d/library/std/src/panicking.rs:268:22
[INFO] [stdout]    9:     0x5aa5a8a76cd7 - std::panicking::default_hook::he5f8e3b203ccddba
[INFO] [stdout]                                at /rustc/202008a1b8de96d2e5b6bc02d379db03a877d34d/library/std/src/panicking.rs:292:9
[INFO] [stdout]   10:     0x5aa5a8a094c7 - <alloc::boxed::Box<F,A> as core::ops::function::Fn<Args>>::call::h7a3c7b4a1ae77f2f
[INFO] [stdout]                                at /rustc/202008a1b8de96d2e5b6bc02d379db03a877d34d/library/alloc/src/boxed.rs:1986:9
[INFO] [stdout]   11:     0x5aa5a8a094c7 - test::test_main::{{closure}}::hf0d3b69ae9b353d1
[INFO] [stdout]                                at /rustc/202008a1b8de96d2e5b6bc02d379db03a877d34d/library/test/src/lib.rs:134:21
[INFO] [stdout]   12:     0x5aa5a8a77578 - <alloc::boxed::Box<F,A> as core::ops::function::Fn<Args>>::call::h6332e82e7b189abd
[INFO] [stdout]                                at /rustc/202008a1b8de96d2e5b6bc02d379db03a877d34d/library/alloc/src/boxed.rs:1986:9
[INFO] [stdout]   13:     0x5aa5a8a77578 - std::panicking::rust_panic_with_hook::h53863d4e9018df39
[INFO] [stdout]                                at /rustc/202008a1b8de96d2e5b6bc02d379db03a877d34d/library/std/src/panicking.rs:809:13
[INFO] [stdout]   14:     0x5aa5a8a7733a - std::panicking::begin_panic_handler::{{closure}}::h67280e6fa0757873
[INFO] [stdout]                                at /rustc/202008a1b8de96d2e5b6bc02d379db03a877d34d/library/std/src/panicking.rs:674:13
[INFO] [stdout]   15:     0x5aa5a8a75ea9 - std::sys::backtrace::__rust_end_short_backtrace::h1dac3f54d6fbbeb2
[INFO] [stdout]                                at /rustc/202008a1b8de96d2e5b6bc02d379db03a877d34d/library/std/src/sys/backtrace.rs:170:18
[INFO] [stdout]   16:     0x5aa5a8a76fcc - rust_begin_unwind
[INFO] [stdout]                                at /rustc/202008a1b8de96d2e5b6bc02d379db03a877d34d/library/std/src/panicking.rs:665:5
[INFO] [stdout]   17:     0x5aa5a89c9ab0 - core::panicking::panic_fmt::h6792bd1b2bf01041
[INFO] [stdout]                                at /rustc/202008a1b8de96d2e5b6bc02d379db03a877d34d/library/core/src/panicking.rs:76:14
[INFO] [stdout]   18:     0x5aa5a89c9ef6 - core::result::unwrap_failed::h05e0602ed34287c5
[INFO] [stdout]                                at /rustc/202008a1b8de96d2e5b6bc02d379db03a877d34d/library/core/src/result.rs:1699:5
[INFO] [stdout]   19:     0x5aa5a89cc7dc - core::result::Result<T,E>::unwrap::h6533ff29b96d6774
[INFO] [stdout]                                at /rustc/202008a1b8de96d2e5b6bc02d379db03a877d34d/library/core/src/result.rs:1104:23
[INFO] [stdout]   20:     0x5aa5a89cc7dc - integration::query_subcommand::build_cmd::haa032b0c22ce3ae1
[INFO] [stdout]                                at /opt/rustwide/workdir/tests/integration.rs:6:23
[INFO] [stdout]   21:     0x5aa5a89cd195 - integration::query_subcommand::it_will_run_a_simple_query_with_ctes::hceac9389c26d617c
[INFO] [stdout]                                at /opt/rustwide/workdir/tests/integration.rs:51:23
[INFO] [stdout]   22:     0x5aa5a89cd167 - integration::query_subcommand::it_will_run_a_simple_query_with_ctes::{{closure}}::h162d474fb1902754
[INFO] [stdout]                                at /opt/rustwide/workdir/tests/integration.rs:50:50
[INFO] [stdout]   23:     0x5aa5a89cafb6 - core::ops::function::FnOnce::call_once::h123281fa5c0a9ec9
[INFO] [stdout]                                at /rustc/202008a1b8de96d2e5b6bc02d379db03a877d34d/library/core/src/ops/function.rs:250:5
[INFO] [stdout]   24:     0x5aa5a8a0dfeb - core::ops::function::FnOnce::call_once::h871bf86719ec9aa4
[INFO] [stdout]                                at /rustc/202008a1b8de96d2e5b6bc02d379db03a877d34d/library/core/src/ops/function.rs:250:5
[INFO] [stdout]   25:     0x5aa5a8a0dfeb - test::__rust_begin_short_backtrace::h2167df1e2b7d76fd
[INFO] [stdout]                                at /rustc/202008a1b8de96d2e5b6bc02d379db03a877d34d/library/test/src/lib.rs:632:18
[INFO] [stdout]   26:     0x5aa5a8a0d9d8 - test::run_test_in_process::{{closure}}::h15d92f75a3adfb79
[INFO] [stdout]                                at /rustc/202008a1b8de96d2e5b6bc02d379db03a877d34d/library/test/src/lib.rs:655:60
[INFO] [stdout]   27:     0x5aa5a8a0d9d8 - <core::panic::unwind_safe::AssertUnwindSafe<F> as core::ops::function::FnOnce<()>>::call_once::hb6c8955835a8dbbb
[INFO] [stdout]                                at /rustc/202008a1b8de96d2e5b6bc02d379db03a877d34d/library/core/src/panic/unwind_safe.rs:272:9
[INFO] [stdout]   28:     0x5aa5a8a0d9d8 - std::panicking::try::do_call::hc79d0fc888a0bd30
[INFO] [stdout]                                at /rustc/202008a1b8de96d2e5b6bc02d379db03a877d34d/library/std/src/panicking.rs:557:40
[INFO] [stdout]   29:     0x5aa5a8a0d9d8 - std::panicking::try::hb8a7878e3a8589d6
[INFO] [stdout]                                at /rustc/202008a1b8de96d2e5b6bc02d379db03a877d34d/library/std/src/panicking.rs:520:19
[INFO] [stdout]   30:     0x5aa5a8a0d9d8 - std::panic::catch_unwind::hb8e4600ff0ff5cfa
[INFO] [stdout]                                at /rustc/202008a1b8de96d2e5b6bc02d379db03a877d34d/library/std/src/panic.rs:358:14
[INFO] [stdout]   31:     0x5aa5a8a0d9d8 - test::run_test_in_process::hc2900b0b18688dd6
[INFO] [stdout]                                at /rustc/202008a1b8de96d2e5b6bc02d379db03a877d34d/library/test/src/lib.rs:655:27
[INFO] [stdout]   32:     0x5aa5a8a0d9d8 - test::run_test::{{closure}}::hac2a9cb07be3d48d
[INFO] [stdout]                                at /rustc/202008a1b8de96d2e5b6bc02d379db03a877d34d/library/test/src/lib.rs:576:43
[INFO] [stdout]   33:     0x5aa5a89d147a - test::run_test::{{closure}}::h4a5b729e66a38cd8
[INFO] [stdout]                                at /rustc/202008a1b8de96d2e5b6bc02d379db03a877d34d/library/test/src/lib.rs:606:41
[INFO] [stdout]   34:     0x5aa5a89d147a - std::sys::backtrace::__rust_begin_short_backtrace::h0496fb742492f573
[INFO] [stdout]                                at /rustc/202008a1b8de96d2e5b6bc02d379db03a877d34d/library/std/src/sys/backtrace.rs:154:18
[INFO] [stdout]   35:     0x5aa5a89d4df4 - std::thread::Builder::spawn_unchecked_::{{closure}}::{{closure}}::hbb6d257c550a54bd
[INFO] [stdout]                                at /rustc/202008a1b8de96d2e5b6bc02d379db03a877d34d/library/std/src/thread/mod.rs:561:17
[INFO] [stdout]   36:     0x5aa5a89d4df4 - <core::panic::unwind_safe::AssertUnwindSafe<F> as core::ops::function::FnOnce<()>>::call_once::h46696fe4a6832328
[INFO] [stdout]                                at /rustc/202008a1b8de96d2e5b6bc02d379db03a877d34d/library/core/src/panic/unwind_safe.rs:272:9
[INFO] [stdout]   37:     0x5aa5a89d4df4 - std::panicking::try::do_call::h2625a51b667bfb64
[INFO] [stdout]                                at /rustc/202008a1b8de96d2e5b6bc02d379db03a877d34d/library/std/src/panicking.rs:557:40
[INFO] [stdout]   38:     0x5aa5a89d4df4 - std::panicking::try::hb956a59a1973aa4c
[INFO] [stdout]                                at /rustc/202008a1b8de96d2e5b6bc02d379db03a877d34d/library/std/src/panicking.rs:520:19
[INFO] [stdout]   39:     0x5aa5a89d4df4 - std::panic::catch_unwind::h64f3b9d1067ef6a0
[INFO] [stdout]                                at /rustc/202008a1b8de96d2e5b6bc02d379db03a877d34d/library/std/src/panic.rs:358:14
[INFO] [stdout]   40:     0x5aa5a89d4df4 - std::thread::Builder::spawn_unchecked_::{{closure}}::h42b2841295b6c0b2
[INFO] [stdout]                                at /rustc/202008a1b8de96d2e5b6bc02d379db03a877d34d/library/std/src/thread/mod.rs:559:30
[INFO] [stdout]   41:     0x5aa5a89d4df4 - core::ops::function::FnOnce::call_once{{vtable.shim}}::h6127de71b8124639
[INFO] [stdout]                                at /rustc/202008a1b8de96d2e5b6bc02d379db03a877d34d/library/core/src/ops/function.rs:250:5
[INFO] [stdout]   42:     0x5aa5a8a7beab - <alloc::boxed::Box<F,A> as core::ops::function::FnOnce<Args>>::call_once::h42f0ba71002a1b2c
[INFO] [stdout]                                at /rustc/202008a1b8de96d2e5b6bc02d379db03a877d34d/library/alloc/src/boxed.rs:1972:9
[INFO] [stdout]   43:     0x5aa5a8a7beab - <alloc::boxed::Box<F,A> as core::ops::function::FnOnce<Args>>::call_once::had9e47d7a3dcecb8
[INFO] [stdout]                                at /rustc/202008a1b8de96d2e5b6bc02d379db03a877d34d/library/alloc/src/boxed.rs:1972:9
[INFO] [stdout]   44:     0x5aa5a8a7beab - std::sys::pal::unix::thread::Thread::new::thread_start::h48cf765408f6f5f2
[INFO] [stdout]                                at /rustc/202008a1b8de96d2e5b6bc02d379db03a877d34d/library/std/src/sys/pal/unix/thread.rs:105:17
[INFO] [stdout]   45:     0x70602642dac3 - <unknown>
[INFO] [stdout]   46:     0x7060264bea04 - clone
[INFO] [stdout]   47:                0x0 - <unknown>
[INFO] [stdout] 
[INFO] [stdout] 
[INFO] [stdout] failures:
[INFO] [stdout]     analyze_subcommand::it_errors_if_no_query_is_passed
[INFO] [stdout]     analyze_subcommand::it_will_run_a_simple_query_with_spaces_in_filename
[INFO] [stdout]     analyze_subcommand::it_will_run_a_simple_query_with_subqueries
[INFO] [stdout]     analyze_subcommand::it_will_run_a_simple_query_with_unions
[INFO] [stdout]     query_subcommand::it_can_run_the_commandline_for_a_simple_query
[INFO] [stdout]     query_subcommand::it_succeeds_with_a_single_statement_ended_with_semicolon
[INFO] [stdout]     query_subcommand::it_will_run_a_query_and_output_header
[INFO] [stdout]     query_subcommand::it_will_run_a_simple_query_with_ctes
[INFO] [stdout] 
[INFO] [stdout] test result: FAILED. 20 passed; 8 failed; 0 ignored; 0 measured; 0 filtered out; finished in 38.34s
[INFO] [stdout] 
[INFO] running `Command { std: "docker" "inspect" "363e09536bea67864a662de8fe881da4b2510bd0c18963585dc818fdc82dfde7", kill_on_drop: false }`
[INFO] running `Command { std: "docker" "rm" "-f" "363e09536bea67864a662de8fe881da4b2510bd0c18963585dc818fdc82dfde7", kill_on_drop: false }`
[INFO] [stdout] 363e09536bea67864a662de8fe881da4b2510bd0c18963585dc818fdc82dfde7
