[INFO] cloning repository https://github.com/hackpk/llm-human
[INFO] running `Command { std: "git" "-c" "credential.helper=" "-c" "credential.helper=/workspace/cargo-home/bin/git-credential-null" "clone" "--bare" "https://github.com/hackpk/llm-human" "/workspace/cache/git-repos/https%3A%2F%2Fgithub.com%2Fhackpk%2Fllm-human", kill_on_drop: false }`
[INFO] [stderr] Cloning into bare repository '/workspace/cache/git-repos/https%3A%2F%2Fgithub.com%2Fhackpk%2Fllm-human'...
[INFO] running `Command { std: "git" "rev-parse" "HEAD", kill_on_drop: false }`
[INFO] [stdout] 3452062c6eb7d9ef1b5a6f6cf525235c10c1dd67
[INFO] testing hackpk/llm-human against 1.83.0 for beta-1.84.0-4-retry
[INFO] running `Command { std: "git" "clone" "/workspace/cache/git-repos/https%3A%2F%2Fgithub.com%2Fhackpk%2Fllm-human" "/workspace/builds/worker-7-tc1/source", kill_on_drop: false }`
[INFO] [stderr] Cloning into '/workspace/builds/worker-7-tc1/source'...
[INFO] [stderr] done.
[INFO] validating manifest of git repo https://github.com/hackpk/llm-human on toolchain 1.83.0
[INFO] running `Command { std: CARGO_HOME="/workspace/cargo-home" RUSTUP_HOME="/workspace/rustup-home" "/workspace/cargo-home/bin/cargo" "+1.83.0" "metadata" "--manifest-path" "Cargo.toml" "--no-deps", kill_on_drop: false }`
[INFO] started tweaking git repo https://github.com/hackpk/llm-human
[INFO] finished tweaking git repo https://github.com/hackpk/llm-human
[INFO] tweaked toml for git repo https://github.com/hackpk/llm-human written to /workspace/builds/worker-7-tc1/source/Cargo.toml
[INFO] crate git repo https://github.com/hackpk/llm-human already has a lockfile, it will not be regenerated
[INFO] running `Command { std: CARGO_HOME="/workspace/cargo-home" RUSTUP_HOME="/workspace/rustup-home" "/workspace/cargo-home/bin/cargo" "+1.83.0" "fetch" "--manifest-path" "Cargo.toml", kill_on_drop: false }`
[INFO] [stderr]     Blocking waiting for file lock on package cache
[INFO] running `Command { std: "docker" "create" "-v" "/var/lib/crater-agent-workspace/builds/worker-7-tc1/target:/opt/rustwide/target:rw,Z" "-v" "/var/lib/crater-agent-workspace/builds/worker-7-tc1/source:/opt/rustwide/workdir:ro,Z" "-v" "/var/lib/crater-agent-workspace/cargo-home:/opt/rustwide/cargo-home:ro,Z" "-v" "/var/lib/crater-agent-workspace/rustup-home:/opt/rustwide/rustup-home:ro,Z" "-e" "SOURCE_DIR=/opt/rustwide/workdir" "-e" "CARGO_TARGET_DIR=/opt/rustwide/target" "-e" "CARGO_HOME=/opt/rustwide/cargo-home" "-e" "RUSTUP_HOME=/opt/rustwide/rustup-home" "-w" "/opt/rustwide/workdir" "-m" "1610612736" "--user" "0:0" "--network" "none" "ghcr.io/rust-lang/crates-build-env/linux@sha256:f3a9d4ad9d972b27faf3965f35b62e55ba32bbce8f20bc8fe909558a86702fde" "/opt/rustwide/cargo-home/bin/cargo" "+1.83.0" "metadata" "--no-deps" "--format-version=1", kill_on_drop: false }`
[INFO] [stdout] 1e7cf26fceade5630c4dfadfff320a6f9dd474c416834d1ed0ebdaa15f8951e2
[INFO] running `Command { std: "docker" "start" "-a" "1e7cf26fceade5630c4dfadfff320a6f9dd474c416834d1ed0ebdaa15f8951e2", kill_on_drop: false }`
[INFO] running `Command { std: "docker" "inspect" "1e7cf26fceade5630c4dfadfff320a6f9dd474c416834d1ed0ebdaa15f8951e2", kill_on_drop: false }`
[INFO] running `Command { std: "docker" "rm" "-f" "1e7cf26fceade5630c4dfadfff320a6f9dd474c416834d1ed0ebdaa15f8951e2", kill_on_drop: false }`
[INFO] [stdout] 1e7cf26fceade5630c4dfadfff320a6f9dd474c416834d1ed0ebdaa15f8951e2
[INFO] running `Command { std: "docker" "create" "-v" "/var/lib/crater-agent-workspace/builds/worker-7-tc1/target:/opt/rustwide/target:rw,Z" "-v" "/var/lib/crater-agent-workspace/builds/worker-7-tc1/source:/opt/rustwide/workdir:ro,Z" "-v" "/var/lib/crater-agent-workspace/cargo-home:/opt/rustwide/cargo-home:ro,Z" "-v" "/var/lib/crater-agent-workspace/rustup-home:/opt/rustwide/rustup-home:ro,Z" "-e" "SOURCE_DIR=/opt/rustwide/workdir" "-e" "CARGO_TARGET_DIR=/opt/rustwide/target" "-e" "CARGO_INCREMENTAL=0" "-e" "RUST_BACKTRACE=full" "-e" "RUSTFLAGS=--cap-lints=warn" "-e" "RUSTDOCFLAGS=--cap-lints=warn" "-e" "CARGO_HOME=/opt/rustwide/cargo-home" "-e" "RUSTUP_HOME=/opt/rustwide/rustup-home" "-w" "/opt/rustwide/workdir" "-m" "1610612736" "--user" "0:0" "--network" "none" "ghcr.io/rust-lang/crates-build-env/linux@sha256:f3a9d4ad9d972b27faf3965f35b62e55ba32bbce8f20bc8fe909558a86702fde" "/opt/rustwide/cargo-home/bin/cargo" "+1.83.0" "build" "--frozen" "--message-format=json", kill_on_drop: false }`
[INFO] [stdout] 994dd88d853b61f9d8b0a5a6cb3fb37c7be04ad2d0851cfccb20ea616ef97826
[INFO] running `Command { std: "docker" "start" "-a" "994dd88d853b61f9d8b0a5a6cb3fb37c7be04ad2d0851cfccb20ea616ef97826", kill_on_drop: false }`
[INFO] [stderr]    Compiling proc-macro2 v1.0.86
[INFO] [stderr]    Compiling unicode-ident v1.0.12
[INFO] [stderr]    Compiling cfg-if v1.0.0
[INFO] [stderr]    Compiling autocfg v1.3.0
[INFO] [stderr]    Compiling once_cell v1.19.0
[INFO] [stderr]    Compiling serde v1.0.204
[INFO] [stderr]    Compiling smallvec v1.13.2
[INFO] [stderr]    Compiling pin-project-lite v0.2.14
[INFO] [stderr]    Compiling log v0.4.22
[INFO] [stderr]    Compiling parking_lot_core v0.9.10
[INFO] [stderr]    Compiling scopeguard v1.2.0
[INFO] [stderr]    Compiling futures-core v0.3.30
[INFO] [stderr]    Compiling itoa v1.0.11
[INFO] [stderr]    Compiling version_check v0.9.4
[INFO] [stderr]    Compiling serde_json v1.0.120
[INFO] [stderr]    Compiling semver v1.0.23
[INFO] [stderr]    Compiling libc v0.2.155
[INFO] [stderr]    Compiling thiserror v1.0.63
[INFO] [stderr]    Compiling ryu v1.0.18
[INFO] [stderr]    Compiling pin-utils v0.1.0
[INFO] [stderr]    Compiling futures-task v0.3.30
[INFO] [stderr]    Compiling tracing-core v0.1.32
[INFO] [stderr]    Compiling futures-io v0.3.30
[INFO] [stderr]    Compiling ahash v0.8.11
[INFO] [stderr]    Compiling zerocopy v0.7.35
[INFO] [stderr]    Compiling futures-sink v0.3.30
[INFO] [stderr]    Compiling allocator-api2 v0.2.18
[INFO] [stderr]    Compiling futures-channel v0.3.30
[INFO] [stderr]    Compiling overload v0.1.1
[INFO] [stderr]    Compiling lazy_static v1.5.0
[INFO] [stderr]    Compiling wasm-bindgen-shared v0.2.92
[INFO] [stderr]    Compiling nu-ansi-term v0.46.0
[INFO] [stderr]    Compiling thread_local v1.1.8
[INFO] [stderr]    Compiling sharded-slab v0.1.7
[INFO] [stderr]    Compiling lock_api v0.4.12
[INFO] [stderr]    Compiling slab v0.4.9
[INFO] [stderr]    Compiling memchr v2.7.4
[INFO] [stderr]    Compiling fnv v1.0.7
[INFO] [stderr]    Compiling camino v1.1.7
[INFO] [stderr]    Compiling bumpalo v3.16.0
[INFO] [stderr]    Compiling unicode-segmentation v1.11.0
[INFO] [stderr]    Compiling rustc-hash v1.1.0
[INFO] [stderr]    Compiling longest-increasing-subsequence v0.1.0
[INFO] [stderr]    Compiling tracing-log v0.2.0
[INFO] [stderr]    Compiling crossbeam-utils v0.8.20
[INFO] [stderr]    Compiling wasm-bindgen v0.2.92
[INFO] [stderr]    Compiling equivalent v1.0.1
[INFO] [stderr]    Compiling num-traits v0.2.19
[INFO] [stderr]    Compiling fixedbitset v0.4.2
[INFO] [stderr]    Compiling ident_case v1.0.1
[INFO] [stderr]    Compiling tracing-subscriber v0.3.18
[INFO] [stderr]    Compiling cfg-expr v0.15.8
[INFO] [stderr]    Compiling hashbrown v0.14.5
[INFO] [stderr]    Compiling unicode-xid v0.2.4
[INFO] [stderr]    Compiling convert_case v0.6.0
[INFO] [stderr]    Compiling parking v2.2.0
[INFO] [stderr]    Compiling quote v1.0.36
[INFO] [stderr]    Compiling tinyvec_macros v0.1.1
[INFO] [stderr]    Compiling atomic-waker v1.1.2
[INFO] [stderr]    Compiling bytes v1.6.1
[INFO] [stderr]    Compiling tinyvec v1.8.0
[INFO] [stderr]    Compiling futures-util v0.3.30
[INFO] [stderr]    Compiling prettyplease v0.2.20
[INFO] [stderr]    Compiling syn v2.0.71
[INFO] [stderr]    Compiling fastrand v2.1.0
[INFO] [stderr]    Compiling percent-encoding v2.3.1
[INFO] [stderr]    Compiling xxhash-rust v0.8.11
[INFO] [stderr]    Compiling piper v0.2.3
[INFO] [stderr]    Compiling futures-lite v2.3.0
[INFO] [stderr]    Compiling concurrent-queue v2.5.0
[INFO] [stderr]    Compiling indexmap v2.2.6
[INFO] [stderr]    Compiling unicode-bidi v0.3.15
[INFO] [stderr]    Compiling async-task v4.7.1
[INFO] [stderr]    Compiling event-listener v5.3.1
[INFO] [stderr]    Compiling event-listener-strategy v0.5.2
[INFO] [stderr]    Compiling http v0.2.12
[INFO] [stderr]    Compiling const_format_proc_macros v0.2.32
[INFO] [stderr]    Compiling async-channel v2.3.1
[INFO] [stderr]    Compiling form_urlencoded v1.2.1
[INFO] [stderr]    Compiling parking_lot v0.12.3
[INFO] [stderr]    Compiling unicode-normalization v0.1.23
[INFO] [stderr]    Compiling spinning v0.1.0
[INFO] [stderr]    Compiling blocking v1.6.1
[INFO] [stderr]    Compiling generational-box v0.5.1
[INFO] [stderr]    Compiling petgraph v0.6.5
[INFO] [stderr]    Compiling internment v0.7.5
[INFO] [stderr]    Compiling half v2.4.1
[INFO] [stderr]    Compiling ordered-float v2.10.1
[INFO] [stderr]    Compiling ciborium-io v0.2.2
[INFO] [stderr]    Compiling constcat v0.3.1
[INFO] [stderr]    Compiling intmap v0.7.1
[INFO] [stderr]    Compiling to_method v1.1.0
[INFO] [stderr]    Compiling idna v0.5.0
[INFO] [stderr]    Compiling dioxus-debug-cell v0.1.1
[INFO] [stderr]    Compiling ciborium-ll v0.2.2
[INFO] [stderr]    Compiling dashmap v5.5.3
[INFO] [stderr]    Compiling http v1.1.0
[INFO] [stderr]    Compiling send_wrapper v0.6.0
[INFO] [stderr]    Compiling dioxus-cli-config v0.5.0
[INFO] [stderr]    Compiling base64 v0.21.7
[INFO] [stderr]    Compiling dioxus v0.5.1
[INFO] [stderr]    Compiling urlencoding v2.1.3
[INFO] [stderr]    Compiling dioxus-config-macro v0.5.0
[INFO] [stderr]    Compiling url v2.5.2
[INFO] [stderr]    Compiling const_format v0.2.32
[INFO] [stderr]    Compiling wasm-bindgen-backend v0.2.92
[INFO] [stderr]    Compiling darling_core v0.20.10
[INFO] [stderr]    Compiling server_fn_macro v0.6.12
[INFO] [stderr]    Compiling serde_derive v1.0.204
[INFO] [stderr]    Compiling thiserror-impl v1.0.63
[INFO] [stderr]    Compiling tracing-attributes v0.1.27
[INFO] [stderr]    Compiling futures-macro v0.3.30
[INFO] [stderr]    Compiling pin-project-internal v1.1.5
[INFO] [stderr]    Compiling serde_repr v0.1.19
[INFO] [stderr]    Compiling dioxus-html-internal-macro v0.5.0
[INFO] [stderr]    Compiling async-trait v0.1.81
[INFO] [stderr]    Compiling server_fn_macro_default v0.6.12
[INFO] [stderr]    Compiling dioxus_server_macro v0.5.1
[INFO] [stderr]    Compiling dioxus-router-macro v0.5.1
[INFO] [stderr]    Compiling wasm-bindgen-macro-support v0.2.92
[INFO] [stdout] error: linking with `cc` failed: exit status: 1
[INFO] [stdout]   |
[INFO] [stdout]   = note: LC_ALL="C" PATH="/opt/rustwide/rustup-home/toolchains/1.83.0-x86_64-unknown-linux-gnu/lib/rustlib/x86_64-unknown-linux-gnu/bin:/opt/rustwide/cargo-home/bin:/usr/local/sbin:/usr/local/bin:/usr/sbin:/usr/bin:/sbin:/bin" VSLANG="1033" "cc" "-Wl,--version-script=/tmp/rustcnKtDle/list" "-Wl,--no-undefined-version" "-m64" "/tmp/rustcnKtDle/symbols.o" "/opt/rustwide/target/debug/deps/pin_project_internal-54b01c0de71811ad.pin_project_internal.eeb669ce6e9fdd0-cgu.00.rcgu.o" "/opt/rustwide/target/debug/deps/pin_project_internal-54b01c0de71811ad.pin_project_internal.eeb669ce6e9fdd0-cgu.01.rcgu.o" "/opt/rustwide/target/debug/deps/pin_project_internal-54b01c0de71811ad.pin_project_internal.eeb669ce6e9fdd0-cgu.02.rcgu.o" "/opt/rustwide/target/debug/deps/pin_project_internal-54b01c0de71811ad.pin_project_internal.eeb669ce6e9fdd0-cgu.03.rcgu.o" "/opt/rustwide/target/debug/deps/pin_project_internal-54b01c0de71811ad.pin_project_internal.eeb669ce6e9fdd0-cgu.04.rcgu.o" "/opt/rustwide/target/debug/deps/pin_project_internal-54b01c0de71811ad.pin_project_internal.eeb669ce6e9fdd0-cgu.05.rcgu.o" "/opt/rustwide/target/debug/deps/pin_project_internal-54b01c0de71811ad.pin_project_internal.eeb669ce6e9fdd0-cgu.06.rcgu.o" "/opt/rustwide/target/debug/deps/pin_project_internal-54b01c0de71811ad.pin_project_internal.eeb669ce6e9fdd0-cgu.07.rcgu.o" "/opt/rustwide/target/debug/deps/pin_project_internal-54b01c0de71811ad.pin_project_internal.eeb669ce6e9fdd0-cgu.08.rcgu.o" "/opt/rustwide/target/debug/deps/pin_project_internal-54b01c0de71811ad.pin_project_internal.eeb669ce6e9fdd0-cgu.09.rcgu.o" "/opt/rustwide/target/debug/deps/pin_project_internal-54b01c0de71811ad.pin_project_internal.eeb669ce6e9fdd0-cgu.10.rcgu.o" "/opt/rustwide/target/debug/deps/pin_project_internal-54b01c0de71811ad.96filczit5dlwelbulu427tjj.rcgu.rmeta" "/opt/rustwide/target/debug/deps/pin_project_internal-54b01c0de71811ad.81fcgt0cwcvuff3fm36if4bj6.rcgu.o" "-Wl,--as-needed" "-Wl,-Bstatic" "/opt/rustwide/target/debug/deps/libsyn-2a5f1ec58682c65b.rlib" "/opt/rustwide/target/debug/deps/libquote-e3a09c90bf10a3e5.rlib" "/opt/rustwide/target/debug/deps/libproc_macro2-fb97b50dcdadae4b.rlib" "/opt/rustwide/target/debug/deps/libunicode_ident-5bd3605c784793c6.rlib" "/opt/rustwide/rustup-home/toolchains/1.83.0-x86_64-unknown-linux-gnu/lib/rustlib/x86_64-unknown-linux-gnu/lib/libproc_macro-a2fc9021817a412b.rlib" "/opt/rustwide/rustup-home/toolchains/1.83.0-x86_64-unknown-linux-gnu/lib/rustlib/x86_64-unknown-linux-gnu/lib/libstd-ca74a2d9c5166d9f.rlib" "/opt/rustwide/rustup-home/toolchains/1.83.0-x86_64-unknown-linux-gnu/lib/rustlib/x86_64-unknown-linux-gnu/lib/libpanic_unwind-e31ab23316ed5080.rlib" "/opt/rustwide/rustup-home/toolchains/1.83.0-x86_64-unknown-linux-gnu/lib/rustlib/x86_64-unknown-linux-gnu/lib/libobject-27dc4aa955912662.rlib" "/opt/rustwide/rustup-home/toolchains/1.83.0-x86_64-unknown-linux-gnu/lib/rustlib/x86_64-unknown-linux-gnu/lib/libmemchr-bd0d6cccce077b99.rlib" "/opt/rustwide/rustup-home/toolchains/1.83.0-x86_64-unknown-linux-gnu/lib/rustlib/x86_64-unknown-linux-gnu/lib/libaddr2line-8d001680935b5e3c.rlib" "/opt/rustwide/rustup-home/toolchains/1.83.0-x86_64-unknown-linux-gnu/lib/rustlib/x86_64-unknown-linux-gnu/lib/libgimli-ba8ce71964f984f4.rlib" "/opt/rustwide/rustup-home/toolchains/1.83.0-x86_64-unknown-linux-gnu/lib/rustlib/x86_64-unknown-linux-gnu/lib/librustc_demangle-99a73526abcec14b.rlib" "/opt/rustwide/rustup-home/toolchains/1.83.0-x86_64-unknown-linux-gnu/lib/rustlib/x86_64-unknown-linux-gnu/lib/libstd_detect-63ac0d22cff92579.rlib" "/opt/rustwide/rustup-home/toolchains/1.83.0-x86_64-unknown-linux-gnu/lib/rustlib/x86_64-unknown-linux-gnu/lib/libhashbrown-9057355c92c922d5.rlib" "/opt/rustwide/rustup-home/toolchains/1.83.0-x86_64-unknown-linux-gnu/lib/rustlib/x86_64-unknown-linux-gnu/lib/librustc_std_workspace_alloc-358be9bc1f6bab04.rlib" "/opt/rustwide/rustup-home/toolchains/1.83.0-x86_64-unknown-linux-gnu/lib/rustlib/x86_64-unknown-linux-gnu/lib/libminiz_oxide-aca15549d5bff974.rlib" "/opt/rustwide/rustup-home/toolchains/1.83.0-x86_64-unknown-linux-gnu/lib/rustlib/x86_64-unknown-linux-gnu/lib/libadler-8251d2cef7072448.rlib" "/opt/rustwide/rustup-home/toolchains/1.83.0-x86_64-unknown-linux-gnu/lib/rustlib/x86_64-unknown-linux-gnu/lib/libunwind-7d50b86011c66411.rlib" "/opt/rustwide/rustup-home/toolchains/1.83.0-x86_64-unknown-linux-gnu/lib/rustlib/x86_64-unknown-linux-gnu/lib/libcfg_if-51ea098fce5006bf.rlib" "/opt/rustwide/rustup-home/toolchains/1.83.0-x86_64-unknown-linux-gnu/lib/rustlib/x86_64-unknown-linux-gnu/lib/liblibc-5a14e0d0b712e731.rlib" "/opt/rustwide/rustup-home/toolchains/1.83.0-x86_64-unknown-linux-gnu/lib/rustlib/x86_64-unknown-linux-gnu/lib/liballoc-8b83dbf3a7b8f999.rlib" "/opt/rustwide/rustup-home/toolchains/1.83.0-x86_64-unknown-linux-gnu/lib/rustlib/x86_64-unknown-linux-gnu/lib/librustc_std_workspace_core-c6fd227bdc7b39ff.rlib" "/opt/rustwide/rustup-home/toolchains/1.83.0-x86_64-unknown-linux-gnu/lib/rustlib/x86_64-unknown-linux-gnu/lib/libcore-959d3389fa3da8a5.rlib" "/opt/rustwide/rustup-home/toolchains/1.83.0-x86_64-unknown-linux-gnu/lib/rustlib/x86_64-unknown-linux-gnu/lib/libcompiler_builtins-abe05db089cc2c62.rlib" "-Wl,-Bdynamic" "-lgcc_s" "-lutil" "-lrt" "-lpthread" "-lm" "-ldl" "-lc" "-Wl,--eh-frame-hdr" "-Wl,-z,noexecstack" "-L" "/opt/rustwide/rustup-home/toolchains/1.83.0-x86_64-unknown-linux-gnu/lib/rustlib/x86_64-unknown-linux-gnu/lib" "-o" "/opt/rustwide/target/debug/deps/libpin_project_internal-54b01c0de71811ad.so" "-Wl,--gc-sections" "-shared" "-Wl,-z,relro,-z,now" "-nodefaultlibs"
[INFO] [stdout]   = note: /usr/bin/ld: final link failed: No space left on device
[INFO] [stdout]           collect2: error: ld returned 1 exit status
[INFO] [stdout]           
[INFO] [stdout] 
[INFO] [stdout] 
[INFO] [stderr] error: could not compile `pin-project-internal` (lib) due to 1 previous error
[INFO] [stderr] warning: build failed, waiting for other jobs to finish...
[INFO] [stdout] error: linking with `cc` failed: exit status: 1
[INFO] [stdout]   |
[INFO] [stdout]   = note: LC_ALL="C" PATH="/opt/rustwide/rustup-home/toolchains/1.83.0-x86_64-unknown-linux-gnu/lib/rustlib/x86_64-unknown-linux-gnu/bin:/opt/rustwide/cargo-home/bin:/usr/local/sbin:/usr/local/bin:/usr/sbin:/usr/bin:/sbin:/bin" VSLANG="1033" "cc" "-Wl,--version-script=/tmp/rustcN8idUL/list" "-Wl,--no-undefined-version" "-m64" "/tmp/rustcN8idUL/symbols.o" "/opt/rustwide/target/debug/deps/async_trait-78ddff76ca2c1fbf.async_trait.976c57e423dd7753-cgu.0.rcgu.o" "/opt/rustwide/target/debug/deps/async_trait-78ddff76ca2c1fbf.async_trait.976c57e423dd7753-cgu.1.rcgu.o" "/opt/rustwide/target/debug/deps/async_trait-78ddff76ca2c1fbf.async_trait.976c57e423dd7753-cgu.2.rcgu.o" "/opt/rustwide/target/debug/deps/async_trait-78ddff76ca2c1fbf.async_trait.976c57e423dd7753-cgu.3.rcgu.o" "/opt/rustwide/target/debug/deps/async_trait-78ddff76ca2c1fbf.async_trait.976c57e423dd7753-cgu.4.rcgu.o" "/opt/rustwide/target/debug/deps/async_trait-78ddff76ca2c1fbf.async_trait.976c57e423dd7753-cgu.5.rcgu.o" "/opt/rustwide/target/debug/deps/async_trait-78ddff76ca2c1fbf.async_trait.976c57e423dd7753-cgu.6.rcgu.o" "/opt/rustwide/target/debug/deps/async_trait-78ddff76ca2c1fbf.async_trait.976c57e423dd7753-cgu.7.rcgu.o" "/opt/rustwide/target/debug/deps/async_trait-78ddff76ca2c1fbf.2x1es4gbrengok1a0y8krsa4l.rcgu.rmeta" "/opt/rustwide/target/debug/deps/async_trait-78ddff76ca2c1fbf.ezr2u351vsn8bhol3zu9jxea5.rcgu.o" "-Wl,--as-needed" "-Wl,-Bstatic" "/opt/rustwide/target/debug/deps/libsyn-2a5f1ec58682c65b.rlib" "/opt/rustwide/target/debug/deps/libquote-e3a09c90bf10a3e5.rlib" "/opt/rustwide/target/debug/deps/libproc_macro2-fb97b50dcdadae4b.rlib" "/opt/rustwide/target/debug/deps/libunicode_ident-5bd3605c784793c6.rlib" "/opt/rustwide/rustup-home/toolchains/1.83.0-x86_64-unknown-linux-gnu/lib/rustlib/x86_64-unknown-linux-gnu/lib/libproc_macro-a2fc9021817a412b.rlib" "/opt/rustwide/rustup-home/toolchains/1.83.0-x86_64-unknown-linux-gnu/lib/rustlib/x86_64-unknown-linux-gnu/lib/libstd-ca74a2d9c5166d9f.rlib" "/opt/rustwide/rustup-home/toolchains/1.83.0-x86_64-unknown-linux-gnu/lib/rustlib/x86_64-unknown-linux-gnu/lib/libpanic_unwind-e31ab23316ed5080.rlib" "/opt/rustwide/rustup-home/toolchains/1.83.0-x86_64-unknown-linux-gnu/lib/rustlib/x86_64-unknown-linux-gnu/lib/libobject-27dc4aa955912662.rlib" "/opt/rustwide/rustup-home/toolchains/1.83.0-x86_64-unknown-linux-gnu/lib/rustlib/x86_64-unknown-linux-gnu/lib/libmemchr-bd0d6cccce077b99.rlib" "/opt/rustwide/rustup-home/toolchains/1.83.0-x86_64-unknown-linux-gnu/lib/rustlib/x86_64-unknown-linux-gnu/lib/libaddr2line-8d001680935b5e3c.rlib" "/opt/rustwide/rustup-home/toolchains/1.83.0-x86_64-unknown-linux-gnu/lib/rustlib/x86_64-unknown-linux-gnu/lib/libgimli-ba8ce71964f984f4.rlib" "/opt/rustwide/rustup-home/toolchains/1.83.0-x86_64-unknown-linux-gnu/lib/rustlib/x86_64-unknown-linux-gnu/lib/librustc_demangle-99a73526abcec14b.rlib" "/opt/rustwide/rustup-home/toolchains/1.83.0-x86_64-unknown-linux-gnu/lib/rustlib/x86_64-unknown-linux-gnu/lib/libstd_detect-63ac0d22cff92579.rlib" "/opt/rustwide/rustup-home/toolchains/1.83.0-x86_64-unknown-linux-gnu/lib/rustlib/x86_64-unknown-linux-gnu/lib/libhashbrown-9057355c92c922d5.rlib" "/opt/rustwide/rustup-home/toolchains/1.83.0-x86_64-unknown-linux-gnu/lib/rustlib/x86_64-unknown-linux-gnu/lib/librustc_std_workspace_alloc-358be9bc1f6bab04.rlib" "/opt/rustwide/rustup-home/toolchains/1.83.0-x86_64-unknown-linux-gnu/lib/rustlib/x86_64-unknown-linux-gnu/lib/libminiz_oxide-aca15549d5bff974.rlib" "/opt/rustwide/rustup-home/toolchains/1.83.0-x86_64-unknown-linux-gnu/lib/rustlib/x86_64-unknown-linux-gnu/lib/libadler-8251d2cef7072448.rlib" "/opt/rustwide/rustup-home/toolchains/1.83.0-x86_64-unknown-linux-gnu/lib/rustlib/x86_64-unknown-linux-gnu/lib/libunwind-7d50b86011c66411.rlib" "/opt/rustwide/rustup-home/toolchains/1.83.0-x86_64-unknown-linux-gnu/lib/rustlib/x86_64-unknown-linux-gnu/lib/libcfg_if-51ea098fce5006bf.rlib" "/opt/rustwide/rustup-home/toolchains/1.83.0-x86_64-unknown-linux-gnu/lib/rustlib/x86_64-unknown-linux-gnu/lib/liblibc-5a14e0d0b712e731.rlib" "/opt/rustwide/rustup-home/toolchains/1.83.0-x86_64-unknown-linux-gnu/lib/rustlib/x86_64-unknown-linux-gnu/lib/liballoc-8b83dbf3a7b8f999.rlib" "/opt/rustwide/rustup-home/toolchains/1.83.0-x86_64-unknown-linux-gnu/lib/rustlib/x86_64-unknown-linux-gnu/lib/librustc_std_workspace_core-c6fd227bdc7b39ff.rlib" "/opt/rustwide/rustup-home/toolchains/1.83.0-x86_64-unknown-linux-gnu/lib/rustlib/x86_64-unknown-linux-gnu/lib/libcore-959d3389fa3da8a5.rlib" "/opt/rustwide/rustup-home/toolchains/1.83.0-x86_64-unknown-linux-gnu/lib/rustlib/x86_64-unknown-linux-gnu/lib/libcompiler_builtins-abe05db089cc2c62.rlib" "-Wl,-Bdynamic" "-lgcc_s" "-lutil" "-lrt" "-lpthread" "-lm" "-ldl" "-lc" "-Wl,--eh-frame-hdr" "-Wl,-z,noexecstack" "-L" "/opt/rustwide/rustup-home/toolchains/1.83.0-x86_64-unknown-linux-gnu/lib/rustlib/x86_64-unknown-linux-gnu/lib" "-o" "/opt/rustwide/target/debug/deps/libasync_trait-78ddff76ca2c1fbf.so" "-Wl,--gc-sections" "-shared" "-Wl,-z,relro,-z,now" "-nodefaultlibs"
[INFO] [stdout]   = note: /usr/bin/ld: final link failed: No space left on device
[INFO] [stdout]           collect2: error: ld returned 1 exit status
[INFO] [stdout]           
[INFO] [stdout] 
[INFO] [stdout] 
[INFO] [stderr] rustc-LLVM ERROR: IO failure on output stream: No space left on device
[INFO] [stderr] rustc-LLVM ERROR: IO failure on output stream: No space left on device
[INFO] [stdout] error: could not write output to /opt/rustwide/target/debug/deps/dioxus_router_macro-a83ab33250d3f9cb.dioxus_router_macro.124bdd889a8fe14f-cgu.03.rcgu.o: No space left on device
[INFO] [stdout] 
[INFO] [stdout] 
[INFO] [stderr] error: could not compile `async-trait` (lib) due to 1 previous error
[INFO] [stdout] error: linking with `cc` failed: exit status: 1
[INFO] [stdout]   |
[INFO] [stdout]   = note: LC_ALL="C" PATH="/opt/rustwide/rustup-home/toolchains/1.83.0-x86_64-unknown-linux-gnu/lib/rustlib/x86_64-unknown-linux-gnu/bin:/opt/rustwide/cargo-home/bin:/usr/local/sbin:/usr/local/bin:/usr/sbin:/usr/bin:/sbin:/bin" VSLANG="1033" "cc" "-Wl,--version-script=/tmp/rustcze08QO/list" "-Wl,--no-undefined-version" "-m64" "/tmp/rustcze08QO/symbols.o" "/opt/rustwide/target/debug/deps/thiserror_impl-358534116f7afd86.thiserror_impl.954db3f3efc5959b-cgu.00.rcgu.o" "/opt/rustwide/target/debug/deps/thiserror_impl-358534116f7afd86.thiserror_impl.954db3f3efc5959b-cgu.01.rcgu.o" "/opt/rustwide/target/debug/deps/thiserror_impl-358534116f7afd86.thiserror_impl.954db3f3efc5959b-cgu.02.rcgu.o" "/opt/rustwide/target/debug/deps/thiserror_impl-358534116f7afd86.thiserror_impl.954db3f3efc5959b-cgu.03.rcgu.o" "/opt/rustwide/target/debug/deps/thiserror_impl-358534116f7afd86.thiserror_impl.954db3f3efc5959b-cgu.04.rcgu.o" "/opt/rustwide/target/debug/deps/thiserror_impl-358534116f7afd86.thiserror_impl.954db3f3efc5959b-cgu.05.rcgu.o" "/opt/rustwide/target/debug/deps/thiserror_impl-358534116f7afd86.thiserror_impl.954db3f3efc5959b-cgu.06.rcgu.o" "/opt/rustwide/target/debug/deps/thiserror_impl-358534116f7afd86.thiserror_impl.954db3f3efc5959b-cgu.07.rcgu.o" "/opt/rustwide/target/debug/deps/thiserror_impl-358534116f7afd86.thiserror_impl.954db3f3efc5959b-cgu.08.rcgu.o" "/opt/rustwide/target/debug/deps/thiserror_impl-358534116f7afd86.thiserror_impl.954db3f3efc5959b-cgu.09.rcgu.o" "/opt/rustwide/target/debug/deps/thiserror_impl-358534116f7afd86.thiserror_impl.954db3f3efc5959b-cgu.10.rcgu.o" "/opt/rustwide/target/debug/deps/thiserror_impl-358534116f7afd86.thiserror_impl.954db3f3efc5959b-cgu.11.rcgu.o" "/opt/rustwide/target/debug/deps/thiserror_impl-358534116f7afd86.thiserror_impl.954db3f3efc5959b-cgu.12.rcgu.o" "/opt/rustwide/target/debug/deps/thiserror_impl-358534116f7afd86.thiserror_impl.954db3f3efc5959b-cgu.13.rcgu.o" "/opt/rustwide/target/debug/deps/thiserror_impl-358534116f7afd86.thiserror_impl.954db3f3efc5959b-cgu.14.rcgu.o" "/opt/rustwide/target/debug/deps/thiserror_impl-358534116f7afd86.thiserror_impl.954db3f3efc5959b-cgu.15.rcgu.o" "/opt/rustwide/target/debug/deps/thiserror_impl-358534116f7afd86.2crwe9ppf9ajdkk2jb7b8a2dl.rcgu.rmeta" "/opt/rustwide/target/debug/deps/thiserror_impl-358534116f7afd86.6wga2gcdv6rdnq7fuhymvditn.rcgu.o" "-Wl,--as-needed" "-Wl,-Bstatic" "/opt/rustwide/target/debug/deps/libsyn-2a5f1ec58682c65b.rlib" "/opt/rustwide/target/debug/deps/libquote-e3a09c90bf10a3e5.rlib" "/opt/rustwide/target/debug/deps/libproc_macro2-fb97b50dcdadae4b.rlib" "/opt/rustwide/target/debug/deps/libunicode_ident-5bd3605c784793c6.rlib" "/opt/rustwide/rustup-home/toolchains/1.83.0-x86_64-unknown-linux-gnu/lib/rustlib/x86_64-unknown-linux-gnu/lib/libproc_macro-a2fc9021817a412b.rlib" "/opt/rustwide/rustup-home/toolchains/1.83.0-x86_64-unknown-linux-gnu/lib/rustlib/x86_64-unknown-linux-gnu/lib/libstd-ca74a2d9c5166d9f.rlib" "/opt/rustwide/rustup-home/toolchains/1.83.0-x86_64-unknown-linux-gnu/lib/rustlib/x86_64-unknown-linux-gnu/lib/libpanic_unwind-e31ab23316ed5080.rlib" "/opt/rustwide/rustup-home/toolchains/1.83.0-x86_64-unknown-linux-gnu/lib/rustlib/x86_64-unknown-linux-gnu/lib/libobject-27dc4aa955912662.rlib" "/opt/rustwide/rustup-home/toolchains/1.83.0-x86_64-unknown-linux-gnu/lib/rustlib/x86_64-unknown-linux-gnu/lib/libmemchr-bd0d6cccce077b99.rlib" "/opt/rustwide/rustup-home/toolchains/1.83.0-x86_64-unknown-linux-gnu/lib/rustlib/x86_64-unknown-linux-gnu/lib/libaddr2line-8d001680935b5e3c.rlib" "/opt/rustwide/rustup-home/toolchains/1.83.0-x86_64-unknown-linux-gnu/lib/rustlib/x86_64-unknown-linux-gnu/lib/libgimli-ba8ce71964f984f4.rlib" "/opt/rustwide/rustup-home/toolchains/1.83.0-x86_64-unknown-linux-gnu/lib/rustlib/x86_64-unknown-linux-gnu/lib/librustc_demangle-99a73526abcec14b.rlib" "/opt/rustwide/rustup-home/toolchains/1.83.0-x86_64-unknown-linux-gnu/lib/rustlib/x86_64-unknown-linux-gnu/lib/libstd_detect-63ac0d22cff92579.rlib" "/opt/rustwide/rustup-home/toolchains/1.83.0-x86_64-unknown-linux-gnu/lib/rustlib/x86_64-unknown-linux-gnu/lib/libhashbrown-9057355c92c922d5.rlib" "/opt/rustwide/rustup-home/toolchains/1.83.0-x86_64-unknown-linux-gnu/lib/rustlib/x86_64-unknown-linux-gnu/lib/librustc_std_workspace_alloc-358be9bc1f6bab04.rlib" "/opt/rustwide/rustup-home/toolchains/1.83.0-x86_64-unknown-linux-gnu/lib/rustlib/x86_64-unknown-linux-gnu/lib/libminiz_oxide-aca15549d5bff974.rlib" "/opt/rustwide/rustup-home/toolchains/1.83.0-x86_64-unknown-linux-gnu/lib/rustlib/x86_64-unknown-linux-gnu/lib/libadler-8251d2cef7072448.rlib" "/opt/rustwide/rustup-home/toolchains/1.83.0-x86_64-unknown-linux-gnu/lib/rustlib/x86_64-unknown-linux-gnu/lib/libunwind-7d50b86011c66411.rlib" "/opt/rustwide/rustup-home/toolchains/1.83.0-x86_64-unknown-linux-gnu/lib/rustlib/x86_64-unknown-linux-gnu/lib/libcfg_if-51ea098fce5006bf.rlib" "/opt/rustwide/rustup-home/toolchains/1.83.0-x86_64-unknown-linux-gnu/lib/rustlib/x86_64-unknown-linux-gnu/lib/liblibc-5a14e0d0b712e731.rlib" "/opt/rustwide/rustup-home/toolchains/1.83.0-x86_64-unknown-linux-gnu/lib/rustlib/x86_64-unknown-linux-gnu/lib/liballoc-8b83dbf3a7b8f999.rlib" "/opt/rustwide/rustup-home/toolchains/1.83.0-x86_64-unknown-linux-gnu/lib/rustlib/x86_64-unknown-linux-gnu/lib/librustc_std_workspace_core-c6fd227bdc7b39ff.rlib" "/opt/rustwide/rustup-home/toolchains/1.83.0-x86_64-unknown-linux-gnu/lib/rustlib/x86_64-unknown-linux-gnu/lib/libcore-959d3389fa3da8a5.rlib" "/opt/rustwide/rustup-home/toolchains/1.83.0-x86_64-unknown-linux-gnu/lib/rustlib/x86_64-unknown-linux-gnu/lib/libcompiler_builtins-abe05db089cc2c62.rlib" "-Wl,-Bdynamic" "-lgcc_s" "-lutil" "-lrt" "-lpthread" "-lm" "-ldl" "-lc" "-Wl,--eh-frame-hdr" "-Wl,-z,noexecstack" "-L" "/opt/rustwide/rustup-home/toolchains/1.83.0-x86_64-unknown-linux-gnu/lib/rustlib/x86_64-unknown-linux-gnu/lib" "-o" "/opt/rustwide/target/debug/deps/libthiserror_impl-358534116f7afd86.so" "-Wl,--gc-sections" "-shared" "-Wl,-z,relro,-z,now" "-nodefaultlibs"
[INFO] [stdout]   = note: /usr/bin/ld: final link failed: No space left on device
[INFO] [stdout]           collect2: error: ld returned 1 exit status
[INFO] [stdout]           
[INFO] [stdout] 
[INFO] [stdout] 
[INFO] [stderr] error: could not compile `wasm-bindgen-macro-support` (lib)
[INFO] [stderr] 
[INFO] [stderr] Caused by:
[INFO] [stderr]   No space left on device (os error 28)
[INFO] [stderr] 
[INFO] [stderr] Caused by:
[INFO] [stderr]   failed to parse process output: `/opt/rustwide/rustup-home/toolchains/1.83.0-x86_64-unknown-linux-gnu/bin/rustc --crate-name wasm_bindgen_macro_support --edition=2018 /opt/rustwide/cargo-home/registry/src/index.crates.io-6f17d22bba15001f/wasm-bindgen-macro-support-0.2.92/src/lib.rs --error-format=json --json=diagnostic-rendered-ansi,artifacts,future-incompat --crate-type lib --emit=dep-info,metadata,link -C embed-bitcode=no --cfg 'feature="spans"' --check-cfg 'cfg(docsrs)' --check-cfg 'cfg(feature, values("extra-traits", "spans", "strict-macro"))' -C metadata=55ac59a362461ea0 -C extra-filename=-55ac59a362461ea0 --out-dir /opt/rustwide/target/debug/deps -L dependency=/opt/rustwide/target/debug/deps --extern proc_macro2=/opt/rustwide/target/debug/deps/libproc_macro2-fb97b50dcdadae4b.rmeta --extern quote=/opt/rustwide/target/debug/deps/libquote-e3a09c90bf10a3e5.rmeta --extern syn=/opt/rustwide/target/debug/deps/libsyn-2a5f1ec58682c65b.rmeta --extern wasm_bindgen_backend=/opt/rustwide/target/debug/deps/libwasm_bindgen_backend-ede79acb2c4177d3.rmeta --extern wasm_bindgen_shared=/opt/rustwide/target/debug/deps/libwasm_bindgen_shared-6e6bd437eef52a59.rmeta --cap-lints allow --cap-lints=warn` (exit status: 101)
[INFO] [stderr] error: could not compile `thiserror-impl` (lib) due to 1 previous error
[INFO] [stderr] error: could not compile `darling_core` (lib)
[INFO] [stderr] 
[INFO] [stderr] Caused by:
[INFO] [stderr]   No space left on device (os error 28)
[INFO] [stderr] 
[INFO] [stderr] Caused by:
[INFO] [stderr]   failed to parse process output: `/opt/rustwide/rustup-home/toolchains/1.83.0-x86_64-unknown-linux-gnu/bin/rustc --crate-name darling_core --edition=2021 /opt/rustwide/cargo-home/registry/src/index.crates.io-6f17d22bba15001f/darling_core-0.20.10/src/lib.rs --error-format=json --json=diagnostic-rendered-ansi,artifacts,future-incompat --crate-type lib --emit=dep-info,metadata,link -C embed-bitcode=no --check-cfg 'cfg(docsrs)' --check-cfg 'cfg(feature, values("diagnostics", "strsim", "suggestions"))' -C metadata=70859b0e62614e72 -C extra-filename=-70859b0e62614e72 --out-dir /opt/rustwide/target/debug/deps -L dependency=/opt/rustwide/target/debug/deps --extern fnv=/opt/rustwide/target/debug/deps/libfnv-b4bd047f342dff07.rmeta --extern ident_case=/opt/rustwide/target/debug/deps/libident_case-dcfaf40b2503f0cf.rmeta --extern proc_macro2=/opt/rustwide/target/debug/deps/libproc_macro2-fb97b50dcdadae4b.rmeta --extern quote=/opt/rustwide/target/debug/deps/libquote-e3a09c90bf10a3e5.rmeta --extern syn=/opt/rustwide/target/debug/deps/libsyn-2a5f1ec58682c65b.rmeta --cap-lints allow --cap-lints=warn` (exit status: 101)
[INFO] [stderr] error: could not compile `dioxus-router-macro` (lib) due to 1 previous error
[INFO] [stdout] error: couldn't create a temp dir: No space left on device (os error 28) at path "/opt/rustwide/target/debug/deps/rmetalBQdqt"
[INFO] [stdout] 
[INFO] [stdout] 
[INFO] [stdout] error: linking with `cc` failed: exit status: 1
[INFO] [stdout]   |
[INFO] [stdout]   = note: LC_ALL="C" PATH="/opt/rustwide/rustup-home/toolchains/1.83.0-x86_64-unknown-linux-gnu/lib/rustlib/x86_64-unknown-linux-gnu/bin:/opt/rustwide/cargo-home/bin:/usr/local/sbin:/usr/local/bin:/usr/sbin:/usr/bin:/sbin:/bin" VSLANG="1033" "cc" "-Wl,--version-script=/tmp/rustcx74yMm/list" "-Wl,--no-undefined-version" "-m64" "/tmp/rustcx74yMm/symbols.o" "/opt/rustwide/target/debug/deps/tracing_attributes-5d1a7dd9c94879b0.tracing_attributes.59c9aa5e09ccc682-cgu.00.rcgu.o" "/opt/rustwide/target/debug/deps/tracing_attributes-5d1a7dd9c94879b0.tracing_attributes.59c9aa5e09ccc682-cgu.01.rcgu.o" "/opt/rustwide/target/debug/deps/tracing_attributes-5d1a7dd9c94879b0.tracing_attributes.59c9aa5e09ccc682-cgu.02.rcgu.o" "/opt/rustwide/target/debug/deps/tracing_attributes-5d1a7dd9c94879b0.tracing_attributes.59c9aa5e09ccc682-cgu.03.rcgu.o" "/opt/rustwide/target/debug/deps/tracing_attributes-5d1a7dd9c94879b0.tracing_attributes.59c9aa5e09ccc682-cgu.04.rcgu.o" "/opt/rustwide/target/debug/deps/tracing_attributes-5d1a7dd9c94879b0.tracing_attributes.59c9aa5e09ccc682-cgu.05.rcgu.o" "/opt/rustwide/target/debug/deps/tracing_attributes-5d1a7dd9c94879b0.tracing_attributes.59c9aa5e09ccc682-cgu.06.rcgu.o" "/opt/rustwide/target/debug/deps/tracing_attributes-5d1a7dd9c94879b0.tracing_attributes.59c9aa5e09ccc682-cgu.07.rcgu.o" "/opt/rustwide/target/debug/deps/tracing_attributes-5d1a7dd9c94879b0.tracing_attributes.59c9aa5e09ccc682-cgu.08.rcgu.o" "/opt/rustwide/target/debug/deps/tracing_attributes-5d1a7dd9c94879b0.tracing_attributes.59c9aa5e09ccc682-cgu.09.rcgu.o" "/opt/rustwide/target/debug/deps/tracing_attributes-5d1a7dd9c94879b0.tracing_attributes.59c9aa5e09ccc682-cgu.10.rcgu.o" "/opt/rustwide/target/debug/deps/tracing_attributes-5d1a7dd9c94879b0.tracing_attributes.59c9aa5e09ccc682-cgu.11.rcgu.o" "/opt/rustwide/target/debug/deps/tracing_attributes-5d1a7dd9c94879b0.tracing_attributes.59c9aa5e09ccc682-cgu.12.rcgu.o" "/opt/rustwide/target/debug/deps/tracing_attributes-5d1a7dd9c94879b0.tracing_attributes.59c9aa5e09ccc682-cgu.13.rcgu.o" "/opt/rustwide/target/debug/deps/tracing_attributes-5d1a7dd9c94879b0.tracing_attributes.59c9aa5e09ccc682-cgu.14.rcgu.o" "/opt/rustwide/target/debug/deps/tracing_attributes-5d1a7dd9c94879b0.tracing_attributes.59c9aa5e09ccc682-cgu.15.rcgu.o" "/opt/rustwide/target/debug/deps/tracing_attributes-5d1a7dd9c94879b0.2puawfvtun0jhw03olqbzoqmg.rcgu.rmeta" "/opt/rustwide/target/debug/deps/tracing_attributes-5d1a7dd9c94879b0.f34mntq6zetfymurax48f1r8u.rcgu.o" "-Wl,--as-needed" "-Wl,-Bstatic" "/opt/rustwide/target/debug/deps/libsyn-2a5f1ec58682c65b.rlib" "/opt/rustwide/target/debug/deps/libquote-e3a09c90bf10a3e5.rlib" "/opt/rustwide/target/debug/deps/libproc_macro2-fb97b50dcdadae4b.rlib" "/opt/rustwide/target/debug/deps/libunicode_ident-5bd3605c784793c6.rlib" "/opt/rustwide/rustup-home/toolchains/1.83.0-x86_64-unknown-linux-gnu/lib/rustlib/x86_64-unknown-linux-gnu/lib/libproc_macro-a2fc9021817a412b.rlib" "/opt/rustwide/rustup-home/toolchains/1.83.0-x86_64-unknown-linux-gnu/lib/rustlib/x86_64-unknown-linux-gnu/lib/libstd-ca74a2d9c5166d9f.rlib" "/opt/rustwide/rustup-home/toolchains/1.83.0-x86_64-unknown-linux-gnu/lib/rustlib/x86_64-unknown-linux-gnu/lib/libpanic_unwind-e31ab23316ed5080.rlib" "/opt/rustwide/rustup-home/toolchains/1.83.0-x86_64-unknown-linux-gnu/lib/rustlib/x86_64-unknown-linux-gnu/lib/libobject-27dc4aa955912662.rlib" "/opt/rustwide/rustup-home/toolchains/1.83.0-x86_64-unknown-linux-gnu/lib/rustlib/x86_64-unknown-linux-gnu/lib/libmemchr-bd0d6cccce077b99.rlib" "/opt/rustwide/rustup-home/toolchains/1.83.0-x86_64-unknown-linux-gnu/lib/rustlib/x86_64-unknown-linux-gnu/lib/libaddr2line-8d001680935b5e3c.rlib" "/opt/rustwide/rustup-home/toolchains/1.83.0-x86_64-unknown-linux-gnu/lib/rustlib/x86_64-unknown-linux-gnu/lib/libgimli-ba8ce71964f984f4.rlib" "/opt/rustwide/rustup-home/toolchains/1.83.0-x86_64-unknown-linux-gnu/lib/rustlib/x86_64-unknown-linux-gnu/lib/librustc_demangle-99a73526abcec14b.rlib" "/opt/rustwide/rustup-home/toolchains/1.83.0-x86_64-unknown-linux-gnu/lib/rustlib/x86_64-unknown-linux-gnu/lib/libstd_detect-63ac0d22cff92579.rlib" "/opt/rustwide/rustup-home/toolchains/1.83.0-x86_64-unknown-linux-gnu/lib/rustlib/x86_64-unknown-linux-gnu/lib/libhashbrown-9057355c92c922d5.rlib" "/opt/rustwide/rustup-home/toolchains/1.83.0-x86_64-unknown-linux-gnu/lib/rustlib/x86_64-unknown-linux-gnu/lib/librustc_std_workspace_alloc-358be9bc1f6bab04.rlib" "/opt/rustwide/rustup-home/toolchains/1.83.0-x86_64-unknown-linux-gnu/lib/rustlib/x86_64-unknown-linux-gnu/lib/libminiz_oxide-aca15549d5bff974.rlib" "/opt/rustwide/rustup-home/toolchains/1.83.0-x86_64-unknown-linux-gnu/lib/rustlib/x86_64-unknown-linux-gnu/lib/libadler-8251d2cef7072448.rlib" "/opt/rustwide/rustup-home/toolchains/1.83.0-x86_64-unknown-linux-gnu/lib/rustlib/x86_64-unknown-linux-gnu/lib/libunwind-7d50b86011c66411.rlib" "/opt/rustwide/rustup-home/toolchains/1.83.0-x86_64-unknown-linux-gnu/lib/rustlib/x86_64-unknown-linux-gnu/lib/libcfg_if-51ea098fce5006bf.rlib" "/opt/rustwide/rustup-home/toolchains/1.83.0-x86_64-unknown-linux-gnu/lib/rustlib/x86_64-unknown-linux-gnu/lib/liblibc-5a14e0d0b712e731.rlib" "/opt/rustwide/rustup-home/toolchains/1.83.0-x86_64-unknown-linux-gnu/lib/rustlib/x86_64-unknown-linux-gnu/lib/liballoc-8b83dbf3a7b8f999.rlib" "/opt/rustwide/rustup-home/toolchains/1.83.0-x86_64-unknown-linux-gnu/lib/rustlib/x86_64-unknown-linux-gnu/lib/librustc_std_workspace_core-c6fd227bdc7b39ff.rlib" "/opt/rustwide/rustup-home/toolchains/1.83.0-x86_64-unknown-linux-gnu/lib/rustlib/x86_64-unknown-linux-gnu/lib/libcore-959d3389fa3da8a5.rlib" "/opt/rustwide/rustup-home/toolchains/1.83.0-x86_64-unknown-linux-gnu/lib/rustlib/x86_64-unknown-linux-gnu/lib/libcompiler_builtins-abe05db089cc2c62.rlib" "-Wl,-Bdynamic" "-lgcc_s" "-lutil" "-lrt" "-lpthread" "-lm" "-ldl" "-lc" "-Wl,--eh-frame-hdr" "-Wl,-z,noexecstack" "-L" "/opt/rustwide/rustup-home/toolchains/1.83.0-x86_64-unknown-linux-gnu/lib/rustlib/x86_64-unknown-linux-gnu/lib" "-o" "/opt/rustwide/target/debug/deps/libtracing_attributes-5d1a7dd9c94879b0.so" "-Wl,--gc-sections" "-shared" "-Wl,-z,relro,-z,now" "-nodefaultlibs"
[INFO] [stdout]   = note: /usr/bin/ld: final link failed: No space left on device
[INFO] [stdout]           collect2: error: ld returned 1 exit status
[INFO] [stdout]           
[INFO] [stdout] 
[INFO] [stdout] 
[INFO] [stderr] error: could not compile `tracing-attributes` (lib) due to 1 previous error
[INFO] [stderr] error: could not compile `serde_derive` (lib) due to 1 previous error
[INFO] running `Command { std: "docker" "inspect" "994dd88d853b61f9d8b0a5a6cb3fb37c7be04ad2d0851cfccb20ea616ef97826", kill_on_drop: false }`
[INFO] running `Command { std: "docker" "rm" "-f" "994dd88d853b61f9d8b0a5a6cb3fb37c7be04ad2d0851cfccb20ea616ef97826", kill_on_drop: false }`
[INFO] [stdout] 994dd88d853b61f9d8b0a5a6cb3fb37c7be04ad2d0851cfccb20ea616ef97826
