[INFO] cloning repository https://github.com/crazystylus/brainfk-rs
[INFO] running `Command { std: "git" "-c" "credential.helper=" "-c" "credential.helper=/workspace/cargo-home/bin/git-credential-null" "clone" "--bare" "https://github.com/crazystylus/brainfk-rs" "/workspace/cache/git-repos/https%3A%2F%2Fgithub.com%2Fcrazystylus%2Fbrainfk-rs", kill_on_drop: false }`
[INFO] [stderr] Cloning into bare repository '/workspace/cache/git-repos/https%3A%2F%2Fgithub.com%2Fcrazystylus%2Fbrainfk-rs'...
[INFO] running `Command { std: "git" "rev-parse" "HEAD", kill_on_drop: false }`
[INFO] [stdout] f4be287a70b36f4729a3de4048639a4878bb7a3a
[INFO] testing crazystylus/brainfk-rs/f4be287a70b36f4729a3de4048639a4878bb7a3a against beta-2024-12-08 for beta-1.84.0-4-retry
[INFO] running `Command { std: "git" "clone" "/workspace/cache/git-repos/https%3A%2F%2Fgithub.com%2Fcrazystylus%2Fbrainfk-rs" "/workspace/builds/worker-5-tc2/source", kill_on_drop: false }`
[INFO] [stderr] Cloning into '/workspace/builds/worker-5-tc2/source'...
[INFO] [stderr] done.
[INFO] validating manifest of git repo https://github.com/crazystylus/brainfk-rs on toolchain beta-2024-12-08
[INFO] running `Command { std: CARGO_HOME="/workspace/cargo-home" RUSTUP_HOME="/workspace/rustup-home" "/workspace/cargo-home/bin/cargo" "+beta-2024-12-08" "metadata" "--manifest-path" "Cargo.toml" "--no-deps", kill_on_drop: false }`
[INFO] started tweaking git repo https://github.com/crazystylus/brainfk-rs
[INFO] finished tweaking git repo https://github.com/crazystylus/brainfk-rs
[INFO] tweaked toml for git repo https://github.com/crazystylus/brainfk-rs written to /workspace/builds/worker-5-tc2/source/Cargo.toml
[INFO] crate git repo https://github.com/crazystylus/brainfk-rs already has a lockfile, it will not be regenerated
[INFO] running `Command { std: CARGO_HOME="/workspace/cargo-home" RUSTUP_HOME="/workspace/rustup-home" "/workspace/cargo-home/bin/cargo" "+beta-2024-12-08" "fetch" "--manifest-path" "Cargo.toml", kill_on_drop: false }`
[INFO] running `Command { std: "docker" "create" "-v" "/var/lib/crater-agent-workspace/builds/worker-5-tc2/target:/opt/rustwide/target:rw,Z" "-v" "/var/lib/crater-agent-workspace/builds/worker-5-tc2/source:/opt/rustwide/workdir:ro,Z" "-v" "/var/lib/crater-agent-workspace/cargo-home:/opt/rustwide/cargo-home:ro,Z" "-v" "/var/lib/crater-agent-workspace/rustup-home:/opt/rustwide/rustup-home:ro,Z" "-e" "SOURCE_DIR=/opt/rustwide/workdir" "-e" "CARGO_TARGET_DIR=/opt/rustwide/target" "-e" "CARGO_HOME=/opt/rustwide/cargo-home" "-e" "RUSTUP_HOME=/opt/rustwide/rustup-home" "-w" "/opt/rustwide/workdir" "-m" "1610612736" "--user" "0:0" "--network" "none" "ghcr.io/rust-lang/crates-build-env/linux@sha256:f3a9d4ad9d972b27faf3965f35b62e55ba32bbce8f20bc8fe909558a86702fde" "/opt/rustwide/cargo-home/bin/cargo" "+beta-2024-12-08" "metadata" "--no-deps" "--format-version=1", kill_on_drop: false }`
[INFO] [stdout] bf442f3a2065c95ff0a3d221689b8cec2c0b549e3eefa95f7ad0809f1ff68208
[INFO] running `Command { std: "docker" "start" "-a" "bf442f3a2065c95ff0a3d221689b8cec2c0b549e3eefa95f7ad0809f1ff68208", kill_on_drop: false }`
[INFO] running `Command { std: "docker" "inspect" "bf442f3a2065c95ff0a3d221689b8cec2c0b549e3eefa95f7ad0809f1ff68208", kill_on_drop: false }`
[INFO] running `Command { std: "docker" "rm" "-f" "bf442f3a2065c95ff0a3d221689b8cec2c0b549e3eefa95f7ad0809f1ff68208", kill_on_drop: false }`
[INFO] [stdout] bf442f3a2065c95ff0a3d221689b8cec2c0b549e3eefa95f7ad0809f1ff68208
[INFO] running `Command { std: "docker" "create" "-v" "/var/lib/crater-agent-workspace/builds/worker-5-tc2/target:/opt/rustwide/target:rw,Z" "-v" "/var/lib/crater-agent-workspace/builds/worker-5-tc2/source:/opt/rustwide/workdir:ro,Z" "-v" "/var/lib/crater-agent-workspace/cargo-home:/opt/rustwide/cargo-home:ro,Z" "-v" "/var/lib/crater-agent-workspace/rustup-home:/opt/rustwide/rustup-home:ro,Z" "-e" "SOURCE_DIR=/opt/rustwide/workdir" "-e" "CARGO_TARGET_DIR=/opt/rustwide/target" "-e" "CARGO_INCREMENTAL=0" "-e" "RUST_BACKTRACE=full" "-e" "RUSTFLAGS=--cap-lints=warn" "-e" "RUSTDOCFLAGS=--cap-lints=warn" "-e" "CARGO_HOME=/opt/rustwide/cargo-home" "-e" "RUSTUP_HOME=/opt/rustwide/rustup-home" "-w" "/opt/rustwide/workdir" "-m" "1610612736" "--user" "0:0" "--network" "none" "ghcr.io/rust-lang/crates-build-env/linux@sha256:f3a9d4ad9d972b27faf3965f35b62e55ba32bbce8f20bc8fe909558a86702fde" "/opt/rustwide/cargo-home/bin/cargo" "+beta-2024-12-08" "build" "--frozen" "--message-format=json", kill_on_drop: false }`
[INFO] [stdout] 143c52ff7f403d596947b6eb2ac776058da72ae7c8df6ed5ec044efdbd43ee24
[INFO] running `Command { std: "docker" "start" "-a" "143c52ff7f403d596947b6eb2ac776058da72ae7c8df6ed5ec044efdbd43ee24", kill_on_drop: false }`
[INFO] [stderr]    Compiling libc v0.2.126
[INFO] [stderr]    Compiling autocfg v1.1.0
[INFO] [stderr]    Compiling proc-macro2 v1.0.39
[INFO] [stderr]    Compiling unicode-ident v1.0.1
[INFO] [stderr]    Compiling syn v1.0.96
[INFO] [stderr]    Compiling cfg-if v1.0.0
[INFO] [stderr]    Compiling version_check v0.9.4
[INFO] [stderr]    Compiling once_cell v1.12.0
[INFO] [stderr]    Compiling cc v1.0.73
[INFO] [stderr]    Compiling serde_derive v1.0.137
[INFO] [stderr]    Compiling serde v1.0.137
[INFO] [stderr]    Compiling memchr v2.5.0
[INFO] [stderr]    Compiling lazy_static v1.4.0
[INFO] [stderr]    Compiling stable_deref_trait v1.2.0
[INFO] [stderr]    Compiling scopeguard v1.1.0
[INFO] [stderr]    Compiling fnv v1.0.7
[INFO] [stderr]    Compiling crc32fast v1.3.2
[INFO] [stderr]    Compiling fallible-iterator v0.2.0
[INFO] [stderr]    Compiling log v0.4.17
[INFO] [stderr]    Compiling adler v1.0.2
[INFO] [stderr]    Compiling byteorder v1.4.3
[INFO] [stderr]    Compiling either v1.6.1
[INFO] [stderr]    Compiling miniz_oxide v0.5.3
[INFO] [stderr]    Compiling pkg-config v0.3.25
[INFO] [stderr]    Compiling rustc-demangle v0.1.21
[INFO] [stderr]    Compiling cfg-if v0.1.10
[INFO] [stderr]    Compiling ahash v0.7.6
[INFO] [stderr]    Compiling semver-parser v0.7.0
[INFO] [stderr]    Compiling smallvec v1.8.0
[INFO] [stderr]    Compiling semver v0.9.0
[INFO] [stderr]    Compiling bitflags v1.3.2
[INFO] [stderr]    Compiling indexmap v1.8.2
[INFO] [stderr]    Compiling bytecheck v0.6.8
[INFO] [stderr]    Compiling rend v0.3.6
[INFO] [stderr]    Compiling maybe-uninit v2.0.0
[INFO] [stderr]    Compiling rustc_version v0.2.3
[INFO] [stderr]    Compiling rustversion v1.0.7
[INFO] [stderr]    Compiling ident_case v1.0.1
[INFO] [stderr]    Compiling futures v0.1.31
[INFO] [stderr]    Compiling rkyv v0.7.38
[INFO] [stderr]    Compiling target-lexicon v0.12.4
[INFO] [stderr]    Compiling crossbeam-utils v0.7.2
[INFO] [stderr]    Compiling seahash v4.1.0
[INFO] [stderr]    Compiling openssl-src v111.22.0+1.1.1q
[INFO] [stderr]    Compiling memoffset v0.6.5
[INFO] [stderr]    Compiling more-asserts v0.2.2
[INFO] [stderr]    Compiling quote v1.0.18
[INFO] [stderr]    Compiling rand_core v0.4.2
[INFO] [stderr]    Compiling proc-macro-error-attr v1.0.4
[INFO] [stderr]    Compiling aho-corasick v0.7.18
[INFO] [stderr]    Compiling slab v0.4.7
[INFO] [stderr]    Compiling getrandom v0.2.7
[INFO] [stderr]    Compiling num_cpus v1.13.1
[INFO] [stderr]    Compiling iovec v0.1.4
[INFO] [stderr]    Compiling proc-macro-error v1.0.4
[INFO] [stderr]    Compiling hashbrown v0.11.2
[INFO] [stderr]    Compiling hashbrown v0.12.1
[INFO] [stderr]    Compiling bytes v0.4.12
[INFO] [stderr]    Compiling tinyvec_macros v0.1.0
[INFO] [stderr]    Compiling regex-syntax v0.6.26
[INFO] [stderr]    Compiling wasmparser v0.83.0
[INFO] [stderr]    Compiling tinyvec v1.6.0
[INFO] [stderr]    Compiling backtrace v0.3.65
[INFO] [stderr]    Compiling openssl-sys v0.9.75
[INFO] [stderr]    Compiling autocfg v0.1.8
[INFO] [stderr]    Compiling crossbeam-utils v0.8.9
[INFO] [stderr]    Compiling rand_core v0.3.1
[INFO] [stderr]    Compiling smallvec v0.6.14
[INFO] [stderr]    Compiling unicode-bidi v0.3.8
[INFO] [stderr]    Compiling unicode-normalization v0.1.21
[INFO] [stderr]    Compiling ucd-trie v0.1.3
[INFO] [stderr]    Compiling unicode-width v0.1.9
[INFO] [stderr]    Compiling tokio-executor v0.1.10
[INFO] [stderr]    Compiling parking_lot_core v0.6.2
[INFO] [stderr]    Compiling memoffset v0.5.6
[INFO] [stderr]    Compiling crossbeam-epoch v0.9.9
[INFO] [stderr]    Compiling time v0.1.44
[INFO] [stderr]    Compiling parking_lot v0.9.0
[INFO] [stderr]    Compiling pest v2.1.3
[INFO] [stderr]    Compiling lock_api v0.4.7
[INFO] [stderr]    Compiling corosensei v0.1.2
[INFO] [stderr]    Compiling crossbeam-epoch v0.8.2
[INFO] [stderr]    Compiling parking_lot_core v0.8.5
[INFO] [stderr]    Compiling rayon-core v1.9.3
[INFO] [stderr]    Compiling matches v0.1.9
[INFO] [stderr]    Compiling tokio-io v0.1.13
[INFO] [stderr]    Compiling libz-sys v1.1.8
[INFO] [stderr]    Compiling net2 v0.2.37
[INFO] [stderr]    Compiling lock_api v0.3.4
[INFO] [stderr]    Compiling instant v0.1.12
[INFO] [stderr]    Compiling cranelift-codegen-shared v0.82.3
[INFO] [stderr]    Compiling semver-parser v0.10.2
[INFO] [stderr]    Compiling unicode-xid v0.2.3
[INFO] [stderr]    Compiling failure_derive v0.1.8
[INFO] [stderr]    Compiling itoa v0.4.8
[INFO] [stderr]    Compiling cranelift-codegen-meta v0.82.3
[INFO] [stderr]    Compiling mio v0.6.23
[INFO] [stderr]    Compiling crossbeam-deque v0.8.1
[INFO] [stderr]    Compiling crossbeam-channel v0.5.5
[INFO] [stderr]    Compiling tokio-sync v0.1.8
[INFO] [stderr]    Compiling region v3.0.0
[INFO] [stderr]    Compiling memmap2 v0.5.4
[INFO] [stderr]    Compiling rayon v1.5.3
[INFO] [stderr]    Compiling unicase v2.6.0
[INFO] [stderr]    Compiling standback v0.2.17
[INFO] [stderr]    Compiling proc-macro-hack v0.5.19
[INFO] [stderr]    Compiling leb128 v0.2.5
[INFO] [stderr]    Compiling semver v0.11.0
[INFO] [stderr]    Compiling parking_lot v0.11.2
[INFO] [stderr]    Compiling crossbeam-deque v0.7.4
[INFO] [stderr]    Compiling http v0.1.21
[INFO] [stderr]    Compiling idna v0.1.5
[INFO] [stderr]    Compiling rand_pcg v0.1.2
[INFO] [stderr]    Compiling rand_chacha v0.1.1
[INFO] [stderr]    Compiling crossbeam-queue v0.2.3
[INFO] [stderr]    Compiling tokio-reactor v0.1.12
[INFO] [stderr]    Compiling curl-sys v0.4.56+curl-7.83.1
[INFO] [stderr]    Compiling bzip2-sys v0.1.11+1.0.8
[INFO] [stderr]    Compiling atty v0.2.14
[INFO] [stderr]    Compiling tracing-core v0.1.27
[INFO] [stderr]    Compiling httparse v1.8.0
[INFO] [stderr]    Compiling openssl v0.10.41
[INFO] [stderr]    Compiling rustc-hash v1.1.0
[INFO] [stderr]    Compiling foreign-types-shared v0.1.1
[INFO] [stderr]    Compiling pin-project-lite v0.2.9
[INFO] [stderr]    Compiling percent-encoding v1.0.1
[INFO] [stderr]    Compiling openssl-probe v0.1.5
[INFO] [stderr]    Compiling cranelift-entity v0.82.3
[INFO] [stderr]    Compiling serde_json v1.0.81
[INFO] [stderr]    Compiling percent-encoding v2.2.0
[INFO] [stderr]    Compiling regalloc v0.0.34
[INFO] [stderr]    Compiling url v1.7.2
[INFO] [stderr]    Compiling cranelift-bforest v0.82.3
[INFO] [stderr]    Compiling form_urlencoded v1.1.0
[INFO] [stderr]    Compiling foreign-types v0.3.2
[INFO] [stderr]    Compiling tokio-tcp v0.1.4
[INFO] [stderr]    Compiling tokio-threadpool v0.1.18
[INFO] [stderr]    Compiling idna v0.3.0
[INFO] [stderr]    Compiling tokio-current-thread v0.1.7
[INFO] [stderr]    Compiling tokio-timer v0.2.13
[INFO] [stderr]    Compiling regex v1.5.6
[INFO] [stderr]    Compiling tokio-buf v0.1.1
[INFO] [stderr]    Compiling string v0.2.1
[INFO] [stderr]    Compiling rand v0.6.5
[INFO] [stderr]    Compiling hyper v0.12.36
[INFO] [stderr]    Compiling cranelift-codegen v0.82.3
[INFO] [stderr]    Compiling num-traits v0.2.15
[INFO] [stderr]    Compiling itoa v1.0.2
[INFO] [stderr]    Compiling native-tls v0.2.10
[INFO] [stderr]    Compiling try-lock v0.2.3
[INFO] [stderr]    Compiling ryu v1.0.10
[INFO] [stderr]    Compiling inkwell v0.1.0-beta.4
[INFO] [stderr]    Compiling const_fn v0.4.9
[INFO] [stderr]    Compiling http-body v0.1.0
[INFO] [stderr]    Compiling want v0.2.0
[INFO] [stderr]    Compiling url v2.3.1
[INFO] [stderr]    Compiling tokio v0.1.22
[INFO] [stderr]    Compiling mime_guess v2.0.4
[INFO] [stderr]    Compiling wasm-encoder v0.13.0
[INFO] [stderr]    Compiling idna v0.2.3
[INFO] [stderr]    Compiling rand_hc v0.1.0
[INFO] [stderr]    Compiling rand_isaac v0.1.1
[INFO] [stderr]    Compiling rand_xorshift v0.1.1
[INFO] [stderr]    Compiling futures-cpupool v0.1.8
[INFO] [stderr]    Compiling rand_os v0.1.3
[INFO] [stderr]    Compiling rand v0.4.6
[INFO] [stderr]    Compiling rand_jitter v0.1.4
[INFO] [stderr]    Compiling flate2 v1.0.24
[INFO] [stderr]    Compiling parking_lot_core v0.3.1
[INFO] [stderr]    Compiling num-integer v0.1.45
[INFO] [stderr]    Compiling time v0.2.27
[INFO] [stderr]    Compiling fastrand v1.7.0
[INFO] [stderr]    Compiling unicode-segmentation v1.9.0
[INFO] [stderr]    Compiling remove_dir_all v0.5.3
[INFO] [stderr]    Compiling curl v0.4.44
[INFO] [stderr]    Compiling wasmer-compiler-cranelift v2.3.0
[INFO] [stderr]    Compiling termcolor v1.1.3
[INFO] [stderr]    Compiling encoding_rs v0.8.31
[INFO] [stderr]    Compiling tempfile v3.3.0
[INFO] [stderr]    Compiling publicsuffix v1.5.6
[INFO] [stderr]    Compiling rand v0.3.23
[INFO] [stderr]    Compiling darling_core v0.13.4
[INFO] [stderr]    Compiling synstructure v0.12.6
[INFO] [stderr]    Compiling wast v42.0.0
[INFO] [stderr]    Compiling heck v0.3.3
[INFO] [stderr]    Compiling bzip2 v0.4.3
[INFO] [stderr]    Compiling cookie v0.12.0
[INFO] [stderr]    Compiling textwrap v0.11.0
[INFO] [stderr]    Compiling rand v0.5.6
[INFO] [stderr]    Compiling rand_core v0.6.3
[INFO] [stderr]    Compiling socket2 v0.4.7
[INFO] [stderr]    Compiling which v4.2.5
[INFO] [stderr]    Compiling xattr v0.2.3
[INFO] [stderr]    Compiling terminal_size v0.1.17
[INFO] [stderr]    Compiling filetime v0.2.17
[INFO] [stderr]    Compiling itertools v0.10.3
[INFO] [stderr]    Compiling try_from v0.3.2
[INFO] [stderr]    Compiling owning_ref v0.4.1
[INFO] [stderr]    Compiling libloading v0.7.3
[INFO] [stderr]    Compiling ppv-lite86 v0.2.16
[INFO] [stderr]    Compiling strsim v0.8.0
[INFO] [stderr]    Compiling dtoa v0.4.8
[INFO] [stderr]    Compiling quick-error v1.2.3
[INFO] [stderr]    Compiling mime v0.3.16
[INFO] [stderr]    Compiling scopeguard v0.3.3
[INFO] [stderr]    Compiling ansi_term v0.12.1
[INFO] [stderr]    Compiling lazy_static v0.2.11
[INFO] [stderr]    Compiling vec_map v0.8.2
[INFO] [stderr]    Compiling lock_api v0.1.5
[INFO] [stderr]    Compiling clicolors-control v0.2.0
[INFO] [stderr]    Compiling humantime v1.3.0
[INFO] [stderr]    Compiling rand_chacha v0.3.1
[INFO] [stderr]    Compiling clap v2.34.0
[INFO] [stderr]    Compiling tar v0.4.38
[INFO] [stderr]    Compiling uuid v0.7.4
[INFO] [stderr]    Compiling console v0.15.1
[INFO] [stderr]    Compiling tempfile v2.2.0
[INFO] [stderr]    Compiling os_type v2.4.0
[INFO] [stderr]    Compiling uuid v0.8.2
[INFO] [stderr]    Compiling termios v0.3.3
[INFO] [stderr]    Compiling dirs v1.0.5
[INFO] [stderr]    Compiling base64 v0.10.1
[INFO] [stderr]    Compiling os_str_bytes v6.1.0
[INFO] [stderr]    Compiling hex v0.3.2
[INFO] [stderr]    Compiling heck v0.4.0
[INFO] [stderr]    Compiling is_executable v0.1.2
[INFO] [stderr]    Compiling same-file v1.0.6
[INFO] [stderr]    Compiling siphasher v0.2.3
[INFO] [stderr]    Compiling iana-time-zone v0.1.46
[INFO] [stderr]    Compiling clap_lex v0.2.2
[INFO] [stderr]    Compiling walkdir v2.3.2
[INFO] [stderr]    Compiling chrono v0.4.22
[INFO] [stderr]    Compiling llvm-sys v120.2.4
[INFO] [stderr]    Compiling console v0.6.2
[INFO] [stderr]    Compiling dialoguer v0.3.0
[INFO] [stderr]    Compiling parking_lot v0.6.4
[INFO] [stderr]    Compiling rand v0.8.5
[INFO] [stderr]    Compiling thiserror-impl v1.0.31
[INFO] [stderr]    Compiling ptr_meta_derive v0.1.4
[INFO] [stderr]    Compiling bytecheck_derive v0.6.8
[INFO] [stderr]    Compiling enum-iterator-derive v0.7.0
[INFO] [stderr]    Compiling darling_macro v0.13.4
[INFO] [stderr]    Compiling rkyv_derive v0.7.38
[INFO] [stderr]    Compiling loupe-derive v0.1.3
[INFO] [stderr]    Compiling tracing-attributes v0.1.21
[INFO] [stderr]    Compiling ptr_meta v0.1.4
[INFO] [stderr]    Compiling openssl-macros v0.1.0
[INFO] [stderr]    Compiling enum-iterator v0.7.0
[INFO] [stderr]    Compiling time-macros-impl v0.1.2
[INFO] [stderr]    Compiling dynasm v1.2.3
[INFO] [stderr]    Compiling inkwell_internals v0.5.0
[INFO] [stderr]    Compiling wat v1.0.44
[INFO] [stderr]    Compiling thiserror v1.0.31
[INFO] [stderr]    Compiling darling v0.13.4
[INFO] [stderr]    Compiling zip v0.5.13
[INFO] [stderr]    Compiling enumset_derive v0.6.0
[INFO] [stderr]    Compiling structopt-derive v0.4.18
[INFO] [stderr]    Compiling wasmer-derive v2.3.0
[INFO] [stderr]    Compiling time-macros v0.1.1
[INFO] [stderr]    Compiling clap_derive v3.2.2
[INFO] [stderr]    Compiling uuid-macro-internal v1.1.2
[INFO] [stderr]    Compiling tracing v0.1.35
[INFO] [stderr]    Compiling env_logger v0.5.13
[INFO] [stderr]    Compiling wasmer-vfs v2.3.0
[INFO] [stderr]    Compiling enumset v1.0.11
[INFO] [stderr]    Compiling generational-arena v0.2.8
[INFO] [stderr]    Compiling glob v0.2.11
[INFO] [stderr]    Compiling strsim v0.10.0
[INFO] [stderr]    Compiling textwrap v0.15.0
[INFO] [stderr]    Compiling uuid v1.1.2
[INFO] [stderr]    Compiling structopt v0.3.26
[INFO] [stderr]    Compiling serde_bytes v0.11.6
[INFO] [stderr]    Compiling toml v0.5.9
[INFO] [stderr]    Compiling serde_urlencoded v0.5.5
[INFO] [stderr]    Compiling toml v0.4.10
[INFO] [stderr]    Compiling serde_ignored v0.0.4
[INFO] [stderr]    Compiling gimli v0.26.1
[INFO] [stderr]    Compiling object v0.28.4
[INFO] [stderr]    Compiling loupe v0.1.3
[INFO] [stderr]    Compiling h2 v0.1.26
[INFO] [stderr]    Compiling wasmparser v0.86.0
[INFO] [stderr]    Compiling clap v3.2.2
[INFO] [stderr]    Compiling dynasmrt v1.2.3
[INFO] [stderr]    Compiling cargo_metadata v0.8.2
[INFO] [stderr]    Compiling addr2line v0.17.0
[INFO] [stderr]    Compiling wasmer-types v2.3.0
[INFO] [stderr]    Compiling failure v0.1.8
[INFO] [stderr]    Compiling human-panic v1.0.3
[INFO] [stderr]    Compiling cookie_store v0.7.0
[INFO] [stderr]    Compiling which v2.0.1
[INFO] [stderr]    Compiling wasmer-compiler v2.3.0
[INFO] [stderr]    Compiling wasmer-wasi-types v2.3.0
[INFO] [stderr]    Compiling wasmer-artifact v2.3.0
[INFO] [stderr]    Compiling wasmer-object v2.3.0
[INFO] [stderr]    Compiling wasmer-compiler-singlepass v2.3.0
[INFO] [stderr]    Compiling wasmer-vm v2.3.0
[INFO] [stderr]    Compiling wasmer-engine-universal-artifact v2.3.0
[INFO] [stderr]    Compiling wasmer-engine v2.3.0
[INFO] [stderr]    Compiling wasmer-compiler-llvm v2.3.0
[INFO] [stderr]    Compiling wasmer-engine-dylib v2.3.0
[INFO] [stderr]    Compiling wasmer-engine-universal v2.3.0
[INFO] [stderr]    Compiling binary-install v0.0.2
[INFO] [stderr]    Compiling cranelift-frontend v0.82.3
[INFO] [stderr]    Compiling hyper-tls v0.3.2
[INFO] [stderr]    Compiling reqwest v0.9.24
[INFO] [stderr]    Compiling wasmer v2.3.0
[INFO] [stderr]    Compiling wasm-pack v0.10.3
[INFO] [stderr]    Compiling wasmer-wasi v2.3.0
[INFO] [stderr]    Compiling brainfk-rs v0.1.1 (/opt/rustwide/workdir)
[INFO] [stderr]     Finished `dev` profile [unoptimized + debuginfo] target(s) in 4m 25s
[INFO] running `Command { std: "docker" "inspect" "143c52ff7f403d596947b6eb2ac776058da72ae7c8df6ed5ec044efdbd43ee24", kill_on_drop: false }`
[INFO] running `Command { std: "docker" "rm" "-f" "143c52ff7f403d596947b6eb2ac776058da72ae7c8df6ed5ec044efdbd43ee24", kill_on_drop: false }`
[INFO] [stdout] 143c52ff7f403d596947b6eb2ac776058da72ae7c8df6ed5ec044efdbd43ee24
[INFO] running `Command { std: "docker" "create" "-v" "/var/lib/crater-agent-workspace/builds/worker-5-tc2/target:/opt/rustwide/target:rw,Z" "-v" "/var/lib/crater-agent-workspace/builds/worker-5-tc2/source:/opt/rustwide/workdir:ro,Z" "-v" "/var/lib/crater-agent-workspace/cargo-home:/opt/rustwide/cargo-home:ro,Z" "-v" "/var/lib/crater-agent-workspace/rustup-home:/opt/rustwide/rustup-home:ro,Z" "-e" "SOURCE_DIR=/opt/rustwide/workdir" "-e" "CARGO_TARGET_DIR=/opt/rustwide/target" "-e" "CARGO_INCREMENTAL=0" "-e" "RUST_BACKTRACE=full" "-e" "RUSTFLAGS=--cap-lints=warn" "-e" "RUSTDOCFLAGS=--cap-lints=warn" "-e" "CARGO_HOME=/opt/rustwide/cargo-home" "-e" "RUSTUP_HOME=/opt/rustwide/rustup-home" "-w" "/opt/rustwide/workdir" "-m" "1610612736" "--user" "0:0" "--network" "none" "ghcr.io/rust-lang/crates-build-env/linux@sha256:f3a9d4ad9d972b27faf3965f35b62e55ba32bbce8f20bc8fe909558a86702fde" "/opt/rustwide/cargo-home/bin/cargo" "+beta-2024-12-08" "test" "--frozen" "--no-run" "--message-format=json", kill_on_drop: false }`
[INFO] [stdout] e0e80828bb9e7caf5b8861d699fc5eeaafd068af13387577f352f92c14634e7d
[INFO] running `Command { std: "docker" "start" "-a" "e0e80828bb9e7caf5b8861d699fc5eeaafd068af13387577f352f92c14634e7d", kill_on_drop: false }`
[INFO] [stderr]    Compiling serde v1.0.137
[INFO] [stderr]    Compiling num-traits v0.2.15
[INFO] [stderr]    Compiling plotters-backend v0.3.4
[INFO] [stderr]    Compiling ciborium-io v0.2.0
[INFO] [stderr]    Compiling predicates-core v1.0.3
[INFO] [stderr]    Compiling doc-comment v0.3.3
[INFO] [stderr]    Compiling half v1.8.2
[INFO] [stderr]    Compiling difflib v0.4.0
[INFO] [stderr]    Compiling normalize-line-endings v0.3.0
[INFO] [stderr]    Compiling cast v0.3.0
[INFO] [stderr]    Compiling termtree v0.2.4
[INFO] [stderr]    Compiling regex-automata v0.1.10
[INFO] [stderr]    Compiling wait-timeout v0.2.0
[INFO] [stderr]    Compiling oorandom v11.1.3
[INFO] [stderr]    Compiling anes v0.1.6
[INFO] [stderr]    Compiling criterion-plot v0.5.0
[INFO] [stderr]    Compiling predicates-tree v1.0.5
[INFO] [stderr]    Compiling ciborium-ll v0.2.0
[INFO] [stderr]    Compiling plotters-svg v0.3.3
[INFO] [stderr]    Compiling bstr v0.2.17
[INFO] [stderr]    Compiling num-integer v0.1.45
[INFO] [stderr]    Compiling float-cmp v0.9.0
[INFO] [stderr]    Compiling plotters v0.3.4
[INFO] [stderr]    Compiling predicates v2.1.1
[INFO] [stderr]    Compiling chrono v0.4.22
[INFO] [stderr]    Compiling assert_cmd v2.0.4
[INFO] [stderr]    Compiling indexmap v1.8.2
[INFO] [stderr]    Compiling serde_bytes v0.11.6
[INFO] [stderr]    Compiling serde_json v1.0.81
[INFO] [stderr]    Compiling serde_urlencoded v0.5.5
[INFO] [stderr]    Compiling semver v0.9.0
[INFO] [stderr]    Compiling toml v0.5.9
[INFO] [stderr]    Compiling toml v0.4.10
[INFO] [stderr]    Compiling serde_ignored v0.0.4
[INFO] [stderr]    Compiling ciborium v0.2.0
[INFO] [stderr]    Compiling gimli v0.26.1
[INFO] [stderr]    Compiling object v0.28.4
[INFO] [stderr]    Compiling loupe v0.1.3
[INFO] [stderr]    Compiling h2 v0.1.26
[INFO] [stderr]    Compiling clap v3.2.2
[INFO] [stderr]    Compiling wasmparser v0.86.0
[INFO] [stderr]    Compiling cargo_metadata v0.8.2
[INFO] [stderr]    Compiling tinytemplate v1.2.1
[INFO] [stderr]    Compiling hyper v0.12.36
[INFO] [stderr]    Compiling criterion v0.4.0
[INFO] [stderr]    Compiling hyper-tls v0.3.2
[INFO] [stderr]    Compiling addr2line v0.17.0
[INFO] [stderr]    Compiling cranelift-codegen v0.82.3
[INFO] [stderr]    Compiling backtrace v0.3.65
[INFO] [stderr]    Compiling wasmer-types v2.3.0
[INFO] [stderr]    Compiling failure v0.1.8
[INFO] [stderr]    Compiling human-panic v1.0.3
[INFO] [stderr]    Compiling cookie_store v0.7.0
[INFO] [stderr]    Compiling which v2.0.1
[INFO] [stderr]    Compiling binary-install v0.0.2
[INFO] [stderr]    Compiling reqwest v0.9.24
[INFO] [stderr]    Compiling wasmer-compiler v2.3.0
[INFO] [stderr]    Compiling wasmer-wasi-types v2.3.0
[INFO] [stderr]    Compiling wasm-pack v0.10.3
[INFO] [stderr]    Compiling wasmer-artifact v2.3.0
[INFO] [stderr]    Compiling wasmer-object v2.3.0
[INFO] [stderr]    Compiling wasmer-compiler-singlepass v2.3.0
[INFO] [stderr]    Compiling wasmer-vm v2.3.0
[INFO] [stderr]    Compiling wasmer-engine-universal-artifact v2.3.0
[INFO] [stderr]    Compiling wasmer-engine v2.3.0
[INFO] [stderr]    Compiling wasmer-compiler-llvm v2.3.0
[INFO] [stderr]    Compiling wasmer-engine-dylib v2.3.0
[INFO] [stderr]    Compiling wasmer-engine-universal v2.3.0
[INFO] [stderr]    Compiling cranelift-frontend v0.82.3
[INFO] [stderr]    Compiling wasmer-compiler-cranelift v2.3.0
[INFO] [stderr]    Compiling wasmer v2.3.0
[INFO] [stderr]    Compiling wasmer-wasi v2.3.0
[INFO] [stderr]    Compiling brainfk-rs v0.1.1 (/opt/rustwide/workdir)
[INFO] [stderr]     Finished `test` profile [unoptimized + debuginfo] target(s) in 2m 20s
[INFO] running `Command { std: "docker" "inspect" "e0e80828bb9e7caf5b8861d699fc5eeaafd068af13387577f352f92c14634e7d", kill_on_drop: false }`
[INFO] running `Command { std: "docker" "rm" "-f" "e0e80828bb9e7caf5b8861d699fc5eeaafd068af13387577f352f92c14634e7d", kill_on_drop: false }`
[INFO] [stdout] e0e80828bb9e7caf5b8861d699fc5eeaafd068af13387577f352f92c14634e7d
[INFO] running `Command { std: "docker" "create" "-v" "/var/lib/crater-agent-workspace/builds/worker-5-tc2/target:/opt/rustwide/target:rw,Z" "-v" "/var/lib/crater-agent-workspace/builds/worker-5-tc2/source:/opt/rustwide/workdir:ro,Z" "-v" "/var/lib/crater-agent-workspace/cargo-home:/opt/rustwide/cargo-home:ro,Z" "-v" "/var/lib/crater-agent-workspace/rustup-home:/opt/rustwide/rustup-home:ro,Z" "-e" "SOURCE_DIR=/opt/rustwide/workdir" "-e" "CARGO_TARGET_DIR=/opt/rustwide/target" "-e" "CARGO_INCREMENTAL=0" "-e" "RUST_BACKTRACE=full" "-e" "RUSTFLAGS=--cap-lints=warn" "-e" "RUSTDOCFLAGS=--cap-lints=warn" "-e" "CARGO_HOME=/opt/rustwide/cargo-home" "-e" "RUSTUP_HOME=/opt/rustwide/rustup-home" "-w" "/opt/rustwide/workdir" "-m" "1610612736" "--user" "0:0" "--network" "none" "ghcr.io/rust-lang/crates-build-env/linux@sha256:f3a9d4ad9d972b27faf3965f35b62e55ba32bbce8f20bc8fe909558a86702fde" "/opt/rustwide/cargo-home/bin/cargo" "+beta-2024-12-08" "test" "--frozen", kill_on_drop: false }`
[INFO] [stdout] 7104ed77806867fe38aed58e3e466a296c9d5a59c78040b2e21d33ee94a8b01f
[INFO] running `Command { std: "docker" "start" "-a" "7104ed77806867fe38aed58e3e466a296c9d5a59c78040b2e21d33ee94a8b01f", kill_on_drop: false }`
[INFO] [stderr]     Finished `test` profile [unoptimized + debuginfo] target(s) in 0.82s
[INFO] [stderr]      Running unittests src/lib.rs (/opt/rustwide/target/debug/deps/brainfk_rs-6fa207bd6129c264)
[INFO] [stdout] 
[INFO] [stdout] running 0 tests
[INFO] [stdout] 
[INFO] [stdout] test result: ok. 0 passed; 0 failed; 0 ignored; 0 measured; 0 filtered out; finished in 0.00s
[INFO] [stderr]      Running unittests src/main.rs (/opt/rustwide/target/debug/deps/brainfk_rs-7d4386d60cbe3ff0)
[INFO] [stdout] 
[INFO] [stdout] 
[INFO] [stdout] running 0 tests
[INFO] [stdout] 
[INFO] [stdout] test result: ok. 0 passed; 0 failed; 0 ignored; 0 measured; 0 filtered out; finished in 0.00s
[INFO] [stdout] 
[INFO] [stderr]      Running tests/cli.rs (/opt/rustwide/target/debug/deps/cli-82f34b4039d95f5f)
[INFO] [stdout] 
[INFO] [stdout] running 1 test
[INFO] [stderr] error: test failed, to rerun pass `--test cli`
[INFO] [stdout] test compiler_sanity_check ... FAILED
[INFO] [stdout] 
[INFO] [stdout] failures:
[INFO] [stdout] 
[INFO] [stdout] ---- compiler_sanity_check stdout ----
[INFO] [stdout] thread 'compiler_sanity_check' panicked at /rustc/202008a1b8de96d2e5b6bc02d379db03a877d34d/library/core/src/ops/function.rs:250:5:
[INFO] [stdout] Unexpected failure.
[INFO] [stdout] code-101
[INFO] [stdout] stderr=```<11220 bytes total>"thread \'main\' panicked at src/lib.rs:214:10:\ncalled `Result::unwrap()` on an `Err` value: Error { description: \"Couldn\'t resolve host name\", code: 6, extra: Some(\"Could not resolve host: github.com\") }\n\n   0: failure::backtrace::internal::InternalBacktrace::new\n             at /opt/rustwide/cargo-home/registry/src/index.crates.io-6f17d22bba15001f/failure-0.1.8/src/backtrace/internal.rs:46:44\n   1: failure::backtrace::Backtrace::new\n             at /opt/rustwide/cargo-home/registry/src/index.crates.io-6f17d22bba15001f/failure-0.1.8/src/backtrace/mod.rs:121:35\n   2: <failure::error::error_impl::ErrorImpl as core::convert::From<F>>::from\n             at /opt/rustwide/cargo-home/registry/src/index.crates.io-6f17d22bba15001f/failure-0.1.8/src/error/error_impl.rs:19:17\n   3: <failure::error::Error as core::convert::From<F>>::from\n             at /opt/rustwide/cargo-home/registry/src/index.crates.io-6f17d22bba15001f/failure-0.1.8/src/error/mod.rs:36:18\n   4: <core::result::Result<T,F> as core::ops::try_trait::FromResidual<core::result::Result<core::convert::Infallible,E>>>::from_residual\n             at /rustc/202008a1b8de96d2e5b6bc02d379db03a877d34d/library/core/src/result.rs:2009:27\n   5: binary_install::curl\n             at /opt/rustwide/cargo-home/registry/src/index.crates.io-6f17d22bba15001f/binary-install-0.0.2/src/lib.rs:249:9\n   6: binary_install::Cache::download\n             at /opt/rustwide/cargo-home/registry/src/index.crates.io-6f17d22bba15001f/binary-install-0.0.2/src/lib.rs:98:20\n   7: wasm_pack::install::download_prebuilt\n             at /opt/rustwide/cargo-home/registry/src/index.crates.io-6f17d22bba15001f/wasm-pack-0.10.3/src/install/mod.rs:153:19\n   8: wasm_pack::wasm_opt::find_wasm_opt\n             at /opt/rustwide/cargo-home/registry/src/index.crates.io-6f17d22bba15001f/wasm-pack-0.10.3/src/wasm_opt.rs:72:8\n   9: wasm_pack::wasm_opt::run\n             at /opt/rustwide/cargo-home/registry/src/index.crates.io-6f17d22bba15001f/wasm-pack-0.10.3/src/wasm_opt.rs:18:26\n  10: brainfk_rs::Language::optimize\n  "...<7124 bytes omitted>..."ction::FnOnce<A> for &F>::call_once::hba2470d01d3f5e41\n                               at /rustc/202008a1b8de96d2e5b6bc02d379db03a877d34d/library/core/src/ops/function.rs:284:13\n  25:     0x5e0303c59e97 - std::panicking::try::do_call::hc063fb73159aab72\n                               at /rustc/202008a1b8de96d2e5b6bc02d379db03a877d34d/library/std/src/panicking.rs:557:40\n  26:     0x5e0303c59e97 - std::panicking::try::h2767c6d245d3a3bb\n                               at /rustc/202008a1b8de96d2e5b6bc02d379db03a877d34d/library/std/src/panicking.rs:520:19\n  27:     0x5e0303c59e97 - std::panic::catch_unwind::h061c6ef75790da63\n                               at /rustc/202008a1b8de96d2e5b6bc02d379db03a877d34d/library/std/src/panic.rs:358:14\n  28:     0x5e0303c59e97 - std::rt::lang_start_internal::{{closure}}::h5c5e35b11a4b8c4e\n                               at /rustc/202008a1b8de96d2e5b6bc02d379db03a877d34d/library/std/src/rt.rs:174:48\n  29:     0x5e0303c59e97 - std::panicking::try::do_call::h705e99690a8109cc\n                               at /rustc/202008a1b8de96d2e5b6bc02d379db03a877d34d/library/std/src/panicking.rs:557:40\n  30:     0x5e0303c59e97 - std::panicking::try::he5f4452754ed9a34\n                               at /rustc/202008a1b8de96d2e5b6bc02d379db03a877d34d/library/std/src/panicking.rs:520:19\n  31:     0x5e0303c59e97 - std::panic::catch_unwind::h5db61b3bcbe883e5\n                               at /rustc/202008a1b8de96d2e5b6bc02d379db03a877d34d/library/std/src/panic.rs:358:14\n  32:     0x5e0303c59e97 - std::rt::lang_start_internal::h81da9b59bab665c6\n                               at /rustc/202008a1b8de96d2e5b6bc02d379db03a877d34d/library/std/src/rt.rs:174:20\n  33:     0x5e0300fbe90a - std::rt::lang_start::h2d5b3a7726db04c3\n                               at /rustc/202008a1b8de96d2e5b6bc02d379db03a877d34d/library/std/src/rt.rs:194:17\n  34:     0x5e0300fbf2ce - main\n  35:     0x74ea1ff7ed90 - <unknown>\n  36:     0x74ea1ff7ee40 - __libc_start_main\n  37:     0x5e0300fbe805 - _start\n  38:                0x0 - <unknown>\n"```
[INFO] [stdout] command=`"/opt/rustwide/target/debug/brainfk-rs" "run" "/opt/rustwide/workdir/tests/files/mandelbrot.bf" "--backend" "llvm"`
[INFO] [stdout] code=101
[INFO] [stdout] stdout=""
[INFO] [stdout] stderr=<11220 bytes total>"thread \'main\' panicked at src/lib.rs:214:10:\ncalled `Result::unwrap()` on an `Err` value: Error { description: \"Couldn\'t resolve host name\", code: 6, extra: Some(\"Could not resolve host: github.com\") }\n\n   0: failure::backtrace::internal::InternalBacktrace::new\n             at /opt/rustwide/cargo-home/registry/src/index.crates.io-6f17d22bba15001f/failure-0.1.8/src/backtrace/internal.rs:46:44\n   1: failure::backtrace::Backtrace::new\n             at /opt/rustwide/cargo-home/registry/src/index.crates.io-6f17d22bba15001f/failure-0.1.8/src/backtrace/mod.rs:121:35\n   2: <failure::error::error_impl::ErrorImpl as core::convert::From<F>>::from\n             at /opt/rustwide/cargo-home/registry/src/index.crates.io-6f17d22bba15001f/failure-0.1.8/src/error/error_impl.rs:19:17\n   3: <failure::error::Error as core::convert::From<F>>::from\n             at /opt/rustwide/cargo-home/registry/src/index.crates.io-6f17d22bba15001f/failure-0.1.8/src/error/mod.rs:36:18\n   4: <core::result::Result<T,F> as core::ops::try_trait::FromResidual<core::result::Result<core::convert::Infallible,E>>>::from_residual\n             at /rustc/202008a1b8de96d2e5b6bc02d379db03a877d34d/library/core/src/result.rs:2009:27\n   5: binary_install::curl\n             at /opt/rustwide/cargo-home/registry/src/index.crates.io-6f17d22bba15001f/binary-install-0.0.2/src/lib.rs:249:9\n   6: binary_install::Cache::download\n             at /opt/rustwide/cargo-home/registry/src/index.crates.io-6f17d22bba15001f/binary-install-0.0.2/src/lib.rs:98:20\n   7: wasm_pack::install::download_prebuilt\n             at /opt/rustwide/cargo-home/registry/src/index.crates.io-6f17d22bba15001f/wasm-pack-0.10.3/src/install/mod.rs:153:19\n   8: wasm_pack::wasm_opt::find_wasm_opt\n             at /opt/rustwide/cargo-home/registry/src/index.crates.io-6f17d22bba15001f/wasm-pack-0.10.3/src/wasm_opt.rs:72:8\n   9: wasm_pack::wasm_opt::run\n             at /opt/rustwide/cargo-home/registry/src/index.crates.io-6f17d22bba15001f/wasm-pack-0.10.3/src/wasm_opt.rs:18:26\n  10: brainfk_rs::Language::optimize\n  "...<7124 bytes omitted>..."ction::FnOnce<A> for &F>::call_once::hba2470d01d3f5e41\n                               at /rustc/202008a1b8de96d2e5b6bc02d379db03a877d34d/library/core/src/ops/function.rs:284:13\n  25:     0x5e0303c59e97 - std::panicking::try::do_call::hc063fb73159aab72\n                               at /rustc/202008a1b8de96d2e5b6bc02d379db03a877d34d/library/std/src/panicking.rs:557:40\n  26:     0x5e0303c59e97 - std::panicking::try::h2767c6d245d3a3bb\n                               at /rustc/202008a1b8de96d2e5b6bc02d379db03a877d34d/library/std/src/panicking.rs:520:19\n  27:     0x5e0303c59e97 - std::panic::catch_unwind::h061c6ef75790da63\n                               at /rustc/202008a1b8de96d2e5b6bc02d379db03a877d34d/library/std/src/panic.rs:358:14\n  28:     0x5e0303c59e97 - std::rt::lang_start_internal::{{closure}}::h5c5e35b11a4b8c4e\n                               at /rustc/202008a1b8de96d2e5b6bc02d379db03a877d34d/library/std/src/rt.rs:174:48\n  29:     0x5e0303c59e97 - std::panicking::try::do_call::h705e99690a8109cc\n                               at /rustc/202008a1b8de96d2e5b6bc02d379db03a877d34d/library/std/src/panicking.rs:557:40\n  30:     0x5e0303c59e97 - std::panicking::try::he5f4452754ed9a34\n                               at /rustc/202008a1b8de96d2e5b6bc02d379db03a877d34d/library/std/src/panicking.rs:520:19\n  31:     0x5e0303c59e97 - std::panic::catch_unwind::h5db61b3bcbe883e5\n                               at /rustc/202008a1b8de96d2e5b6bc02d379db03a877d34d/library/std/src/panic.rs:358:14\n  32:     0x5e0303c59e97 - std::rt::lang_start_internal::h81da9b59bab665c6\n                               at /rustc/202008a1b8de96d2e5b6bc02d379db03a877d34d/library/std/src/rt.rs:174:20\n  33:     0x5e0300fbe90a - std::rt::lang_start::h2d5b3a7726db04c3\n                               at /rustc/202008a1b8de96d2e5b6bc02d379db03a877d34d/library/std/src/rt.rs:194:17\n  34:     0x5e0300fbf2ce - main\n  35:     0x74ea1ff7ed90 - <unknown>\n  36:     0x74ea1ff7ee40 - __libc_start_main\n  37:     0x5e0300fbe805 - _start\n  38:                0x0 - <unknown>\n"
[INFO] [stdout] 
[INFO] [stdout] stack backtrace:
[INFO] [stdout]    0:     0x57d928ab28ca - std::backtrace_rs::backtrace::libunwind::trace::h8810477743020387
[INFO] [stdout]                                at /rustc/202008a1b8de96d2e5b6bc02d379db03a877d34d/library/std/src/../../backtrace/src/backtrace/libunwind.rs:116:5
[INFO] [stdout]    1:     0x57d928ab28ca - std::backtrace_rs::backtrace::trace_unsynchronized::h3aa55355dd6c54a6
[INFO] [stdout]                                at /rustc/202008a1b8de96d2e5b6bc02d379db03a877d34d/library/std/src/../../backtrace/src/backtrace/mod.rs:66:5
[INFO] [stdout]    2:     0x57d928ab28ca - std::sys::backtrace::_print_fmt::h8588b0f62410823f
[INFO] [stdout]                                at /rustc/202008a1b8de96d2e5b6bc02d379db03a877d34d/library/std/src/sys/backtrace.rs:66:9
[INFO] [stdout]    3:     0x57d928ab28ca - <std::sys::backtrace::BacktraceLock::print::DisplayBacktrace as core::fmt::Display>::fmt::h98c26ac25ffe89bb
[INFO] [stdout]                                at /rustc/202008a1b8de96d2e5b6bc02d379db03a877d34d/library/std/src/sys/backtrace.rs:39:26
[INFO] [stdout]    4:     0x57d928ad97a3 - core::fmt::rt::Argument::fmt::hf95377f4aebd453b
[INFO] [stdout]                                at /rustc/202008a1b8de96d2e5b6bc02d379db03a877d34d/library/core/src/fmt/rt.rs:177:76
[INFO] [stdout]    5:     0x57d928ad97a3 - core::fmt::write::h0dd5f6e2238c7982
[INFO] [stdout]                                at /rustc/202008a1b8de96d2e5b6bc02d379db03a877d34d/library/core/src/fmt/mod.rs:1189:21
[INFO] [stdout]    6:     0x57d928aaf5e3 - std::io::Write::write_fmt::h03bb0ca26e6faf8c
[INFO] [stdout]                                at /rustc/202008a1b8de96d2e5b6bc02d379db03a877d34d/library/std/src/io/mod.rs:1884:15
[INFO] [stdout]    7:     0x57d928ab2712 - std::sys::backtrace::BacktraceLock::print::h5c19c1c038ee186d
[INFO] [stdout]                                at /rustc/202008a1b8de96d2e5b6bc02d379db03a877d34d/library/std/src/sys/backtrace.rs:42:9
[INFO] [stdout]    8:     0x57d928ab3dcd - std::panicking::default_hook::{{closure}}::h77172f079a1fcb13
[INFO] [stdout]                                at /rustc/202008a1b8de96d2e5b6bc02d379db03a877d34d/library/std/src/panicking.rs:268:22
[INFO] [stdout]    9:     0x57d928ab3bd7 - std::panicking::default_hook::he5f8e3b203ccddba
[INFO] [stdout]                                at /rustc/202008a1b8de96d2e5b6bc02d379db03a877d34d/library/std/src/panicking.rs:292:9
[INFO] [stdout]   10:     0x57d928a3cad7 - <alloc::boxed::Box<F,A> as core::ops::function::Fn<Args>>::call::h7a3c7b4a1ae77f2f
[INFO] [stdout]                                at /rustc/202008a1b8de96d2e5b6bc02d379db03a877d34d/library/alloc/src/boxed.rs:1986:9
[INFO] [stdout]   11:     0x57d928a3cad7 - test::test_main::{{closure}}::hf0d3b69ae9b353d1
[INFO] [stdout]                                at /rustc/202008a1b8de96d2e5b6bc02d379db03a877d34d/library/test/src/lib.rs:134:21
[INFO] [stdout]   12:     0x57d928ab4478 - <alloc::boxed::Box<F,A> as core::ops::function::Fn<Args>>::call::h6332e82e7b189abd
[INFO] [stdout]                                at /rustc/202008a1b8de96d2e5b6bc02d379db03a877d34d/library/alloc/src/boxed.rs:1986:9
[INFO] [stdout]   13:     0x57d928ab4478 - std::panicking::rust_panic_with_hook::h53863d4e9018df39
[INFO] [stdout]                                at /rustc/202008a1b8de96d2e5b6bc02d379db03a877d34d/library/std/src/panicking.rs:809:13
[INFO] [stdout]   14:     0x57d928ab423a - std::panicking::begin_panic_handler::{{closure}}::h67280e6fa0757873
[INFO] [stdout]                                at /rustc/202008a1b8de96d2e5b6bc02d379db03a877d34d/library/std/src/panicking.rs:674:13
[INFO] [stdout]   15:     0x57d928ab2da9 - std::sys::backtrace::__rust_end_short_backtrace::h1dac3f54d6fbbeb2
[INFO] [stdout]                                at /rustc/202008a1b8de96d2e5b6bc02d379db03a877d34d/library/std/src/sys/backtrace.rs:170:18
[INFO] [stdout]   16:     0x57d928ab3ecc - rust_begin_unwind
[INFO] [stdout]                                at /rustc/202008a1b8de96d2e5b6bc02d379db03a877d34d/library/std/src/panicking.rs:665:5
[INFO] [stdout]   17:     0x57d9289fdbd0 - core::panicking::panic_fmt::h6792bd1b2bf01041
[INFO] [stdout]                                at /rustc/202008a1b8de96d2e5b6bc02d379db03a877d34d/library/core/src/panicking.rs:76:14
[INFO] [stdout]   18:     0x57d928a4fac3 - core::panicking::panic_display::ha8addabb81a78437
[INFO] [stdout]                                at /rustc/202008a1b8de96d2e5b6bc02d379db03a877d34d/library/core/src/panicking.rs:269:5
[INFO] [stdout]   19:     0x57d928a50877 - assert_cmd::assert::AssertError::panic::h08d3016d437058a9
[INFO] [stdout]                                at /opt/rustwide/cargo-home/registry/src/index.crates.io-6f17d22bba15001f/assert_cmd-2.0.4/src/assert.rs:1036:9
[INFO] [stdout]   20:     0x57d928a4d0d7 - core::ops::function::FnOnce::call_once::h756c1b0207839602
[INFO] [stdout]                                at /rustc/202008a1b8de96d2e5b6bc02d379db03a877d34d/library/core/src/ops/function.rs:250:5
[INFO] [stdout]   21:     0x57d928a4b7b0 - core::result::Result<T,E>::unwrap_or_else::ha95bdffa529acf6b
[INFO] [stdout]                                at /rustc/202008a1b8de96d2e5b6bc02d379db03a877d34d/library/core/src/result.rs:1458:23
[INFO] [stdout]   22:     0x57d928a4fff6 - assert_cmd::assert::Assert::success::hecd4fb72d269f692
[INFO] [stdout]                                at /opt/rustwide/cargo-home/registry/src/index.crates.io-6f17d22bba15001f/assert_cmd-2.0.4/src/assert.rs:156:9
[INFO] [stdout]   23:     0x57d928a02eb3 - cli::compiler_sanity_check::hedaac391f48882c8
[INFO] [stdout]                                at /opt/rustwide/workdir/tests/cli.rs:33:9
[INFO] [stdout]   24:     0x57d928a026b7 - cli::compiler_sanity_check::{{closure}}::h4159b2582739aaf5
[INFO] [stdout]                                at /opt/rustwide/workdir/tests/cli.rs:7:31
[INFO] [stdout]   25:     0x57d9289ff966 - core::ops::function::FnOnce::call_once::hbe22b9e28dc944bb
[INFO] [stdout]                                at /rustc/202008a1b8de96d2e5b6bc02d379db03a877d34d/library/core/src/ops/function.rs:250:5
[INFO] [stdout]   26:     0x57d928a415fb - core::ops::function::FnOnce::call_once::h871bf86719ec9aa4
[INFO] [stdout]                                at /rustc/202008a1b8de96d2e5b6bc02d379db03a877d34d/library/core/src/ops/function.rs:250:5
[INFO] [stdout]   27:     0x57d928a415fb - test::__rust_begin_short_backtrace::h2167df1e2b7d76fd
[INFO] [stdout]                                at /rustc/202008a1b8de96d2e5b6bc02d379db03a877d34d/library/test/src/lib.rs:632:18
[INFO] [stdout]   28:     0x57d928a40fe8 - test::run_test_in_process::{{closure}}::h15d92f75a3adfb79
[INFO] [stdout]                                at /rustc/202008a1b8de96d2e5b6bc02d379db03a877d34d/library/test/src/lib.rs:655:60
[INFO] [stdout]   29:     0x57d928a40fe8 - <core::panic::unwind_safe::AssertUnwindSafe<F> as core::ops::function::FnOnce<()>>::call_once::hb6c8955835a8dbbb
[INFO] [stdout]                                at /rustc/202008a1b8de96d2e5b6bc02d379db03a877d34d/library/core/src/panic/unwind_safe.rs:272:9
[INFO] [stdout]   30:     0x57d928a40fe8 - std::panicking::try::do_call::hc79d0fc888a0bd30
[INFO] [stdout]                                at /rustc/202008a1b8de96d2e5b6bc02d379db03a877d34d/library/std/src/panicking.rs:557:40
[INFO] [stdout]   31:     0x57d928a40fe8 - std::panicking::try::hb8a7878e3a8589d6
[INFO] [stdout]                                at /rustc/202008a1b8de96d2e5b6bc02d379db03a877d34d/library/std/src/panicking.rs:520:19
[INFO] [stdout]   32:     0x57d928a40fe8 - std::panic::catch_unwind::hb8e4600ff0ff5cfa
[INFO] [stdout]                                at /rustc/202008a1b8de96d2e5b6bc02d379db03a877d34d/library/std/src/panic.rs:358:14
[INFO] [stdout]   33:     0x57d928a40fe8 - test::run_test_in_process::hc2900b0b18688dd6
[INFO] [stdout]                                at /rustc/202008a1b8de96d2e5b6bc02d379db03a877d34d/library/test/src/lib.rs:655:27
[INFO] [stdout]   34:     0x57d928a40fe8 - test::run_test::{{closure}}::hac2a9cb07be3d48d
[INFO] [stdout]                                at /rustc/202008a1b8de96d2e5b6bc02d379db03a877d34d/library/test/src/lib.rs:576:43
[INFO] [stdout]   35:     0x57d928a04a8a - test::run_test::{{closure}}::h4a5b729e66a38cd8
[INFO] [stdout]                                at /rustc/202008a1b8de96d2e5b6bc02d379db03a877d34d/library/test/src/lib.rs:606:41
[INFO] [stdout]   36:     0x57d928a04a8a - std::sys::backtrace::__rust_begin_short_backtrace::h0496fb742492f573
[INFO] [stdout]                                at /rustc/202008a1b8de96d2e5b6bc02d379db03a877d34d/library/std/src/sys/backtrace.rs:154:18
[INFO] [stdout]   37:     0x57d928a08404 - std::thread::Builder::spawn_unchecked_::{{closure}}::{{closure}}::hbb6d257c550a54bd
[INFO] [stdout]                                at /rustc/202008a1b8de96d2e5b6bc02d379db03a877d34d/library/std/src/thread/mod.rs:561:17
[INFO] [stdout]   38:     0x57d928a08404 - <core::panic::unwind_safe::AssertUnwindSafe<F> as core::ops::function::FnOnce<()>>::call_once::h46696fe4a6832328
[INFO] [stdout]                                at /rustc/202008a1b8de96d2e5b6bc02d379db03a877d34d/library/core/src/panic/unwind_safe.rs:272:9
[INFO] [stdout]   39:     0x57d928a08404 - std::panicking::try::do_call::h2625a51b667bfb64
[INFO] [stdout]                                at /rustc/202008a1b8de96d2e5b6bc02d379db03a877d34d/library/std/src/panicking.rs:557:40
[INFO] [stdout]   40:     0x57d928a08404 - std::panicking::try::hb956a59a1973aa4c
[INFO] [stdout]                                at /rustc/202008a1b8de96d2e5b6bc02d379db03a877d34d/library/std/src/panicking.rs:520:19
[INFO] [stdout]   41:     0x57d928a08404 - std::panic::catch_unwind::h64f3b9d1067ef6a0
[INFO] [stdout]                                at /rustc/202008a1b8de96d2e5b6bc02d379db03a877d34d/library/std/src/panic.rs:358:14
[INFO] [stdout]   42:     0x57d928a08404 - std::thread::Builder::spawn_unchecked_::{{closure}}::h42b2841295b6c0b2
[INFO] [stdout]                                at /rustc/202008a1b8de96d2e5b6bc02d379db03a877d34d/library/std/src/thread/mod.rs:559:30
[INFO] [stdout]   43:     0x57d928a08404 - core::ops::function::FnOnce::call_once{{vtable.shim}}::h6127de71b8124639
[INFO] [stdout]                                at /rustc/202008a1b8de96d2e5b6bc02d379db03a877d34d/library/core/src/ops/function.rs:250:5
[INFO] [stdout]   44:     0x57d928ab91fb - <alloc::boxed::Box<F,A> as core::ops::function::FnOnce<Args>>::call_once::h42f0ba71002a1b2c
[INFO] [stdout]                                at /rustc/202008a1b8de96d2e5b6bc02d379db03a877d34d/library/alloc/src/boxed.rs:1972:9
[INFO] [stdout]   45:     0x57d928ab91fb - <alloc::boxed::Box<F,A> as core::ops::function::FnOnce<Args>>::call_once::had9e47d7a3dcecb8
[INFO] [stdout]                                at /rustc/202008a1b8de96d2e5b6bc02d379db03a877d34d/library/alloc/src/boxed.rs:1972:9
[INFO] [stdout]   46:     0x57d928ab91fb - std::sys::pal::unix::thread::Thread::new::thread_start::h48cf765408f6f5f2
[INFO] [stdout]                                at /rustc/202008a1b8de96d2e5b6bc02d379db03a877d34d/library/std/src/sys/pal/unix/thread.rs:105:17
[INFO] [stdout]   47:     0x795ff5f99ac3 - <unknown>
[INFO] [stdout]   48:     0x795ff602aa04 - clone
[INFO] [stdout]   49:                0x0 - <unknown>
[INFO] [stdout] 
[INFO] [stdout] 
[INFO] [stdout] failures:
[INFO] [stdout]     compiler_sanity_check
[INFO] [stdout] 
[INFO] [stdout] test result: FAILED. 0 passed; 1 failed; 0 ignored; 0 measured; 0 filtered out; finished in 1.75s
[INFO] [stdout] 
[INFO] running `Command { std: "docker" "inspect" "7104ed77806867fe38aed58e3e466a296c9d5a59c78040b2e21d33ee94a8b01f", kill_on_drop: false }`
[INFO] running `Command { std: "docker" "rm" "-f" "7104ed77806867fe38aed58e3e466a296c9d5a59c78040b2e21d33ee94a8b01f", kill_on_drop: false }`
[INFO] [stdout] 7104ed77806867fe38aed58e3e466a296c9d5a59c78040b2e21d33ee94a8b01f
