[INFO] cloning repository https://github.com/cord-proj/cord-broker
[INFO] running `Command { std: "git" "-c" "credential.helper=" "-c" "credential.helper=/workspace/cargo-home/bin/git-credential-null" "clone" "--bare" "https://github.com/cord-proj/cord-broker" "/workspace/cache/git-repos/https%3A%2F%2Fgithub.com%2Fcord-proj%2Fcord-broker", kill_on_drop: false }`
[INFO] [stderr] Cloning into bare repository '/workspace/cache/git-repos/https%3A%2F%2Fgithub.com%2Fcord-proj%2Fcord-broker'...
[INFO] running `Command { std: "git" "rev-parse" "HEAD", kill_on_drop: false }`
[INFO] [stdout] e8159d3400f56c537c7d91e3c0e4c15d4606085e
[INFO] testing cord-proj/cord-broker against 1.83.0 for beta-1.84.0-4-retry
[INFO] running `Command { std: "git" "clone" "/workspace/cache/git-repos/https%3A%2F%2Fgithub.com%2Fcord-proj%2Fcord-broker" "/workspace/builds/worker-1-tc1/source", kill_on_drop: false }`
[INFO] [stderr] Cloning into '/workspace/builds/worker-1-tc1/source'...
[INFO] [stderr] done.
[INFO] validating manifest of git repo https://github.com/cord-proj/cord-broker on toolchain 1.83.0
[INFO] running `Command { std: CARGO_HOME="/workspace/cargo-home" RUSTUP_HOME="/workspace/rustup-home" "/workspace/cargo-home/bin/cargo" "+1.83.0" "metadata" "--manifest-path" "Cargo.toml" "--no-deps", kill_on_drop: false }`
[INFO] started tweaking git repo https://github.com/cord-proj/cord-broker
[INFO] finished tweaking git repo https://github.com/cord-proj/cord-broker
[INFO] tweaked toml for git repo https://github.com/cord-proj/cord-broker written to /workspace/builds/worker-1-tc1/source/Cargo.toml
[INFO] crate git repo https://github.com/cord-proj/cord-broker already has a lockfile, it will not be regenerated
[INFO] running `Command { std: CARGO_HOME="/workspace/cargo-home" RUSTUP_HOME="/workspace/rustup-home" "/workspace/cargo-home/bin/cargo" "+1.83.0" "fetch" "--manifest-path" "Cargo.toml", kill_on_drop: false }`
[INFO] [stderr]     Updating crates.io index
[INFO] [stderr]  Downloading crates ...
[INFO] [stderr]   Downloaded cord-message v0.3.0
[INFO] [stderr]   Downloaded cord-client v0.3.0
[INFO] running `Command { std: "docker" "create" "-v" "/var/lib/crater-agent-workspace/builds/worker-1-tc1/target:/opt/rustwide/target:rw,Z" "-v" "/var/lib/crater-agent-workspace/builds/worker-1-tc1/source:/opt/rustwide/workdir:ro,Z" "-v" "/var/lib/crater-agent-workspace/cargo-home:/opt/rustwide/cargo-home:ro,Z" "-v" "/var/lib/crater-agent-workspace/rustup-home:/opt/rustwide/rustup-home:ro,Z" "-e" "SOURCE_DIR=/opt/rustwide/workdir" "-e" "CARGO_TARGET_DIR=/opt/rustwide/target" "-e" "CARGO_HOME=/opt/rustwide/cargo-home" "-e" "RUSTUP_HOME=/opt/rustwide/rustup-home" "-w" "/opt/rustwide/workdir" "-m" "1610612736" "--user" "0:0" "--network" "none" "ghcr.io/rust-lang/crates-build-env/linux@sha256:f3a9d4ad9d972b27faf3965f35b62e55ba32bbce8f20bc8fe909558a86702fde" "/opt/rustwide/cargo-home/bin/cargo" "+1.83.0" "metadata" "--no-deps" "--format-version=1", kill_on_drop: false }`
[INFO] [stdout] ff3909d637dd17c139e5cdf5d0257ba9c2ee5dcc0db4456cdb1d8329de70696d
[INFO] running `Command { std: "docker" "start" "-a" "ff3909d637dd17c139e5cdf5d0257ba9c2ee5dcc0db4456cdb1d8329de70696d", kill_on_drop: false }`
[INFO] running `Command { std: "docker" "inspect" "ff3909d637dd17c139e5cdf5d0257ba9c2ee5dcc0db4456cdb1d8329de70696d", kill_on_drop: false }`
[INFO] running `Command { std: "docker" "rm" "-f" "ff3909d637dd17c139e5cdf5d0257ba9c2ee5dcc0db4456cdb1d8329de70696d", kill_on_drop: false }`
[INFO] [stdout] ff3909d637dd17c139e5cdf5d0257ba9c2ee5dcc0db4456cdb1d8329de70696d
[INFO] running `Command { std: "docker" "create" "-v" "/var/lib/crater-agent-workspace/builds/worker-1-tc1/target:/opt/rustwide/target:rw,Z" "-v" "/var/lib/crater-agent-workspace/builds/worker-1-tc1/source:/opt/rustwide/workdir:ro,Z" "-v" "/var/lib/crater-agent-workspace/cargo-home:/opt/rustwide/cargo-home:ro,Z" "-v" "/var/lib/crater-agent-workspace/rustup-home:/opt/rustwide/rustup-home:ro,Z" "-e" "SOURCE_DIR=/opt/rustwide/workdir" "-e" "CARGO_TARGET_DIR=/opt/rustwide/target" "-e" "CARGO_INCREMENTAL=0" "-e" "RUST_BACKTRACE=full" "-e" "RUSTFLAGS=--cap-lints=warn" "-e" "RUSTDOCFLAGS=--cap-lints=warn" "-e" "CARGO_HOME=/opt/rustwide/cargo-home" "-e" "RUSTUP_HOME=/opt/rustwide/rustup-home" "-w" "/opt/rustwide/workdir" "-m" "1610612736" "--user" "0:0" "--network" "none" "ghcr.io/rust-lang/crates-build-env/linux@sha256:f3a9d4ad9d972b27faf3965f35b62e55ba32bbce8f20bc8fe909558a86702fde" "/opt/rustwide/cargo-home/bin/cargo" "+1.83.0" "build" "--frozen" "--message-format=json", kill_on_drop: false }`
[INFO] [stdout] 296ffb99720155e23be0f8e02c55816e4a753ce89ce71e1b24093968352cc291
[INFO] running `Command { std: "docker" "start" "-a" "296ffb99720155e23be0f8e02c55816e4a753ce89ce71e1b24093968352cc291", kill_on_drop: false }`
[INFO] [stderr]    Compiling proc-macro2 v1.0.47
[INFO] [stderr]    Compiling unicode-ident v1.0.5
[INFO] [stderr]    Compiling quote v1.0.21
[INFO] [stderr]    Compiling libc v0.2.135
[INFO] [stderr]    Compiling autocfg v1.1.0
[INFO] [stderr]    Compiling syn v1.0.102
[INFO] [stderr]    Compiling memchr v2.5.0
[INFO] [stderr]    Compiling version_check v0.9.4
[INFO] [stderr]    Compiling cfg-if v1.0.0
[INFO] [stderr]    Compiling futures-core v0.3.24
[INFO] [stderr]    Compiling log v0.4.17
[INFO] [stderr]    Compiling futures-sink v0.3.24
[INFO] [stderr]    Compiling pin-project-lite v0.2.9
[INFO] [stderr]    Compiling futures-channel v0.3.24
[INFO] [stderr]    Compiling futures-task v0.3.24
[INFO] [stderr]    Compiling cc v1.0.73
[INFO] [stderr]    Compiling futures-util v0.3.24
[INFO] [stderr]    Compiling gimli v0.26.2
[INFO] [stderr]    Compiling bytes v1.2.1
[INFO] [stderr]    Compiling adler v1.0.2
[INFO] [stderr]    Compiling rustc-demangle v0.1.21
[INFO] [stderr]    Compiling miniz_oxide v0.5.4
[INFO] [stdout] error: linking with `cc` failed: exit status: 1
[INFO] [stdout]   |
[INFO] [stdout]   = note: LC_ALL="C" PATH="/opt/rustwide/rustup-home/toolchains/1.83.0-x86_64-unknown-linux-gnu/lib/rustlib/x86_64-unknown-linux-gnu/bin:/opt/rustwide/cargo-home/bin:/usr/local/sbin:/usr/local/bin:/usr/sbin:/usr/bin:/sbin:/bin" VSLANG="1033" "cc" "-m64" "/tmp/rustcC3NxmW/symbols.o" "/opt/rustwide/target/debug/build/syn-c97ca78c7f05a2e9/build_script_build-c97ca78c7f05a2e9.build_script_build.3560c5f1f4cb8a3d-cgu.0.rcgu.o" "/opt/rustwide/target/debug/build/syn-c97ca78c7f05a2e9/build_script_build-c97ca78c7f05a2e9.build_script_build.3560c5f1f4cb8a3d-cgu.1.rcgu.o" "/opt/rustwide/target/debug/build/syn-c97ca78c7f05a2e9/build_script_build-c97ca78c7f05a2e9.build_script_build.3560c5f1f4cb8a3d-cgu.2.rcgu.o" "/opt/rustwide/target/debug/build/syn-c97ca78c7f05a2e9/build_script_build-c97ca78c7f05a2e9.2ztd3irwr18t212hu3j7y0mx2.rcgu.o" "-Wl,--as-needed" "-Wl,-Bstatic" "/opt/rustwide/rustup-home/toolchains/1.83.0-x86_64-unknown-linux-gnu/lib/rustlib/x86_64-unknown-linux-gnu/lib/libstd-ca74a2d9c5166d9f.rlib" "/opt/rustwide/rustup-home/toolchains/1.83.0-x86_64-unknown-linux-gnu/lib/rustlib/x86_64-unknown-linux-gnu/lib/libpanic_unwind-e31ab23316ed5080.rlib" "/opt/rustwide/rustup-home/toolchains/1.83.0-x86_64-unknown-linux-gnu/lib/rustlib/x86_64-unknown-linux-gnu/lib/libobject-27dc4aa955912662.rlib" "/opt/rustwide/rustup-home/toolchains/1.83.0-x86_64-unknown-linux-gnu/lib/rustlib/x86_64-unknown-linux-gnu/lib/libmemchr-bd0d6cccce077b99.rlib" "/opt/rustwide/rustup-home/toolchains/1.83.0-x86_64-unknown-linux-gnu/lib/rustlib/x86_64-unknown-linux-gnu/lib/libaddr2line-8d001680935b5e3c.rlib" "/opt/rustwide/rustup-home/toolchains/1.83.0-x86_64-unknown-linux-gnu/lib/rustlib/x86_64-unknown-linux-gnu/lib/libgimli-ba8ce71964f984f4.rlib" "/opt/rustwide/rustup-home/toolchains/1.83.0-x86_64-unknown-linux-gnu/lib/rustlib/x86_64-unknown-linux-gnu/lib/librustc_demangle-99a73526abcec14b.rlib" "/opt/rustwide/rustup-home/toolchains/1.83.0-x86_64-unknown-linux-gnu/lib/rustlib/x86_64-unknown-linux-gnu/lib/libstd_detect-63ac0d22cff92579.rlib" "/opt/rustwide/rustup-home/toolchains/1.83.0-x86_64-unknown-linux-gnu/lib/rustlib/x86_64-unknown-linux-gnu/lib/libhashbrown-9057355c92c922d5.rlib" "/opt/rustwide/rustup-home/toolchains/1.83.0-x86_64-unknown-linux-gnu/lib/rustlib/x86_64-unknown-linux-gnu/lib/librustc_std_workspace_alloc-358be9bc1f6bab04.rlib" "/opt/rustwide/rustup-home/toolchains/1.83.0-x86_64-unknown-linux-gnu/lib/rustlib/x86_64-unknown-linux-gnu/lib/libminiz_oxide-aca15549d5bff974.rlib" "/opt/rustwide/rustup-home/toolchains/1.83.0-x86_64-unknown-linux-gnu/lib/rustlib/x86_64-unknown-linux-gnu/lib/libadler-8251d2cef7072448.rlib" "/opt/rustwide/rustup-home/toolchains/1.83.0-x86_64-unknown-linux-gnu/lib/rustlib/x86_64-unknown-linux-gnu/lib/libunwind-7d50b86011c66411.rlib" "/opt/rustwide/rustup-home/toolchains/1.83.0-x86_64-unknown-linux-gnu/lib/rustlib/x86_64-unknown-linux-gnu/lib/libcfg_if-51ea098fce5006bf.rlib" "/opt/rustwide/rustup-home/toolchains/1.83.0-x86_64-unknown-linux-gnu/lib/rustlib/x86_64-unknown-linux-gnu/lib/liblibc-5a14e0d0b712e731.rlib" "/opt/rustwide/rustup-home/toolchains/1.83.0-x86_64-unknown-linux-gnu/lib/rustlib/x86_64-unknown-linux-gnu/lib/liballoc-8b83dbf3a7b8f999.rlib" "/opt/rustwide/rustup-home/toolchains/1.83.0-x86_64-unknown-linux-gnu/lib/rustlib/x86_64-unknown-linux-gnu/lib/librustc_std_workspace_core-c6fd227bdc7b39ff.rlib" "/opt/rustwide/rustup-home/toolchains/1.83.0-x86_64-unknown-linux-gnu/lib/rustlib/x86_64-unknown-linux-gnu/lib/libcore-959d3389fa3da8a5.rlib" "/opt/rustwide/rustup-home/toolchains/1.83.0-x86_64-unknown-linux-gnu/lib/rustlib/x86_64-unknown-linux-gnu/lib/libcompiler_builtins-abe05db089cc2c62.rlib" "-Wl,-Bdynamic" "-lgcc_s" "-lutil" "-lrt" "-lpthread" "-lm" "-ldl" "-lc" "-Wl,--eh-frame-hdr" "-Wl,-z,noexecstack" "-L" "/opt/rustwide/rustup-home/toolchains/1.83.0-x86_64-unknown-linux-gnu/lib/rustlib/x86_64-unknown-linux-gnu/lib" "-o" "/opt/rustwide/target/debug/build/syn-c97ca78c7f05a2e9/build_script_build-c97ca78c7f05a2e9" "-Wl,--gc-sections" "-pie" "-Wl,-z,relro,-z,now" "-nodefaultlibs"
[INFO] [stdout]   = note: /usr/bin/ld: final link failed: No space left on device
[INFO] [stdout]           collect2: error: ld returned 1 exit status
[INFO] [stdout]           
[INFO] [stdout] 
[INFO] [stdout] 
[INFO] [stderr] error: could not compile `syn` (build script) due to 1 previous error
[INFO] [stderr] warning: build failed, waiting for other jobs to finish...
[INFO] [stdout] error: linking with `cc` failed: exit status: 1
[INFO] [stdout]   |
[INFO] [stdout]   = note: LC_ALL="C" PATH="/opt/rustwide/rustup-home/toolchains/1.83.0-x86_64-unknown-linux-gnu/lib/rustlib/x86_64-unknown-linux-gnu/bin:/opt/rustwide/cargo-home/bin:/usr/local/sbin:/usr/local/bin:/usr/sbin:/usr/bin:/sbin:/bin" VSLANG="1033" "cc" "-m64" "/tmp/rustcO1kbqQ/symbols.o" "/opt/rustwide/target/debug/build/quote-f98dc89ca643612d/build_script_build-f98dc89ca643612d.build_script_build.9f57a50518552a27-cgu.0.rcgu.o" "/opt/rustwide/target/debug/build/quote-f98dc89ca643612d/build_script_build-f98dc89ca643612d.81noibuein3avo26af4u20lsx.rcgu.o" "-Wl,--as-needed" "-Wl,-Bstatic" "/opt/rustwide/rustup-home/toolchains/1.83.0-x86_64-unknown-linux-gnu/lib/rustlib/x86_64-unknown-linux-gnu/lib/libstd-ca74a2d9c5166d9f.rlib" "/opt/rustwide/rustup-home/toolchains/1.83.0-x86_64-unknown-linux-gnu/lib/rustlib/x86_64-unknown-linux-gnu/lib/libpanic_unwind-e31ab23316ed5080.rlib" "/opt/rustwide/rustup-home/toolchains/1.83.0-x86_64-unknown-linux-gnu/lib/rustlib/x86_64-unknown-linux-gnu/lib/libobject-27dc4aa955912662.rlib" "/opt/rustwide/rustup-home/toolchains/1.83.0-x86_64-unknown-linux-gnu/lib/rustlib/x86_64-unknown-linux-gnu/lib/libmemchr-bd0d6cccce077b99.rlib" "/opt/rustwide/rustup-home/toolchains/1.83.0-x86_64-unknown-linux-gnu/lib/rustlib/x86_64-unknown-linux-gnu/lib/libaddr2line-8d001680935b5e3c.rlib" "/opt/rustwide/rustup-home/toolchains/1.83.0-x86_64-unknown-linux-gnu/lib/rustlib/x86_64-unknown-linux-gnu/lib/libgimli-ba8ce71964f984f4.rlib" "/opt/rustwide/rustup-home/toolchains/1.83.0-x86_64-unknown-linux-gnu/lib/rustlib/x86_64-unknown-linux-gnu/lib/librustc_demangle-99a73526abcec14b.rlib" "/opt/rustwide/rustup-home/toolchains/1.83.0-x86_64-unknown-linux-gnu/lib/rustlib/x86_64-unknown-linux-gnu/lib/libstd_detect-63ac0d22cff92579.rlib" "/opt/rustwide/rustup-home/toolchains/1.83.0-x86_64-unknown-linux-gnu/lib/rustlib/x86_64-unknown-linux-gnu/lib/libhashbrown-9057355c92c922d5.rlib" "/opt/rustwide/rustup-home/toolchains/1.83.0-x86_64-unknown-linux-gnu/lib/rustlib/x86_64-unknown-linux-gnu/lib/librustc_std_workspace_alloc-358be9bc1f6bab04.rlib" "/opt/rustwide/rustup-home/toolchains/1.83.0-x86_64-unknown-linux-gnu/lib/rustlib/x86_64-unknown-linux-gnu/lib/libminiz_oxide-aca15549d5bff974.rlib" "/opt/rustwide/rustup-home/toolchains/1.83.0-x86_64-unknown-linux-gnu/lib/rustlib/x86_64-unknown-linux-gnu/lib/libadler-8251d2cef7072448.rlib" "/opt/rustwide/rustup-home/toolchains/1.83.0-x86_64-unknown-linux-gnu/lib/rustlib/x86_64-unknown-linux-gnu/lib/libunwind-7d50b86011c66411.rlib" "/opt/rustwide/rustup-home/toolchains/1.83.0-x86_64-unknown-linux-gnu/lib/rustlib/x86_64-unknown-linux-gnu/lib/libcfg_if-51ea098fce5006bf.rlib" "/opt/rustwide/rustup-home/toolchains/1.83.0-x86_64-unknown-linux-gnu/lib/rustlib/x86_64-unknown-linux-gnu/lib/liblibc-5a14e0d0b712e731.rlib" "/opt/rustwide/rustup-home/toolchains/1.83.0-x86_64-unknown-linux-gnu/lib/rustlib/x86_64-unknown-linux-gnu/lib/liballoc-8b83dbf3a7b8f999.rlib" "/opt/rustwide/rustup-home/toolchains/1.83.0-x86_64-unknown-linux-gnu/lib/rustlib/x86_64-unknown-linux-gnu/lib/librustc_std_workspace_core-c6fd227bdc7b39ff.rlib" "/opt/rustwide/rustup-home/toolchains/1.83.0-x86_64-unknown-linux-gnu/lib/rustlib/x86_64-unknown-linux-gnu/lib/libcore-959d3389fa3da8a5.rlib" "/opt/rustwide/rustup-home/toolchains/1.83.0-x86_64-unknown-linux-gnu/lib/rustlib/x86_64-unknown-linux-gnu/lib/libcompiler_builtins-abe05db089cc2c62.rlib" "-Wl,-Bdynamic" "-lgcc_s" "-lutil" "-lrt" "-lpthread" "-lm" "-ldl" "-lc" "-Wl,--eh-frame-hdr" "-Wl,-z,noexecstack" "-L" "/opt/rustwide/rustup-home/toolchains/1.83.0-x86_64-unknown-linux-gnu/lib/rustlib/x86_64-unknown-linux-gnu/lib" "-o" "/opt/rustwide/target/debug/build/quote-f98dc89ca643612d/build_script_build-f98dc89ca643612d" "-Wl,--gc-sections" "-pie" "-Wl,-z,relro,-z,now" "-nodefaultlibs"
[INFO] [stdout]   = note: /usr/bin/ld: final link failed: No space left on device
[INFO] [stdout]           collect2: error: ld returned 1 exit status
[INFO] [stdout]           
[INFO] [stdout] 
[INFO] [stdout] 
[INFO] [stderr] error: could not compile `quote` (build script) due to 1 previous error
[INFO] [stderr] rustc-LLVM ERROR: IO failure on output stream: No space left on device
[INFO] [stdout] error: linking with `cc` failed: exit status: 1
[INFO] [stdout]   |
[INFO] [stdout]   = note: LC_ALL="C" PATH="/opt/rustwide/rustup-home/toolchains/1.83.0-x86_64-unknown-linux-gnu/lib/rustlib/x86_64-unknown-linux-gnu/bin:/opt/rustwide/cargo-home/bin:/usr/local/sbin:/usr/local/bin:/usr/sbin:/usr/bin:/sbin:/bin" VSLANG="1033" "cc" "-m64" "/tmp/rustcF2cILy/symbols.o" "/opt/rustwide/target/debug/build/futures-util-057a8c4f26920fed/build_script_build-057a8c4f26920fed.build_script_build.1afe1f32ab7e9f7f-cgu.0.rcgu.o" "/opt/rustwide/target/debug/build/futures-util-057a8c4f26920fed/build_script_build-057a8c4f26920fed.15c4nm34q52we1h08rrr38jht.rcgu.o" "-Wl,--as-needed" "-Wl,-Bstatic" "/opt/rustwide/rustup-home/toolchains/1.83.0-x86_64-unknown-linux-gnu/lib/rustlib/x86_64-unknown-linux-gnu/lib/libstd-ca74a2d9c5166d9f.rlib" "/opt/rustwide/rustup-home/toolchains/1.83.0-x86_64-unknown-linux-gnu/lib/rustlib/x86_64-unknown-linux-gnu/lib/libpanic_unwind-e31ab23316ed5080.rlib" "/opt/rustwide/rustup-home/toolchains/1.83.0-x86_64-unknown-linux-gnu/lib/rustlib/x86_64-unknown-linux-gnu/lib/libobject-27dc4aa955912662.rlib" "/opt/rustwide/rustup-home/toolchains/1.83.0-x86_64-unknown-linux-gnu/lib/rustlib/x86_64-unknown-linux-gnu/lib/libmemchr-bd0d6cccce077b99.rlib" "/opt/rustwide/rustup-home/toolchains/1.83.0-x86_64-unknown-linux-gnu/lib/rustlib/x86_64-unknown-linux-gnu/lib/libaddr2line-8d001680935b5e3c.rlib" "/opt/rustwide/rustup-home/toolchains/1.83.0-x86_64-unknown-linux-gnu/lib/rustlib/x86_64-unknown-linux-gnu/lib/libgimli-ba8ce71964f984f4.rlib" "/opt/rustwide/rustup-home/toolchains/1.83.0-x86_64-unknown-linux-gnu/lib/rustlib/x86_64-unknown-linux-gnu/lib/librustc_demangle-99a73526abcec14b.rlib" "/opt/rustwide/rustup-home/toolchains/1.83.0-x86_64-unknown-linux-gnu/lib/rustlib/x86_64-unknown-linux-gnu/lib/libstd_detect-63ac0d22cff92579.rlib" "/opt/rustwide/rustup-home/toolchains/1.83.0-x86_64-unknown-linux-gnu/lib/rustlib/x86_64-unknown-linux-gnu/lib/libhashbrown-9057355c92c922d5.rlib" "/opt/rustwide/rustup-home/toolchains/1.83.0-x86_64-unknown-linux-gnu/lib/rustlib/x86_64-unknown-linux-gnu/lib/librustc_std_workspace_alloc-358be9bc1f6bab04.rlib" "/opt/rustwide/rustup-home/toolchains/1.83.0-x86_64-unknown-linux-gnu/lib/rustlib/x86_64-unknown-linux-gnu/lib/libminiz_oxide-aca15549d5bff974.rlib" "/opt/rustwide/rustup-home/toolchains/1.83.0-x86_64-unknown-linux-gnu/lib/rustlib/x86_64-unknown-linux-gnu/lib/libadler-8251d2cef7072448.rlib" "/opt/rustwide/rustup-home/toolchains/1.83.0-x86_64-unknown-linux-gnu/lib/rustlib/x86_64-unknown-linux-gnu/lib/libunwind-7d50b86011c66411.rlib" "/opt/rustwide/rustup-home/toolchains/1.83.0-x86_64-unknown-linux-gnu/lib/rustlib/x86_64-unknown-linux-gnu/lib/libcfg_if-51ea098fce5006bf.rlib" "/opt/rustwide/rustup-home/toolchains/1.83.0-x86_64-unknown-linux-gnu/lib/rustlib/x86_64-unknown-linux-gnu/lib/liblibc-5a14e0d0b712e731.rlib" "/opt/rustwide/rustup-home/toolchains/1.83.0-x86_64-unknown-linux-gnu/lib/rustlib/x86_64-unknown-linux-gnu/lib/liballoc-8b83dbf3a7b8f999.rlib" "/opt/rustwide/rustup-home/toolchains/1.83.0-x86_64-unknown-linux-gnu/lib/rustlib/x86_64-unknown-linux-gnu/lib/librustc_std_workspace_core-c6fd227bdc7b39ff.rlib" "/opt/rustwide/rustup-home/toolchains/1.83.0-x86_64-unknown-linux-gnu/lib/rustlib/x86_64-unknown-linux-gnu/lib/libcore-959d3389fa3da8a5.rlib" "/opt/rustwide/rustup-home/toolchains/1.83.0-x86_64-unknown-linux-gnu/lib/rustlib/x86_64-unknown-linux-gnu/lib/libcompiler_builtins-abe05db089cc2c62.rlib" "-Wl,-Bdynamic" "-lgcc_s" "-lutil" "-lrt" "-lpthread" "-lm" "-ldl" "-lc" "-Wl,--eh-frame-hdr" "-Wl,-z,noexecstack" "-L" "/opt/rustwide/rustup-home/toolchains/1.83.0-x86_64-unknown-linux-gnu/lib/rustlib/x86_64-unknown-linux-gnu/lib" "-o" "/opt/rustwide/target/debug/build/futures-util-057a8c4f26920fed/build_script_build-057a8c4f26920fed" "-Wl,--gc-sections" "-pie" "-Wl,-z,relro,-z,now" "-nodefaultlibs"
[INFO] [stdout]   = note: /usr/bin/ld: final link failed: No space left on device
[INFO] [stdout]           collect2: error: ld returned 1 exit status
[INFO] [stdout]           
[INFO] [stdout] 
[INFO] [stdout] 
[INFO] [stdout] error: linking with `cc` failed: exit status: 1
[INFO] [stdout]   |
[INFO] [stdout]   = note: LC_ALL="C" PATH="/opt/rustwide/rustup-home/toolchains/1.83.0-x86_64-unknown-linux-gnu/lib/rustlib/x86_64-unknown-linux-gnu/bin:/opt/rustwide/cargo-home/bin:/usr/local/sbin:/usr/local/bin:/usr/sbin:/usr/bin:/sbin:/bin" VSLANG="1033" "cc" "-m64" "/tmp/rustcJjXJdq/symbols.o" "/opt/rustwide/target/debug/build/log-253e305af8ce1f8b/build_script_build-253e305af8ce1f8b.build_script_build.144243fed227867-cgu.0.rcgu.o" "/opt/rustwide/target/debug/build/log-253e305af8ce1f8b/build_script_build-253e305af8ce1f8b.a37tt74lcnd8l5d51ypxs8bpb.rcgu.o" "-Wl,--as-needed" "-Wl,-Bstatic" "/opt/rustwide/rustup-home/toolchains/1.83.0-x86_64-unknown-linux-gnu/lib/rustlib/x86_64-unknown-linux-gnu/lib/libstd-ca74a2d9c5166d9f.rlib" "/opt/rustwide/rustup-home/toolchains/1.83.0-x86_64-unknown-linux-gnu/lib/rustlib/x86_64-unknown-linux-gnu/lib/libpanic_unwind-e31ab23316ed5080.rlib" "/opt/rustwide/rustup-home/toolchains/1.83.0-x86_64-unknown-linux-gnu/lib/rustlib/x86_64-unknown-linux-gnu/lib/libobject-27dc4aa955912662.rlib" "/opt/rustwide/rustup-home/toolchains/1.83.0-x86_64-unknown-linux-gnu/lib/rustlib/x86_64-unknown-linux-gnu/lib/libmemchr-bd0d6cccce077b99.rlib" "/opt/rustwide/rustup-home/toolchains/1.83.0-x86_64-unknown-linux-gnu/lib/rustlib/x86_64-unknown-linux-gnu/lib/libaddr2line-8d001680935b5e3c.rlib" "/opt/rustwide/rustup-home/toolchains/1.83.0-x86_64-unknown-linux-gnu/lib/rustlib/x86_64-unknown-linux-gnu/lib/libgimli-ba8ce71964f984f4.rlib" "/opt/rustwide/rustup-home/toolchains/1.83.0-x86_64-unknown-linux-gnu/lib/rustlib/x86_64-unknown-linux-gnu/lib/librustc_demangle-99a73526abcec14b.rlib" "/opt/rustwide/rustup-home/toolchains/1.83.0-x86_64-unknown-linux-gnu/lib/rustlib/x86_64-unknown-linux-gnu/lib/libstd_detect-63ac0d22cff92579.rlib" "/opt/rustwide/rustup-home/toolchains/1.83.0-x86_64-unknown-linux-gnu/lib/rustlib/x86_64-unknown-linux-gnu/lib/libhashbrown-9057355c92c922d5.rlib" "/opt/rustwide/rustup-home/toolchains/1.83.0-x86_64-unknown-linux-gnu/lib/rustlib/x86_64-unknown-linux-gnu/lib/librustc_std_workspace_alloc-358be9bc1f6bab04.rlib" "/opt/rustwide/rustup-home/toolchains/1.83.0-x86_64-unknown-linux-gnu/lib/rustlib/x86_64-unknown-linux-gnu/lib/libminiz_oxide-aca15549d5bff974.rlib" "/opt/rustwide/rustup-home/toolchains/1.83.0-x86_64-unknown-linux-gnu/lib/rustlib/x86_64-unknown-linux-gnu/lib/libadler-8251d2cef7072448.rlib" "/opt/rustwide/rustup-home/toolchains/1.83.0-x86_64-unknown-linux-gnu/lib/rustlib/x86_64-unknown-linux-gnu/lib/libunwind-7d50b86011c66411.rlib" "/opt/rustwide/rustup-home/toolchains/1.83.0-x86_64-unknown-linux-gnu/lib/rustlib/x86_64-unknown-linux-gnu/lib/libcfg_if-51ea098fce5006bf.rlib" "/opt/rustwide/rustup-home/toolchains/1.83.0-x86_64-unknown-linux-gnu/lib/rustlib/x86_64-unknown-linux-gnu/lib/liblibc-5a14e0d0b712e731.rlib" "/opt/rustwide/rustup-home/toolchains/1.83.0-x86_64-unknown-linux-gnu/lib/rustlib/x86_64-unknown-linux-gnu/lib/liballoc-8b83dbf3a7b8f999.rlib" "/opt/rustwide/rustup-home/toolchains/1.83.0-x86_64-unknown-linux-gnu/lib/rustlib/x86_64-unknown-linux-gnu/lib/librustc_std_workspace_core-c6fd227bdc7b39ff.rlib" "/opt/rustwide/rustup-home/toolchains/1.83.0-x86_64-unknown-linux-gnu/lib/rustlib/x86_64-unknown-linux-gnu/lib/libcore-959d3389fa3da8a5.rlib" "/opt/rustwide/rustup-home/toolchains/1.83.0-x86_64-unknown-linux-gnu/lib/rustlib/x86_64-unknown-linux-gnu/lib/libcompiler_builtins-abe05db089cc2c62.rlib" "-Wl,-Bdynamic" "-lgcc_s" "-lutil" "-lrt" "-lpthread" "-lm" "-ldl" "-lc" "-Wl,--eh-frame-hdr" "-Wl,-z,noexecstack" "-L" "/opt/rustwide/rustup-home/toolchains/1.83.0-x86_64-unknown-linux-gnu/lib/rustlib/x86_64-unknown-linux-gnu/lib" "-o" "/opt/rustwide/target/debug/build/log-253e305af8ce1f8b/build_script_build-253e305af8ce1f8b" "-Wl,--gc-sections" "-pie" "-Wl,-z,relro,-z,now" "-nodefaultlibs"
[INFO] [stdout]   = note: /usr/bin/ld: final link failed: No space left on device
[INFO] [stdout]           collect2: error: ld returned 1 exit status
[INFO] [stdout]           
[INFO] [stdout] 
[INFO] [stdout] 
[INFO] [stderr] error: could not compile `log` (build script) due to 1 previous error
[INFO] [stderr] error: could not compile `futures-util` (build script) due to 1 previous error
[INFO] [stderr] error: could not compile `autocfg` (lib)
[INFO] [stderr] 
[INFO] [stderr] Caused by:
[INFO] [stderr]   process didn't exit successfully: `/opt/rustwide/rustup-home/toolchains/1.83.0-x86_64-unknown-linux-gnu/bin/rustc --crate-name autocfg --edition=2015 /opt/rustwide/cargo-home/registry/src/index.crates.io-6f17d22bba15001f/autocfg-1.1.0/src/lib.rs --error-format=json --json=diagnostic-rendered-ansi,artifacts,future-incompat --crate-type lib --emit=dep-info,metadata,link -C embed-bitcode=no --check-cfg 'cfg(docsrs)' --check-cfg 'cfg(feature, values())' -C metadata=378c9fe86ef3b324 -C extra-filename=-378c9fe86ef3b324 --out-dir /opt/rustwide/target/debug/deps -L dependency=/opt/rustwide/target/debug/deps --cap-lints allow --cap-lints=warn` (exit status: 101)
[INFO] [stdout] error: couldn't create a temp dir: No space left on device (os error 28) at path "/opt/rustwide/target/debug/deps/rmetazqK2Zm"
[INFO] [stdout] 
[INFO] [stdout] 
[INFO] [stderr] error: could not compile `rustc-demangle` (lib) due to 1 previous error
[INFO] [stdout] error: linking with `cc` failed: exit status: 1
[INFO] [stdout]   |
[INFO] [stdout]   = note: LC_ALL="C" PATH="/opt/rustwide/rustup-home/toolchains/1.83.0-x86_64-unknown-linux-gnu/lib/rustlib/x86_64-unknown-linux-gnu/bin:/opt/rustwide/cargo-home/bin:/usr/local/sbin:/usr/local/bin:/usr/sbin:/usr/bin:/sbin:/bin" VSLANG="1033" "cc" "-m64" "/tmp/rustc8Pupmp/symbols.o" "/opt/rustwide/target/debug/build/libc-b8eed5031f3a5413/build_script_build-b8eed5031f3a5413.build_script_build.dc427e491ba5d387-cgu.0.rcgu.o" "/opt/rustwide/target/debug/build/libc-b8eed5031f3a5413/build_script_build-b8eed5031f3a5413.build_script_build.dc427e491ba5d387-cgu.1.rcgu.o" "/opt/rustwide/target/debug/build/libc-b8eed5031f3a5413/build_script_build-b8eed5031f3a5413.02yxam97eide5mryq2nkyc4h6.rcgu.o" "-Wl,--as-needed" "-Wl,-Bstatic" "/opt/rustwide/rustup-home/toolchains/1.83.0-x86_64-unknown-linux-gnu/lib/rustlib/x86_64-unknown-linux-gnu/lib/libstd-ca74a2d9c5166d9f.rlib" "/opt/rustwide/rustup-home/toolchains/1.83.0-x86_64-unknown-linux-gnu/lib/rustlib/x86_64-unknown-linux-gnu/lib/libpanic_unwind-e31ab23316ed5080.rlib" "/opt/rustwide/rustup-home/toolchains/1.83.0-x86_64-unknown-linux-gnu/lib/rustlib/x86_64-unknown-linux-gnu/lib/libobject-27dc4aa955912662.rlib" "/opt/rustwide/rustup-home/toolchains/1.83.0-x86_64-unknown-linux-gnu/lib/rustlib/x86_64-unknown-linux-gnu/lib/libmemchr-bd0d6cccce077b99.rlib" "/opt/rustwide/rustup-home/toolchains/1.83.0-x86_64-unknown-linux-gnu/lib/rustlib/x86_64-unknown-linux-gnu/lib/libaddr2line-8d001680935b5e3c.rlib" "/opt/rustwide/rustup-home/toolchains/1.83.0-x86_64-unknown-linux-gnu/lib/rustlib/x86_64-unknown-linux-gnu/lib/libgimli-ba8ce71964f984f4.rlib" "/opt/rustwide/rustup-home/toolchains/1.83.0-x86_64-unknown-linux-gnu/lib/rustlib/x86_64-unknown-linux-gnu/lib/librustc_demangle-99a73526abcec14b.rlib" "/opt/rustwide/rustup-home/toolchains/1.83.0-x86_64-unknown-linux-gnu/lib/rustlib/x86_64-unknown-linux-gnu/lib/libstd_detect-63ac0d22cff92579.rlib" "/opt/rustwide/rustup-home/toolchains/1.83.0-x86_64-unknown-linux-gnu/lib/rustlib/x86_64-unknown-linux-gnu/lib/libhashbrown-9057355c92c922d5.rlib" "/opt/rustwide/rustup-home/toolchains/1.83.0-x86_64-unknown-linux-gnu/lib/rustlib/x86_64-unknown-linux-gnu/lib/librustc_std_workspace_alloc-358be9bc1f6bab04.rlib" "/opt/rustwide/rustup-home/toolchains/1.83.0-x86_64-unknown-linux-gnu/lib/rustlib/x86_64-unknown-linux-gnu/lib/libminiz_oxide-aca15549d5bff974.rlib" "/opt/rustwide/rustup-home/toolchains/1.83.0-x86_64-unknown-linux-gnu/lib/rustlib/x86_64-unknown-linux-gnu/lib/libadler-8251d2cef7072448.rlib" "/opt/rustwide/rustup-home/toolchains/1.83.0-x86_64-unknown-linux-gnu/lib/rustlib/x86_64-unknown-linux-gnu/lib/libunwind-7d50b86011c66411.rlib" "/opt/rustwide/rustup-home/toolchains/1.83.0-x86_64-unknown-linux-gnu/lib/rustlib/x86_64-unknown-linux-gnu/lib/libcfg_if-51ea098fce5006bf.rlib" "/opt/rustwide/rustup-home/toolchains/1.83.0-x86_64-unknown-linux-gnu/lib/rustlib/x86_64-unknown-linux-gnu/lib/liblibc-5a14e0d0b712e731.rlib" "/opt/rustwide/rustup-home/toolchains/1.83.0-x86_64-unknown-linux-gnu/lib/rustlib/x86_64-unknown-linux-gnu/lib/liballoc-8b83dbf3a7b8f999.rlib" "/opt/rustwide/rustup-home/toolchains/1.83.0-x86_64-unknown-linux-gnu/lib/rustlib/x86_64-unknown-linux-gnu/lib/librustc_std_workspace_core-c6fd227bdc7b39ff.rlib" "/opt/rustwide/rustup-home/toolchains/1.83.0-x86_64-unknown-linux-gnu/lib/rustlib/x86_64-unknown-linux-gnu/lib/libcore-959d3389fa3da8a5.rlib" "/opt/rustwide/rustup-home/toolchains/1.83.0-x86_64-unknown-linux-gnu/lib/rustlib/x86_64-unknown-linux-gnu/lib/libcompiler_builtins-abe05db089cc2c62.rlib" "-Wl,-Bdynamic" "-lgcc_s" "-lutil" "-lrt" "-lpthread" "-lm" "-ldl" "-lc" "-Wl,--eh-frame-hdr" "-Wl,-z,noexecstack" "-L" "/opt/rustwide/rustup-home/toolchains/1.83.0-x86_64-unknown-linux-gnu/lib/rustlib/x86_64-unknown-linux-gnu/lib" "-o" "/opt/rustwide/target/debug/build/libc-b8eed5031f3a5413/build_script_build-b8eed5031f3a5413" "-Wl,--gc-sections" "-pie" "-Wl,-z,relro,-z,now" "-nodefaultlibs"
[INFO] [stdout]   = note: /usr/bin/ld: final link failed: No space left on device
[INFO] [stdout]           collect2: error: ld returned 1 exit status
[INFO] [stdout]           
[INFO] [stdout] 
[INFO] [stdout] 
[INFO] [stdout] error: linking with `cc` failed: exit status: 1
[INFO] [stdout]   |
[INFO] [stdout]   = note: LC_ALL="C" PATH="/opt/rustwide/rustup-home/toolchains/1.83.0-x86_64-unknown-linux-gnu/lib/rustlib/x86_64-unknown-linux-gnu/bin:/opt/rustwide/cargo-home/bin:/usr/local/sbin:/usr/local/bin:/usr/sbin:/usr/bin:/sbin:/bin" VSLANG="1033" "cc" "-m64" "/tmp/rustcHbSvc4/symbols.o" "/opt/rustwide/target/debug/build/proc-macro2-f2599676289a2506/build_script_build-f2599676289a2506.build_script_build.fb2012e0d92f99b3-cgu.0.rcgu.o" "/opt/rustwide/target/debug/build/proc-macro2-f2599676289a2506/build_script_build-f2599676289a2506.build_script_build.fb2012e0d92f99b3-cgu.1.rcgu.o" "/opt/rustwide/target/debug/build/proc-macro2-f2599676289a2506/build_script_build-f2599676289a2506.build_script_build.fb2012e0d92f99b3-cgu.2.rcgu.o" "/opt/rustwide/target/debug/build/proc-macro2-f2599676289a2506/build_script_build-f2599676289a2506.9ksy2ewjyp61redh1t8gcxqkm.rcgu.o" "-Wl,--as-needed" "-Wl,-Bstatic" "/opt/rustwide/rustup-home/toolchains/1.83.0-x86_64-unknown-linux-gnu/lib/rustlib/x86_64-unknown-linux-gnu/lib/libstd-ca74a2d9c5166d9f.rlib" "/opt/rustwide/rustup-home/toolchains/1.83.0-x86_64-unknown-linux-gnu/lib/rustlib/x86_64-unknown-linux-gnu/lib/libpanic_unwind-e31ab23316ed5080.rlib" "/opt/rustwide/rustup-home/toolchains/1.83.0-x86_64-unknown-linux-gnu/lib/rustlib/x86_64-unknown-linux-gnu/lib/libobject-27dc4aa955912662.rlib" "/opt/rustwide/rustup-home/toolchains/1.83.0-x86_64-unknown-linux-gnu/lib/rustlib/x86_64-unknown-linux-gnu/lib/libmemchr-bd0d6cccce077b99.rlib" "/opt/rustwide/rustup-home/toolchains/1.83.0-x86_64-unknown-linux-gnu/lib/rustlib/x86_64-unknown-linux-gnu/lib/libaddr2line-8d001680935b5e3c.rlib" "/opt/rustwide/rustup-home/toolchains/1.83.0-x86_64-unknown-linux-gnu/lib/rustlib/x86_64-unknown-linux-gnu/lib/libgimli-ba8ce71964f984f4.rlib" "/opt/rustwide/rustup-home/toolchains/1.83.0-x86_64-unknown-linux-gnu/lib/rustlib/x86_64-unknown-linux-gnu/lib/librustc_demangle-99a73526abcec14b.rlib" "/opt/rustwide/rustup-home/toolchains/1.83.0-x86_64-unknown-linux-gnu/lib/rustlib/x86_64-unknown-linux-gnu/lib/libstd_detect-63ac0d22cff92579.rlib" "/opt/rustwide/rustup-home/toolchains/1.83.0-x86_64-unknown-linux-gnu/lib/rustlib/x86_64-unknown-linux-gnu/lib/libhashbrown-9057355c92c922d5.rlib" "/opt/rustwide/rustup-home/toolchains/1.83.0-x86_64-unknown-linux-gnu/lib/rustlib/x86_64-unknown-linux-gnu/lib/librustc_std_workspace_alloc-358be9bc1f6bab04.rlib" "/opt/rustwide/rustup-home/toolchains/1.83.0-x86_64-unknown-linux-gnu/lib/rustlib/x86_64-unknown-linux-gnu/lib/libminiz_oxide-aca15549d5bff974.rlib" "/opt/rustwide/rustup-home/toolchains/1.83.0-x86_64-unknown-linux-gnu/lib/rustlib/x86_64-unknown-linux-gnu/lib/libadler-8251d2cef7072448.rlib" "/opt/rustwide/rustup-home/toolchains/1.83.0-x86_64-unknown-linux-gnu/lib/rustlib/x86_64-unknown-linux-gnu/lib/libunwind-7d50b86011c66411.rlib" "/opt/rustwide/rustup-home/toolchains/1.83.0-x86_64-unknown-linux-gnu/lib/rustlib/x86_64-unknown-linux-gnu/lib/libcfg_if-51ea098fce5006bf.rlib" "/opt/rustwide/rustup-home/toolchains/1.83.0-x86_64-unknown-linux-gnu/lib/rustlib/x86_64-unknown-linux-gnu/lib/liblibc-5a14e0d0b712e731.rlib" "/opt/rustwide/rustup-home/toolchains/1.83.0-x86_64-unknown-linux-gnu/lib/rustlib/x86_64-unknown-linux-gnu/lib/liballoc-8b83dbf3a7b8f999.rlib" "/opt/rustwide/rustup-home/toolchains/1.83.0-x86_64-unknown-linux-gnu/lib/rustlib/x86_64-unknown-linux-gnu/lib/librustc_std_workspace_core-c6fd227bdc7b39ff.rlib" "/opt/rustwide/rustup-home/toolchains/1.83.0-x86_64-unknown-linux-gnu/lib/rustlib/x86_64-unknown-linux-gnu/lib/libcore-959d3389fa3da8a5.rlib" "/opt/rustwide/rustup-home/toolchains/1.83.0-x86_64-unknown-linux-gnu/lib/rustlib/x86_64-unknown-linux-gnu/lib/libcompiler_builtins-abe05db089cc2c62.rlib" "-Wl,-Bdynamic" "-lgcc_s" "-lutil" "-lrt" "-lpthread" "-lm" "-ldl" "-lc" "-Wl,--eh-frame-hdr" "-Wl,-z,noexecstack" "-L" "/opt/rustwide/rustup-home/toolchains/1.83.0-x86_64-unknown-linux-gnu/lib/rustlib/x86_64-unknown-linux-gnu/lib" "-o" "/opt/rustwide/target/debug/build/proc-macro2-f2599676289a2506/build_script_build-f2599676289a2506" "-Wl,--gc-sections" "-pie" "-Wl,-z,relro,-z,now" "-nodefaultlibs"
[INFO] [stdout]   = note: /usr/bin/ld: final link failed: No space left on device
[INFO] [stdout]           collect2: error: ld returned 1 exit status
[INFO] [stdout]           
[INFO] [stdout] 
[INFO] [stdout] 
[INFO] [stderr] rustc-LLVM ERROR: IO failure on output stream: No space left on device
[INFO] [stderr] error: could not compile `proc-macro2` (build script) due to 1 previous error
[INFO] [stderr] error: could not compile `libc` (build script) due to 1 previous error
[INFO] [stderr] error: could not compile `futures-core` (lib)
[INFO] [stdout] error: failed to write to `/opt/rustwide/target/debug/deps/rmetaaeU7Om/lib.rmeta`: No space left on device (os error 28)
[INFO] [stdout] 
[INFO] [stdout] 
[INFO] [stderr] 
[INFO] [stdout] error: couldn't create a temp dir: No space left on device (os error 28) at path "/opt/rustwide/target/debug/deps/rmetafkzhw4"
[INFO] [stdout] 
[INFO] [stdout] 
[INFO] [stderr] Caused by:
[INFO] [stderr]   No space left on device (os error 28)
[INFO] [stderr] 
[INFO] [stderr] Caused by:
[INFO] [stderr]   failed to parse process output: `/opt/rustwide/rustup-home/toolchains/1.83.0-x86_64-unknown-linux-gnu/bin/rustc --crate-name futures_core --edition=2018 /opt/rustwide/cargo-home/registry/src/index.crates.io-6f17d22bba15001f/futures-core-0.3.24/src/lib.rs --error-format=json --json=diagnostic-rendered-ansi,artifacts,future-incompat --crate-type lib --emit=dep-info,metadata,link -C embed-bitcode=no -C debuginfo=2 --cfg 'feature="alloc"' --cfg 'feature="default"' --cfg 'feature="std"' --check-cfg 'cfg(docsrs)' --check-cfg 'cfg(feature, values("alloc", "cfg-target-has-atomic", "default", "std", "unstable"))' -C metadata=a9aebf5246b49658 -C extra-filename=-a9aebf5246b49658 --out-dir /opt/rustwide/target/debug/deps -L dependency=/opt/rustwide/target/debug/deps --cap-lints allow --cap-lints=warn` (exit status: 101)
[INFO] [stderr] error: could not compile `futures-task` (lib) due to 1 previous error
[INFO] [stderr] error: could not compile `bytes` (lib) due to 1 previous error
[INFO] [stderr] rustc-LLVM ERROR: IO failure on output stream: No space left on device
[INFO] [stderr] error: could not compile `cc` (lib)
[INFO] [stderr] 
[INFO] [stderr] Caused by:
[INFO] [stderr]   process didn't exit successfully: `/opt/rustwide/rustup-home/toolchains/1.83.0-x86_64-unknown-linux-gnu/bin/rustc --crate-name cc --edition=2018 /opt/rustwide/cargo-home/registry/src/index.crates.io-6f17d22bba15001f/cc-1.0.73/src/lib.rs --error-format=json --json=diagnostic-rendered-ansi,artifacts,future-incompat --crate-type lib --emit=dep-info,metadata,link -C embed-bitcode=no --check-cfg 'cfg(docsrs)' --check-cfg 'cfg(feature, values("jobserver", "parallel"))' -C metadata=5578926a5ca6a22d -C extra-filename=-5578926a5ca6a22d --out-dir /opt/rustwide/target/debug/deps -L dependency=/opt/rustwide/target/debug/deps --cap-lints allow --cap-lints=warn` (exit status: 101)
[INFO] [stdout] error: failed to write to `/opt/rustwide/target/debug/deps/rmetaWO9JuC/lib.rmeta`: No space left on device (os error 28)
[INFO] [stdout] 
[INFO] [stdout] 
[INFO] [stderr] error: could not compile `memchr` (lib) due to 1 previous error
[INFO] running `Command { std: "docker" "inspect" "296ffb99720155e23be0f8e02c55816e4a753ce89ce71e1b24093968352cc291", kill_on_drop: false }`
[INFO] running `Command { std: "docker" "rm" "-f" "296ffb99720155e23be0f8e02c55816e4a753ce89ce71e1b24093968352cc291", kill_on_drop: false }`
[INFO] [stdout] 296ffb99720155e23be0f8e02c55816e4a753ce89ce71e1b24093968352cc291
