[INFO] cloning repository https://github.com/bittide/aegir
[INFO] running `Command { std: "git" "-c" "credential.helper=" "-c" "credential.helper=/workspace/cargo-home/bin/git-credential-null" "clone" "--bare" "https://github.com/bittide/aegir" "/workspace/cache/git-repos/https%3A%2F%2Fgithub.com%2Fbittide%2Faegir", kill_on_drop: false }`
[INFO] [stderr] Cloning into bare repository '/workspace/cache/git-repos/https%3A%2F%2Fgithub.com%2Fbittide%2Faegir'...
[INFO] running `Command { std: "git" "rev-parse" "HEAD", kill_on_drop: false }`
[INFO] [stdout] 9279f565659c06920cc305ede3c985793fc8e266
[INFO] testing bittide/aegir against beta-2024-12-08 for beta-1.84.0-4-retry
[INFO] running `Command { std: "git" "clone" "/workspace/cache/git-repos/https%3A%2F%2Fgithub.com%2Fbittide%2Faegir" "/workspace/builds/worker-0-tc2/source", kill_on_drop: false }`
[INFO] [stderr] Cloning into '/workspace/builds/worker-0-tc2/source'...
[INFO] [stderr] done.
[INFO] validating manifest of git repo https://github.com/bittide/aegir on toolchain beta-2024-12-08
[INFO] running `Command { std: CARGO_HOME="/workspace/cargo-home" RUSTUP_HOME="/workspace/rustup-home" "/workspace/cargo-home/bin/cargo" "+beta-2024-12-08" "metadata" "--manifest-path" "Cargo.toml" "--no-deps", kill_on_drop: false }`
[INFO] started tweaking git repo https://github.com/bittide/aegir
[INFO] finished tweaking git repo https://github.com/bittide/aegir
[INFO] tweaked toml for git repo https://github.com/bittide/aegir written to /workspace/builds/worker-0-tc2/source/Cargo.toml
[INFO] crate git repo https://github.com/bittide/aegir already has a lockfile, it will not be regenerated
[INFO] running `Command { std: CARGO_HOME="/workspace/cargo-home" RUSTUP_HOME="/workspace/rustup-home" "/workspace/cargo-home/bin/cargo" "+beta-2024-12-08" "fetch" "--manifest-path" "Cargo.toml", kill_on_drop: false }`
[INFO] [stderr] warning: virtual workspace defaulting to `resolver = "1"` despite one or more workspace members being on edition 2021 which implies `resolver = "2"`
[INFO] [stderr] note: to keep the current resolver, specify `workspace.resolver = "1"` in the workspace root's manifest
[INFO] [stderr] note: to use the edition 2021 resolver, specify `workspace.resolver = "2"` in the workspace root's manifest
[INFO] [stderr] note: for more details see https://doc.rust-lang.org/cargo/reference/resolver.html#resolver-versions
[INFO] running `Command { std: "docker" "create" "-v" "/var/lib/crater-agent-workspace/builds/worker-0-tc2/target:/opt/rustwide/target:rw,Z" "-v" "/var/lib/crater-agent-workspace/builds/worker-0-tc2/source:/opt/rustwide/workdir:ro,Z" "-v" "/var/lib/crater-agent-workspace/cargo-home:/opt/rustwide/cargo-home:ro,Z" "-v" "/var/lib/crater-agent-workspace/rustup-home:/opt/rustwide/rustup-home:ro,Z" "-e" "SOURCE_DIR=/opt/rustwide/workdir" "-e" "CARGO_TARGET_DIR=/opt/rustwide/target" "-e" "CARGO_HOME=/opt/rustwide/cargo-home" "-e" "RUSTUP_HOME=/opt/rustwide/rustup-home" "-w" "/opt/rustwide/workdir" "-m" "1610612736" "--user" "0:0" "--network" "none" "ghcr.io/rust-lang/crates-build-env/linux@sha256:f3a9d4ad9d972b27faf3965f35b62e55ba32bbce8f20bc8fe909558a86702fde" "/opt/rustwide/cargo-home/bin/cargo" "+beta-2024-12-08" "metadata" "--no-deps" "--format-version=1", kill_on_drop: false }`
[INFO] [stdout] f44bebdcaf83161c2b77635fce95ebce0b91c0106b58db9e6527ed8b3787bad1
[INFO] running `Command { std: "docker" "start" "-a" "f44bebdcaf83161c2b77635fce95ebce0b91c0106b58db9e6527ed8b3787bad1", kill_on_drop: false }`
[INFO] running `Command { std: "docker" "inspect" "f44bebdcaf83161c2b77635fce95ebce0b91c0106b58db9e6527ed8b3787bad1", kill_on_drop: false }`
[INFO] running `Command { std: "docker" "rm" "-f" "f44bebdcaf83161c2b77635fce95ebce0b91c0106b58db9e6527ed8b3787bad1", kill_on_drop: false }`
[INFO] [stdout] f44bebdcaf83161c2b77635fce95ebce0b91c0106b58db9e6527ed8b3787bad1
[INFO] running `Command { std: "docker" "create" "-v" "/var/lib/crater-agent-workspace/builds/worker-0-tc2/target:/opt/rustwide/target:rw,Z" "-v" "/var/lib/crater-agent-workspace/builds/worker-0-tc2/source:/opt/rustwide/workdir:ro,Z" "-v" "/var/lib/crater-agent-workspace/cargo-home:/opt/rustwide/cargo-home:ro,Z" "-v" "/var/lib/crater-agent-workspace/rustup-home:/opt/rustwide/rustup-home:ro,Z" "-e" "SOURCE_DIR=/opt/rustwide/workdir" "-e" "CARGO_TARGET_DIR=/opt/rustwide/target" "-e" "CARGO_INCREMENTAL=0" "-e" "RUST_BACKTRACE=full" "-e" "RUSTFLAGS=--cap-lints=warn" "-e" "RUSTDOCFLAGS=--cap-lints=warn" "-e" "CARGO_HOME=/opt/rustwide/cargo-home" "-e" "RUSTUP_HOME=/opt/rustwide/rustup-home" "-w" "/opt/rustwide/workdir" "-m" "1610612736" "--user" "0:0" "--network" "none" "ghcr.io/rust-lang/crates-build-env/linux@sha256:f3a9d4ad9d972b27faf3965f35b62e55ba32bbce8f20bc8fe909558a86702fde" "/opt/rustwide/cargo-home/bin/cargo" "+beta-2024-12-08" "build" "--frozen" "--message-format=json", kill_on_drop: false }`
[INFO] [stdout] 2bf35a87f5a92dcee9878389cf4735e846ba38cce3eebe2d0a62849c05a41412
[INFO] running `Command { std: "docker" "start" "-a" "2bf35a87f5a92dcee9878389cf4735e846ba38cce3eebe2d0a62849c05a41412", kill_on_drop: false }`
[INFO] [stderr] warning: virtual workspace defaulting to `resolver = "1"` despite one or more workspace members being on edition 2021 which implies `resolver = "2"`
[INFO] [stderr] note: to keep the current resolver, specify `workspace.resolver = "1"` in the workspace root's manifest
[INFO] [stderr] note: to use the edition 2021 resolver, specify `workspace.resolver = "2"` in the workspace root's manifest
[INFO] [stderr] note: for more details see https://doc.rust-lang.org/cargo/reference/resolver.html#resolver-versions
[INFO] [stderr]    Compiling autocfg v1.1.0
[INFO] [stderr]    Compiling proc-macro2 v1.0.51
[INFO] [stderr]    Compiling unicode-ident v1.0.8
[INFO] [stderr]    Compiling quote v1.0.23
[INFO] [stderr]    Compiling syn v1.0.109
[INFO] [stderr]    Compiling libc v0.2.140
[INFO] [stderr]    Compiling version_check v0.9.4
[INFO] [stderr]    Compiling cfg-if v1.0.0
[INFO] [stderr]    Compiling serde_derive v1.0.154
[INFO] [stderr]    Compiling serde v1.0.154
[INFO] [stderr]    Compiling radium v0.7.0
[INFO] [stderr]    Compiling num-traits v0.2.15
[INFO] [stderr]    Compiling num-integer v0.1.45
[INFO] [stderr]    Compiling num-bigint v0.4.3
[INFO] [stderr]    Compiling proc-macro-error-attr v1.0.4
[INFO] [stderr]    Compiling proc-macro-error v1.0.4
[INFO] [stderr]    Compiling memchr v2.5.0
[INFO] [stderr]    Compiling tap v1.0.1
[INFO] [stderr]    Compiling wyz v0.5.1
[INFO] [stderr]    Compiling indexmap v1.9.2
[INFO] [stderr]    Compiling funty v2.0.0
[INFO] [stderr]    Compiling log v0.4.17
[INFO] [stderr]    Compiling num-iter v0.1.43
[INFO] [stderr]    Compiling num-rational v0.4.1
[INFO] [stderr]    Compiling anyhow v1.0.69
[INFO] [stderr]    Compiling getrandom v0.2.8
[INFO] [stderr]    Compiling atty v0.2.14
[INFO] [stderr]    Compiling rand_core v0.6.4
[INFO] [stderr]    Compiling hashbrown v0.12.3
[INFO] [stderr]    Compiling rand_xoshiro v0.6.0
[INFO] [stderr]    Compiling bitvec v1.0.1
[INFO] [stderr]    Compiling num-complex v0.4.3
[INFO] [stderr]    Compiling aho-corasick v0.7.20
[INFO] [stderr]    Compiling linked-hash-map v0.5.6
[INFO] [stderr]    Compiling ppv-lite86 v0.2.17
[INFO] [stderr]    Compiling regex-syntax v0.6.28
[INFO] [stderr]    Compiling either v1.8.1
[INFO] [stderr]    Compiling ryu v1.0.13
[INFO] [stderr]    Compiling rand_chacha v0.3.1
[INFO] [stderr]    Compiling yaml-rust v0.4.5
[INFO] [stderr]    Compiling time v0.1.45
[INFO] [stderr]    Compiling termcolor v1.2.0
[INFO] [stderr]    Compiling iana-time-zone v0.1.53
[INFO] [stderr]    Compiling regex v1.7.1
[INFO] [stderr]    Compiling fixedbitset v0.4.2
[INFO] [stderr]    Compiling humantime v2.1.0
[INFO] [stderr]    Compiling num v0.4.0
[INFO] [stderr]    Compiling chrono v0.4.23
[INFO] [stderr]    Compiling rand v0.8.5
[INFO] [stderr]    Compiling petgraph v0.6.3
[INFO] [stderr]    Compiling itertools v0.10.5
[INFO] [stderr]    Compiling vcd v0.6.1
[INFO] [stderr]    Compiling serde_json v1.0.94
[INFO] [stderr]    Compiling itoa v1.0.6
[INFO] [stderr]    Compiling env_logger v0.8.4
[INFO] [stderr]    Compiling unicode-width v0.1.10
[INFO] [stderr]    Compiling unicode-segmentation v1.10.1
[INFO] [stderr]    Compiling textwrap v0.11.0
[INFO] [stderr]    Compiling heck v0.3.3
[INFO] [stderr]    Compiling rand_pcg v0.3.1
[INFO] [stderr]    Compiling strsim v0.8.0
[INFO] [stderr]    Compiling bitflags v1.3.2
[INFO] [stderr]    Compiling vec_map v0.8.2
[INFO] [stderr]    Compiling ansi_term v0.12.1
[INFO] [stderr]    Compiling clap v2.34.0
[INFO] [stderr]    Compiling lazy_static v1.4.0
[INFO] [stderr]    Compiling env_logger v0.9.3
[INFO] [stderr]    Compiling rand_seeder v0.2.3
[INFO] [stderr]    Compiling byteorder v1.4.3
[INFO] [stderr]    Compiling rawpointer v0.2.1
[INFO] [stderr]    Compiling once_cell v1.17.1
[INFO] [stderr]    Compiling matrixmultiply v0.3.2
[INFO] [stderr]    Compiling adler32 v1.2.0
[INFO] [stderr]    Compiling iter-read v0.3.1
[INFO] [stderr]    Compiling float-cmp v0.9.0
[INFO] [stderr]    Compiling mnist v0.5.0
[INFO] [stderr]    Compiling itertools v0.9.0
[INFO] [stderr]    Compiling ndarray v0.15.6
[INFO] [stderr]    Compiling schema_derive v0.1.0 (/opt/rustwide/workdir/bits/schema_derive)
[INFO] [stderr]    Compiling smart-default v0.6.0
[INFO] [stderr]    Compiling bits_derive v0.1.0 (/opt/rustwide/workdir/bits/bits_derive)
[INFO] [stderr]    Compiling waves v0.2.0 (/opt/rustwide/workdir/waves)
[INFO] [stderr]    Compiling structopt-derive v0.4.18
[INFO] [stderr]    Compiling num-derive v0.3.3
[INFO] [stderr]    Compiling structopt v0.3.26
[INFO] [stderr]    Compiling bincode v1.3.3
[INFO] [stderr]    Compiling serde_yaml v0.8.26
[INFO] [stderr]    Compiling serde-pickle v1.1.1
[INFO] [stderr]    Compiling schema v0.1.0 (/opt/rustwide/workdir/bits/schema)
[INFO] [stderr]    Compiling bits v0.1.0 (/opt/rustwide/workdir/bits/bits)
[INFO] [stdout] warning: unnecessary qualification
[INFO] [stdout]    --> bits/bits/src/lib.rs:159:20
[INFO] [stdout]     |
[INFO] [stdout] 159 |     A: Bits + Eq + std::fmt::Debug,
[INFO] [stdout]     |                    ^^^^^^^^^^^^^^^
[INFO] [stdout]     |
[INFO] [stdout] note: the lint level is defined here
[INFO] [stdout]    --> bits/bits/src/lib.rs:25:5
[INFO] [stdout]     |
[INFO] [stdout] 25  |     unused_qualifications,  // Please don't clutter code with paths.
[INFO] [stdout]     |     ^^^^^^^^^^^^^^^^^^^^^
[INFO] [stdout] help: remove the unnecessary path segments
[INFO] [stdout]     |
[INFO] [stdout] 159 -     A: Bits + Eq + std::fmt::Debug,
[INFO] [stdout] 159 +     A: Bits + Eq + fmt::Debug,
[INFO] [stdout]     |
[INFO] [stdout] 
[INFO] [stdout] 
[INFO] [stdout] warning: unnecessary qualification
[INFO] [stdout]    --> bits/bits/src/lib.rs:183:20
[INFO] [stdout]     |
[INFO] [stdout] 183 |     A: Bits + Eq + std::fmt::Debug,
[INFO] [stdout]     |                    ^^^^^^^^^^^^^^^
[INFO] [stdout]     |
[INFO] [stdout] help: remove the unnecessary path segments
[INFO] [stdout]     |
[INFO] [stdout] 183 -     A: Bits + Eq + std::fmt::Debug,
[INFO] [stdout] 183 +     A: Bits + Eq + fmt::Debug,
[INFO] [stdout]     |
[INFO] [stdout] 
[INFO] [stdout] 
[INFO] [stderr]    Compiling platform v0.5.0 (/opt/rustwide/workdir/platform)
[INFO] [stderr]    Compiling with_checksum v0.1.0 (/opt/rustwide/workdir/bits/with_checksum)
[INFO] [stderr]    Compiling bits_test v0.1.0 (/opt/rustwide/workdir/bits/bits_test)
[INFO] [stdout] warning: unexpected `cfg` condition value: `cargo-clippy`
[INFO] [stdout]   --> platform/src/bootstrap.rs:68:10
[INFO] [stdout]    |
[INFO] [stdout] 68 | #[derive(Bits, Clone, Copy, Debug, PartialEq)]
[INFO] [stdout]    |          ^^^^
[INFO] [stdout]    |
[INFO] [stdout]    = note: expected values for `feature` are: `trace-echo-vcd-signal-changes` and `trace-io-memory-contents`
[INFO] [stdout]    = help: consider adding `cargo-clippy` as a feature in `Cargo.toml`
[INFO] [stdout]    = note: see <https://doc.rust-lang.org/nightly/rustc/check-cfg/cargo-specifics.html> for more information about checking conditional configuration
[INFO] [stdout]    = note: `#[warn(unexpected_cfgs)]` on by default
[INFO] [stdout]    = note: this warning originates in the derive macro `Bits` (in Nightly builds, run with -Z macro-backtrace for more info)
[INFO] [stdout] 
[INFO] [stdout] 
[INFO] [stdout] warning: unused import: `crate::scheduler::alloc::PathBatching`
[INFO] [stdout]   --> platform/src/scheduler.rs:42:9
[INFO] [stdout]    |
[INFO] [stdout] 42 | pub use crate::scheduler::alloc::PathBatching;
[INFO] [stdout]    |         ^^^^^^^^^^^^^^^^^^^^^^^^^^^^^^^^^^^^^
[INFO] [stdout]    |
[INFO] [stdout]    = note: `#[warn(unused_imports)]` on by default
[INFO] [stdout] 
[INFO] [stdout] 
[INFO] [stdout] warning: variable does not need to be mutable
[INFO] [stdout]    --> platform/src/bootstrap.rs:344:21
[INFO] [stdout]     |
[INFO] [stdout] 344 |         if let Some(mut neighbor) = self.neighbors[port].as_mut() {
[INFO] [stdout]     |                     ----^^^^^^^^
[INFO] [stdout]     |                     |
[INFO] [stdout]     |                     help: remove this `mut`
[INFO] [stdout]     |
[INFO] [stdout]     = note: `#[warn(unused_mut)]` on by default
[INFO] [stdout] 
[INFO] [stdout] 
[INFO] [stderr]    Compiling nn_classifier v0.1.0 (/opt/rustwide/workdir/apps/nn_classifier)
[INFO] [stderr]    Compiling kvstore v0.1.0 (/opt/rustwide/workdir/apps/kvstore)
[INFO] [stderr]    Compiling exchange v0.1.0 (/opt/rustwide/workdir/apps/exchange)
[INFO] [stderr]    Compiling life v0.1.0 (/opt/rustwide/workdir/apps/life)
[INFO] [stdout] warning: unexpected `cfg` condition value: `cargo-clippy`
[INFO] [stdout]   --> apps/kvstore/src/lib.rs:72:10
[INFO] [stdout]    |
[INFO] [stdout] 72 | #[derive(Bits, Clone, Copy, Debug, FromPrimitive, PartialEq, Eq)]
[INFO] [stdout]    |          ^^^^
[INFO] [stdout]    |
[INFO] [stdout]    = note: no expected values for `feature`
[INFO] [stdout]    = help: consider adding `cargo-clippy` as a feature in `Cargo.toml`
[INFO] [stdout]    = note: see <https://doc.rust-lang.org/nightly/rustc/check-cfg/cargo-specifics.html> for more information about checking conditional configuration
[INFO] [stdout]    = note: `#[warn(unexpected_cfgs)]` on by default
[INFO] [stdout]    = note: this warning originates in the derive macro `Bits` (in Nightly builds, run with -Z macro-backtrace for more info)
[INFO] [stdout] 
[INFO] [stdout] 
[INFO] [stdout] warning: non-local `impl` definition, `impl` blocks should be written at the same level as their item
[INFO] [stdout]   --> apps/kvstore/src/lib.rs:72:36
[INFO] [stdout]    |
[INFO] [stdout] 72 | #[derive(Bits, Clone, Copy, Debug, FromPrimitive, PartialEq, Eq)]
[INFO] [stdout]    |                                    ^------------
[INFO] [stdout]    |                                    |
[INFO] [stdout]    |                                    `FromPrimitive` is not local
[INFO] [stdout]    |                                    move the `impl` block outside of this constant `_IMPL_NUM_FromPrimitive_FOR_Operation`
[INFO] [stdout] 73 | pub enum Operation {
[INFO] [stdout]    |          --------- `Operation` is not local
[INFO] [stdout]    |
[INFO] [stdout]    = note: the derive macro `FromPrimitive` defines the non-local `impl`, and may need to be changed
[INFO] [stdout]    = note: the derive macro `FromPrimitive` may come from an old version of the `num_derive` crate, try updating your dependency with `cargo update -p num_derive`
[INFO] [stdout]    = note: an `impl` is never scoped, even when it is nested inside an item, as it may impact type checking outside of that item, which can be the case if neither the trait or the self type are at the same nesting level as the `impl`
[INFO] [stdout]    = note: items in an anonymous const item (`const _: () = { ... }`) are treated as in the same scope as the anonymous const's declaration for the purpose of this lint
[INFO] [stdout]    = note: `#[warn(non_local_definitions)]` on by default
[INFO] [stdout]    = note: this warning originates in the derive macro `FromPrimitive` (in Nightly builds, run with -Z macro-backtrace for more info)
[INFO] [stdout] 
[INFO] [stdout] 
[INFO] [stderr]    Compiling packetnet v0.1.0 (/opt/rustwide/workdir/apps/packetnet)
[INFO] [stderr]    Compiling one_to_one_network v0.1.0 (/opt/rustwide/workdir/tests/one_to_one_network)
[INFO] [stderr]    Compiling multiapps v0.1.0 (/opt/rustwide/workdir/tests/multiapps)
[INFO] [stderr]    Compiling virtual_links v0.1.0 (/opt/rustwide/workdir/tests/virtual_links)
[INFO] [stderr]    Compiling simple v0.1.0 (/opt/rustwide/workdir/apps/simple)
[INFO] [stderr]    Compiling failures v0.1.0 (/opt/rustwide/workdir/tests/failures)
[INFO] [stderr]    Compiling multifreq v0.1.0 (/opt/rustwide/workdir/tests/multifreq)
[INFO] [stderr]    Compiling circuit v0.1.0 (/opt/rustwide/workdir/apps/circuit)
[INFO] [stderr]     Finished `dev` profile [unoptimized + debuginfo] target(s) in 1m 58s
[INFO] running `Command { std: "docker" "inspect" "2bf35a87f5a92dcee9878389cf4735e846ba38cce3eebe2d0a62849c05a41412", kill_on_drop: false }`
[INFO] running `Command { std: "docker" "rm" "-f" "2bf35a87f5a92dcee9878389cf4735e846ba38cce3eebe2d0a62849c05a41412", kill_on_drop: false }`
[INFO] [stdout] 2bf35a87f5a92dcee9878389cf4735e846ba38cce3eebe2d0a62849c05a41412
[INFO] running `Command { std: "docker" "create" "-v" "/var/lib/crater-agent-workspace/builds/worker-0-tc2/target:/opt/rustwide/target:rw,Z" "-v" "/var/lib/crater-agent-workspace/builds/worker-0-tc2/source:/opt/rustwide/workdir:ro,Z" "-v" "/var/lib/crater-agent-workspace/cargo-home:/opt/rustwide/cargo-home:ro,Z" "-v" "/var/lib/crater-agent-workspace/rustup-home:/opt/rustwide/rustup-home:ro,Z" "-e" "SOURCE_DIR=/opt/rustwide/workdir" "-e" "CARGO_TARGET_DIR=/opt/rustwide/target" "-e" "CARGO_INCREMENTAL=0" "-e" "RUST_BACKTRACE=full" "-e" "RUSTFLAGS=--cap-lints=warn" "-e" "RUSTDOCFLAGS=--cap-lints=warn" "-e" "CARGO_HOME=/opt/rustwide/cargo-home" "-e" "RUSTUP_HOME=/opt/rustwide/rustup-home" "-w" "/opt/rustwide/workdir" "-m" "1610612736" "--user" "0:0" "--network" "none" "ghcr.io/rust-lang/crates-build-env/linux@sha256:f3a9d4ad9d972b27faf3965f35b62e55ba32bbce8f20bc8fe909558a86702fde" "/opt/rustwide/cargo-home/bin/cargo" "+beta-2024-12-08" "test" "--frozen" "--no-run" "--message-format=json", kill_on_drop: false }`
[INFO] [stdout] eea0a2a9e623ccb4d780fba1ddca0261fa3c640beaa9c9205c7323e672b05246
[INFO] running `Command { std: "docker" "start" "-a" "eea0a2a9e623ccb4d780fba1ddca0261fa3c640beaa9c9205c7323e672b05246", kill_on_drop: false }`
[INFO] [stderr] warning: virtual workspace defaulting to `resolver = "1"` despite one or more workspace members being on edition 2021 which implies `resolver = "2"`
[INFO] [stderr] note: to keep the current resolver, specify `workspace.resolver = "1"` in the workspace root's manifest
[INFO] [stderr] note: to use the edition 2021 resolver, specify `workspace.resolver = "2"` in the workspace root's manifest
[INFO] [stderr] note: for more details see https://doc.rust-lang.org/cargo/reference/resolver.html#resolver-versions
[INFO] [stderr]    Compiling libc v0.2.140
[INFO] [stderr]    Compiling cfg-if v1.0.0
[INFO] [stderr]    Compiling serde v1.0.154
[INFO] [stderr]    Compiling radium v0.7.0
[INFO] [stderr]    Compiling bits_derive v0.1.0 (/opt/rustwide/workdir/bits/bits_derive)
[INFO] [stderr]    Compiling schema_derive v0.1.0 (/opt/rustwide/workdir/bits/schema_derive)
[INFO] [stderr]    Compiling num-traits v0.2.15
[INFO] [stderr]    Compiling tap v1.0.1
[INFO] [stderr]    Compiling funty v2.0.0
[INFO] [stderr]    Compiling wyz v0.5.1
[INFO] [stderr]    Compiling num-integer v0.1.45
[INFO] [stderr]    Compiling anyhow v1.0.69
[INFO] [stderr]    Compiling num-bigint v0.4.3
[INFO] [stderr]    Compiling memchr v2.5.0
[INFO] [stderr]    Compiling getrandom v0.2.8
[INFO] [stderr]    Compiling bitvec v1.0.1
[INFO] [stderr]    Compiling rand_core v0.6.4
[INFO] [stderr]    Compiling atty v0.2.14
[INFO] [stderr]    Compiling log v0.4.17
[INFO] [stderr]    Compiling indexmap v1.9.2
[INFO] [stderr]    Compiling rand_xoshiro v0.6.0
[INFO] [stderr]    Compiling waves v0.2.0 (/opt/rustwide/workdir/waves)
[INFO] [stderr]    Compiling hashbrown v0.12.3
[INFO] [stderr]    Compiling num-complex v0.4.3
[INFO] [stderr]    Compiling aho-corasick v0.7.20
[INFO] [stderr]    Compiling num-iter v0.1.43
[INFO] [stderr]    Compiling num-rational v0.4.1
[INFO] [stderr]    Compiling ppv-lite86 v0.2.17
[INFO] [stderr]    Compiling ryu v1.0.13
[INFO] [stderr]    Compiling regex-syntax v0.6.28
[INFO] [stderr]    Compiling linked-hash-map v0.5.6
[INFO] [stderr]    Compiling either v1.8.1
[INFO] [stderr]    Compiling rand_chacha v0.3.1
[INFO] [stderr]    Compiling yaml-rust v0.4.5
[INFO] [stderr]    Compiling bincode v1.3.3
[INFO] [stderr]    Compiling regex v1.7.1
[INFO] [stderr]    Compiling schema v0.1.0 (/opt/rustwide/workdir/bits/schema)
[INFO] [stderr]    Compiling time v0.1.45
[INFO] [stderr]    Compiling bits v0.1.0 (/opt/rustwide/workdir/bits/bits)
[INFO] [stdout] warning: unnecessary qualification
[INFO] [stdout]    --> bits/bits/src/lib.rs:159:20
[INFO] [stdout]     |
[INFO] [stdout] 159 |     A: Bits + Eq + std::fmt::Debug,
[INFO] [stdout]     |                    ^^^^^^^^^^^^^^^
[INFO] [stdout]     |
[INFO] [stdout] note: the lint level is defined here
[INFO] [stdout]    --> bits/bits/src/lib.rs:25:5
[INFO] [stdout]     |
[INFO] [stdout] 25  |     unused_qualifications,  // Please don't clutter code with paths.
[INFO] [stdout]     |     ^^^^^^^^^^^^^^^^^^^^^
[INFO] [stdout] help: remove the unnecessary path segments
[INFO] [stdout]     |
[INFO] [stdout] 159 -     A: Bits + Eq + std::fmt::Debug,
[INFO] [stdout] 159 +     A: Bits + Eq + fmt::Debug,
[INFO] [stdout]     |
[INFO] [stdout] 
[INFO] [stdout] 
[INFO] [stdout] warning: unnecessary qualification
[INFO] [stdout]    --> bits/bits/src/lib.rs:183:20
[INFO] [stdout]     |
[INFO] [stdout] 183 |     A: Bits + Eq + std::fmt::Debug,
[INFO] [stdout]     |                    ^^^^^^^^^^^^^^^
[INFO] [stdout]     |
[INFO] [stdout] help: remove the unnecessary path segments
[INFO] [stdout]     |
[INFO] [stdout] 183 -     A: Bits + Eq + std::fmt::Debug,
[INFO] [stdout] 183 +     A: Bits + Eq + fmt::Debug,
[INFO] [stdout]     |
[INFO] [stdout] 
[INFO] [stdout] 
[INFO] [stderr]    Compiling humantime v2.1.0
[INFO] [stderr]    Compiling iana-time-zone v0.1.53
[INFO] [stderr]    Compiling termcolor v1.2.0
[INFO] [stderr]    Compiling fixedbitset v0.4.2
[INFO] [stderr]    Compiling chrono v0.4.23
[INFO] [stderr]    Compiling petgraph v0.6.3
[INFO] [stderr]    Compiling serde_yaml v0.8.26
[INFO] [stderr]    Compiling num v0.4.0
[INFO] [stderr]    Compiling rand v0.8.5
[INFO] [stderr]    Compiling itertools v0.10.5
[INFO] [stderr]    Compiling vcd v0.6.1
[INFO] [stderr]    Compiling env_logger v0.8.4
[INFO] [stderr]    Compiling serde_json v1.0.94
[INFO] [stderr]    Compiling itoa v1.0.6
[INFO] [stderr]    Compiling rand_pcg v0.3.1
[INFO] [stderr]    Compiling proc-macro2 v1.0.51
[INFO] [stderr]    Compiling unicode-ident v1.0.8
[INFO] [stderr]    Compiling platform v0.5.0 (/opt/rustwide/workdir/platform)
[INFO] [stdout] warning: unexpected `cfg` condition value: `cargo-clippy`
[INFO] [stdout]   --> platform/src/bootstrap.rs:68:10
[INFO] [stdout]    |
[INFO] [stdout] 68 | #[derive(Bits, Clone, Copy, Debug, PartialEq)]
[INFO] [stdout]    |          ^^^^
[INFO] [stdout]    |
[INFO] [stdout]    = note: expected values for `feature` are: `trace-echo-vcd-signal-changes` and `trace-io-memory-contents`
[INFO] [stdout]    = help: consider adding `cargo-clippy` as a feature in `Cargo.toml`
[INFO] [stdout]    = note: see <https://doc.rust-lang.org/nightly/rustc/check-cfg/cargo-specifics.html> for more information about checking conditional configuration
[INFO] [stdout]    = note: `#[warn(unexpected_cfgs)]` on by default
[INFO] [stdout]    = note: this warning originates in the derive macro `Bits` (in Nightly builds, run with -Z macro-backtrace for more info)
[INFO] [stdout] 
[INFO] [stdout] 
[INFO] [stdout] warning: unused import: `crate::scheduler::alloc::PathBatching`
[INFO] [stdout]   --> platform/src/scheduler.rs:42:9
[INFO] [stdout]    |
[INFO] [stdout] 42 | pub use crate::scheduler::alloc::PathBatching;
[INFO] [stdout]    |         ^^^^^^^^^^^^^^^^^^^^^^^^^^^^^^^^^^^^^
[INFO] [stdout]    |
[INFO] [stdout]    = note: `#[warn(unused_imports)]` on by default
[INFO] [stdout] 
[INFO] [stdout] 
[INFO] [stdout] warning: variable does not need to be mutable
[INFO] [stdout]    --> platform/src/bootstrap.rs:344:21
[INFO] [stdout]     |
[INFO] [stdout] 344 |         if let Some(mut neighbor) = self.neighbors[port].as_mut() {
[INFO] [stdout]     |                     ----^^^^^^^^
[INFO] [stdout]     |                     |
[INFO] [stdout]     |                     help: remove this `mut`
[INFO] [stdout]     |
[INFO] [stdout]     = note: `#[warn(unused_mut)]` on by default
[INFO] [stdout] 
[INFO] [stdout] 
[INFO] [stderr]    Compiling rand_seeder v0.2.3
[INFO] [stderr]    Compiling quote v1.0.23
[INFO] [stderr]    Compiling syn v1.0.109
[INFO] [stderr]    Compiling unicode-width v0.1.10
[INFO] [stderr]    Compiling textwrap v0.11.0
[INFO] [stderr]    Compiling bitflags v1.3.2
[INFO] [stderr]    Compiling vec_map v0.8.2
[INFO] [stderr]    Compiling ansi_term v0.12.1
[INFO] [stderr]    Compiling strsim v0.8.0
[INFO] [stderr]    Compiling lazy_static v1.4.0
[INFO] [stderr]    Compiling clap v2.34.0
[INFO] [stderr]    Compiling env_logger v0.9.3
[INFO] [stderr]    Compiling once_cell v1.17.1
[INFO] [stderr]    Compiling adler32 v1.2.0
[INFO] [stderr]    Compiling exchange v0.1.0 (/opt/rustwide/workdir/apps/exchange)
[INFO] [stderr]    Compiling byteorder v1.4.3
[INFO] [stderr]    Compiling rawpointer v0.2.1
[INFO] [stderr]    Compiling matrixmultiply v0.3.2
[INFO] [stderr]    Compiling structopt v0.3.26
[INFO] [stderr]    Compiling with_checksum v0.1.0 (/opt/rustwide/workdir/bits/with_checksum)
[INFO] [stderr]    Compiling iter-read v0.3.1
[INFO] [stderr]    Compiling serde-pickle v1.1.1
[INFO] [stderr]    Compiling ndarray v0.15.6
[INFO] [stderr]    Compiling mnist v0.5.0
[INFO] [stderr]    Compiling float-cmp v0.9.0
[INFO] [stdout] warning: unnecessary qualification
[INFO] [stdout]    --> bits/bits/src/lib.rs:159:20
[INFO] [stdout]     |
[INFO] [stdout] 159 |     A: Bits + Eq + std::fmt::Debug,
[INFO] [stdout]     |                    ^^^^^^^^^^^^^^^
[INFO] [stdout]     |
[INFO] [stdout] note: the lint level is defined here
[INFO] [stdout]    --> bits/bits/src/lib.rs:25:5
[INFO] [stdout]     |
[INFO] [stdout] 25  |     unused_qualifications,  // Please don't clutter code with paths.
[INFO] [stdout]     |     ^^^^^^^^^^^^^^^^^^^^^
[INFO] [stdout] help: remove the unnecessary path segments
[INFO] [stdout]     |
[INFO] [stdout] 159 -     A: Bits + Eq + std::fmt::Debug,
[INFO] [stdout] 159 +     A: Bits + Eq + fmt::Debug,
[INFO] [stdout]     |
[INFO] [stdout] 
[INFO] [stdout] 
[INFO] [stdout] warning: unnecessary qualification
[INFO] [stdout]    --> bits/bits/src/lib.rs:183:20
[INFO] [stdout]     |
[INFO] [stdout] 183 |     A: Bits + Eq + std::fmt::Debug,
[INFO] [stdout]     |                    ^^^^^^^^^^^^^^^
[INFO] [stdout]     |
[INFO] [stdout] help: remove the unnecessary path segments
[INFO] [stdout]     |
[INFO] [stdout] 183 -     A: Bits + Eq + std::fmt::Debug,
[INFO] [stdout] 183 +     A: Bits + Eq + fmt::Debug,
[INFO] [stdout]     |
[INFO] [stdout] 
[INFO] [stdout] 
[INFO] [stderr]    Compiling life v0.1.0 (/opt/rustwide/workdir/apps/life)
[INFO] [stderr]    Compiling kvstore v0.1.0 (/opt/rustwide/workdir/apps/kvstore)
[INFO] [stdout] warning: unexpected `cfg` condition value: `cargo-clippy`
[INFO] [stdout]   --> apps/kvstore/src/lib.rs:72:10
[INFO] [stdout]    |
[INFO] [stdout] 72 | #[derive(Bits, Clone, Copy, Debug, FromPrimitive, PartialEq, Eq)]
[INFO] [stdout]    |          ^^^^
[INFO] [stdout]    |
[INFO] [stdout]    = note: no expected values for `feature`
[INFO] [stdout]    = help: consider adding `cargo-clippy` as a feature in `Cargo.toml`
[INFO] [stdout]    = note: see <https://doc.rust-lang.org/nightly/rustc/check-cfg/cargo-specifics.html> for more information about checking conditional configuration
[INFO] [stdout]    = note: `#[warn(unexpected_cfgs)]` on by default
[INFO] [stdout]    = note: this warning originates in the derive macro `Bits` (in Nightly builds, run with -Z macro-backtrace for more info)
[INFO] [stdout] 
[INFO] [stdout] 
[INFO] [stderr]    Compiling nn_classifier v0.1.0 (/opt/rustwide/workdir/apps/nn_classifier)
[INFO] [stdout] warning: non-local `impl` definition, `impl` blocks should be written at the same level as their item
[INFO] [stdout]   --> apps/kvstore/src/lib.rs:72:36
[INFO] [stdout]    |
[INFO] [stdout] 72 | #[derive(Bits, Clone, Copy, Debug, FromPrimitive, PartialEq, Eq)]
[INFO] [stdout]    |                                    ^------------
[INFO] [stdout]    |                                    |
[INFO] [stdout]    |                                    `FromPrimitive` is not local
[INFO] [stdout]    |                                    move the `impl` block outside of this constant `_IMPL_NUM_FromPrimitive_FOR_Operation`
[INFO] [stdout] 73 | pub enum Operation {
[INFO] [stdout]    |          --------- `Operation` is not local
[INFO] [stdout]    |
[INFO] [stdout]    = note: the derive macro `FromPrimitive` defines the non-local `impl`, and may need to be changed
[INFO] [stdout]    = note: the derive macro `FromPrimitive` may come from an old version of the `num_derive` crate, try updating your dependency with `cargo update -p num_derive`
[INFO] [stdout]    = note: an `impl` is never scoped, even when it is nested inside an item, as it may impact type checking outside of that item, which can be the case if neither the trait or the self type are at the same nesting level as the `impl`
[INFO] [stdout]    = note: items in an anonymous const item (`const _: () = { ... }`) are treated as in the same scope as the anonymous const's declaration for the purpose of this lint
[INFO] [stdout]    = note: `#[warn(non_local_definitions)]` on by default
[INFO] [stdout]    = note: this warning originates in the derive macro `FromPrimitive` (in Nightly builds, run with -Z macro-backtrace for more info)
[INFO] [stdout] 
[INFO] [stdout] 
[INFO] [stdout] warning: unexpected `cfg` condition value: `cargo-clippy`
[INFO] [stdout]   --> platform/src/bootstrap.rs:68:10
[INFO] [stdout]    |
[INFO] [stdout] 68 | #[derive(Bits, Clone, Copy, Debug, PartialEq)]
[INFO] [stdout]    |          ^^^^
[INFO] [stdout]    |
[INFO] [stdout]    = note: expected values for `feature` are: `trace-echo-vcd-signal-changes` and `trace-io-memory-contents`
[INFO] [stdout]    = help: consider adding `cargo-clippy` as a feature in `Cargo.toml`
[INFO] [stdout]    = note: see <https://doc.rust-lang.org/nightly/rustc/check-cfg/cargo-specifics.html> for more information about checking conditional configuration
[INFO] [stdout]    = note: `#[warn(unexpected_cfgs)]` on by default
[INFO] [stdout]    = note: this warning originates in the derive macro `Bits` (in Nightly builds, run with -Z macro-backtrace for more info)
[INFO] [stdout] 
[INFO] [stdout] 
[INFO] [stdout] warning: unused import: `crate::scheduler::alloc::PathBatching`
[INFO] [stdout]   --> platform/src/scheduler.rs:42:9
[INFO] [stdout]    |
[INFO] [stdout] 42 | pub use crate::scheduler::alloc::PathBatching;
[INFO] [stdout]    |         ^^^^^^^^^^^^^^^^^^^^^^^^^^^^^^^^^^^^^
[INFO] [stdout]    |
[INFO] [stdout]    = note: `#[warn(unused_imports)]` on by default
[INFO] [stdout] 
[INFO] [stdout] 
[INFO] [stderr]    Compiling bencher v0.1.5
[INFO] [stderr]    Compiling bits_test v0.1.0 (/opt/rustwide/workdir/bits/bits_test)
[INFO] [stderr]    Compiling itertools v0.9.0
[INFO] [stdout] warning: variable does not need to be mutable
[INFO] [stdout]    --> platform/src/bootstrap.rs:344:21
[INFO] [stdout]     |
[INFO] [stdout] 344 |         if let Some(mut neighbor) = self.neighbors[port].as_mut() {
[INFO] [stdout]     |                     ----^^^^^^^^
[INFO] [stdout]     |                     |
[INFO] [stdout]     |                     help: remove this `mut`
[INFO] [stdout]     |
[INFO] [stdout]     = note: `#[warn(unused_mut)]` on by default
[INFO] [stdout] 
[INFO] [stdout] 
[INFO] [stdout] warning: unexpected `cfg` condition value: `cargo-clippy`
[INFO] [stdout]   --> bits/bits_test/src/lib.rs:33:27
[INFO] [stdout]    |
[INFO] [stdout] 33 |     #[derive(Clone, Copy, Bits, Debug, PartialEq, Eq)]
[INFO] [stdout]    |                           ^^^^
[INFO] [stdout]    |
[INFO] [stdout]    = note: no expected values for `feature`
[INFO] [stdout]    = help: consider adding `cargo-clippy` as a feature in `Cargo.toml`
[INFO] [stdout]    = note: see <https://doc.rust-lang.org/nightly/rustc/check-cfg/cargo-specifics.html> for more information about checking conditional configuration
[INFO] [stdout]    = note: `#[warn(unexpected_cfgs)]` on by default
[INFO] [stdout]    = note: this warning originates in the derive macro `Bits` (in Nightly builds, run with -Z macro-backtrace for more info)
[INFO] [stdout] 
[INFO] [stdout] 
[INFO] [stdout] warning: unexpected `cfg` condition value: `cargo-clippy`
[INFO] [stdout]   --> bits/bits_test/src/lib.rs:96:27
[INFO] [stdout]    |
[INFO] [stdout] 96 |     #[derive(Clone, Copy, Bits, Debug, PartialEq, Eq)]
[INFO] [stdout]    |                           ^^^^
[INFO] [stdout]    |
[INFO] [stdout]    = note: no expected values for `feature`
[INFO] [stdout]    = help: consider adding `cargo-clippy` as a feature in `Cargo.toml`
[INFO] [stdout]    = note: see <https://doc.rust-lang.org/nightly/rustc/check-cfg/cargo-specifics.html> for more information about checking conditional configuration
[INFO] [stdout]    = note: this warning originates in the derive macro `Bits` (in Nightly builds, run with -Z macro-backtrace for more info)
[INFO] [stdout] 
[INFO] [stdout] 
[INFO] [stdout] warning: unexpected `cfg` condition value: `cargo-clippy`
[INFO] [stdout]    --> bits/bits_test/src/lib.rs:199:27
[INFO] [stdout]     |
[INFO] [stdout] 199 |     #[derive(Clone, Copy, Bits, Debug, PartialEq, Eq)]
[INFO] [stdout]     |                           ^^^^
[INFO] [stdout]     |
[INFO] [stdout]     = note: no expected values for `feature`
[INFO] [stdout]     = help: consider adding `cargo-clippy` as a feature in `Cargo.toml`
[INFO] [stdout]     = note: see <https://doc.rust-lang.org/nightly/rustc/check-cfg/cargo-specifics.html> for more information about checking conditional configuration
[INFO] [stdout]     = note: this warning originates in the derive macro `Bits` (in Nightly builds, run with -Z macro-backtrace for more info)
[INFO] [stdout] 
[INFO] [stdout] 
[INFO] [stdout] warning: unexpected `cfg` condition value: `cargo-clippy`
[INFO] [stdout]   --> platform/src/bootstrap.rs:68:10
[INFO] [stdout]    |
[INFO] [stdout] 68 | #[derive(Bits, Clone, Copy, Debug, PartialEq)]
[INFO] [stdout]    |          ^^^^
[INFO] [stdout]    |
[INFO] [stdout]    = note: expected values for `feature` are: `trace-echo-vcd-signal-changes` and `trace-io-memory-contents`
[INFO] [stdout]    = help: consider adding `cargo-clippy` as a feature in `Cargo.toml`
[INFO] [stdout]    = note: see <https://doc.rust-lang.org/nightly/rustc/check-cfg/cargo-specifics.html> for more information about checking conditional configuration
[INFO] [stdout]    = note: `#[warn(unexpected_cfgs)]` on by default
[INFO] [stdout]    = note: this warning originates in the derive macro `Bits` (in Nightly builds, run with -Z macro-backtrace for more info)
[INFO] [stdout] 
[INFO] [stdout] 
[INFO] [stdout] warning: unused import: `crate::scheduler::alloc::PathBatching`
[INFO] [stdout]   --> platform/src/scheduler.rs:42:9
[INFO] [stdout]    |
[INFO] [stdout] 42 | pub use crate::scheduler::alloc::PathBatching;
[INFO] [stdout]    |         ^^^^^^^^^^^^^^^^^^^^^^^^^^^^^^^^^^^^^
[INFO] [stdout]    |
[INFO] [stdout]    = note: `#[warn(unused_imports)]` on by default
[INFO] [stdout] 
[INFO] [stdout] 
[INFO] [stdout] warning: variable does not need to be mutable
[INFO] [stdout]    --> platform/src/bootstrap.rs:344:21
[INFO] [stdout]     |
[INFO] [stdout] 344 |         if let Some(mut neighbor) = self.neighbors[port].as_mut() {
[INFO] [stdout]     |                     ----^^^^^^^^
[INFO] [stdout]     |                     |
[INFO] [stdout]     |                     help: remove this `mut`
[INFO] [stdout]     |
[INFO] [stdout]     = note: `#[warn(unused_mut)]` on by default
[INFO] [stdout] 
[INFO] [stdout] 
[INFO] [stdout] warning: unnecessary qualification
[INFO] [stdout]    --> bits/bits/src/lib.rs:159:20
[INFO] [stdout]     |
[INFO] [stdout] 159 |     A: Bits + Eq + std::fmt::Debug,
[INFO] [stdout]     |                    ^^^^^^^^^^^^^^^
[INFO] [stdout]     |
[INFO] [stdout] note: the lint level is defined here
[INFO] [stdout]    --> bits/bits/src/lib.rs:25:5
[INFO] [stdout]     |
[INFO] [stdout] 25  |     unused_qualifications,  // Please don't clutter code with paths.
[INFO] [stdout]     |     ^^^^^^^^^^^^^^^^^^^^^
[INFO] [stdout] help: remove the unnecessary path segments
[INFO] [stdout]     |
[INFO] [stdout] 159 -     A: Bits + Eq + std::fmt::Debug,
[INFO] [stdout] 159 +     A: Bits + Eq + fmt::Debug,
[INFO] [stdout]     |
[INFO] [stdout] 
[INFO] [stdout] 
[INFO] [stdout] warning: unnecessary qualification
[INFO] [stdout]    --> bits/bits/src/lib.rs:183:20
[INFO] [stdout]     |
[INFO] [stdout] 183 |     A: Bits + Eq + std::fmt::Debug,
[INFO] [stdout]     |                    ^^^^^^^^^^^^^^^
[INFO] [stdout]     |
[INFO] [stdout] help: remove the unnecessary path segments
[INFO] [stdout]     |
[INFO] [stdout] 183 -     A: Bits + Eq + std::fmt::Debug,
[INFO] [stdout] 183 +     A: Bits + Eq + fmt::Debug,
[INFO] [stdout]     |
[INFO] [stdout] 
[INFO] [stdout] 
[INFO] [stderr]    Compiling simple v0.1.0 (/opt/rustwide/workdir/apps/simple)
[INFO] [stderr]    Compiling packetnet v0.1.0 (/opt/rustwide/workdir/apps/packetnet)
[INFO] [stderr]    Compiling circuit v0.1.0 (/opt/rustwide/workdir/apps/circuit)
[INFO] [stderr]    Compiling multifreq v0.1.0 (/opt/rustwide/workdir/tests/multifreq)
[INFO] [stdout] warning: unexpected `cfg` condition value: `cargo-clippy`
[INFO] [stdout]   --> apps/kvstore/src/lib.rs:72:10
[INFO] [stdout]    |
[INFO] [stdout] 72 | #[derive(Bits, Clone, Copy, Debug, FromPrimitive, PartialEq, Eq)]
[INFO] [stdout]    |          ^^^^
[INFO] [stdout]    |
[INFO] [stdout]    = note: no expected values for `feature`
[INFO] [stdout]    = help: consider adding `cargo-clippy` as a feature in `Cargo.toml`
[INFO] [stdout]    = note: see <https://doc.rust-lang.org/nightly/rustc/check-cfg/cargo-specifics.html> for more information about checking conditional configuration
[INFO] [stdout]    = note: `#[warn(unexpected_cfgs)]` on by default
[INFO] [stdout]    = note: this warning originates in the derive macro `Bits` (in Nightly builds, run with -Z macro-backtrace for more info)
[INFO] [stdout] 
[INFO] [stdout] 
[INFO] [stdout] warning: non-local `impl` definition, `impl` blocks should be written at the same level as their item
[INFO] [stdout]   --> apps/kvstore/src/lib.rs:72:36
[INFO] [stdout]    |
[INFO] [stdout] 72 | #[derive(Bits, Clone, Copy, Debug, FromPrimitive, PartialEq, Eq)]
[INFO] [stdout]    |                                    ^------------
[INFO] [stdout]    |                                    |
[INFO] [stdout]    |                                    `FromPrimitive` is not local
[INFO] [stdout]    |                                    move the `impl` block outside of this constant `_IMPL_NUM_FromPrimitive_FOR_Operation`
[INFO] [stdout] 73 | pub enum Operation {
[INFO] [stdout]    |          --------- `Operation` is not local
[INFO] [stdout]    |
[INFO] [stdout]    = note: the derive macro `FromPrimitive` defines the non-local `impl`, and may need to be changed
[INFO] [stdout]    = note: the derive macro `FromPrimitive` may come from an old version of the `num_derive` crate, try updating your dependency with `cargo update -p num_derive`
[INFO] [stdout]    = note: an `impl` is never scoped, even when it is nested inside an item, as it may impact type checking outside of that item, which can be the case if neither the trait or the self type are at the same nesting level as the `impl`
[INFO] [stdout]    = note: items in an anonymous const item (`const _: () = { ... }`) are treated as in the same scope as the anonymous const's declaration for the purpose of this lint
[INFO] [stdout]    = note: `#[warn(non_local_definitions)]` on by default
[INFO] [stdout]    = note: this warning originates in the derive macro `FromPrimitive` (in Nightly builds, run with -Z macro-backtrace for more info)
[INFO] [stdout] 
[INFO] [stdout] 
[INFO] [stderr]    Compiling one_to_one_network v0.1.0 (/opt/rustwide/workdir/tests/one_to_one_network)
[INFO] [stderr]    Compiling failures v0.1.0 (/opt/rustwide/workdir/tests/failures)
[INFO] [stderr]    Compiling multiapps v0.1.0 (/opt/rustwide/workdir/tests/multiapps)
[INFO] [stderr]    Compiling virtual_links v0.1.0 (/opt/rustwide/workdir/tests/virtual_links)
[INFO] [stderr]     Finished `test` profile [optimized + debuginfo] target(s) in 9m 01s
[INFO] running `Command { std: "docker" "inspect" "eea0a2a9e623ccb4d780fba1ddca0261fa3c640beaa9c9205c7323e672b05246", kill_on_drop: false }`
[INFO] running `Command { std: "docker" "rm" "-f" "eea0a2a9e623ccb4d780fba1ddca0261fa3c640beaa9c9205c7323e672b05246", kill_on_drop: false }`
[INFO] [stdout] eea0a2a9e623ccb4d780fba1ddca0261fa3c640beaa9c9205c7323e672b05246
[INFO] running `Command { std: "docker" "create" "-v" "/var/lib/crater-agent-workspace/builds/worker-0-tc2/target:/opt/rustwide/target:rw,Z" "-v" "/var/lib/crater-agent-workspace/builds/worker-0-tc2/source:/opt/rustwide/workdir:ro,Z" "-v" "/var/lib/crater-agent-workspace/cargo-home:/opt/rustwide/cargo-home:ro,Z" "-v" "/var/lib/crater-agent-workspace/rustup-home:/opt/rustwide/rustup-home:ro,Z" "-e" "SOURCE_DIR=/opt/rustwide/workdir" "-e" "CARGO_TARGET_DIR=/opt/rustwide/target" "-e" "CARGO_INCREMENTAL=0" "-e" "RUST_BACKTRACE=full" "-e" "RUSTFLAGS=--cap-lints=warn" "-e" "RUSTDOCFLAGS=--cap-lints=warn" "-e" "CARGO_HOME=/opt/rustwide/cargo-home" "-e" "RUSTUP_HOME=/opt/rustwide/rustup-home" "-w" "/opt/rustwide/workdir" "-m" "1610612736" "--user" "0:0" "--network" "none" "ghcr.io/rust-lang/crates-build-env/linux@sha256:f3a9d4ad9d972b27faf3965f35b62e55ba32bbce8f20bc8fe909558a86702fde" "/opt/rustwide/cargo-home/bin/cargo" "+beta-2024-12-08" "test" "--frozen", kill_on_drop: false }`
[INFO] [stdout] c16f1e942929580d58ba5fdd015f27aeb378fefdc6990e2a834d8c6edd5f0c3e
[INFO] running `Command { std: "docker" "start" "-a" "c16f1e942929580d58ba5fdd015f27aeb378fefdc6990e2a834d8c6edd5f0c3e", kill_on_drop: false }`
[INFO] [stderr] warning: virtual workspace defaulting to `resolver = "1"` despite one or more workspace members being on edition 2021 which implies `resolver = "2"`
[INFO] [stderr] note: to keep the current resolver, specify `workspace.resolver = "1"` in the workspace root's manifest
[INFO] [stderr] note: to use the edition 2021 resolver, specify `workspace.resolver = "2"` in the workspace root's manifest
[INFO] [stderr] note: for more details see https://doc.rust-lang.org/cargo/reference/resolver.html#resolver-versions
[INFO] [stderr] warning: unnecessary qualification
[INFO] [stderr]    --> bits/bits/src/lib.rs:159:20
[INFO] [stderr]     |
[INFO] [stderr] 159 |     A: Bits + Eq + std::fmt::Debug,
[INFO] [stderr]     |                    ^^^^^^^^^^^^^^^
[INFO] [stderr]     |
[INFO] [stderr] note: the lint level is defined here
[INFO] [stderr]    --> bits/bits/src/lib.rs:25:5
[INFO] [stderr]     |
[INFO] [stderr] 25  |     unused_qualifications,  // Please don't clutter code with paths.
[INFO] [stderr]     |     ^^^^^^^^^^^^^^^^^^^^^
[INFO] [stderr] help: remove the unnecessary path segments
[INFO] [stderr]     |
[INFO] [stderr] 159 -     A: Bits + Eq + std::fmt::Debug,
[INFO] [stderr] 159 +     A: Bits + Eq + fmt::Debug,
[INFO] [stderr]     |
[INFO] [stderr] 
[INFO] [stderr] warning: unnecessary qualification
[INFO] [stderr]    --> bits/bits/src/lib.rs:183:20
[INFO] [stderr]     |
[INFO] [stderr] 183 |     A: Bits + Eq + std::fmt::Debug,
[INFO] [stderr]     |                    ^^^^^^^^^^^^^^^
[INFO] [stderr]     |
[INFO] [stderr] help: remove the unnecessary path segments
[INFO] [stderr]     |
[INFO] [stderr] 183 -     A: Bits + Eq + std::fmt::Debug,
[INFO] [stderr] 183 +     A: Bits + Eq + fmt::Debug,
[INFO] [stderr]     |
[INFO] [stderr] 
[INFO] [stderr] warning: `bits` (lib) generated 2 warnings (run `cargo fix --lib -p bits` to apply 2 suggestions)
[INFO] [stderr] warning: unexpected `cfg` condition value: `cargo-clippy`
[INFO] [stderr]   --> platform/src/bootstrap.rs:68:10
[INFO] [stderr]    |
[INFO] [stderr] 68 | #[derive(Bits, Clone, Copy, Debug, PartialEq)]
[INFO] [stderr]    |          ^^^^
[INFO] [stderr]    |
[INFO] [stderr]    = note: expected values for `feature` are: `trace-echo-vcd-signal-changes` and `trace-io-memory-contents`
[INFO] [stderr]    = help: consider adding `cargo-clippy` as a feature in `Cargo.toml`
[INFO] [stderr]    = note: see <https://doc.rust-lang.org/nightly/rustc/check-cfg/cargo-specifics.html> for more information about checking conditional configuration
[INFO] [stderr]    = note: `#[warn(unexpected_cfgs)]` on by default
[INFO] [stderr]    = note: this warning originates in the derive macro `Bits` (in Nightly builds, run with -Z macro-backtrace for more info)
[INFO] [stderr] 
[INFO] [stderr] warning: unused import: `crate::scheduler::alloc::PathBatching`
[INFO] [stderr]   --> platform/src/scheduler.rs:42:9
[INFO] [stderr]    |
[INFO] [stderr] 42 | pub use crate::scheduler::alloc::PathBatching;
[INFO] [stderr]    |         ^^^^^^^^^^^^^^^^^^^^^^^^^^^^^^^^^^^^^
[INFO] [stderr]    |
[INFO] [stderr]    = note: `#[warn(unused_imports)]` on by default
[INFO] [stderr] 
[INFO] [stderr] warning: variable does not need to be mutable
[INFO] [stderr]    --> platform/src/bootstrap.rs:344:21
[INFO] [stderr]     |
[INFO] [stderr] 344 |         if let Some(mut neighbor) = self.neighbors[port].as_mut() {
[INFO] [stderr]     |                     ----^^^^^^^^
[INFO] [stderr]     |                     |
[INFO] [stderr]     |                     help: remove this `mut`
[INFO] [stderr]     |
[INFO] [stderr]     = note: `#[warn(unused_mut)]` on by default
[INFO] [stderr] 
[INFO] [stderr] warning: `platform` (lib) generated 3 warnings (run `cargo fix --lib -p platform` to apply 2 suggestions)
[INFO] [stderr] warning: `bits` (lib) generated 2 warnings (2 duplicates)
[INFO] [stderr] warning: unexpected `cfg` condition value: `cargo-clippy`
[INFO] [stderr]   --> apps/kvstore/src/lib.rs:72:10
[INFO] [stderr]    |
[INFO] [stderr] 72 | #[derive(Bits, Clone, Copy, Debug, FromPrimitive, PartialEq, Eq)]
[INFO] [stderr]    |          ^^^^
[INFO] [stderr]    |
[INFO] [stderr]    = note: no expected values for `feature`
[INFO] [stderr]    = help: consider adding `cargo-clippy` as a feature in `Cargo.toml`
[INFO] [stderr]    = note: see <https://doc.rust-lang.org/nightly/rustc/check-cfg/cargo-specifics.html> for more information about checking conditional configuration
[INFO] [stderr]    = note: `#[warn(unexpected_cfgs)]` on by default
[INFO] [stderr]    = note: this warning originates in the derive macro `Bits` (in Nightly builds, run with -Z macro-backtrace for more info)
[INFO] [stderr] 
[INFO] [stderr] warning: non-local `impl` definition, `impl` blocks should be written at the same level as their item
[INFO] [stderr]   --> apps/kvstore/src/lib.rs:72:36
[INFO] [stderr]    |
[INFO] [stderr] 72 | #[derive(Bits, Clone, Copy, Debug, FromPrimitive, PartialEq, Eq)]
[INFO] [stderr]    |                                    ^------------
[INFO] [stderr]    |                                    |
[INFO] [stderr]    |                                    `FromPrimitive` is not local
[INFO] [stderr]    |                                    move the `impl` block outside of this constant `_IMPL_NUM_FromPrimitive_FOR_Operation`
[INFO] [stderr] 73 | pub enum Operation {
[INFO] [stderr]    |          --------- `Operation` is not local
[INFO] [stderr]    |
[INFO] [stderr]    = note: the derive macro `FromPrimitive` defines the non-local `impl`, and may need to be changed
[INFO] [stderr]    = note: the derive macro `FromPrimitive` may come from an old version of the `num_derive` crate, try updating your dependency with `cargo update -p num_derive`
[INFO] [stderr]    = note: an `impl` is never scoped, even when it is nested inside an item, as it may impact type checking outside of that item, which can be the case if neither the trait or the self type are at the same nesting level as the `impl`
[INFO] [stderr]    = note: items in an anonymous const item (`const _: () = { ... }`) are treated as in the same scope as the anonymous const's declaration for the purpose of this lint
[INFO] [stderr]    = note: `#[warn(non_local_definitions)]` on by default
[INFO] [stderr]    = note: this warning originates in the derive macro `FromPrimitive` (in Nightly builds, run with -Z macro-backtrace for more info)
[INFO] [stderr] 
[INFO] [stderr] warning: `platform` (lib) generated 3 warnings (3 duplicates)
[INFO] [stderr] warning: `kvstore` (lib) generated 2 warnings
[INFO] [stderr] warning: `platform` (lib test) generated 3 warnings (3 duplicates)
[INFO] [stderr] warning: `kvstore` (lib test) generated 2 warnings (2 duplicates)
[INFO] [stderr] warning: unexpected `cfg` condition value: `cargo-clippy`
[INFO] [stderr]   --> bits/bits_test/src/lib.rs:33:27
[INFO] [stderr]    |
[INFO] [stderr] 33 |     #[derive(Clone, Copy, Bits, Debug, PartialEq, Eq)]
[INFO] [stderr]    |                           ^^^^
[INFO] [stderr]    |
[INFO] [stderr]    = note: no expected values for `feature`
[INFO] [stderr]    = help: consider adding `cargo-clippy` as a feature in `Cargo.toml`
[INFO] [stderr]    = note: see <https://doc.rust-lang.org/nightly/rustc/check-cfg/cargo-specifics.html> for more information about checking conditional configuration
[INFO] [stderr]    = note: `#[warn(unexpected_cfgs)]` on by default
[INFO] [stderr]    = note: this warning originates in the derive macro `Bits` (in Nightly builds, run with -Z macro-backtrace for more info)
[INFO] [stderr] 
[INFO] [stderr] warning: unexpected `cfg` condition value: `cargo-clippy`
[INFO] [stderr]   --> bits/bits_test/src/lib.rs:96:27
[INFO] [stderr]    |
[INFO] [stderr] 96 |     #[derive(Clone, Copy, Bits, Debug, PartialEq, Eq)]
[INFO] [stderr]    |                           ^^^^
[INFO] [stderr]    |
[INFO] [stderr]    = note: no expected values for `feature`
[INFO] [stderr]    = help: consider adding `cargo-clippy` as a feature in `Cargo.toml`
[INFO] [stderr]    = note: see <https://doc.rust-lang.org/nightly/rustc/check-cfg/cargo-specifics.html> for more information about checking conditional configuration
[INFO] [stderr]    = note: this warning originates in the derive macro `Bits` (in Nightly builds, run with -Z macro-backtrace for more info)
[INFO] [stderr] 
[INFO] [stderr] warning: unexpected `cfg` condition value: `cargo-clippy`
[INFO] [stderr]    --> bits/bits_test/src/lib.rs:199:27
[INFO] [stderr]     |
[INFO] [stderr] 199 |     #[derive(Clone, Copy, Bits, Debug, PartialEq, Eq)]
[INFO] [stderr]     |                           ^^^^
[INFO] [stderr]     |
[INFO] [stderr]     = note: no expected values for `feature`
[INFO] [stderr]     = help: consider adding `cargo-clippy` as a feature in `Cargo.toml`
[INFO] [stderr]     = note: see <https://doc.rust-lang.org/nightly/rustc/check-cfg/cargo-specifics.html> for more information about checking conditional configuration
[INFO] [stderr]     = note: this warning originates in the derive macro `Bits` (in Nightly builds, run with -Z macro-backtrace for more info)
[INFO] [stderr] 
[INFO] [stderr] warning: `bits_test` (lib test) generated 3 warnings
[INFO] [stderr] warning: `bits` (lib test) generated 2 warnings (2 duplicates)
[INFO] [stderr]     Finished `test` profile [optimized + debuginfo] target(s) in 0.34s
[INFO] [stderr]      Running unittests src/lib.rs (/opt/rustwide/target/debug/deps/bits-9dc210e0b5b941c9)
[INFO] [stdout] 
[INFO] [stderr]      Running unittests src/lib.rs (/opt/rustwide/target/debug/deps/bits_derive-29e785a6fd6081d5)
[INFO] [stdout] running 0 tests
[INFO] [stdout] 
[INFO] [stdout] test result: ok. 0 passed; 0 failed; 0 ignored; 0 measured; 0 filtered out; finished in 0.00s
[INFO] [stdout] 
[INFO] [stdout] 
[INFO] [stdout] running 0 tests
[INFO] [stdout] 
[INFO] [stdout] test result: ok. 0 passed; 0 failed; 0 ignored; 0 measured; 0 filtered out; finished in 0.00s
[INFO] [stdout] 
[INFO] [stderr]      Running unittests src/lib.rs (/opt/rustwide/target/debug/deps/bits_test-4d376398d64f9a39)
[INFO] [stdout] 
[INFO] [stdout] running 8 tests
[INFO] [stdout] test tests::test_derive_enum ... ok
[INFO] [stdout] test tests::test_derive_struct ... ok
[INFO] [stdout] test tests::test_derive_unnamed_struct ... ok
[INFO] [stdout] test tests::test_derived_nopanic ... ok
[INFO] [stdout] test tests::test_derive_generic_struct ... ok
[INFO] [stdout] test tests::test_derive_big_struct ... ok
[INFO] [stdout] test tests::test_derive_enum2 ... ok
[INFO] [stdout] test tests::test_derived_panic - should panic ... ok
[INFO] [stdout] 
[INFO] [stdout] test result: ok. 8 passed; 0 failed; 0 ignored; 0 measured; 0 filtered out; finished in 0.07s
[INFO] [stdout] 
[INFO] [stderr]      Running unittests src/main.rs (/opt/rustwide/target/debug/deps/circuit-d2624bdffeac51ec)
[INFO] [stdout] 
[INFO] [stdout] running 0 tests
[INFO] [stdout] 
[INFO] [stdout] test result: ok. 0 passed; 0 failed; 0 ignored; 0 measured; 0 filtered out; finished in 0.00s
[INFO] [stdout] 
[INFO] [stderr]      Running unittests src/lib.rs (/opt/rustwide/target/debug/deps/exchange-13f5db3e91838878)
[INFO] [stdout] 
[INFO] [stdout] running 1 test
[INFO] [stdout] test exchange::center::tests::test_step_exchange ... ok
[INFO] [stdout] 
[INFO] [stdout] test result: ok. 1 passed; 0 failed; 0 ignored; 0 measured; 0 filtered out; finished in 0.01s
[INFO] [stdout] 
[INFO] [stderr]      Running unittests src/main.rs (/opt/rustwide/target/debug/deps/exchange-4dfab294eb5b39e3)
[INFO] [stdout] 
[INFO] [stdout] running 1 test
[INFO] [stdout] test exchange::center::tests::test_step_exchange ... ok
[INFO] [stdout] 
[INFO] [stdout] test result: ok. 1 passed; 0 failed; 0 ignored; 0 measured; 0 filtered out; finished in 0.01s
[INFO] [stdout] 
[INFO] [stderr]      Running tests/run_exchange.rs (/opt/rustwide/target/debug/deps/run_exchange-c8fd05ea6cb79313)
[INFO] [stdout] 
[INFO] [stdout] running 1 test
[INFO] [stdout] test test_run_exchange ... FAILED
[INFO] [stdout] 
[INFO] [stdout] failures:
[INFO] [stdout] 
[INFO] [stdout] ---- test_run_exchange stdout ----
[INFO] [stdout] thread 'test_run_exchange' panicked at apps/exchange/src/exchange/logger.rs:30:31:
[INFO] [stdout] Failed to open log file test_run_exchange_app_10.log for writing: Read-only file system (os error 30)
[INFO] [stdout] stack backtrace:
[INFO] [stdout]    0:     0x60b725b9236a - std::backtrace_rs::backtrace::libunwind::trace::h8810477743020387
[INFO] [stdout]                                at /rustc/202008a1b8de96d2e5b6bc02d379db03a877d34d/library/std/src/../../backtrace/src/backtrace/libunwind.rs:116:5
[INFO] [stdout]    1:     0x60b725b9236a - std::backtrace_rs::backtrace::trace_unsynchronized::h3aa55355dd6c54a6
[INFO] [stdout]                                at /rustc/202008a1b8de96d2e5b6bc02d379db03a877d34d/library/std/src/../../backtrace/src/backtrace/mod.rs:66:5
[INFO] [stdout]    2:     0x60b725b9236a - std::sys::backtrace::_print_fmt::h8588b0f62410823f
[INFO] [stdout]                                at /rustc/202008a1b8de96d2e5b6bc02d379db03a877d34d/library/std/src/sys/backtrace.rs:66:9
[INFO] [stdout]    3:     0x60b725b9236a - <std::sys::backtrace::BacktraceLock::print::DisplayBacktrace as core::fmt::Display>::fmt::h98c26ac25ffe89bb
[INFO] [stdout]                                at /rustc/202008a1b8de96d2e5b6bc02d379db03a877d34d/library/std/src/sys/backtrace.rs:39:26
[INFO] [stdout]    4:     0x60b725bb8273 - core::fmt::rt::Argument::fmt::hf95377f4aebd453b
[INFO] [stdout]                                at /rustc/202008a1b8de96d2e5b6bc02d379db03a877d34d/library/core/src/fmt/rt.rs:177:76
[INFO] [stdout]    5:     0x60b725bb8273 - core::fmt::write::h0dd5f6e2238c7982
[INFO] [stdout]                                at /rustc/202008a1b8de96d2e5b6bc02d379db03a877d34d/library/core/src/fmt/mod.rs:1189:21
[INFO] [stdout]    6:     0x60b725b8f343 - std::io::Write::write_fmt::h03bb0ca26e6faf8c
[INFO] [stdout]                                at /rustc/202008a1b8de96d2e5b6bc02d379db03a877d34d/library/std/src/io/mod.rs:1884:15
[INFO] [stdout]    7:     0x60b725b921b2 - std::sys::backtrace::BacktraceLock::print::h5c19c1c038ee186d
[INFO] [stdout]                                at /rustc/202008a1b8de96d2e5b6bc02d379db03a877d34d/library/std/src/sys/backtrace.rs:42:9
[INFO] [stdout]    8:     0x60b725b937ed - std::panicking::default_hook::{{closure}}::h77172f079a1fcb13
[INFO] [stdout]                                at /rustc/202008a1b8de96d2e5b6bc02d379db03a877d34d/library/std/src/panicking.rs:268:22
[INFO] [stdout]    9:     0x60b725b935f7 - std::panicking::default_hook::he5f8e3b203ccddba
[INFO] [stdout]                                at /rustc/202008a1b8de96d2e5b6bc02d379db03a877d34d/library/std/src/panicking.rs:292:9
[INFO] [stdout]   10:     0x60b725ac1707 - <alloc::boxed::Box<F,A> as core::ops::function::Fn<Args>>::call::h7a3c7b4a1ae77f2f
[INFO] [stdout]                                at /rustc/202008a1b8de96d2e5b6bc02d379db03a877d34d/library/alloc/src/boxed.rs:1986:9
[INFO] [stdout]   11:     0x60b725ac1707 - test::test_main::{{closure}}::hf0d3b69ae9b353d1
[INFO] [stdout]                                at /rustc/202008a1b8de96d2e5b6bc02d379db03a877d34d/library/test/src/lib.rs:134:21
[INFO] [stdout]   12:     0x60b725b93e98 - <alloc::boxed::Box<F,A> as core::ops::function::Fn<Args>>::call::h6332e82e7b189abd
[INFO] [stdout]                                at /rustc/202008a1b8de96d2e5b6bc02d379db03a877d34d/library/alloc/src/boxed.rs:1986:9
[INFO] [stdout]   13:     0x60b725b93e98 - std::panicking::rust_panic_with_hook::h53863d4e9018df39
[INFO] [stdout]                                at /rustc/202008a1b8de96d2e5b6bc02d379db03a877d34d/library/std/src/panicking.rs:809:13
[INFO] [stdout]   14:     0x60b725b93c5a - std::panicking::begin_panic_handler::{{closure}}::h67280e6fa0757873
[INFO] [stdout]                                at /rustc/202008a1b8de96d2e5b6bc02d379db03a877d34d/library/std/src/panicking.rs:674:13
[INFO] [stdout]   15:     0x60b725b92849 - std::sys::backtrace::__rust_end_short_backtrace::h1dac3f54d6fbbeb2
[INFO] [stdout]                                at /rustc/202008a1b8de96d2e5b6bc02d379db03a877d34d/library/std/src/sys/backtrace.rs:170:18
[INFO] [stdout]   16:     0x60b725b938ec - rust_begin_unwind
[INFO] [stdout]                                at /rustc/202008a1b8de96d2e5b6bc02d379db03a877d34d/library/std/src/panicking.rs:665:5
[INFO] [stdout]   17:     0x60b725a55f80 - core::panicking::panic_fmt::h6792bd1b2bf01041
[INFO] [stdout]                                at /rustc/202008a1b8de96d2e5b6bc02d379db03a877d34d/library/core/src/panicking.rs:76:14
[INFO] [stdout]   18:     0x60b725a69144 - exchange::exchange::logger::logger::{{closure}}::h30a5994f73db4a02
[INFO] [stdout]                                at /opt/rustwide/workdir/apps/exchange/src/exchange/logger.rs:30:31
[INFO] [stdout]   19:     0x60b725a6902a - core::result::Result<T,E>::unwrap_or_else::h38be47cecebf8bf5
[INFO] [stdout]                                at /rustc/202008a1b8de96d2e5b6bc02d379db03a877d34d/library/core/src/result.rs:1458:23
[INFO] [stdout]   20:     0x60b725a6902a - exchange::exchange::logger::logger::h3e25aa97d7eb76dd
[INFO] [stdout]                                at /opt/rustwide/workdir/apps/exchange/src/exchange/logger.rs:30:10
[INFO] [stdout]   21:     0x60b725a7e42f - <platform::app::Service as platform::specs::node::ApplicationNode>::run_action_function::hd0734efafe90356c
[INFO] [stdout]                                at /opt/rustwide/workdir/platform/src/app.rs:345:9
[INFO] [stdout]   22:     0x60b725a73f6e - platform::sim::SoftwareSystemSimulation::simulate_node_one_cycle::hb8e86601e821bd0b
[INFO] [stdout]                                at /opt/rustwide/workdir/platform/src/sim.rs:945:9
[INFO] [stdout]   23:     0x60b725a73f6e - <platform::sim::SoftwareSystemSimulation as platform::sim::SystemSimulationTrait<_>>::simulate_system_one_cycle::h32de41486e5f13ed
[INFO] [stdout]                                at /opt/rustwide/workdir/platform/src/sim.rs:998:13
[INFO] [stdout]   24:     0x60b725a5dffb - exchange::exchange::run_exchange_app::h2017794d3caa08c9
[INFO] [stdout]                                at /opt/rustwide/workdir/apps/exchange/src/exchange.rs:136:9
[INFO] [stdout]   25:     0x60b725a598f1 - run_exchange::test_run_exchange::h787e5a39dc6cadaf
[INFO] [stdout]                                at /opt/rustwide/workdir/apps/exchange/tests/run_exchange.rs:32:5
[INFO] [stdout]   26:     0x60b725a598f1 - run_exchange::test_run_exchange::{{closure}}::h0f681b0659b66eef
[INFO] [stdout]                                at /opt/rustwide/workdir/apps/exchange/tests/run_exchange.rs:20:23
[INFO] [stdout]   27:     0x60b725a598f1 - core::ops::function::FnOnce::call_once::h2d0604166b339102
[INFO] [stdout]                                at /rustc/202008a1b8de96d2e5b6bc02d379db03a877d34d/library/core/src/ops/function.rs:250:5
[INFO] [stdout]   28:     0x60b725ac622b - core::ops::function::FnOnce::call_once::h871bf86719ec9aa4
[INFO] [stdout]                                at /rustc/202008a1b8de96d2e5b6bc02d379db03a877d34d/library/core/src/ops/function.rs:250:5
[INFO] [stdout]   29:     0x60b725ac622b - test::__rust_begin_short_backtrace::h2167df1e2b7d76fd
[INFO] [stdout]                                at /rustc/202008a1b8de96d2e5b6bc02d379db03a877d34d/library/test/src/lib.rs:632:18
[INFO] [stdout]   30:     0x60b725ac5c18 - test::run_test_in_process::{{closure}}::h15d92f75a3adfb79
[INFO] [stdout]                                at /rustc/202008a1b8de96d2e5b6bc02d379db03a877d34d/library/test/src/lib.rs:655:60
[INFO] [stdout]   31:     0x60b725ac5c18 - <core::panic::unwind_safe::AssertUnwindSafe<F> as core::ops::function::FnOnce<()>>::call_once::hb6c8955835a8dbbb
[INFO] [stdout]                                at /rustc/202008a1b8de96d2e5b6bc02d379db03a877d34d/library/core/src/panic/unwind_safe.rs:272:9
[INFO] [stdout]   32:     0x60b725ac5c18 - std::panicking::try::do_call::hc79d0fc888a0bd30
[INFO] [stdout]                                at /rustc/202008a1b8de96d2e5b6bc02d379db03a877d34d/library/std/src/panicking.rs:557:40
[INFO] [stdout]   33:     0x60b725ac5c18 - std::panicking::try::hb8a7878e3a8589d6
[INFO] [stdout]                                at /rustc/202008a1b8de96d2e5b6bc02d379db03a877d34d/library/std/src/panicking.rs:520:19
[INFO] [stdout]   34:     0x60b725ac5c18 - std::panic::catch_unwind::hb8e4600ff0ff5cfa
[INFO] [stdout]                                at /rustc/202008a1b8de96d2e5b6bc02d379db03a877d34d/library/std/src/panic.rs:358:14
[INFO] [stdout]   35:     0x60b725ac5c18 - test::run_test_in_process::hc2900b0b18688dd6
[INFO] [stdout]                                at /rustc/202008a1b8de96d2e5b6bc02d379db03a877d34d/library/test/src/lib.rs:655:27
[INFO] [stdout]   36:     0x60b725ac5c18 - test::run_test::{{closure}}::hac2a9cb07be3d48d
[INFO] [stdout]                                at /rustc/202008a1b8de96d2e5b6bc02d379db03a877d34d/library/test/src/lib.rs:576:43
[INFO] [stdout]   37:     0x60b725a896ba - test::run_test::{{closure}}::h4a5b729e66a38cd8
[INFO] [stdout]                                at /rustc/202008a1b8de96d2e5b6bc02d379db03a877d34d/library/test/src/lib.rs:606:41
[INFO] [stdout]   38:     0x60b725a896ba - std::sys::backtrace::__rust_begin_short_backtrace::h0496fb742492f573
[INFO] [stdout]                                at /rustc/202008a1b8de96d2e5b6bc02d379db03a877d34d/library/std/src/sys/backtrace.rs:154:18
[INFO] [stdout]   39:     0x60b725a8d034 - std::thread::Builder::spawn_unchecked_::{{closure}}::{{closure}}::hbb6d257c550a54bd
[INFO] [stdout]                                at /rustc/202008a1b8de96d2e5b6bc02d379db03a877d34d/library/std/src/thread/mod.rs:561:17
[INFO] [stdout]   40:     0x60b725a8d034 - <core::panic::unwind_safe::AssertUnwindSafe<F> as core::ops::function::FnOnce<()>>::call_once::h46696fe4a6832328
[INFO] [stdout]                                at /rustc/202008a1b8de96d2e5b6bc02d379db03a877d34d/library/core/src/panic/unwind_safe.rs:272:9
[INFO] [stdout]   41:     0x60b725a8d034 - std::panicking::try::do_call::h2625a51b667bfb64
[INFO] [stdout]                                at /rustc/202008a1b8de96d2e5b6bc02d379db03a877d34d/library/std/src/panicking.rs:557:40
[INFO] [stdout]   42:     0x60b725a8d034 - std::panicking::try::hb956a59a1973aa4c
[INFO] [stdout]                                at /rustc/202008a1b8de96d2e5b6bc02d379db03a877d34d/library/std/src/panicking.rs:520:19
[INFO] [stdout]   43:     0x60b725a8d034 - std::panic::catch_unwind::h64f3b9d1067ef6a0
[INFO] [stdout]                                at /rustc/202008a1b8de96d2e5b6bc02d379db03a877d34d/library/std/src/panic.rs:358:14
[INFO] [stdout]   44:     0x60b725a8d034 - std::thread::Builder::spawn_unchecked_::{{closure}}::h42b2841295b6c0b2
[INFO] [stdout]                                at /rustc/202008a1b8de96d2e5b6bc02d379db03a877d34d/library/std/src/thread/mod.rs:559:30
[INFO] [stdout]   45:     0x60b725a8d034 - core::ops::function::FnOnce::call_once{{vtable.shim}}::h6127de71b8124639
[INFO] [stdout]                                at /rustc/202008a1b8de96d2e5b6bc02d379db03a877d34d/library/core/src/ops/function.rs:250:5
[INFO] [stdout]   46:     0x60b725b97efb - <alloc::boxed::Box<F,A> as core::ops::function::FnOnce<Args>>::call_once::h42f0ba71002a1b2c
[INFO] [stdout]                                at /rustc/202008a1b8de96d2e5b6bc02d379db03a877d34d/library/alloc/src/boxed.rs:1972:9
[INFO] [stdout]   47:     0x60b725b97efb - <alloc::boxed::Box<F,A> as core::ops::function::FnOnce<Args>>::call_once::had9e47d7a3dcecb8
[INFO] [stdout]                                at /rustc/202008a1b8de96d2e5b6bc02d379db03a877d34d/library/alloc/src/boxed.rs:1972:9
[INFO] [stdout]   48:     0x60b725b97efb - std::sys::pal::unix::thread::Thread::new::thread_start::h48cf765408f6f5f2
[INFO] [stdout]                                at /rustc/202008a1b8de96d2e5b6bc02d379db03a877d34d/library/std/src/sys/pal/unix/thread.rs:105:17
[INFO] [stdout]   49:     0x716a28bd6ac3 - <unknown>
[INFO] [stdout]   50:     0x716a28c67a04 - clone
[INFO] [stdout]   51:                0x0 - <unknown>
[INFO] [stdout] 
[INFO] [stdout] 
[INFO] [stdout] failures:
[INFO] [stdout]     test_run_exchange
[INFO] [stdout] 
[INFO] [stdout] test result: FAILED. 0 passed; 1 failed; 0 ignored; 0 measured; 0 filtered out; finished in 0.26s
[INFO] [stdout] 
[INFO] [stderr] error: test failed, to rerun pass `-p exchange --test run_exchange`
[INFO] running `Command { std: "docker" "inspect" "c16f1e942929580d58ba5fdd015f27aeb378fefdc6990e2a834d8c6edd5f0c3e", kill_on_drop: false }`
[INFO] running `Command { std: "docker" "rm" "-f" "c16f1e942929580d58ba5fdd015f27aeb378fefdc6990e2a834d8c6edd5f0c3e", kill_on_drop: false }`
[INFO] [stdout] c16f1e942929580d58ba5fdd015f27aeb378fefdc6990e2a834d8c6edd5f0c3e
