[INFO] cloning repository https://github.com/bennofs/nix-index
[INFO] running `Command { std: "git" "-c" "credential.helper=" "-c" "credential.helper=/workspace/cargo-home/bin/git-credential-null" "clone" "--bare" "https://github.com/bennofs/nix-index" "/workspace/cache/git-repos/https%3A%2F%2Fgithub.com%2Fbennofs%2Fnix-index", kill_on_drop: false }`
[INFO] [stderr] Cloning into bare repository '/workspace/cache/git-repos/https%3A%2F%2Fgithub.com%2Fbennofs%2Fnix-index'...
[INFO] running `Command { std: "git" "rev-parse" "HEAD", kill_on_drop: false }`
[INFO] [stdout] 8c0532bcf8da840ed18e99ad2bf948cb9f5190a9
[INFO] testing bennofs/nix-index against beta-2024-12-08 for beta-1.84.0-4-retry
[INFO] running `Command { std: "git" "clone" "/workspace/cache/git-repos/https%3A%2F%2Fgithub.com%2Fbennofs%2Fnix-index" "/workspace/builds/worker-5-tc2/source", kill_on_drop: false }`
[INFO] [stderr] Cloning into '/workspace/builds/worker-5-tc2/source'...
[INFO] [stderr] done.
[INFO] validating manifest of git repo https://github.com/bennofs/nix-index on toolchain beta-2024-12-08
[INFO] running `Command { std: CARGO_HOME="/workspace/cargo-home" RUSTUP_HOME="/workspace/rustup-home" "/workspace/cargo-home/bin/cargo" "+beta-2024-12-08" "metadata" "--manifest-path" "Cargo.toml" "--no-deps", kill_on_drop: false }`
[INFO] started tweaking git repo https://github.com/bennofs/nix-index
[INFO] removed 0 missing examples
[INFO] finished tweaking git repo https://github.com/bennofs/nix-index
[INFO] tweaked toml for git repo https://github.com/bennofs/nix-index written to /workspace/builds/worker-5-tc2/source/Cargo.toml
[INFO] crate git repo https://github.com/bennofs/nix-index already has a lockfile, it will not be regenerated
[INFO] running `Command { std: CARGO_HOME="/workspace/cargo-home" RUSTUP_HOME="/workspace/rustup-home" "/workspace/cargo-home/bin/cargo" "+beta-2024-12-08" "fetch" "--manifest-path" "Cargo.toml", kill_on_drop: false }`
[INFO] [stderr]     Blocking waiting for file lock on package cache
[INFO] running `Command { std: "docker" "create" "-v" "/var/lib/crater-agent-workspace/builds/worker-5-tc2/target:/opt/rustwide/target:rw,Z" "-v" "/var/lib/crater-agent-workspace/builds/worker-5-tc2/source:/opt/rustwide/workdir:ro,Z" "-v" "/var/lib/crater-agent-workspace/cargo-home:/opt/rustwide/cargo-home:ro,Z" "-v" "/var/lib/crater-agent-workspace/rustup-home:/opt/rustwide/rustup-home:ro,Z" "-e" "SOURCE_DIR=/opt/rustwide/workdir" "-e" "CARGO_TARGET_DIR=/opt/rustwide/target" "-e" "CARGO_HOME=/opt/rustwide/cargo-home" "-e" "RUSTUP_HOME=/opt/rustwide/rustup-home" "-w" "/opt/rustwide/workdir" "-m" "1610612736" "--user" "0:0" "--network" "none" "ghcr.io/rust-lang/crates-build-env/linux@sha256:f3a9d4ad9d972b27faf3965f35b62e55ba32bbce8f20bc8fe909558a86702fde" "/opt/rustwide/cargo-home/bin/cargo" "+beta-2024-12-08" "metadata" "--no-deps" "--format-version=1", kill_on_drop: false }`
[INFO] [stdout] 988e96e15d2efa042a55a9365bff3d4137ac9b65f6611b013117a53bc4c8d66c
[INFO] running `Command { std: "docker" "start" "-a" "988e96e15d2efa042a55a9365bff3d4137ac9b65f6611b013117a53bc4c8d66c", kill_on_drop: false }`
[INFO] running `Command { std: "docker" "inspect" "988e96e15d2efa042a55a9365bff3d4137ac9b65f6611b013117a53bc4c8d66c", kill_on_drop: false }`
[INFO] running `Command { std: "docker" "rm" "-f" "988e96e15d2efa042a55a9365bff3d4137ac9b65f6611b013117a53bc4c8d66c", kill_on_drop: false }`
[INFO] [stdout] 988e96e15d2efa042a55a9365bff3d4137ac9b65f6611b013117a53bc4c8d66c
[INFO] running `Command { std: "docker" "create" "-v" "/var/lib/crater-agent-workspace/builds/worker-5-tc2/target:/opt/rustwide/target:rw,Z" "-v" "/var/lib/crater-agent-workspace/builds/worker-5-tc2/source:/opt/rustwide/workdir:ro,Z" "-v" "/var/lib/crater-agent-workspace/cargo-home:/opt/rustwide/cargo-home:ro,Z" "-v" "/var/lib/crater-agent-workspace/rustup-home:/opt/rustwide/rustup-home:ro,Z" "-e" "SOURCE_DIR=/opt/rustwide/workdir" "-e" "CARGO_TARGET_DIR=/opt/rustwide/target" "-e" "CARGO_INCREMENTAL=0" "-e" "RUST_BACKTRACE=full" "-e" "RUSTFLAGS=--cap-lints=warn" "-e" "RUSTDOCFLAGS=--cap-lints=warn" "-e" "CARGO_HOME=/opt/rustwide/cargo-home" "-e" "RUSTUP_HOME=/opt/rustwide/rustup-home" "-w" "/opt/rustwide/workdir" "-m" "1610612736" "--user" "0:0" "--network" "none" "ghcr.io/rust-lang/crates-build-env/linux@sha256:f3a9d4ad9d972b27faf3965f35b62e55ba32bbce8f20bc8fe909558a86702fde" "/opt/rustwide/cargo-home/bin/cargo" "+beta-2024-12-08" "build" "--frozen" "--message-format=json", kill_on_drop: false }`
[INFO] [stdout] 39c011e8222cfe9a978ae63203fcdc429626f829b968fa916be013e9c8049524
[INFO] running `Command { std: "docker" "start" "-a" "39c011e8222cfe9a978ae63203fcdc429626f829b968fa916be013e9c8049524", kill_on_drop: false }`
[INFO] [stderr]    Compiling libc v0.2.155
[INFO] [stderr]    Compiling once_cell v1.19.0
[INFO] [stderr]    Compiling proc-macro2 v1.0.83
[INFO] [stderr]    Compiling unicode-ident v1.0.12
[INFO] [stderr]    Compiling cfg-if v1.0.0
[INFO] [stderr]    Compiling memchr v2.7.2
[INFO] [stderr]    Compiling pkg-config v0.3.30
[INFO] [stderr]    Compiling autocfg v1.3.0
[INFO] [stderr]    Compiling pin-project-lite v0.2.14
[INFO] [stderr]    Compiling bytes v1.6.0
[INFO] [stderr]    Compiling log v0.4.21
[INFO] [stderr]    Compiling version_check v0.9.4
[INFO] [stderr]    Compiling itoa v1.0.11
[INFO] [stderr]    Compiling parking_lot_core v0.9.10
[INFO] [stderr]    Compiling smallvec v1.13.2
[INFO] [stderr]    Compiling scopeguard v1.2.0
[INFO] [stderr]    Compiling futures-core v0.3.30
[INFO] [stderr]    Compiling vcpkg v0.2.15
[INFO] [stderr]    Compiling futures-sink v0.3.30
[INFO] [stderr]    Compiling zerocopy v0.7.34
[INFO] [stderr]    Compiling fnv v1.0.7
[INFO] [stderr]    Compiling futures-channel v0.3.30
[INFO] [stderr]    Compiling futures-io v0.3.30
[INFO] [stderr]    Compiling pin-utils v0.1.0
[INFO] [stderr]    Compiling futures-task v0.3.30
[INFO] [stderr]    Compiling tracing-core v0.1.32
[INFO] [stderr]    Compiling regex-syntax v0.8.3
[INFO] [stderr]    Compiling serde v1.0.202
[INFO] [stderr]    Compiling equivalent v1.0.1
[INFO] [stderr]    Compiling httparse v1.8.0
[INFO] [stderr]    Compiling bitflags v2.5.0
[INFO] [stderr]    Compiling foreign-types-shared v0.1.1
[INFO] [stderr]    Compiling openssl v0.10.64
[INFO] [stderr]    Compiling crossbeam-utils v0.8.20
[INFO] [stderr]    Compiling lock_api v0.4.12
[INFO] [stderr]    Compiling ahash v0.8.11
[INFO] [stderr]    Compiling slab v0.4.9
[INFO] [stderr]    Compiling tracing v0.1.40
[INFO] [stderr]    Compiling http v1.1.0
[INFO] [stderr]    Compiling try-lock v0.2.5
[INFO] [stderr]    Compiling aho-corasick v1.1.3
[INFO] [stderr]    Compiling want v0.3.1
[INFO] [stderr]    Compiling foreign-types v0.3.2
[INFO] [stderr]    Compiling encoding_rs v0.8.34
[INFO] [stderr]    Compiling tower-service v0.3.2
[INFO] [stderr]    Compiling atomic-waker v1.1.2
[INFO] [stderr]    Compiling quote v1.0.36
[INFO] [stderr]    Compiling native-tls v0.2.11
[INFO] [stderr]    Compiling tinyvec_macros v0.1.1
[INFO] [stderr]    Compiling alloc-no-stdlib v2.0.4
[INFO] [stderr]    Compiling ryu v1.0.18
[INFO] [stderr]    Compiling tinyvec v1.6.0
[INFO] [stderr]    Compiling hashbrown v0.14.5
[INFO] [stderr]    Compiling alloc-stdlib v0.2.2
[INFO] [stderr]    Compiling grep-matcher v0.1.7
[INFO] [stderr]    Compiling openssl-probe v0.1.5
[INFO] [stderr]    Compiling tower-layer v0.3.2
[INFO] [stderr]    Compiling syn v2.0.65
[INFO] [stderr]    Compiling percent-encoding v2.3.1
[INFO] [stderr]    Compiling utf8parse v0.2.1
[INFO] [stderr]    Compiling serde_json v1.0.117
[INFO] [stderr]    Compiling anstyle-parse v0.2.4
[INFO] [stderr]    Compiling form_urlencoded v1.2.1
[INFO] [stderr]    Compiling brotli-decompressor v4.0.0
[INFO] [stderr]    Compiling libsqlite3-sys v0.28.0
[INFO] [stderr]    Compiling http v0.2.12
[INFO] [stderr]    Compiling jobserver v0.1.31
[INFO] [stderr]    Compiling socket2 v0.5.7
[INFO] [stderr]    Compiling mio v0.8.11
[INFO] [stderr]    Compiling signal-hook-registry v1.4.2
[INFO] [stderr]    Compiling cc v1.0.98
[INFO] [stderr]    Compiling parking_lot v0.12.2
[INFO] [stderr]    Compiling num_cpus v1.16.0
[INFO] [stderr]    Compiling indexmap v2.2.6
[INFO] [stderr]    Compiling http-body v1.0.0
[INFO] [stderr]    Compiling getrandom v0.2.15
[INFO] [stderr]    Compiling crossbeam-epoch v0.9.18
[INFO] [stderr]    Compiling unicode-normalization v0.1.23
[INFO] [stderr]    Compiling rand_core v0.6.4
[INFO] [stderr]    Compiling memmap2 v0.9.4
[INFO] [stderr]    Compiling zstd-safe v6.0.6
[INFO] [stderr]    Compiling anstyle-query v1.0.3
[INFO] [stderr]    Compiling encoding_rs_io v0.1.7
[INFO] [stderr]    Compiling rayon-core v1.12.1
[INFO] [stderr]    Compiling is_terminal_polyfill v1.70.0
[INFO] [stderr]    Compiling ppv-lite86 v0.2.17
[INFO] [stderr]    Compiling unicode-bidi v0.3.15
[INFO] [stderr]    Compiling colorchoice v1.0.1
[INFO] [stderr]    Compiling adler v1.0.2
[INFO] [stderr]    Compiling anstyle v1.0.7
[INFO] [stderr]    Compiling gimli v0.28.1
[INFO] [stderr]    Compiling termcolor v1.4.1
[INFO] [stderr]    Compiling miniz_oxide v0.7.3
[INFO] [stderr]    Compiling crossbeam-deque v0.8.5
[INFO] [stderr]    Compiling anstream v0.6.14
[INFO] [stderr]    Compiling http-body-util v0.1.1
[INFO] [stderr]    Compiling brotli v6.0.0
[INFO] [stderr]    Compiling is-terminal v0.4.12
[INFO] [stderr]    Compiling object v0.32.2
[INFO] [stderr]    Compiling idna v0.5.0
[INFO] [stderr]    Compiling error-chain v0.12.4
[INFO] [stderr]    Compiling base64 v0.22.1
[INFO] [stderr]    Compiling strsim v0.11.1
[INFO] [stderr]    Compiling clap_lex v0.7.0
[INFO] [stderr]    Compiling rand_chacha v0.3.1
[INFO] [stderr]    Compiling rustc-demangle v0.1.24
[INFO] [stderr]    Compiling regex-automata v0.4.6
[INFO] [stderr]    Compiling is_ci v1.2.0
[INFO] [stderr]    Compiling heck v0.5.0
[INFO] [stderr]    Compiling rustls-pki-types v1.7.0
[INFO] [stderr]    Compiling supports-color v2.1.0
[INFO] [stderr]    Compiling rand v0.8.5
[INFO] [stderr]    Compiling openssl-sys v0.9.102
[INFO] [stderr]    Compiling zstd-sys v2.0.10+zstd.1.5.6
[INFO] [stderr]    Compiling backtrace v0.3.71
[INFO] [stderr]    Compiling lzma-sys v0.1.20
[INFO] [stderr]    Compiling url v2.5.0
[INFO] [stderr]    Compiling rustls-pemfile v2.1.2
[INFO] [stderr]    Compiling clap_builder v4.5.2
[INFO] [stderr]    Compiling http-body v0.4.6
[INFO] [stderr]    Compiling hashlink v0.9.1
[INFO] [stderr]    Compiling sync_wrapper v0.1.2
[INFO] [stderr]    Compiling ipnet v2.9.0
[INFO] [stderr]    Compiling either v1.12.0
[INFO] [stderr]    Compiling fallible-iterator v0.3.0
[INFO] [stderr]    Compiling fallible-streaming-iterator v0.1.9
[INFO] [stderr]    Compiling httpdate v1.0.3
[INFO] [stderr]    Compiling mime v0.3.17
[INFO] [stderr]    Compiling rayon v1.10.0
[INFO] [stderr]    Compiling xz2 v0.1.7
[INFO] [stderr]    Compiling owo-colors v4.0.0
[INFO] [stderr]    Compiling rusqlite v0.31.0
[INFO] [stderr]    Compiling atty v0.2.14
[INFO] [stderr]    Compiling separator v0.4.1
[INFO] [stderr]    Compiling xml-rs v0.8.20
[INFO] [stderr]    Compiling regex-syntax v0.7.5
[INFO] [stderr]    Compiling byteorder v1.5.0
[INFO] [stderr]    Compiling xdg v2.5.2
[INFO] [stderr]    Compiling tokio-macros v2.2.0
[INFO] [stderr]    Compiling futures-macro v0.3.30
[INFO] [stderr]    Compiling serde_derive v1.0.202
[INFO] [stderr]    Compiling pin-project-internal v1.1.5
[INFO] [stderr]    Compiling openssl-macros v0.1.1
[INFO] [stderr]    Compiling addr2line v0.21.0
[INFO] [stderr]    Compiling bstr v1.9.1
[INFO] [stderr]    Compiling clap_derive v4.5.4
[INFO] [stderr]    Compiling regex v1.10.4
[INFO] [stderr]    Compiling tokio v1.37.0
[INFO] [stderr]    Compiling globset v0.4.14
[INFO] [stderr]    Compiling futures-util v0.3.30
[INFO] [stderr]    Compiling grep-searcher v0.1.13
[INFO] [stderr]    Compiling pin-project v1.1.5
[INFO] [stderr]    Compiling grep-cli v0.1.10
[INFO] [stderr]    Compiling grep-regex v0.1.12
[INFO] [stderr]    Compiling clap v4.5.4
[INFO] [stderr]    Compiling futures-executor v0.3.30
[INFO] [stderr]    Compiling futures v0.3.30
[INFO] [stderr]    Compiling zstd v0.12.4
[INFO] [stderr]    Compiling serde_urlencoded v0.7.1
[INFO] [stderr]    Compiling serde_bytes v0.11.14
[INFO] [stderr]    Compiling bincode v1.3.3
[INFO] [stderr]    Compiling tokio-util v0.7.11
[INFO] [stderr]    Compiling tower v0.4.13
[INFO] [stderr]    Compiling tokio-native-tls v0.3.1
[INFO] [stderr]    Compiling async-compression v0.4.10
[INFO] [stderr]    Compiling tokio-retry v0.3.0
[INFO] [stderr]    Compiling grep-printer v0.2.1
[INFO] [stderr]    Compiling h2 v0.4.5
[INFO] [stderr]    Compiling h2 v0.3.26
[INFO] [stderr]    Compiling grep v0.3.1
[INFO] [stderr]    Compiling hyper v0.14.28
[INFO] [stderr]    Compiling hyper v1.3.1
[INFO] [stderr]    Compiling hyper-util v0.1.3
[INFO] [stderr]    Compiling hyper-tls v0.6.0
[INFO] [stderr]    Compiling reqwest v0.12.4
[INFO] [stderr]    Compiling nix-index v0.1.9 (/opt/rustwide/workdir)
[INFO] [stdout] warning: unexpected `cfg` condition value: `cargo-clippy`
[INFO] [stdout]  --> src/lib.rs:2:5
[INFO] [stdout]   |
[INFO] [stdout] 2 |     feature = "cargo-clippy",
[INFO] [stdout]   |     ^^^^^^^^^^^^^^^^^^^^^^^^ help: remove the condition
[INFO] [stdout]   |
[INFO] [stdout]   = note: no expected values for `feature`
[INFO] [stdout]   = help: consider adding `cargo-clippy` as a feature in `Cargo.toml`
[INFO] [stdout]   = note: see <https://doc.rust-lang.org/nightly/rustc/check-cfg/cargo-specifics.html> for more information about checking conditional configuration
[INFO] [stdout]   = note: `#[warn(unexpected_cfgs)]` on by default
[INFO] [stdout] 
[INFO] [stdout] 
[INFO] [stdout] warning: unexpected `cfg` condition name: `has_error_description_deprecated`
[INFO] [stdout]    --> src/database.rs:100:1
[INFO] [stdout]     |
[INFO] [stdout] 100 | / error_chain! {
[INFO] [stdout] 101 | |     errors {
[INFO] [stdout] 102 | |         UnsupportedFileType(found: Vec<u8>) {
[INFO] [stdout] 103 | |             description("unsupported file type")
[INFO] [stdout] ...   |
[INFO] [stdout] 131 | |     }
[INFO] [stdout] 132 | | }
[INFO] [stdout]     | |_^
[INFO] [stdout]     |
[INFO] [stdout]     = help: expected names are: `clippy`, `debug_assertions`, `doc`, `docsrs`, `doctest`, `feature`, `fmt_debug`, `miri`, `overflow_checks`, `panic`, `proc_macro`, `relocation_model`, `rustfmt`, `sanitize`, `sanitizer_cfi_generalize_pointers`, `sanitizer_cfi_normalize_integers`, `target_abi`, `target_arch`, `target_endian`, `target_env`, `target_family`, `target_feature`, `target_has_atomic`, `target_has_atomic_equal_alignment`, `target_has_atomic_load_store`, `target_os`, `target_pointer_width`, `target_thread_local`, `target_vendor`, `test`, `ub_checks`, `unix`, and `windows`
[INFO] [stdout]     = help: consider using a Cargo feature instead
[INFO] [stdout]     = help: or consider adding in `Cargo.toml` the `check-cfg` lint config for the lint:
[INFO] [stdout]              [lints.rust]
[INFO] [stdout]              unexpected_cfgs = { level = "warn", check-cfg = ['cfg(has_error_description_deprecated)'] }
[INFO] [stdout]     = help: or consider adding `println!("cargo::rustc-check-cfg=cfg(has_error_description_deprecated)");` to the top of the `build.rs`
[INFO] [stdout]     = note: see <https://doc.rust-lang.org/nightly/rustc/check-cfg/cargo-specifics.html> for more information about checking conditional configuration
[INFO] [stdout]     = note: this warning originates in the macro `impl_error_chain_processed` which comes from the expansion of the macro `error_chain` (in Nightly builds, run with -Z macro-backtrace for more info)
[INFO] [stdout] 
[INFO] [stdout] 
[INFO] [stdout] warning: unexpected `cfg` condition name: `has_error_description_deprecated`
[INFO] [stdout]   --> src/errors.rs:5:1
[INFO] [stdout]    |
[INFO] [stdout] 5  | / error_chain::error_chain! {
[INFO] [stdout] 6  | |     errors {
[INFO] [stdout] 7  | |         QueryPackages {
[INFO] [stdout] 8  | |             description("query packages error")
[INFO] [stdout] ...  |
[INFO] [stdout] 43 | |     }
[INFO] [stdout] 44 | | }
[INFO] [stdout]    | |_^
[INFO] [stdout]    |
[INFO] [stdout]    = help: consider using a Cargo feature instead
[INFO] [stdout]    = help: or consider adding in `Cargo.toml` the `check-cfg` lint config for the lint:
[INFO] [stdout]             [lints.rust]
[INFO] [stdout]             unexpected_cfgs = { level = "warn", check-cfg = ['cfg(has_error_description_deprecated)'] }
[INFO] [stdout]    = help: or consider adding `println!("cargo::rustc-check-cfg=cfg(has_error_description_deprecated)");` to the top of the `build.rs`
[INFO] [stdout]    = note: see <https://doc.rust-lang.org/nightly/rustc/check-cfg/cargo-specifics.html> for more information about checking conditional configuration
[INFO] [stdout]    = note: this warning originates in the macro `impl_error_chain_processed` which comes from the expansion of the macro `error_chain::error_chain` (in Nightly builds, run with -Z macro-backtrace for more info)
[INFO] [stdout] 
[INFO] [stdout] 
[INFO] [stdout] warning: unexpected `cfg` condition name: `has_error_description_deprecated`
[INFO] [stdout]   --> src/frcode.rs:62:1
[INFO] [stdout]    |
[INFO] [stdout] 62 | / error_chain! {
[INFO] [stdout] 63 | |     foreign_links {
[INFO] [stdout] 64 | |         Io(io::Error);
[INFO] [stdout] 65 | |     }
[INFO] [stdout] ...  |
[INFO] [stdout] 84 | |     }
[INFO] [stdout] 85 | | }
[INFO] [stdout]    | |_^
[INFO] [stdout]    |
[INFO] [stdout]    = help: consider using a Cargo feature instead
[INFO] [stdout]    = help: or consider adding in `Cargo.toml` the `check-cfg` lint config for the lint:
[INFO] [stdout]             [lints.rust]
[INFO] [stdout]             unexpected_cfgs = { level = "warn", check-cfg = ['cfg(has_error_description_deprecated)'] }
[INFO] [stdout]    = help: or consider adding `println!("cargo::rustc-check-cfg=cfg(has_error_description_deprecated)");` to the top of the `build.rs`
[INFO] [stdout]    = note: see <https://doc.rust-lang.org/nightly/rustc/check-cfg/cargo-specifics.html> for more information about checking conditional configuration
[INFO] [stdout]    = note: this warning originates in the macro `impl_error_chain_processed` which comes from the expansion of the macro `error_chain` (in Nightly builds, run with -Z macro-backtrace for more info)
[INFO] [stdout] 
[INFO] [stdout] 
[INFO] [stdout] warning: unexpected `cfg` condition name: `has_error_description_deprecated`
[INFO] [stdout]   --> src/hydra.rs:34:1
[INFO] [stdout]    |
[INFO] [stdout] 34 | / error_chain! {
[INFO] [stdout] 35 | |     errors {
[INFO] [stdout] 36 | |         Http(url: String, code: StatusCode) {
[INFO] [stdout] 37 | |             description("http status code error")
[INFO] [stdout] ...  |
[INFO] [stdout] 77 | |     }
[INFO] [stdout] 78 | | }
[INFO] [stdout]    | |_^
[INFO] [stdout]    |
[INFO] [stdout]    = help: consider using a Cargo feature instead
[INFO] [stdout]    = help: or consider adding in `Cargo.toml` the `check-cfg` lint config for the lint:
[INFO] [stdout]             [lints.rust]
[INFO] [stdout]             unexpected_cfgs = { level = "warn", check-cfg = ['cfg(has_error_description_deprecated)'] }
[INFO] [stdout]    = help: or consider adding `println!("cargo::rustc-check-cfg=cfg(has_error_description_deprecated)");` to the top of the `build.rs`
[INFO] [stdout]    = note: see <https://doc.rust-lang.org/nightly/rustc/check-cfg/cargo-specifics.html> for more information about checking conditional configuration
[INFO] [stdout]    = note: this warning originates in the macro `impl_error_chain_processed` which comes from the expansion of the macro `error_chain` (in Nightly builds, run with -Z macro-backtrace for more info)
[INFO] [stdout] 
[INFO] [stdout] 
[INFO] [stdout] warning: unexpected `cfg` condition name: `has_error_description_deprecated`
[INFO] [stdout]   --> src/bin/nix-locate.rs:18:1
[INFO] [stdout]    |
[INFO] [stdout] 18 | / error_chain! {
[INFO] [stdout] 19 | |     errors {
[INFO] [stdout] 20 | |         ReadDatabase(database: PathBuf) {
[INFO] [stdout] 21 | |             description("database read error")
[INFO] [stdout] ...  |
[INFO] [stdout] 30 | |     }
[INFO] [stdout] 31 | | }
[INFO] [stdout]    | |_^
[INFO] [stdout]    |
[INFO] [stdout]    = help: expected names are: `clippy`, `debug_assertions`, `doc`, `docsrs`, `doctest`, `feature`, `fmt_debug`, `miri`, `overflow_checks`, `panic`, `proc_macro`, `relocation_model`, `rustfmt`, `sanitize`, `sanitizer_cfi_generalize_pointers`, `sanitizer_cfi_normalize_integers`, `target_abi`, `target_arch`, `target_endian`, `target_env`, `target_family`, `target_feature`, `target_has_atomic`, `target_has_atomic_equal_alignment`, `target_has_atomic_load_store`, `target_os`, `target_pointer_width`, `target_thread_local`, `target_vendor`, `test`, `ub_checks`, `unix`, and `windows`
[INFO] [stdout]    = help: consider using a Cargo feature instead
[INFO] [stdout]    = help: or consider adding in `Cargo.toml` the `check-cfg` lint config for the lint:
[INFO] [stdout]             [lints.rust]
[INFO] [stdout]             unexpected_cfgs = { level = "warn", check-cfg = ['cfg(has_error_description_deprecated)'] }
[INFO] [stdout]    = help: or consider adding `println!("cargo::rustc-check-cfg=cfg(has_error_description_deprecated)");` to the top of the `build.rs`
[INFO] [stdout]    = note: see <https://doc.rust-lang.org/nightly/rustc/check-cfg/cargo-specifics.html> for more information about checking conditional configuration
[INFO] [stdout]    = note: `#[warn(unexpected_cfgs)]` on by default
[INFO] [stdout]    = note: this warning originates in the macro `impl_error_chain_processed` which comes from the expansion of the macro `error_chain` (in Nightly builds, run with -Z macro-backtrace for more info)
[INFO] [stdout] 
[INFO] [stdout] 
[INFO] [stderr]     Finished `dev` profile [unoptimized + debuginfo] target(s) in 57.34s
[INFO] running `Command { std: "docker" "inspect" "39c011e8222cfe9a978ae63203fcdc429626f829b968fa916be013e9c8049524", kill_on_drop: false }`
[INFO] running `Command { std: "docker" "rm" "-f" "39c011e8222cfe9a978ae63203fcdc429626f829b968fa916be013e9c8049524", kill_on_drop: false }`
[INFO] [stdout] 39c011e8222cfe9a978ae63203fcdc429626f829b968fa916be013e9c8049524
[INFO] running `Command { std: "docker" "create" "-v" "/var/lib/crater-agent-workspace/builds/worker-5-tc2/target:/opt/rustwide/target:rw,Z" "-v" "/var/lib/crater-agent-workspace/builds/worker-5-tc2/source:/opt/rustwide/workdir:ro,Z" "-v" "/var/lib/crater-agent-workspace/cargo-home:/opt/rustwide/cargo-home:ro,Z" "-v" "/var/lib/crater-agent-workspace/rustup-home:/opt/rustwide/rustup-home:ro,Z" "-e" "SOURCE_DIR=/opt/rustwide/workdir" "-e" "CARGO_TARGET_DIR=/opt/rustwide/target" "-e" "CARGO_INCREMENTAL=0" "-e" "RUST_BACKTRACE=full" "-e" "RUSTFLAGS=--cap-lints=warn" "-e" "RUSTDOCFLAGS=--cap-lints=warn" "-e" "CARGO_HOME=/opt/rustwide/cargo-home" "-e" "RUSTUP_HOME=/opt/rustwide/rustup-home" "-w" "/opt/rustwide/workdir" "-m" "1610612736" "--user" "0:0" "--network" "none" "ghcr.io/rust-lang/crates-build-env/linux@sha256:f3a9d4ad9d972b27faf3965f35b62e55ba32bbce8f20bc8fe909558a86702fde" "/opt/rustwide/cargo-home/bin/cargo" "+beta-2024-12-08" "test" "--frozen" "--no-run" "--message-format=json", kill_on_drop: false }`
[INFO] [stdout] d5ef9a915c73402a5c0f2544916bdd479dd6ac303a9453fc49c4f781579db134
[INFO] running `Command { std: "docker" "start" "-a" "d5ef9a915c73402a5c0f2544916bdd479dd6ac303a9453fc49c4f781579db134", kill_on_drop: false }`
[INFO] [stdout] warning: unexpected `cfg` condition value: `cargo-clippy`
[INFO] [stdout]  --> src/lib.rs:2:5
[INFO] [stdout]   |
[INFO] [stdout] 2 |     feature = "cargo-clippy",
[INFO] [stdout]   |     ^^^^^^^^^^^^^^^^^^^^^^^^ help: remove the condition
[INFO] [stdout]   |
[INFO] [stdout]   = note: no expected values for `feature`
[INFO] [stdout]   = help: consider adding `cargo-clippy` as a feature in `Cargo.toml`
[INFO] [stdout]   = note: see <https://doc.rust-lang.org/nightly/rustc/check-cfg/cargo-specifics.html> for more information about checking conditional configuration
[INFO] [stdout]   = note: `#[warn(unexpected_cfgs)]` on by default
[INFO] [stdout] 
[INFO] [stdout] 
[INFO] [stdout] warning: unexpected `cfg` condition name: `has_error_description_deprecated`
[INFO] [stdout]    --> src/database.rs:100:1
[INFO] [stdout]     |
[INFO] [stdout] 100 | / error_chain! {
[INFO] [stdout] 101 | |     errors {
[INFO] [stdout] 102 | |         UnsupportedFileType(found: Vec<u8>) {
[INFO] [stdout] 103 | |             description("unsupported file type")
[INFO] [stdout] ...   |
[INFO] [stdout] 131 | |     }
[INFO] [stdout] 132 | | }
[INFO] [stdout]     | |_^
[INFO] [stdout]     |
[INFO] [stdout]     = help: expected names are: `clippy`, `debug_assertions`, `doc`, `docsrs`, `doctest`, `feature`, `fmt_debug`, `miri`, `overflow_checks`, `panic`, `proc_macro`, `relocation_model`, `rustfmt`, `sanitize`, `sanitizer_cfi_generalize_pointers`, `sanitizer_cfi_normalize_integers`, `target_abi`, `target_arch`, `target_endian`, `target_env`, `target_family`, `target_feature`, `target_has_atomic`, `target_has_atomic_equal_alignment`, `target_has_atomic_load_store`, `target_os`, `target_pointer_width`, `target_thread_local`, `target_vendor`, `test`, `ub_checks`, `unix`, and `windows`
[INFO] [stdout]     = help: consider using a Cargo feature instead
[INFO] [stdout]     = help: or consider adding in `Cargo.toml` the `check-cfg` lint config for the lint:
[INFO] [stdout]              [lints.rust]
[INFO] [stdout]              unexpected_cfgs = { level = "warn", check-cfg = ['cfg(has_error_description_deprecated)'] }
[INFO] [stdout]     = help: or consider adding `println!("cargo::rustc-check-cfg=cfg(has_error_description_deprecated)");` to the top of the `build.rs`
[INFO] [stdout]     = note: see <https://doc.rust-lang.org/nightly/rustc/check-cfg/cargo-specifics.html> for more information about checking conditional configuration
[INFO] [stdout]     = note: this warning originates in the macro `impl_error_chain_processed` which comes from the expansion of the macro `error_chain` (in Nightly builds, run with -Z macro-backtrace for more info)
[INFO] [stdout] 
[INFO] [stdout] 
[INFO] [stdout] warning: unexpected `cfg` condition name: `has_error_description_deprecated`
[INFO] [stdout]   --> src/errors.rs:5:1
[INFO] [stdout]    |
[INFO] [stdout] 5  | / error_chain::error_chain! {
[INFO] [stdout] 6  | |     errors {
[INFO] [stdout] 7  | |         QueryPackages {
[INFO] [stdout] 8  | |             description("query packages error")
[INFO] [stdout] ...  |
[INFO] [stdout] 43 | |     }
[INFO] [stdout] 44 | | }
[INFO] [stdout]    | |_^
[INFO] [stdout]    |
[INFO] [stdout]    = help: consider using a Cargo feature instead
[INFO] [stdout]    = help: or consider adding in `Cargo.toml` the `check-cfg` lint config for the lint:
[INFO] [stdout]             [lints.rust]
[INFO] [stdout]             unexpected_cfgs = { level = "warn", check-cfg = ['cfg(has_error_description_deprecated)'] }
[INFO] [stdout]    = help: or consider adding `println!("cargo::rustc-check-cfg=cfg(has_error_description_deprecated)");` to the top of the `build.rs`
[INFO] [stdout]    = note: see <https://doc.rust-lang.org/nightly/rustc/check-cfg/cargo-specifics.html> for more information about checking conditional configuration
[INFO] [stdout]    = note: this warning originates in the macro `impl_error_chain_processed` which comes from the expansion of the macro `error_chain::error_chain` (in Nightly builds, run with -Z macro-backtrace for more info)
[INFO] [stdout] 
[INFO] [stdout] 
[INFO] [stdout] warning: unexpected `cfg` condition name: `has_error_description_deprecated`
[INFO] [stdout]   --> src/frcode.rs:62:1
[INFO] [stdout]    |
[INFO] [stdout] 62 | / error_chain! {
[INFO] [stdout] 63 | |     foreign_links {
[INFO] [stdout] 64 | |         Io(io::Error);
[INFO] [stdout] 65 | |     }
[INFO] [stdout] ...  |
[INFO] [stdout] 84 | |     }
[INFO] [stdout] 85 | | }
[INFO] [stdout]    | |_^
[INFO] [stdout]    |
[INFO] [stdout]    = help: consider using a Cargo feature instead
[INFO] [stdout]    = help: or consider adding in `Cargo.toml` the `check-cfg` lint config for the lint:
[INFO] [stdout]             [lints.rust]
[INFO] [stdout]             unexpected_cfgs = { level = "warn", check-cfg = ['cfg(has_error_description_deprecated)'] }
[INFO] [stdout]    = help: or consider adding `println!("cargo::rustc-check-cfg=cfg(has_error_description_deprecated)");` to the top of the `build.rs`
[INFO] [stdout]    = note: see <https://doc.rust-lang.org/nightly/rustc/check-cfg/cargo-specifics.html> for more information about checking conditional configuration
[INFO] [stdout]    = note: this warning originates in the macro `impl_error_chain_processed` which comes from the expansion of the macro `error_chain` (in Nightly builds, run with -Z macro-backtrace for more info)
[INFO] [stdout] 
[INFO] [stdout] 
[INFO] [stdout] warning: unexpected `cfg` condition name: `has_error_description_deprecated`
[INFO] [stdout]   --> src/hydra.rs:34:1
[INFO] [stdout]    |
[INFO] [stdout] 34 | / error_chain! {
[INFO] [stdout] 35 | |     errors {
[INFO] [stdout] 36 | |         Http(url: String, code: StatusCode) {
[INFO] [stdout] 37 | |             description("http status code error")
[INFO] [stdout] ...  |
[INFO] [stdout] 77 | |     }
[INFO] [stdout] 78 | | }
[INFO] [stdout]    | |_^
[INFO] [stdout]    |
[INFO] [stdout]    = help: consider using a Cargo feature instead
[INFO] [stdout]    = help: or consider adding in `Cargo.toml` the `check-cfg` lint config for the lint:
[INFO] [stdout]             [lints.rust]
[INFO] [stdout]             unexpected_cfgs = { level = "warn", check-cfg = ['cfg(has_error_description_deprecated)'] }
[INFO] [stdout]    = help: or consider adding `println!("cargo::rustc-check-cfg=cfg(has_error_description_deprecated)");` to the top of the `build.rs`
[INFO] [stdout]    = note: see <https://doc.rust-lang.org/nightly/rustc/check-cfg/cargo-specifics.html> for more information about checking conditional configuration
[INFO] [stdout]    = note: this warning originates in the macro `impl_error_chain_processed` which comes from the expansion of the macro `error_chain` (in Nightly builds, run with -Z macro-backtrace for more info)
[INFO] [stdout] 
[INFO] [stdout] 
[INFO] [stderr]    Compiling nix-index v0.1.9 (/opt/rustwide/workdir)
[INFO] [stdout] warning: unexpected `cfg` condition name: `has_error_description_deprecated`
[INFO] [stdout]   --> src/bin/nix-locate.rs:18:1
[INFO] [stdout]    |
[INFO] [stdout] 18 | / error_chain! {
[INFO] [stdout] 19 | |     errors {
[INFO] [stdout] 20 | |         ReadDatabase(database: PathBuf) {
[INFO] [stdout] 21 | |             description("database read error")
[INFO] [stdout] ...  |
[INFO] [stdout] 30 | |     }
[INFO] [stdout] 31 | | }
[INFO] [stdout]    | |_^
[INFO] [stdout]    |
[INFO] [stdout]    = help: expected names are: `clippy`, `debug_assertions`, `doc`, `docsrs`, `doctest`, `feature`, `fmt_debug`, `miri`, `overflow_checks`, `panic`, `proc_macro`, `relocation_model`, `rustfmt`, `sanitize`, `sanitizer_cfi_generalize_pointers`, `sanitizer_cfi_normalize_integers`, `target_abi`, `target_arch`, `target_endian`, `target_env`, `target_family`, `target_feature`, `target_has_atomic`, `target_has_atomic_equal_alignment`, `target_has_atomic_load_store`, `target_os`, `target_pointer_width`, `target_thread_local`, `target_vendor`, `test`, `ub_checks`, `unix`, and `windows`
[INFO] [stdout]    = help: consider using a Cargo feature instead
[INFO] [stdout]    = help: or consider adding in `Cargo.toml` the `check-cfg` lint config for the lint:
[INFO] [stdout]             [lints.rust]
[INFO] [stdout]             unexpected_cfgs = { level = "warn", check-cfg = ['cfg(has_error_description_deprecated)'] }
[INFO] [stdout]    = help: or consider adding `println!("cargo::rustc-check-cfg=cfg(has_error_description_deprecated)");` to the top of the `build.rs`
[INFO] [stdout]    = note: see <https://doc.rust-lang.org/nightly/rustc/check-cfg/cargo-specifics.html> for more information about checking conditional configuration
[INFO] [stdout]    = note: `#[warn(unexpected_cfgs)]` on by default
[INFO] [stdout]    = note: this warning originates in the macro `impl_error_chain_processed` which comes from the expansion of the macro `error_chain` (in Nightly builds, run with -Z macro-backtrace for more info)
[INFO] [stdout] 
[INFO] [stdout] 
[INFO] [stdout] warning: unexpected `cfg` condition value: `cargo-clippy`
[INFO] [stdout]  --> src/lib.rs:2:5
[INFO] [stdout]   |
[INFO] [stdout] 2 |     feature = "cargo-clippy",
[INFO] [stdout]   |     ^^^^^^^^^^^^^^^^^^^^^^^^ help: remove the condition
[INFO] [stdout]   |
[INFO] [stdout]   = note: no expected values for `feature`
[INFO] [stdout]   = help: consider adding `cargo-clippy` as a feature in `Cargo.toml`
[INFO] [stdout]   = note: see <https://doc.rust-lang.org/nightly/rustc/check-cfg/cargo-specifics.html> for more information about checking conditional configuration
[INFO] [stdout]   = note: `#[warn(unexpected_cfgs)]` on by default
[INFO] [stdout] 
[INFO] [stdout] 
[INFO] [stdout] warning: unexpected `cfg` condition name: `has_error_description_deprecated`
[INFO] [stdout]    --> src/database.rs:100:1
[INFO] [stdout]     |
[INFO] [stdout] 100 | / error_chain! {
[INFO] [stdout] 101 | |     errors {
[INFO] [stdout] 102 | |         UnsupportedFileType(found: Vec<u8>) {
[INFO] [stdout] 103 | |             description("unsupported file type")
[INFO] [stdout] ...   |
[INFO] [stdout] 131 | |     }
[INFO] [stdout] 132 | | }
[INFO] [stdout]     | |_^
[INFO] [stdout]     |
[INFO] [stdout]     = help: expected names are: `clippy`, `debug_assertions`, `doc`, `docsrs`, `doctest`, `feature`, `fmt_debug`, `miri`, `overflow_checks`, `panic`, `proc_macro`, `relocation_model`, `rustfmt`, `sanitize`, `sanitizer_cfi_generalize_pointers`, `sanitizer_cfi_normalize_integers`, `target_abi`, `target_arch`, `target_endian`, `target_env`, `target_family`, `target_feature`, `target_has_atomic`, `target_has_atomic_equal_alignment`, `target_has_atomic_load_store`, `target_os`, `target_pointer_width`, `target_thread_local`, `target_vendor`, `test`, `ub_checks`, `unix`, and `windows`
[INFO] [stdout]     = help: consider using a Cargo feature instead
[INFO] [stdout]     = help: or consider adding in `Cargo.toml` the `check-cfg` lint config for the lint:
[INFO] [stdout]              [lints.rust]
[INFO] [stdout]              unexpected_cfgs = { level = "warn", check-cfg = ['cfg(has_error_description_deprecated)'] }
[INFO] [stdout]     = help: or consider adding `println!("cargo::rustc-check-cfg=cfg(has_error_description_deprecated)");` to the top of the `build.rs`
[INFO] [stdout]     = note: see <https://doc.rust-lang.org/nightly/rustc/check-cfg/cargo-specifics.html> for more information about checking conditional configuration
[INFO] [stdout]     = note: this warning originates in the macro `impl_error_chain_processed` which comes from the expansion of the macro `error_chain` (in Nightly builds, run with -Z macro-backtrace for more info)
[INFO] [stdout] 
[INFO] [stdout] 
[INFO] [stdout] warning: unexpected `cfg` condition name: `has_error_description_deprecated`
[INFO] [stdout]   --> src/errors.rs:5:1
[INFO] [stdout]    |
[INFO] [stdout] 5  | / error_chain::error_chain! {
[INFO] [stdout] 6  | |     errors {
[INFO] [stdout] 7  | |         QueryPackages {
[INFO] [stdout] 8  | |             description("query packages error")
[INFO] [stdout] ...  |
[INFO] [stdout] 43 | |     }
[INFO] [stdout] 44 | | }
[INFO] [stdout]    | |_^
[INFO] [stdout]    |
[INFO] [stdout]    = help: consider using a Cargo feature instead
[INFO] [stdout]    = help: or consider adding in `Cargo.toml` the `check-cfg` lint config for the lint:
[INFO] [stdout]             [lints.rust]
[INFO] [stdout]             unexpected_cfgs = { level = "warn", check-cfg = ['cfg(has_error_description_deprecated)'] }
[INFO] [stdout]    = help: or consider adding `println!("cargo::rustc-check-cfg=cfg(has_error_description_deprecated)");` to the top of the `build.rs`
[INFO] [stdout]    = note: see <https://doc.rust-lang.org/nightly/rustc/check-cfg/cargo-specifics.html> for more information about checking conditional configuration
[INFO] [stdout]    = note: this warning originates in the macro `impl_error_chain_processed` which comes from the expansion of the macro `error_chain::error_chain` (in Nightly builds, run with -Z macro-backtrace for more info)
[INFO] [stdout] 
[INFO] [stdout] 
[INFO] [stdout] warning: unexpected `cfg` condition name: `has_error_description_deprecated`
[INFO] [stdout]   --> src/frcode.rs:62:1
[INFO] [stdout]    |
[INFO] [stdout] 62 | / error_chain! {
[INFO] [stdout] 63 | |     foreign_links {
[INFO] [stdout] 64 | |         Io(io::Error);
[INFO] [stdout] 65 | |     }
[INFO] [stdout] ...  |
[INFO] [stdout] 84 | |     }
[INFO] [stdout] 85 | | }
[INFO] [stdout]    | |_^
[INFO] [stdout]    |
[INFO] [stdout]    = help: consider using a Cargo feature instead
[INFO] [stdout]    = help: or consider adding in `Cargo.toml` the `check-cfg` lint config for the lint:
[INFO] [stdout]             [lints.rust]
[INFO] [stdout]             unexpected_cfgs = { level = "warn", check-cfg = ['cfg(has_error_description_deprecated)'] }
[INFO] [stdout]    = help: or consider adding `println!("cargo::rustc-check-cfg=cfg(has_error_description_deprecated)");` to the top of the `build.rs`
[INFO] [stdout]    = note: see <https://doc.rust-lang.org/nightly/rustc/check-cfg/cargo-specifics.html> for more information about checking conditional configuration
[INFO] [stdout]    = note: this warning originates in the macro `impl_error_chain_processed` which comes from the expansion of the macro `error_chain` (in Nightly builds, run with -Z macro-backtrace for more info)
[INFO] [stdout] 
[INFO] [stdout] 
[INFO] [stdout] warning: unexpected `cfg` condition name: `has_error_description_deprecated`
[INFO] [stdout]   --> src/hydra.rs:34:1
[INFO] [stdout]    |
[INFO] [stdout] 34 | / error_chain! {
[INFO] [stdout] 35 | |     errors {
[INFO] [stdout] 36 | |         Http(url: String, code: StatusCode) {
[INFO] [stdout] 37 | |             description("http status code error")
[INFO] [stdout] ...  |
[INFO] [stdout] 77 | |     }
[INFO] [stdout] 78 | | }
[INFO] [stdout]    | |_^
[INFO] [stdout]    |
[INFO] [stdout]    = help: consider using a Cargo feature instead
[INFO] [stdout]    = help: or consider adding in `Cargo.toml` the `check-cfg` lint config for the lint:
[INFO] [stdout]             [lints.rust]
[INFO] [stdout]             unexpected_cfgs = { level = "warn", check-cfg = ['cfg(has_error_description_deprecated)'] }
[INFO] [stdout]    = help: or consider adding `println!("cargo::rustc-check-cfg=cfg(has_error_description_deprecated)");` to the top of the `build.rs`
[INFO] [stdout]    = note: see <https://doc.rust-lang.org/nightly/rustc/check-cfg/cargo-specifics.html> for more information about checking conditional configuration
[INFO] [stdout]    = note: this warning originates in the macro `impl_error_chain_processed` which comes from the expansion of the macro `error_chain` (in Nightly builds, run with -Z macro-backtrace for more info)
[INFO] [stdout] 
[INFO] [stdout] 
[INFO] [stderr]     Finished `test` profile [unoptimized + debuginfo] target(s) in 9.79s
[INFO] running `Command { std: "docker" "inspect" "d5ef9a915c73402a5c0f2544916bdd479dd6ac303a9453fc49c4f781579db134", kill_on_drop: false }`
[INFO] running `Command { std: "docker" "rm" "-f" "d5ef9a915c73402a5c0f2544916bdd479dd6ac303a9453fc49c4f781579db134", kill_on_drop: false }`
[INFO] [stdout] d5ef9a915c73402a5c0f2544916bdd479dd6ac303a9453fc49c4f781579db134
[INFO] running `Command { std: "docker" "create" "-v" "/var/lib/crater-agent-workspace/builds/worker-5-tc2/target:/opt/rustwide/target:rw,Z" "-v" "/var/lib/crater-agent-workspace/builds/worker-5-tc2/source:/opt/rustwide/workdir:ro,Z" "-v" "/var/lib/crater-agent-workspace/cargo-home:/opt/rustwide/cargo-home:ro,Z" "-v" "/var/lib/crater-agent-workspace/rustup-home:/opt/rustwide/rustup-home:ro,Z" "-e" "SOURCE_DIR=/opt/rustwide/workdir" "-e" "CARGO_TARGET_DIR=/opt/rustwide/target" "-e" "CARGO_INCREMENTAL=0" "-e" "RUST_BACKTRACE=full" "-e" "RUSTFLAGS=--cap-lints=warn" "-e" "RUSTDOCFLAGS=--cap-lints=warn" "-e" "CARGO_HOME=/opt/rustwide/cargo-home" "-e" "RUSTUP_HOME=/opt/rustwide/rustup-home" "-w" "/opt/rustwide/workdir" "-m" "1610612736" "--user" "0:0" "--network" "none" "ghcr.io/rust-lang/crates-build-env/linux@sha256:f3a9d4ad9d972b27faf3965f35b62e55ba32bbce8f20bc8fe909558a86702fde" "/opt/rustwide/cargo-home/bin/cargo" "+beta-2024-12-08" "test" "--frozen", kill_on_drop: false }`
[INFO] [stdout] 2c918c1b3fb370e3452f93cee1d5d62fe1828204b4cf7dc259d3e8649b6f25de
[INFO] running `Command { std: "docker" "start" "-a" "2c918c1b3fb370e3452f93cee1d5d62fe1828204b4cf7dc259d3e8649b6f25de", kill_on_drop: false }`
[INFO] [stderr] warning: unexpected `cfg` condition value: `cargo-clippy`
[INFO] [stderr]  --> src/lib.rs:2:5
[INFO] [stderr]   |
[INFO] [stderr] 2 |     feature = "cargo-clippy",
[INFO] [stderr]   |     ^^^^^^^^^^^^^^^^^^^^^^^^ help: remove the condition
[INFO] [stderr]   |
[INFO] [stderr]   = note: no expected values for `feature`
[INFO] [stderr]   = help: consider adding `cargo-clippy` as a feature in `Cargo.toml`
[INFO] [stderr]   = note: see <https://doc.rust-lang.org/nightly/rustc/check-cfg/cargo-specifics.html> for more information about checking conditional configuration
[INFO] [stderr]   = note: `#[warn(unexpected_cfgs)]` on by default
[INFO] [stderr] 
[INFO] [stderr] warning: unexpected `cfg` condition name: `has_error_description_deprecated`
[INFO] [stderr]    --> src/database.rs:100:1
[INFO] [stderr]     |
[INFO] [stderr] 100 | / error_chain! {
[INFO] [stderr] 101 | |     errors {
[INFO] [stderr] 102 | |         UnsupportedFileType(found: Vec<u8>) {
[INFO] [stderr] 103 | |             description("unsupported file type")
[INFO] [stderr] ...   |
[INFO] [stderr] 131 | |     }
[INFO] [stderr] 132 | | }
[INFO] [stderr]     | |_^
[INFO] [stderr]     |
[INFO] [stderr]     = help: expected names are: `clippy`, `debug_assertions`, `doc`, `docsrs`, `doctest`, `feature`, `fmt_debug`, `miri`, `overflow_checks`, `panic`, `proc_macro`, `relocation_model`, `rustfmt`, `sanitize`, `sanitizer_cfi_generalize_pointers`, `sanitizer_cfi_normalize_integers`, `target_abi`, `target_arch`, `target_endian`, `target_env`, `target_family`, `target_feature`, `target_has_atomic`, `target_has_atomic_equal_alignment`, `target_has_atomic_load_store`, `target_os`, `target_pointer_width`, `target_thread_local`, `target_vendor`, `test`, `ub_checks`, `unix`, and `windows`
[INFO] [stderr]     = help: consider using a Cargo feature instead
[INFO] [stderr]     = help: or consider adding in `Cargo.toml` the `check-cfg` lint config for the lint:
[INFO] [stderr]              [lints.rust]
[INFO] [stderr]              unexpected_cfgs = { level = "warn", check-cfg = ['cfg(has_error_description_deprecated)'] }
[INFO] [stderr]     = help: or consider adding `println!("cargo::rustc-check-cfg=cfg(has_error_description_deprecated)");` to the top of the `build.rs`
[INFO] [stderr]     = note: see <https://doc.rust-lang.org/nightly/rustc/check-cfg/cargo-specifics.html> for more information about checking conditional configuration
[INFO] [stderr]     = note: this warning originates in the macro `impl_error_chain_processed` which comes from the expansion of the macro `error_chain` (in Nightly builds, run with -Z macro-backtrace for more info)
[INFO] [stderr] 
[INFO] [stderr] warning: unexpected `cfg` condition name: `has_error_description_deprecated`
[INFO] [stderr]   --> src/errors.rs:5:1
[INFO] [stderr]    |
[INFO] [stderr] 5  | / error_chain::error_chain! {
[INFO] [stderr] 6  | |     errors {
[INFO] [stderr] 7  | |         QueryPackages {
[INFO] [stderr] 8  | |             description("query packages error")
[INFO] [stderr] ...  |
[INFO] [stderr] 43 | |     }
[INFO] [stderr] 44 | | }
[INFO] [stderr]    | |_^
[INFO] [stderr]    |
[INFO] [stderr]    = help: consider using a Cargo feature instead
[INFO] [stderr]    = help: or consider adding in `Cargo.toml` the `check-cfg` lint config for the lint:
[INFO] [stderr]             [lints.rust]
[INFO] [stderr]             unexpected_cfgs = { level = "warn", check-cfg = ['cfg(has_error_description_deprecated)'] }
[INFO] [stderr]    = help: or consider adding `println!("cargo::rustc-check-cfg=cfg(has_error_description_deprecated)");` to the top of the `build.rs`
[INFO] [stderr]    = note: see <https://doc.rust-lang.org/nightly/rustc/check-cfg/cargo-specifics.html> for more information about checking conditional configuration
[INFO] [stderr]    = note: this warning originates in the macro `impl_error_chain_processed` which comes from the expansion of the macro `error_chain::error_chain` (in Nightly builds, run with -Z macro-backtrace for more info)
[INFO] [stderr] 
[INFO] [stderr] warning: unexpected `cfg` condition name: `has_error_description_deprecated`
[INFO] [stderr]   --> src/frcode.rs:62:1
[INFO] [stderr]    |
[INFO] [stderr] 62 | / error_chain! {
[INFO] [stderr] 63 | |     foreign_links {
[INFO] [stderr] 64 | |         Io(io::Error);
[INFO] [stderr] 65 | |     }
[INFO] [stderr] ...  |
[INFO] [stderr] 84 | |     }
[INFO] [stderr] 85 | | }
[INFO] [stderr]    | |_^
[INFO] [stderr]    |
[INFO] [stderr]    = help: consider using a Cargo feature instead
[INFO] [stderr]    = help: or consider adding in `Cargo.toml` the `check-cfg` lint config for the lint:
[INFO] [stderr]             [lints.rust]
[INFO] [stderr]             unexpected_cfgs = { level = "warn", check-cfg = ['cfg(has_error_description_deprecated)'] }
[INFO] [stderr]    = help: or consider adding `println!("cargo::rustc-check-cfg=cfg(has_error_description_deprecated)");` to the top of the `build.rs`
[INFO] [stderr]    = note: see <https://doc.rust-lang.org/nightly/rustc/check-cfg/cargo-specifics.html> for more information about checking conditional configuration
[INFO] [stderr]    = note: this warning originates in the macro `impl_error_chain_processed` which comes from the expansion of the macro `error_chain` (in Nightly builds, run with -Z macro-backtrace for more info)
[INFO] [stderr] 
[INFO] [stderr] warning: unexpected `cfg` condition name: `has_error_description_deprecated`
[INFO] [stderr]   --> src/hydra.rs:34:1
[INFO] [stderr]    |
[INFO] [stderr] 34 | / error_chain! {
[INFO] [stderr] 35 | |     errors {
[INFO] [stderr] 36 | |         Http(url: String, code: StatusCode) {
[INFO] [stderr] 37 | |             description("http status code error")
[INFO] [stderr] ...  |
[INFO] [stderr] 77 | |     }
[INFO] [stderr] 78 | | }
[INFO] [stderr]    | |_^
[INFO] [stderr]    |
[INFO] [stderr]    = help: consider using a Cargo feature instead
[INFO] [stderr]    = help: or consider adding in `Cargo.toml` the `check-cfg` lint config for the lint:
[INFO] [stderr]             [lints.rust]
[INFO] [stderr]             unexpected_cfgs = { level = "warn", check-cfg = ['cfg(has_error_description_deprecated)'] }
[INFO] [stderr]    = help: or consider adding `println!("cargo::rustc-check-cfg=cfg(has_error_description_deprecated)");` to the top of the `build.rs`
[INFO] [stderr]    = note: see <https://doc.rust-lang.org/nightly/rustc/check-cfg/cargo-specifics.html> for more information about checking conditional configuration
[INFO] [stderr]    = note: this warning originates in the macro `impl_error_chain_processed` which comes from the expansion of the macro `error_chain` (in Nightly builds, run with -Z macro-backtrace for more info)
[INFO] [stderr] 
[INFO] [stderr] warning: `nix-index` (lib) generated 5 warnings
[INFO] [stderr] warning: `nix-index` (lib test) generated 5 warnings (5 duplicates)
[INFO] [stderr] warning: unexpected `cfg` condition name: `has_error_description_deprecated`
[INFO] [stderr]   --> src/bin/nix-locate.rs:18:1
[INFO] [stderr]    |
[INFO] [stderr] 18 | / error_chain! {
[INFO] [stderr] 19 | |     errors {
[INFO] [stderr] 20 | |         ReadDatabase(database: PathBuf) {
[INFO] [stderr] 21 | |             description("database read error")
[INFO] [stderr] ...  |
[INFO] [stderr] 30 | |     }
[INFO] [stderr] 31 | | }
[INFO] [stderr]    | |_^
[INFO] [stderr]    |
[INFO] [stderr]    = help: expected names are: `clippy`, `debug_assertions`, `doc`, `docsrs`, `doctest`, `feature`, `fmt_debug`, `miri`, `overflow_checks`, `panic`, `proc_macro`, `relocation_model`, `rustfmt`, `sanitize`, `sanitizer_cfi_generalize_pointers`, `sanitizer_cfi_normalize_integers`, `target_abi`, `target_arch`, `target_endian`, `target_env`, `target_family`, `target_feature`, `target_has_atomic`, `target_has_atomic_equal_alignment`, `target_has_atomic_load_store`, `target_os`, `target_pointer_width`, `target_thread_local`, `target_vendor`, `test`, `ub_checks`, `unix`, and `windows`
[INFO] [stderr]    = help: consider using a Cargo feature instead
[INFO] [stderr]    = help: or consider adding in `Cargo.toml` the `check-cfg` lint config for the lint:
[INFO] [stderr]             [lints.rust]
[INFO] [stderr]             unexpected_cfgs = { level = "warn", check-cfg = ['cfg(has_error_description_deprecated)'] }
[INFO] [stderr]    = help: or consider adding `println!("cargo::rustc-check-cfg=cfg(has_error_description_deprecated)");` to the top of the `build.rs`
[INFO] [stderr]    = note: see <https://doc.rust-lang.org/nightly/rustc/check-cfg/cargo-specifics.html> for more information about checking conditional configuration
[INFO] [stderr]    = note: `#[warn(unexpected_cfgs)]` on by default
[INFO] [stderr]    = note: this warning originates in the macro `impl_error_chain_processed` which comes from the expansion of the macro `error_chain` (in Nightly builds, run with -Z macro-backtrace for more info)
[INFO] [stderr] 
[INFO] [stderr] warning: `nix-index` (bin "nix-locate" test) generated 1 warning
[INFO] [stderr]     Finished `test` profile [unoptimized + debuginfo] target(s) in 0.39s
[INFO] [stderr]      Running unittests src/lib.rs (/opt/rustwide/target/debug/deps/nix_index-ab9852a83bbcfb01)
[INFO] [stderr]      Running unittests src/bin/nix-channel-index.rs (/opt/rustwide/target/debug/deps/nix_channel_index-3eaedc3151283ea8)
[INFO] [stdout] 
[INFO] [stdout] running 1 test
[INFO] [stdout] test database::tests::test_next_matching_line_package ... ok
[INFO] [stdout] 
[INFO] [stdout] test result: ok. 1 passed; 0 failed; 0 ignored; 0 measured; 0 filtered out; finished in 0.00s
[INFO] [stdout] 
[INFO] [stdout] 
[INFO] [stdout] running 0 tests
[INFO] [stdout] 
[INFO] [stderr]      Running unittests src/bin/nix-index.rs (/opt/rustwide/target/debug/deps/nix_index-6d8ad33e566c7412)
[INFO] [stdout] test result: ok. 0 passed; 0 failed; 0 ignored; 0 measured; 0 filtered out; finished in 0.00s
[INFO] [stderr]      Running unittests src/bin/nix-locate.rs (/opt/rustwide/target/debug/deps/nix_locate-3eafeb3119e344c9)
[INFO] [stdout] 
[INFO] [stdout] 
[INFO] [stdout] running 0 tests
[INFO] [stdout] 
[INFO] [stdout] test result: ok. 0 passed; 0 failed; 0 ignored; 0 measured; 0 filtered out; finished in 0.00s
[INFO] [stdout] 
[INFO] [stdout] 
[INFO] [stdout] running 0 tests
[INFO] [stdout] 
[INFO] [stdout] test result: ok. 0 passed; 0 failed; 0 ignored; 0 measured; 0 filtered out; finished in 0.00s
[INFO] [stdout] 
[INFO] [stderr]    Doc-tests nix_index
[INFO] [stdout] 
[INFO] [stdout] running 6 tests
[INFO] [stdout] test src/package.rs - package::StorePath::origin (line 270) ... FAILED
[INFO] [stdout] test src/package.rs - package::StorePath::hash (line 220) ... FAILED
[INFO] [stdout] test src/workset.rs - workset (line 16) ... FAILED
[INFO] [stdout] test src/package.rs - package::StorePath::as_str (line 253) ... ok
[INFO] [stdout] test src/package.rs - package::StorePath::store_dir (line 238) ... ok
[INFO] [stdout] test src/package.rs - package::StorePath::name (line 204) ... ok
[INFO] [stdout] 
[INFO] [stdout] failures:
[INFO] [stdout] 
[INFO] [stdout] ---- src/package.rs - package::StorePath::origin (line 270) stdout ----
[INFO] [stdout] error: linking with `cc` failed: exit status: 1
[INFO] [stdout]   |
[INFO] [stdout]   = note: LC_ALL="C" PATH="/opt/rustwide/rustup-home/toolchains/beta-2024-12-08-x86_64-unknown-linux-gnu/lib/rustlib/x86_64-unknown-linux-gnu/bin:/opt/rustwide/cargo-home/bin:/usr/local/sbin:/usr/local/bin:/usr/sbin:/usr/bin:/sbin:/bin" VSLANG="1033" "cc" "-m64" "/tmp/rustcqVwgZc/symbols.o" "/tmp/rustdoctestFbXmls/rust_out.rust_out.9242fac72db2cd11-cgu.0.rcgu.o" "/tmp/rustdoctestFbXmls/rust_out.2hl2tb9xdtge7mguxzn2q1kvi.rcgu.o" "-Wl,--as-needed" "-Wl,-Bstatic" "/opt/rustwide/target/debug/deps/libnix_index-0d4adfa1028e66cb.rlib" "/opt/rustwide/target/debug/deps/libbincode-a8ac16f64fc613f3.rlib" "/opt/rustwide/target/debug/deps/libxml-1a135fc435c1cea5.rlib" "/opt/rustwide/target/debug/deps/librayon-042b61629a98e96c.rlib" "/opt/rustwide/target/debug/deps/librayon_core-a86b3e2a6874aea0.rlib" "/opt/rustwide/target/debug/deps/libcrossbeam_deque-bd6df934c95fd429.rlib" "/opt/rustwide/target/debug/deps/libcrossbeam_epoch-94621803ecea6178.rlib" "/opt/rustwide/target/debug/deps/libcrossbeam_utils-0d72a2b2b371b2bb.rlib" "/opt/rustwide/target/debug/deps/libeither-e034c564976bfe9f.rlib" "/opt/rustwide/target/debug/deps/libxz2-6d5c53b1e8d10317.rlib" "/opt/rustwide/target/debug/deps/liblzma_sys-56f38e315c443d30.rlib" "/opt/rustwide/target/debug/deps/libtokio_retry-71c45ef72ddd5e21.rlib" "/opt/rustwide/target/debug/deps/librand-856f96933bf6617e.rlib" "/opt/rustwide/target/debug/deps/librand_chacha-d9a2c80ed1a0a1c0.rlib" "/opt/rustwide/target/debug/deps/libppv_lite86-6355e3a2f5357626.rlib" "/opt/rustwide/target/debug/deps/librand_core-83f7b0d7f832da71.rlib" "/opt/rustwide/target/debug/deps/libgetrandom-0f4f419f79403ad9.rlib" "/opt/rustwide/target/debug/deps/libreqwest-b5fc9ab966be9356.rlib" "/opt/rustwide/target/debug/deps/librustls_pemfile-f78354a14daffa3a.rlib" "/opt/rustwide/target/debug/deps/librustls_pki_types-77ae22c387004a1d.rlib" "/opt/rustwide/target/debug/deps/libserde_urlencoded-05073e394a59865f.rlib" "/opt/rustwide/target/debug/deps/libbase64-1e2a536fab485f9b.rlib" "/opt/rustwide/target/debug/deps/libipnet-5d86936adafddcc9.rlib" "/opt/rustwide/target/debug/deps/libhyper_tls-f0bc1ea8a04ccfd1.rlib" "/opt/rustwide/target/debug/deps/libtokio_native_tls-446f2ce9898a878e.rlib" "/opt/rustwide/target/debug/deps/libmime-a9df5a780629fb7d.rlib" "/opt/rustwide/target/debug/deps/libasync_compression-26ec3f909e31a3cb.rlib" "/opt/rustwide/target/debug/deps/libbrotli-356bffc17e420efd.rlib" "/opt/rustwide/target/debug/deps/libbrotli_decompressor-47e13d34756b1a95.rlib" "/opt/rustwide/target/debug/deps/liballoc_stdlib-db2d25da53f2297b.rlib" "/opt/rustwide/target/debug/deps/liballoc_no_stdlib-07772ed8f1252285.rlib" "/opt/rustwide/target/debug/deps/libnative_tls-2882a7134c98eabc.rlib" "/opt/rustwide/target/debug/deps/libopenssl_probe-ed1174850529d944.rlib" "/opt/rustwide/target/debug/deps/libopenssl-03f35745a1bb318b.rlib" "/opt/rustwide/target/debug/deps/libbitflags-73a3465e70e0bb19.rlib" "/opt/rustwide/target/debug/deps/libforeign_types-2619a4331d8b6eb7.rlib" "/opt/rustwide/target/debug/deps/libforeign_types_shared-c35523625cfd8702.rlib" "/opt/rustwide/target/debug/deps/libopenssl_sys-a10081051ddd3f00.rlib" "/opt/rustwide/target/debug/deps/libhyper_util-8f8e42efa9434a9b.rlib" "/opt/rustwide/target/debug/deps/libtower-e58b289648abf105.rlib" "/opt/rustwide/target/debug/deps/libpin_project-a26a2874abd5e20b.rlib" "/opt/rustwide/target/debug/deps/libtower_layer-8945467366ba7da8.rlib" "/opt/rustwide/target/debug/deps/libtower_service-7daacb91dc19d256.rlib" "/opt/rustwide/target/debug/deps/libhyper-8e5c10e3fd371ef6.rlib" "/opt/rustwide/target/debug/deps/libwant-254baf7a3ce1b24f.rlib" "/opt/rustwide/target/debug/deps/libtry_lock-523daa20a4acb788.rlib" "/opt/rustwide/target/debug/deps/libhttparse-2dbc320ca65411a3.rlib" "/opt/rustwide/target/debug/deps/libh2-c7ba8a74586bec08.rlib" "/opt/rustwide/target/debug/deps/libtracing-ea5de4f511cc02e5.rlib" "/opt/rustwide/target/debug/deps/libtracing_core-494c8f77b83eb5be.rlib" "/opt/rustwide/target/debug/deps/libindexmap-8b27e8cfa046352e.rlib" "/opt/rustwide/target/debug/deps/libequivalent-e4dc2e1acc32de2c.rlib" "/opt/rustwide/target/debug/deps/libhashbrown-dc0f75a8aa2ca7be.rlib" "/opt/rustwide/target/debug/deps/libahash-606cff10f4c5297e.rlib" "/opt/rustwide/target/debug/deps/libonce_cell-334d739f4e3a4961.rlib" "/opt/rustwide/target/debug/deps/libzerocopy-91a4ecde88ecfcb2.rlib" "/opt/rustwide/target/debug/deps/libatomic_waker-6cd29d6269b9677d.rlib" "/opt/rustwide/target/debug/deps/libtokio_util-880614f54a69186b.rlib" "/opt/rustwide/target/debug/deps/libtokio-552340b42639678c.rlib" "/opt/rustwide/target/debug/deps/libsignal_hook_registry-88f8110cb501421b.rlib" "/opt/rustwide/target/debug/deps/libnum_cpus-daf754d9d42df197.rlib" "/opt/rustwide/target/debug/deps/libsocket2-330bf5be77c97ea7.rlib" "/opt/rustwide/target/debug/deps/libmio-67795c601fc341c6.rlib" "/opt/rustwide/target/debug/deps/libparking_lot-e3524ae7379ae25f.rlib" "/opt/rustwide/target/debug/deps/libparking_lot_core-b1cfd7eb53e0020a.rlib" "/opt/rustwide/target/debug/deps/libsmallvec-e47cf4c2f7e4fd50.rlib" "/opt/rustwide/target/debug/deps/liblock_api-205eb352094bf351.rlib" "/opt/rustwide/target/debug/deps/libscopeguard-f937485db0060aca.rlib" "/opt/rustwide/target/debug/deps/libhttp_body_util-5e69a9abb73941e2.rlib" "/opt/rustwide/target/debug/deps/libhttp_body-01fe647f02915e90.rlib" "/opt/rustwide/target/debug/deps/liburl-34e94d54e26c08e0.rlib" "/opt/rustwide/target/debug/deps/libidna-77e463d244e20468.rlib" "/opt/rustwide/target/debug/deps/libunicode_normalization-184ea3783b9704ed.rlib" "/opt/rustwide/target/debug/deps/libtinyvec-dcbbce603bc23510.rlib" "/opt/rustwide/target/debug/deps/libtinyvec_macros-333661e3b238a9a3.rlib" "/opt/rustwide/target/debug/deps/libunicode_bidi-9b64cff028edaa87.rlib" "/opt/rustwide/target/debug/deps/libform_urlencoded-59e65d5ba0f82c92.rlib" "/opt/rustwide/target/debug/deps/libpercent_encoding-fc63a8437ca6afa3.rlib" "/opt/rustwide/target/debug/deps/libhttp-a1be63427794076b.rlib" "/opt/rustwide/target/debug/deps/libbytes-2732d0fbd5e31f67.rlib" "/opt/rustwide/target/debug/deps/libfnv-953831fe314029b4.rlib" "/opt/rustwide/target/debug/deps/libfutures-533b08ebaee08fa7.rlib" "/opt/rustwide/target/debug/deps/libfutures_executor-f99e78e0906d0094.rlib" "/opt/rustwide/target/debug/deps/libfutures_util-f828860de0ce3811.rlib" "/opt/rustwide/target/debug/deps/libfutures_io-b01d4a1afd6f88b5.rlib" "/opt/rustwide/target/debug/deps/libslab-854636f389d4caa9.rlib" "/opt/rustwide/target/debug/deps/libfutures_channel-1cc6a797ffeca2d3.rlib" "/opt/rustwide/target/debug/deps/libpin_project_lite-92287217d9698c36.rlib" "/opt/rustwide/target/debug/deps/libfutures_sink-be8c0dbcc571dd8d.rlib" "/opt/rustwide/target/debug/deps/libfutures_task-5f891dfd68443eda.rlib" "/opt/rustwide/target/debug/deps/libpin_utils-e8360a4d12f71807.rlib" "/opt/rustwide/target/debug/deps/libfutures_core-b7e48a954509deff.rlib" "/opt/rustwide/target/debug/deps/libserde_bytes-ec9acb73051512c2.rlib" "/opt/rustwide/target/debug/deps/libclap-e12eeb863b6a494f.rlib" "/opt/rustwide/target/debug/deps/libclap_builder-0a5684efd7fd3af2.rlib" "/opt/rustwide/target/debug/deps/libstrsim-92ad05d142a27bd8.rlib" "/opt/rustwide/target/debug/deps/libanstream-887bef1ada7c38ba.rlib" "/opt/rustwide/target/debug/deps/libanstyle_query-12a0f714564fe8e8.rlib" "/opt/rustwide/target/debug/deps/libis_terminal_polyfill-460dd49b45f7416d.rlib" "/opt/rustwide/target/debug/deps/libcolorchoice-8b2768c981738052.rlib" "/opt/rustwide/target/debug/deps/libanstyle_parse-d84b21e5ddb7c53d.rlib" "/opt/rustwide/target/debug/deps/libutf8parse-39ed42569342c469.rlib" "/opt/rustwide/target/debug/deps/libclap_lex-8d490d9c09223880.rlib" "/opt/rustwide/target/debug/deps/libanstyle-74a51ab2e6ba2a3f.rlib" "/opt/rustwide/target/debug/deps/libzstd-9671a7e90a3f3180.rlib" "/opt/rustwide/target/debug/deps/libzstd_safe-90f64bb9d86230e3.rlib" "/opt/rustwide/target/debug/deps/libzstd_sys-d80e60935cbe9959.rlib" "/opt/rustwide/target/debug/deps/libregex_syntax-b8bcfccfb36c0999.rlib" "/opt/rustwide/target/debug/deps/libregex-1c463d2b7b04b60e.rlib" "/opt/rustwide/target/debug/deps/libgrep-08e487b951557237.rlib" "/opt/rustwide/target/debug/deps/libgrep_regex-f10ce1310b727211.rlib" "/opt/rustwide/target/debug/deps/libgrep_printer-42c0b0155192be25.rlib" "/opt/rustwide/target/debug/deps/libserde_json-57e7f8d9dcb8afa0.rlib" "/opt/rustwide/target/debug/deps/libitoa-307f5b8ccbe1a9f3.rlib" "/opt/rustwide/target/debug/deps/libryu-6e02dac7c3b6be75.rlib" "/opt/rustwide/target/debug/deps/libserde-0d4527d8183af572.rlib" "/opt/rustwide/target/debug/deps/libgrep_searcher-20547ecd731ad3d1.rlib" "/opt/rustwide/target/debug/deps/libmemmap2-ca9f8e9a321ecb85.rlib" "/opt/rustwide/target/debug/deps/libencoding_rs_io-2b13338f966f382d.rlib" "/opt/rustwide/target/debug/deps/libencoding_rs-72c6ecdc91029a85.rlib" "/opt/rustwide/target/debug/deps/libgrep_matcher-7ae82c9ef833ec20.rlib" "/opt/rustwide/target/debug/deps/libgrep_cli-2784210ca403313c.rlib" "/opt/rustwide/target/debug/deps/libtermcolor-bad02665732a4344.rlib" "/opt/rustwide/target/debug/deps/libglobset-4de0dcd2eb7e8ec9.rlib" "/opt/rustwide/target/debug/deps/liblog-8b73e71086c996a2.rlib" "/opt/rustwide/target/debug/deps/libbstr-b29277fcab5992e3.rlib" "/opt/rustwide/target/debug/deps/libregex_automata-362e8e1f28d20b17.rlib" "/opt/rustwide/target/debug/deps/libregex_syntax-96109dd5bfd35bc9.rlib" "/opt/rustwide/target/debug/deps/libaho_corasick-4bda0fa19a7dd6db.rlib" "/opt/rustwide/target/debug/deps/liberror_chain-d2440d9af740fa8e.rlib" "/opt/rustwide/target/debug/deps/libbacktrace-367ea987172b85c3.rlib" "/opt/rustwide/target/debug/deps/libminiz_oxide-568a4b5ee796c064.rlib" "/opt/rustwide/target/debug/deps/libadler-eba61f23bb3cdb48.rlib" "/opt/rustwide/target/debug/deps/libobject-e62bd377008689cf.rlib" "/opt/rustwide/target/debug/deps/libmemchr-d8470a4b578ef69c.rlib" "/opt/rustwide/target/debug/deps/liblibc-5c79e692c1a21191.rlib" "/opt/rustwide/target/debug/deps/libaddr2line-21893705b0d8abc8.rlib" "/opt/rustwide/target/debug/deps/libgimli-f171d86691d4b49e.rlib" "/opt/rustwide/target/debug/deps/libcfg_if-a3e7e701fcd1f47b.rlib" "/opt/rustwide/target/debug/deps/librustc_demangle-e0324ea654ce1d71.rlib" "/opt/rustwide/target/debug/deps/libbyteorder-6ac88002c46ec63a.rlib" "/opt/rustwide/rustup-home/toolchains/beta-2024-12-08-x86_64-unknown-linux-gnu/lib/rustlib/x86_64-unknown-linux-gnu/lib/libstd-02dc84f49135b6b8.rlib" "/opt/rustwide/rustup-home/toolchains/beta-2024-12-08-x86_64-unknown-linux-gnu/lib/rustlib/x86_64-unknown-linux-gnu/lib/libpanic_unwind-a8f45b397fae3f81.rlib" "/opt/rustwide/rustup-home/toolchains/beta-2024-12-08-x86_64-unknown-linux-gnu/lib/rustlib/x86_64-unknown-linux-gnu/lib/libobject-089607133c180609.rlib" "/opt/rustwide/rustup-home/toolchains/beta-2024-12-08-x86_64-unknown-linux-gnu/lib/rustlib/x86_64-unknown-linux-gnu/lib/libmemchr-fc89f091bcd86cbb.rlib" "/opt/rustwide/rustup-home/toolchains/beta-2024-12-08-x86_64-unknown-linux-gnu/lib/rustlib/x86_64-unknown-linux-gnu/lib/libaddr2line-5a60949f01c7340c.rlib" "/opt/rustwide/rustup-home/toolchains/beta-2024-12-08-x86_64-unknown-linux-gnu/lib/rustlib/x86_64-unknown-linux-gnu/lib/libgimli-d29e6a55ca253c8c.rlib" "/opt/rustwide/rustup-home/toolchains/beta-2024-12-08-x86_64-unknown-linux-gnu/lib/rustlib/x86_64-unknown-linux-gnu/lib/librustc_demangle-273c078d5f65de7a.rlib" "/opt/rustwide/rustup-home/toolchains/beta-2024-12-08-x86_64-unknown-linux-gnu/lib/rustlib/x86_64-unknown-linux-gnu/lib/libstd_detect-413c950ffbdd4454.rlib" "/opt/rustwide/rustup-home/toolchains/beta-2024-12-08-x86_64-unknown-linux-gnu/lib/rustlib/x86_64-unknown-linux-gnu/lib/libhashbrown-1853c0976a1d88a6.rlib" "/opt/rustwide/rustup-home/toolchains/beta-2024-12-08-x86_64-unknown-linux-gnu/lib/rustlib/x86_64-unknown-linux-gnu/lib/librustc_std_workspace_alloc-ccb3384ddacb0f9e.rlib" "/opt/rustwide/rustup-home/toolchains/beta-2024-12-08-x86_64-unknown-linux-gnu/lib/rustlib/x86_64-unknown-linux-gnu/lib/libminiz_oxide-0b901dfb0ca849e0.rlib" "/opt/rustwide/rustup-home/toolchains/beta-2024-12-08-x86_64-unknown-linux-gnu/lib/rustlib/x86_64-unknown-linux-gnu/lib/libadler-eebeb8d7c64543ad.rlib" "/opt/rustwide/rustup-home/toolchains/beta-2024-12-08-x86_64-unknown-linux-gnu/lib/rustlib/x86_64-unknown-linux-gnu/lib/libunwind-4723ef81d6079867.rlib" "/opt/rustwide/rustup-home/toolchains/beta-2024-12-08-x86_64-unknown-linux-gnu/lib/rustlib/x86_64-unknown-linux-gnu/lib/libcfg_if-54442f8b422f5a54.rlib" "/opt/rustwide/rustup-home/toolchains/beta-2024-12-08-x86_64-unknown-linux-gnu/lib/rustlib/x86_64-unknown-linux-gnu/lib/liblibc-e0bbe034b5282553.rlib" "/opt/rustwide/rustup-home/toolchains/beta-2024-12-08-x86_64-unknown-linux-gnu/lib/rustlib/x86_64-unknown-linux-gnu/lib/liballoc-d0febb68c1c37b90.rlib" "/opt/rustwide/rustup-home/toolchains/beta-2024-12-08-x86_64-unknown-linux-gnu/lib/rustlib/x86_64-unknown-linux-gnu/lib/librustc_std_workspace_core-4cf833632aafa84c.rlib" "/opt/rustwide/rustup-home/toolchains/beta-2024-12-08-x86_64-unknown-linux-gnu/lib/rustlib/x86_64-unknown-linux-gnu/lib/libcore-65c2c6d2d6ae570b.rlib" "/opt/rustwide/rustup-home/toolchains/beta-2024-12-08-x86_64-unknown-linux-gnu/lib/rustlib/x86_64-unknown-linux-gnu/lib/libcompiler_builtins-97929cee0dcfe424.rlib" "-Wl,-Bdynamic" "-llzma" "-lssl" "-lcrypto" "-lgcc_s" "-lutil" "-lrt" "-lpthread" "-lm" "-ldl" "-lc" "-Wl,--eh-frame-hdr" "-Wl,-z,noexecstack" "-L" "/opt/rustwide/target/debug/build/zstd-sys-31953ea8c5377d95/out" "-L" "/usr/lib/x86_64-linux-gnu" "-L" "/opt/rustwide/rustup-home/toolchains/beta-2024-12-08-x86_64-unknown-linux-gnu/lib/rustlib/x86_64-unknown-linux-gnu/lib" "-o" "/tmp/rustdoctestFbXmls/rust_out" "-Wl,--gc-sections" "-pie" "-Wl,-z,relro,-z,now" "-nodefaultlibs"
[INFO] [stdout]   = note: collect2: fatal error: ld terminated with signal 9 [Killed]
[INFO] [stdout]           compilation terminated.
[INFO] [stdout]           
[INFO] [stdout] 
[INFO] [stdout] error: aborting due to 1 previous error
[INFO] [stdout] 
[INFO] [stdout] Couldn't compile the test.
[INFO] [stdout] ---- src/package.rs - package::StorePath::hash (line 220) stdout ----
[INFO] [stdout] error: linking with `cc` failed: exit status: 1
[INFO] [stdout]   |
[INFO] [stdout]   = note: LC_ALL="C" PATH="/opt/rustwide/rustup-home/toolchains/beta-2024-12-08-x86_64-unknown-linux-gnu/lib/rustlib/x86_64-unknown-linux-gnu/bin:/opt/rustwide/cargo-home/bin:/usr/local/sbin:/usr/local/bin:/usr/sbin:/usr/bin:/sbin:/bin" VSLANG="1033" "cc" "-m64" "/tmp/rustcWZGBuS/symbols.o" "/tmp/rustdoctestL2YIph/rust_out.rust_out.9242fac72db2cd11-cgu.0.rcgu.o" "/tmp/rustdoctestL2YIph/rust_out.2hl2tb9xdtge7mguxzn2q1kvi.rcgu.o" "-Wl,--as-needed" "-Wl,-Bstatic" "/opt/rustwide/target/debug/deps/libnix_index-0d4adfa1028e66cb.rlib" "/opt/rustwide/target/debug/deps/libbincode-a8ac16f64fc613f3.rlib" "/opt/rustwide/target/debug/deps/libxml-1a135fc435c1cea5.rlib" "/opt/rustwide/target/debug/deps/librayon-042b61629a98e96c.rlib" "/opt/rustwide/target/debug/deps/librayon_core-a86b3e2a6874aea0.rlib" "/opt/rustwide/target/debug/deps/libcrossbeam_deque-bd6df934c95fd429.rlib" "/opt/rustwide/target/debug/deps/libcrossbeam_epoch-94621803ecea6178.rlib" "/opt/rustwide/target/debug/deps/libcrossbeam_utils-0d72a2b2b371b2bb.rlib" "/opt/rustwide/target/debug/deps/libeither-e034c564976bfe9f.rlib" "/opt/rustwide/target/debug/deps/libxz2-6d5c53b1e8d10317.rlib" "/opt/rustwide/target/debug/deps/liblzma_sys-56f38e315c443d30.rlib" "/opt/rustwide/target/debug/deps/libtokio_retry-71c45ef72ddd5e21.rlib" "/opt/rustwide/target/debug/deps/librand-856f96933bf6617e.rlib" "/opt/rustwide/target/debug/deps/librand_chacha-d9a2c80ed1a0a1c0.rlib" "/opt/rustwide/target/debug/deps/libppv_lite86-6355e3a2f5357626.rlib" "/opt/rustwide/target/debug/deps/librand_core-83f7b0d7f832da71.rlib" "/opt/rustwide/target/debug/deps/libgetrandom-0f4f419f79403ad9.rlib" "/opt/rustwide/target/debug/deps/libreqwest-b5fc9ab966be9356.rlib" "/opt/rustwide/target/debug/deps/librustls_pemfile-f78354a14daffa3a.rlib" "/opt/rustwide/target/debug/deps/librustls_pki_types-77ae22c387004a1d.rlib" "/opt/rustwide/target/debug/deps/libserde_urlencoded-05073e394a59865f.rlib" "/opt/rustwide/target/debug/deps/libbase64-1e2a536fab485f9b.rlib" "/opt/rustwide/target/debug/deps/libipnet-5d86936adafddcc9.rlib" "/opt/rustwide/target/debug/deps/libhyper_tls-f0bc1ea8a04ccfd1.rlib" "/opt/rustwide/target/debug/deps/libtokio_native_tls-446f2ce9898a878e.rlib" "/opt/rustwide/target/debug/deps/libmime-a9df5a780629fb7d.rlib" "/opt/rustwide/target/debug/deps/libasync_compression-26ec3f909e31a3cb.rlib" "/opt/rustwide/target/debug/deps/libbrotli-356bffc17e420efd.rlib" "/opt/rustwide/target/debug/deps/libbrotli_decompressor-47e13d34756b1a95.rlib" "/opt/rustwide/target/debug/deps/liballoc_stdlib-db2d25da53f2297b.rlib" "/opt/rustwide/target/debug/deps/liballoc_no_stdlib-07772ed8f1252285.rlib" "/opt/rustwide/target/debug/deps/libnative_tls-2882a7134c98eabc.rlib" "/opt/rustwide/target/debug/deps/libopenssl_probe-ed1174850529d944.rlib" "/opt/rustwide/target/debug/deps/libopenssl-03f35745a1bb318b.rlib" "/opt/rustwide/target/debug/deps/libbitflags-73a3465e70e0bb19.rlib" "/opt/rustwide/target/debug/deps/libforeign_types-2619a4331d8b6eb7.rlib" "/opt/rustwide/target/debug/deps/libforeign_types_shared-c35523625cfd8702.rlib" "/opt/rustwide/target/debug/deps/libopenssl_sys-a10081051ddd3f00.rlib" "/opt/rustwide/target/debug/deps/libhyper_util-8f8e42efa9434a9b.rlib" "/opt/rustwide/target/debug/deps/libtower-e58b289648abf105.rlib" "/opt/rustwide/target/debug/deps/libpin_project-a26a2874abd5e20b.rlib" "/opt/rustwide/target/debug/deps/libtower_layer-8945467366ba7da8.rlib" "/opt/rustwide/target/debug/deps/libtower_service-7daacb91dc19d256.rlib" "/opt/rustwide/target/debug/deps/libhyper-8e5c10e3fd371ef6.rlib" "/opt/rustwide/target/debug/deps/libwant-254baf7a3ce1b24f.rlib" "/opt/rustwide/target/debug/deps/libtry_lock-523daa20a4acb788.rlib" "/opt/rustwide/target/debug/deps/libhttparse-2dbc320ca65411a3.rlib" "/opt/rustwide/target/debug/deps/libh2-c7ba8a74586bec08.rlib" "/opt/rustwide/target/debug/deps/libtracing-ea5de4f511cc02e5.rlib" "/opt/rustwide/target/debug/deps/libtracing_core-494c8f77b83eb5be.rlib" "/opt/rustwide/target/debug/deps/libindexmap-8b27e8cfa046352e.rlib" "/opt/rustwide/target/debug/deps/libequivalent-e4dc2e1acc32de2c.rlib" "/opt/rustwide/target/debug/deps/libhashbrown-dc0f75a8aa2ca7be.rlib" "/opt/rustwide/target/debug/deps/libahash-606cff10f4c5297e.rlib" "/opt/rustwide/target/debug/deps/libonce_cell-334d739f4e3a4961.rlib" "/opt/rustwide/target/debug/deps/libzerocopy-91a4ecde88ecfcb2.rlib" "/opt/rustwide/target/debug/deps/libatomic_waker-6cd29d6269b9677d.rlib" "/opt/rustwide/target/debug/deps/libtokio_util-880614f54a69186b.rlib" "/opt/rustwide/target/debug/deps/libtokio-552340b42639678c.rlib" "/opt/rustwide/target/debug/deps/libsignal_hook_registry-88f8110cb501421b.rlib" "/opt/rustwide/target/debug/deps/libnum_cpus-daf754d9d42df197.rlib" "/opt/rustwide/target/debug/deps/libsocket2-330bf5be77c97ea7.rlib" "/opt/rustwide/target/debug/deps/libmio-67795c601fc341c6.rlib" "/opt/rustwide/target/debug/deps/libparking_lot-e3524ae7379ae25f.rlib" "/opt/rustwide/target/debug/deps/libparking_lot_core-b1cfd7eb53e0020a.rlib" "/opt/rustwide/target/debug/deps/libsmallvec-e47cf4c2f7e4fd50.rlib" "/opt/rustwide/target/debug/deps/liblock_api-205eb352094bf351.rlib" "/opt/rustwide/target/debug/deps/libscopeguard-f937485db0060aca.rlib" "/opt/rustwide/target/debug/deps/libhttp_body_util-5e69a9abb73941e2.rlib" "/opt/rustwide/target/debug/deps/libhttp_body-01fe647f02915e90.rlib" "/opt/rustwide/target/debug/deps/liburl-34e94d54e26c08e0.rlib" "/opt/rustwide/target/debug/deps/libidna-77e463d244e20468.rlib" "/opt/rustwide/target/debug/deps/libunicode_normalization-184ea3783b9704ed.rlib" "/opt/rustwide/target/debug/deps/libtinyvec-dcbbce603bc23510.rlib" "/opt/rustwide/target/debug/deps/libtinyvec_macros-333661e3b238a9a3.rlib" "/opt/rustwide/target/debug/deps/libunicode_bidi-9b64cff028edaa87.rlib" "/opt/rustwide/target/debug/deps/libform_urlencoded-59e65d5ba0f82c92.rlib" "/opt/rustwide/target/debug/deps/libpercent_encoding-fc63a8437ca6afa3.rlib" "/opt/rustwide/target/debug/deps/libhttp-a1be63427794076b.rlib" "/opt/rustwide/target/debug/deps/libbytes-2732d0fbd5e31f67.rlib" "/opt/rustwide/target/debug/deps/libfnv-953831fe314029b4.rlib" "/opt/rustwide/target/debug/deps/libfutures-533b08ebaee08fa7.rlib" "/opt/rustwide/target/debug/deps/libfutures_executor-f99e78e0906d0094.rlib" "/opt/rustwide/target/debug/deps/libfutures_util-f828860de0ce3811.rlib" "/opt/rustwide/target/debug/deps/libfutures_io-b01d4a1afd6f88b5.rlib" "/opt/rustwide/target/debug/deps/libslab-854636f389d4caa9.rlib" "/opt/rustwide/target/debug/deps/libfutures_channel-1cc6a797ffeca2d3.rlib" "/opt/rustwide/target/debug/deps/libpin_project_lite-92287217d9698c36.rlib" "/opt/rustwide/target/debug/deps/libfutures_sink-be8c0dbcc571dd8d.rlib" "/opt/rustwide/target/debug/deps/libfutures_task-5f891dfd68443eda.rlib" "/opt/rustwide/target/debug/deps/libpin_utils-e8360a4d12f71807.rlib" "/opt/rustwide/target/debug/deps/libfutures_core-b7e48a954509deff.rlib" "/opt/rustwide/target/debug/deps/libserde_bytes-ec9acb73051512c2.rlib" "/opt/rustwide/target/debug/deps/libclap-e12eeb863b6a494f.rlib" "/opt/rustwide/target/debug/deps/libclap_builder-0a5684efd7fd3af2.rlib" "/opt/rustwide/target/debug/deps/libstrsim-92ad05d142a27bd8.rlib" "/opt/rustwide/target/debug/deps/libanstream-887bef1ada7c38ba.rlib" "/opt/rustwide/target/debug/deps/libanstyle_query-12a0f714564fe8e8.rlib" "/opt/rustwide/target/debug/deps/libis_terminal_polyfill-460dd49b45f7416d.rlib" "/opt/rustwide/target/debug/deps/libcolorchoice-8b2768c981738052.rlib" "/opt/rustwide/target/debug/deps/libanstyle_parse-d84b21e5ddb7c53d.rlib" "/opt/rustwide/target/debug/deps/libutf8parse-39ed42569342c469.rlib" "/opt/rustwide/target/debug/deps/libclap_lex-8d490d9c09223880.rlib" "/opt/rustwide/target/debug/deps/libanstyle-74a51ab2e6ba2a3f.rlib" "/opt/rustwide/target/debug/deps/libzstd-9671a7e90a3f3180.rlib" "/opt/rustwide/target/debug/deps/libzstd_safe-90f64bb9d86230e3.rlib" "/opt/rustwide/target/debug/deps/libzstd_sys-d80e60935cbe9959.rlib" "/opt/rustwide/target/debug/deps/libregex_syntax-b8bcfccfb36c0999.rlib" "/opt/rustwide/target/debug/deps/libregex-1c463d2b7b04b60e.rlib" "/opt/rustwide/target/debug/deps/libgrep-08e487b951557237.rlib" "/opt/rustwide/target/debug/deps/libgrep_regex-f10ce1310b727211.rlib" "/opt/rustwide/target/debug/deps/libgrep_printer-42c0b0155192be25.rlib" "/opt/rustwide/target/debug/deps/libserde_json-57e7f8d9dcb8afa0.rlib" "/opt/rustwide/target/debug/deps/libitoa-307f5b8ccbe1a9f3.rlib" "/opt/rustwide/target/debug/deps/libryu-6e02dac7c3b6be75.rlib" "/opt/rustwide/target/debug/deps/libserde-0d4527d8183af572.rlib" "/opt/rustwide/target/debug/deps/libgrep_searcher-20547ecd731ad3d1.rlib" "/opt/rustwide/target/debug/deps/libmemmap2-ca9f8e9a321ecb85.rlib" "/opt/rustwide/target/debug/deps/libencoding_rs_io-2b13338f966f382d.rlib" "/opt/rustwide/target/debug/deps/libencoding_rs-72c6ecdc91029a85.rlib" "/opt/rustwide/target/debug/deps/libgrep_matcher-7ae82c9ef833ec20.rlib" "/opt/rustwide/target/debug/deps/libgrep_cli-2784210ca403313c.rlib" "/opt/rustwide/target/debug/deps/libtermcolor-bad02665732a4344.rlib" "/opt/rustwide/target/debug/deps/libglobset-4de0dcd2eb7e8ec9.rlib" "/opt/rustwide/target/debug/deps/liblog-8b73e71086c996a2.rlib" "/opt/rustwide/target/debug/deps/libbstr-b29277fcab5992e3.rlib" "/opt/rustwide/target/debug/deps/libregex_automata-362e8e1f28d20b17.rlib" "/opt/rustwide/target/debug/deps/libregex_syntax-96109dd5bfd35bc9.rlib" "/opt/rustwide/target/debug/deps/libaho_corasick-4bda0fa19a7dd6db.rlib" "/opt/rustwide/target/debug/deps/liberror_chain-d2440d9af740fa8e.rlib" "/opt/rustwide/target/debug/deps/libbacktrace-367ea987172b85c3.rlib" "/opt/rustwide/target/debug/deps/libminiz_oxide-568a4b5ee796c064.rlib" "/opt/rustwide/target/debug/deps/libadler-eba61f23bb3cdb48.rlib" "/opt/rustwide/target/debug/deps/libobject-e62bd377008689cf.rlib" "/opt/rustwide/target/debug/deps/libmemchr-d8470a4b578ef69c.rlib" "/opt/rustwide/target/debug/deps/liblibc-5c79e692c1a21191.rlib" "/opt/rustwide/target/debug/deps/libaddr2line-21893705b0d8abc8.rlib" "/opt/rustwide/target/debug/deps/libgimli-f171d86691d4b49e.rlib" "/opt/rustwide/target/debug/deps/libcfg_if-a3e7e701fcd1f47b.rlib" "/opt/rustwide/target/debug/deps/librustc_demangle-e0324ea654ce1d71.rlib" "/opt/rustwide/target/debug/deps/libbyteorder-6ac88002c46ec63a.rlib" "/opt/rustwide/rustup-home/toolchains/beta-2024-12-08-x86_64-unknown-linux-gnu/lib/rustlib/x86_64-unknown-linux-gnu/lib/libstd-02dc84f49135b6b8.rlib" "/opt/rustwide/rustup-home/toolchains/beta-2024-12-08-x86_64-unknown-linux-gnu/lib/rustlib/x86_64-unknown-linux-gnu/lib/libpanic_unwind-a8f45b397fae3f81.rlib" "/opt/rustwide/rustup-home/toolchains/beta-2024-12-08-x86_64-unknown-linux-gnu/lib/rustlib/x86_64-unknown-linux-gnu/lib/libobject-089607133c180609.rlib" "/opt/rustwide/rustup-home/toolchains/beta-2024-12-08-x86_64-unknown-linux-gnu/lib/rustlib/x86_64-unknown-linux-gnu/lib/libmemchr-fc89f091bcd86cbb.rlib" "/opt/rustwide/rustup-home/toolchains/beta-2024-12-08-x86_64-unknown-linux-gnu/lib/rustlib/x86_64-unknown-linux-gnu/lib/libaddr2line-5a60949f01c7340c.rlib" "/opt/rustwide/rustup-home/toolchains/beta-2024-12-08-x86_64-unknown-linux-gnu/lib/rustlib/x86_64-unknown-linux-gnu/lib/libgimli-d29e6a55ca253c8c.rlib" "/opt/rustwide/rustup-home/toolchains/beta-2024-12-08-x86_64-unknown-linux-gnu/lib/rustlib/x86_64-unknown-linux-gnu/lib/librustc_demangle-273c078d5f65de7a.rlib" "/opt/rustwide/rustup-home/toolchains/beta-2024-12-08-x86_64-unknown-linux-gnu/lib/rustlib/x86_64-unknown-linux-gnu/lib/libstd_detect-413c950ffbdd4454.rlib" "/opt/rustwide/rustup-home/toolchains/beta-2024-12-08-x86_64-unknown-linux-gnu/lib/rustlib/x86_64-unknown-linux-gnu/lib/libhashbrown-1853c0976a1d88a6.rlib" "/opt/rustwide/rustup-home/toolchains/beta-2024-12-08-x86_64-unknown-linux-gnu/lib/rustlib/x86_64-unknown-linux-gnu/lib/librustc_std_workspace_alloc-ccb3384ddacb0f9e.rlib" "/opt/rustwide/rustup-home/toolchains/beta-2024-12-08-x86_64-unknown-linux-gnu/lib/rustlib/x86_64-unknown-linux-gnu/lib/libminiz_oxide-0b901dfb0ca849e0.rlib" "/opt/rustwide/rustup-home/toolchains/beta-2024-12-08-x86_64-unknown-linux-gnu/lib/rustlib/x86_64-unknown-linux-gnu/lib/libadler-eebeb8d7c64543ad.rlib" "/opt/rustwide/rustup-home/toolchains/beta-2024-12-08-x86_64-unknown-linux-gnu/lib/rustlib/x86_64-unknown-linux-gnu/lib/libunwind-4723ef81d6079867.rlib" "/opt/rustwide/rustup-home/toolchains/beta-2024-12-08-x86_64-unknown-linux-gnu/lib/rustlib/x86_64-unknown-linux-gnu/lib/libcfg_if-54442f8b422f5a54.rlib" "/opt/rustwide/rustup-home/toolchains/beta-2024-12-08-x86_64-unknown-linux-gnu/lib/rustlib/x86_64-unknown-linux-gnu/lib/liblibc-e0bbe034b5282553.rlib" "/opt/rustwide/rustup-home/toolchains/beta-2024-12-08-x86_64-unknown-linux-gnu/lib/rustlib/x86_64-unknown-linux-gnu/lib/liballoc-d0febb68c1c37b90.rlib" "/opt/rustwide/rustup-home/toolchains/beta-2024-12-08-x86_64-unknown-linux-gnu/lib/rustlib/x86_64-unknown-linux-gnu/lib/librustc_std_workspace_core-4cf833632aafa84c.rlib" "/opt/rustwide/rustup-home/toolchains/beta-2024-12-08-x86_64-unknown-linux-gnu/lib/rustlib/x86_64-unknown-linux-gnu/lib/libcore-65c2c6d2d6ae570b.rlib" "/opt/rustwide/rustup-home/toolchains/beta-2024-12-08-x86_64-unknown-linux-gnu/lib/rustlib/x86_64-unknown-linux-gnu/lib/libcompiler_builtins-97929cee0dcfe424.rlib" "-Wl,-Bdynamic" "-llzma" "-lssl" "-lcrypto" "-lgcc_s" "-lutil" "-lrt" "-lpthread" "-lm" "-ldl" "-lc" "-Wl,--eh-frame-hdr" "-Wl,-z,noexecstack" "-L" "/opt/rustwide/target/debug/build/zstd-sys-31953ea8c5377d95/out" "-L" "/usr/lib/x86_64-linux-gnu" "-L" "/opt/rustwide/rustup-home/toolchains/beta-2024-12-08-x86_64-unknown-linux-gnu/lib/rustlib/x86_64-unknown-linux-gnu/lib" "-o" "/tmp/rustdoctestL2YIph/rust_out" "-Wl,--gc-sections" "-pie" "-Wl,-z,relro,-z,now" "-nodefaultlibs"
[INFO] [stdout]   = note: collect2: fatal error: ld terminated with signal 9 [Killed]
[INFO] [stdout]           compilation terminated.
[INFO] [stdout]           
[INFO] [stdout] 
[INFO] [stdout] error: aborting due to 1 previous error
[INFO] [stdout] 
[INFO] [stdout] Couldn't compile the test.
[INFO] [stdout] ---- src/workset.rs - workset (line 16) stdout ----
[INFO] [stdout] warning: variable `pkgA` should have a snake case name
[INFO] [stdout]   --> src/workset.rs:32:9
[INFO] [stdout]    |
[INFO] [stdout] 17 |     let pkgA = Package { name: "a".to_string(), dependencies: vec![] };
[INFO] [stdout]    |         ^^^^ help: convert the identifier to snake case: `pkg_a`
[INFO] [stdout]    |
[INFO] [stdout]    = note: `#[warn(non_snake_case)]` on by default
[INFO] [stdout] 
[INFO] [stdout] warning: variable `pkgB` should have a snake case name
[INFO] [stdout]   --> src/workset.rs:33:9
[INFO] [stdout]    |
[INFO] [stdout] 18 |     let pkgB = Package { name: "b".to_string(), dependencies: vec![] };
[INFO] [stdout]    |         ^^^^ help: convert the identifier to snake case: `pkg_b`
[INFO] [stdout] 
[INFO] [stdout] warning: variable `pkgC` should have a snake case name
[INFO] [stdout]   --> src/workset.rs:34:9
[INFO] [stdout]    |
[INFO] [stdout] 19 |     let pkgC = Package { name: "c".to_string(), dependencies: vec![pkgA.clone(), pkgB] };
[INFO] [stdout]    |         ^^^^ help: convert the identifier to snake case: `pkg_c`
[INFO] [stdout] 
[INFO] [stdout] warning: variable `pkgD` should have a snake case name
[INFO] [stdout]   --> src/workset.rs:35:9
[INFO] [stdout]    |
[INFO] [stdout] 20 |     let pkgD = Package { name: "d".to_string(), dependencies: vec![pkgA, pkgC] };
[INFO] [stdout]    |         ^^^^ help: convert the identifier to snake case: `pkg_d`
[INFO] [stdout] 
[INFO] [stdout] error: linking with `cc` failed: exit status: 1
[INFO] [stdout]   |
[INFO] [stdout]   = note: LC_ALL="C" PATH="/opt/rustwide/rustup-home/toolchains/beta-2024-12-08-x86_64-unknown-linux-gnu/lib/rustlib/x86_64-unknown-linux-gnu/bin:/opt/rustwide/cargo-home/bin:/usr/local/sbin:/usr/local/bin:/usr/sbin:/usr/bin:/sbin:/bin" VSLANG="1033" "cc" "-m64" "/tmp/rustcuuBPBW/symbols.o" "/tmp/rustdoctestRzlWxs/rust_out.rust_out.9242fac72db2cd11-cgu.0.rcgu.o" "/tmp/rustdoctestRzlWxs/rust_out.2hl2tb9xdtge7mguxzn2q1kvi.rcgu.o" "-Wl,--as-needed" "-Wl,-Bstatic" "/opt/rustwide/target/debug/deps/libnix_index-0d4adfa1028e66cb.rlib" "/opt/rustwide/target/debug/deps/libbincode-a8ac16f64fc613f3.rlib" "/opt/rustwide/target/debug/deps/libxml-1a135fc435c1cea5.rlib" "/opt/rustwide/target/debug/deps/librayon-042b61629a98e96c.rlib" "/opt/rustwide/target/debug/deps/librayon_core-a86b3e2a6874aea0.rlib" "/opt/rustwide/target/debug/deps/libcrossbeam_deque-bd6df934c95fd429.rlib" "/opt/rustwide/target/debug/deps/libcrossbeam_epoch-94621803ecea6178.rlib" "/opt/rustwide/target/debug/deps/libcrossbeam_utils-0d72a2b2b371b2bb.rlib" "/opt/rustwide/target/debug/deps/libeither-e034c564976bfe9f.rlib" "/opt/rustwide/target/debug/deps/libxz2-6d5c53b1e8d10317.rlib" "/opt/rustwide/target/debug/deps/liblzma_sys-56f38e315c443d30.rlib" "/opt/rustwide/target/debug/deps/libtokio_retry-71c45ef72ddd5e21.rlib" "/opt/rustwide/target/debug/deps/librand-856f96933bf6617e.rlib" "/opt/rustwide/target/debug/deps/librand_chacha-d9a2c80ed1a0a1c0.rlib" "/opt/rustwide/target/debug/deps/libppv_lite86-6355e3a2f5357626.rlib" "/opt/rustwide/target/debug/deps/librand_core-83f7b0d7f832da71.rlib" "/opt/rustwide/target/debug/deps/libgetrandom-0f4f419f79403ad9.rlib" "/opt/rustwide/target/debug/deps/libreqwest-b5fc9ab966be9356.rlib" "/opt/rustwide/target/debug/deps/librustls_pemfile-f78354a14daffa3a.rlib" "/opt/rustwide/target/debug/deps/librustls_pki_types-77ae22c387004a1d.rlib" "/opt/rustwide/target/debug/deps/libserde_urlencoded-05073e394a59865f.rlib" "/opt/rustwide/target/debug/deps/libbase64-1e2a536fab485f9b.rlib" "/opt/rustwide/target/debug/deps/libipnet-5d86936adafddcc9.rlib" "/opt/rustwide/target/debug/deps/libhyper_tls-f0bc1ea8a04ccfd1.rlib" "/opt/rustwide/target/debug/deps/libtokio_native_tls-446f2ce9898a878e.rlib" "/opt/rustwide/target/debug/deps/libmime-a9df5a780629fb7d.rlib" "/opt/rustwide/target/debug/deps/libasync_compression-26ec3f909e31a3cb.rlib" "/opt/rustwide/target/debug/deps/libbrotli-356bffc17e420efd.rlib" "/opt/rustwide/target/debug/deps/libbrotli_decompressor-47e13d34756b1a95.rlib" "/opt/rustwide/target/debug/deps/liballoc_stdlib-db2d25da53f2297b.rlib" "/opt/rustwide/target/debug/deps/liballoc_no_stdlib-07772ed8f1252285.rlib" "/opt/rustwide/target/debug/deps/libnative_tls-2882a7134c98eabc.rlib" "/opt/rustwide/target/debug/deps/libopenssl_probe-ed1174850529d944.rlib" "/opt/rustwide/target/debug/deps/libopenssl-03f35745a1bb318b.rlib" "/opt/rustwide/target/debug/deps/libbitflags-73a3465e70e0bb19.rlib" "/opt/rustwide/target/debug/deps/libforeign_types-2619a4331d8b6eb7.rlib" "/opt/rustwide/target/debug/deps/libforeign_types_shared-c35523625cfd8702.rlib" "/opt/rustwide/target/debug/deps/libopenssl_sys-a10081051ddd3f00.rlib" "/opt/rustwide/target/debug/deps/libhyper_util-8f8e42efa9434a9b.rlib" "/opt/rustwide/target/debug/deps/libtower-e58b289648abf105.rlib" "/opt/rustwide/target/debug/deps/libpin_project-a26a2874abd5e20b.rlib" "/opt/rustwide/target/debug/deps/libtower_layer-8945467366ba7da8.rlib" "/opt/rustwide/target/debug/deps/libtower_service-7daacb91dc19d256.rlib" "/opt/rustwide/target/debug/deps/libhyper-8e5c10e3fd371ef6.rlib" "/opt/rustwide/target/debug/deps/libwant-254baf7a3ce1b24f.rlib" "/opt/rustwide/target/debug/deps/libtry_lock-523daa20a4acb788.rlib" "/opt/rustwide/target/debug/deps/libhttparse-2dbc320ca65411a3.rlib" "/opt/rustwide/target/debug/deps/libh2-c7ba8a74586bec08.rlib" "/opt/rustwide/target/debug/deps/libtracing-ea5de4f511cc02e5.rlib" "/opt/rustwide/target/debug/deps/libtracing_core-494c8f77b83eb5be.rlib" "/opt/rustwide/target/debug/deps/libindexmap-8b27e8cfa046352e.rlib" "/opt/rustwide/target/debug/deps/libequivalent-e4dc2e1acc32de2c.rlib" "/opt/rustwide/target/debug/deps/libhashbrown-dc0f75a8aa2ca7be.rlib" "/opt/rustwide/target/debug/deps/libahash-606cff10f4c5297e.rlib" "/opt/rustwide/target/debug/deps/libonce_cell-334d739f4e3a4961.rlib" "/opt/rustwide/target/debug/deps/libzerocopy-91a4ecde88ecfcb2.rlib" "/opt/rustwide/target/debug/deps/libatomic_waker-6cd29d6269b9677d.rlib" "/opt/rustwide/target/debug/deps/libtokio_util-880614f54a69186b.rlib" "/opt/rustwide/target/debug/deps/libtokio-552340b42639678c.rlib" "/opt/rustwide/target/debug/deps/libsignal_hook_registry-88f8110cb501421b.rlib" "/opt/rustwide/target/debug/deps/libnum_cpus-daf754d9d42df197.rlib" "/opt/rustwide/target/debug/deps/libsocket2-330bf5be77c97ea7.rlib" "/opt/rustwide/target/debug/deps/libmio-67795c601fc341c6.rlib" "/opt/rustwide/target/debug/deps/libparking_lot-e3524ae7379ae25f.rlib" "/opt/rustwide/target/debug/deps/libparking_lot_core-b1cfd7eb53e0020a.rlib" "/opt/rustwide/target/debug/deps/libsmallvec-e47cf4c2f7e4fd50.rlib" "/opt/rustwide/target/debug/deps/liblock_api-205eb352094bf351.rlib" "/opt/rustwide/target/debug/deps/libscopeguard-f937485db0060aca.rlib" "/opt/rustwide/target/debug/deps/libhttp_body_util-5e69a9abb73941e2.rlib" "/opt/rustwide/target/debug/deps/libhttp_body-01fe647f02915e90.rlib" "/opt/rustwide/target/debug/deps/liburl-34e94d54e26c08e0.rlib" "/opt/rustwide/target/debug/deps/libidna-77e463d244e20468.rlib" "/opt/rustwide/target/debug/deps/libunicode_normalization-184ea3783b9704ed.rlib" "/opt/rustwide/target/debug/deps/libtinyvec-dcbbce603bc23510.rlib" "/opt/rustwide/target/debug/deps/libtinyvec_macros-333661e3b238a9a3.rlib" "/opt/rustwide/target/debug/deps/libunicode_bidi-9b64cff028edaa87.rlib" "/opt/rustwide/target/debug/deps/libform_urlencoded-59e65d5ba0f82c92.rlib" "/opt/rustwide/target/debug/deps/libpercent_encoding-fc63a8437ca6afa3.rlib" "/opt/rustwide/target/debug/deps/libhttp-a1be63427794076b.rlib" "/opt/rustwide/target/debug/deps/libbytes-2732d0fbd5e31f67.rlib" "/opt/rustwide/target/debug/deps/libfnv-953831fe314029b4.rlib" "/opt/rustwide/target/debug/deps/libserde_bytes-ec9acb73051512c2.rlib" "/opt/rustwide/target/debug/deps/libclap-e12eeb863b6a494f.rlib" "/opt/rustwide/target/debug/deps/libclap_builder-0a5684efd7fd3af2.rlib" "/opt/rustwide/target/debug/deps/libstrsim-92ad05d142a27bd8.rlib" "/opt/rustwide/target/debug/deps/libanstream-887bef1ada7c38ba.rlib" "/opt/rustwide/target/debug/deps/libanstyle_query-12a0f714564fe8e8.rlib" "/opt/rustwide/target/debug/deps/libis_terminal_polyfill-460dd49b45f7416d.rlib" "/opt/rustwide/target/debug/deps/libcolorchoice-8b2768c981738052.rlib" "/opt/rustwide/target/debug/deps/libanstyle_parse-d84b21e5ddb7c53d.rlib" "/opt/rustwide/target/debug/deps/libutf8parse-39ed42569342c469.rlib" "/opt/rustwide/target/debug/deps/libclap_lex-8d490d9c09223880.rlib" "/opt/rustwide/target/debug/deps/libanstyle-74a51ab2e6ba2a3f.rlib" "/opt/rustwide/target/debug/deps/libzstd-9671a7e90a3f3180.rlib" "/opt/rustwide/target/debug/deps/libzstd_safe-90f64bb9d86230e3.rlib" "/opt/rustwide/target/debug/deps/libzstd_sys-d80e60935cbe9959.rlib" "/opt/rustwide/target/debug/deps/libregex_syntax-b8bcfccfb36c0999.rlib" "/opt/rustwide/target/debug/deps/libregex-1c463d2b7b04b60e.rlib" "/opt/rustwide/target/debug/deps/libgrep-08e487b951557237.rlib" "/opt/rustwide/target/debug/deps/libgrep_regex-f10ce1310b727211.rlib" "/opt/rustwide/target/debug/deps/libgrep_printer-42c0b0155192be25.rlib" "/opt/rustwide/target/debug/deps/libserde_json-57e7f8d9dcb8afa0.rlib" "/opt/rustwide/target/debug/deps/libitoa-307f5b8ccbe1a9f3.rlib" "/opt/rustwide/target/debug/deps/libryu-6e02dac7c3b6be75.rlib" "/opt/rustwide/target/debug/deps/libserde-0d4527d8183af572.rlib" "/opt/rustwide/target/debug/deps/libgrep_searcher-20547ecd731ad3d1.rlib" "/opt/rustwide/target/debug/deps/libmemmap2-ca9f8e9a321ecb85.rlib" "/opt/rustwide/target/debug/deps/libencoding_rs_io-2b13338f966f382d.rlib" "/opt/rustwide/target/debug/deps/libencoding_rs-72c6ecdc91029a85.rlib" "/opt/rustwide/target/debug/deps/libgrep_matcher-7ae82c9ef833ec20.rlib" "/opt/rustwide/target/debug/deps/libgrep_cli-2784210ca403313c.rlib" "/opt/rustwide/target/debug/deps/libtermcolor-bad02665732a4344.rlib" "/opt/rustwide/target/debug/deps/libglobset-4de0dcd2eb7e8ec9.rlib" "/opt/rustwide/target/debug/deps/liblog-8b73e71086c996a2.rlib" "/opt/rustwide/target/debug/deps/libbstr-b29277fcab5992e3.rlib" "/opt/rustwide/target/debug/deps/libregex_automata-362e8e1f28d20b17.rlib" "/opt/rustwide/target/debug/deps/libregex_syntax-96109dd5bfd35bc9.rlib" "/opt/rustwide/target/debug/deps/libaho_corasick-4bda0fa19a7dd6db.rlib" "/opt/rustwide/target/debug/deps/liberror_chain-d2440d9af740fa8e.rlib" "/opt/rustwide/target/debug/deps/libbacktrace-367ea987172b85c3.rlib" "/opt/rustwide/target/debug/deps/libminiz_oxide-568a4b5ee796c064.rlib" "/opt/rustwide/target/debug/deps/libadler-eba61f23bb3cdb48.rlib" "/opt/rustwide/target/debug/deps/libobject-e62bd377008689cf.rlib" "/opt/rustwide/target/debug/deps/liblibc-5c79e692c1a21191.rlib" "/opt/rustwide/target/debug/deps/libaddr2line-21893705b0d8abc8.rlib" "/opt/rustwide/target/debug/deps/libgimli-f171d86691d4b49e.rlib" "/opt/rustwide/target/debug/deps/libcfg_if-a3e7e701fcd1f47b.rlib" "/opt/rustwide/target/debug/deps/librustc_demangle-e0324ea654ce1d71.rlib" "/opt/rustwide/target/debug/deps/libbyteorder-6ac88002c46ec63a.rlib" "/opt/rustwide/target/debug/deps/libfutures-533b08ebaee08fa7.rlib" "/opt/rustwide/target/debug/deps/libfutures_executor-f99e78e0906d0094.rlib" "/opt/rustwide/target/debug/deps/libfutures_util-f828860de0ce3811.rlib" "/opt/rustwide/target/debug/deps/libmemchr-d8470a4b578ef69c.rlib" "/opt/rustwide/target/debug/deps/libfutures_io-b01d4a1afd6f88b5.rlib" "/opt/rustwide/target/debug/deps/libslab-854636f389d4caa9.rlib" "/opt/rustwide/target/debug/deps/libfutures_channel-1cc6a797ffeca2d3.rlib" "/opt/rustwide/target/debug/deps/libpin_project_lite-92287217d9698c36.rlib" "/opt/rustwide/target/debug/deps/libfutures_sink-be8c0dbcc571dd8d.rlib" "/opt/rustwide/target/debug/deps/libfutures_task-5f891dfd68443eda.rlib" "/opt/rustwide/target/debug/deps/libpin_utils-e8360a4d12f71807.rlib" "/opt/rustwide/target/debug/deps/libfutures_core-b7e48a954509deff.rlib" "/opt/rustwide/rustup-home/toolchains/beta-2024-12-08-x86_64-unknown-linux-gnu/lib/rustlib/x86_64-unknown-linux-gnu/lib/libstd-02dc84f49135b6b8.rlib" "/opt/rustwide/rustup-home/toolchains/beta-2024-12-08-x86_64-unknown-linux-gnu/lib/rustlib/x86_64-unknown-linux-gnu/lib/libpanic_unwind-a8f45b397fae3f81.rlib" "/opt/rustwide/rustup-home/toolchains/beta-2024-12-08-x86_64-unknown-linux-gnu/lib/rustlib/x86_64-unknown-linux-gnu/lib/libobject-089607133c180609.rlib" "/opt/rustwide/rustup-home/toolchains/beta-2024-12-08-x86_64-unknown-linux-gnu/lib/rustlib/x86_64-unknown-linux-gnu/lib/libmemchr-fc89f091bcd86cbb.rlib" "/opt/rustwide/rustup-home/toolchains/beta-2024-12-08-x86_64-unknown-linux-gnu/lib/rustlib/x86_64-unknown-linux-gnu/lib/libaddr2line-5a60949f01c7340c.rlib" "/opt/rustwide/rustup-home/toolchains/beta-2024-12-08-x86_64-unknown-linux-gnu/lib/rustlib/x86_64-unknown-linux-gnu/lib/libgimli-d29e6a55ca253c8c.rlib" "/opt/rustwide/rustup-home/toolchains/beta-2024-12-08-x86_64-unknown-linux-gnu/lib/rustlib/x86_64-unknown-linux-gnu/lib/librustc_demangle-273c078d5f65de7a.rlib" "/opt/rustwide/rustup-home/toolchains/beta-2024-12-08-x86_64-unknown-linux-gnu/lib/rustlib/x86_64-unknown-linux-gnu/lib/libstd_detect-413c950ffbdd4454.rlib" "/opt/rustwide/rustup-home/toolchains/beta-2024-12-08-x86_64-unknown-linux-gnu/lib/rustlib/x86_64-unknown-linux-gnu/lib/libhashbrown-1853c0976a1d88a6.rlib" "/opt/rustwide/rustup-home/toolchains/beta-2024-12-08-x86_64-unknown-linux-gnu/lib/rustlib/x86_64-unknown-linux-gnu/lib/librustc_std_workspace_alloc-ccb3384ddacb0f9e.rlib" "/opt/rustwide/rustup-home/toolchains/beta-2024-12-08-x86_64-unknown-linux-gnu/lib/rustlib/x86_64-unknown-linux-gnu/lib/libminiz_oxide-0b901dfb0ca849e0.rlib" "/opt/rustwide/rustup-home/toolchains/beta-2024-12-08-x86_64-unknown-linux-gnu/lib/rustlib/x86_64-unknown-linux-gnu/lib/libadler-eebeb8d7c64543ad.rlib" "/opt/rustwide/rustup-home/toolchains/beta-2024-12-08-x86_64-unknown-linux-gnu/lib/rustlib/x86_64-unknown-linux-gnu/lib/libunwind-4723ef81d6079867.rlib" "/opt/rustwide/rustup-home/toolchains/beta-2024-12-08-x86_64-unknown-linux-gnu/lib/rustlib/x86_64-unknown-linux-gnu/lib/libcfg_if-54442f8b422f5a54.rlib" "/opt/rustwide/rustup-home/toolchains/beta-2024-12-08-x86_64-unknown-linux-gnu/lib/rustlib/x86_64-unknown-linux-gnu/lib/liblibc-e0bbe034b5282553.rlib" "/opt/rustwide/rustup-home/toolchains/beta-2024-12-08-x86_64-unknown-linux-gnu/lib/rustlib/x86_64-unknown-linux-gnu/lib/liballoc-d0febb68c1c37b90.rlib" "/opt/rustwide/rustup-home/toolchains/beta-2024-12-08-x86_64-unknown-linux-gnu/lib/rustlib/x86_64-unknown-linux-gnu/lib/librustc_std_workspace_core-4cf833632aafa84c.rlib" "/opt/rustwide/rustup-home/toolchains/beta-2024-12-08-x86_64-unknown-linux-gnu/lib/rustlib/x86_64-unknown-linux-gnu/lib/libcore-65c2c6d2d6ae570b.rlib" "/opt/rustwide/rustup-home/toolchains/beta-2024-12-08-x86_64-unknown-linux-gnu/lib/rustlib/x86_64-unknown-linux-gnu/lib/libcompiler_builtins-97929cee0dcfe424.rlib" "-Wl,-Bdynamic" "-llzma" "-lssl" "-lcrypto" "-lgcc_s" "-lutil" "-lrt" "-lpthread" "-lm" "-ldl" "-lc" "-Wl,--eh-frame-hdr" "-Wl,-z,noexecstack" "-L" "/opt/rustwide/target/debug/build/zstd-sys-31953ea8c5377d95/out" "-L" "/usr/lib/x86_64-linux-gnu" "-L" "/opt/rustwide/rustup-home/toolchains/beta-2024-12-08-x86_64-unknown-linux-gnu/lib/rustlib/x86_64-unknown-linux-gnu/lib" "-o" "/tmp/rustdoctestRzlWxs/rust_out" "-Wl,--gc-sections" "-pie" "-Wl,-z,relro,-z,now" "-nodefaultlibs"
[INFO] [stdout]   = note: collect2: fatal error: ld terminated with signal 9 [Killed]
[INFO] [stdout]           compilation terminated.
[INFO] [stdout]           
[INFO] [stdout] 
[INFO] [stdout] error: aborting due to 1 previous error; 4 warnings emitted
[INFO] [stdout] 
[INFO] [stdout] Couldn't compile the test.
[INFO] [stdout] 
[INFO] [stdout] failures:
[INFO] [stdout]     src/package.rs - package::StorePath::hash (line 220)
[INFO] [stdout]     src/package.rs - package::StorePath::origin (line 270)
[INFO] [stdout]     src/workset.rs - workset (line 16)
[INFO] [stdout] 
[INFO] [stdout] test result: FAILED. 3 passed; 3 failed; 0 ignored; 0 measured; 0 filtered out; finished in 7.20s
[INFO] [stdout] 
[INFO] [stderr] error: doctest failed, to rerun pass `--doc`
[INFO] running `Command { std: "docker" "inspect" "2c918c1b3fb370e3452f93cee1d5d62fe1828204b4cf7dc259d3e8649b6f25de", kill_on_drop: false }`
[INFO] running `Command { std: "docker" "rm" "-f" "2c918c1b3fb370e3452f93cee1d5d62fe1828204b4cf7dc259d3e8649b6f25de", kill_on_drop: false }`
[INFO] [stdout] 2c918c1b3fb370e3452f93cee1d5d62fe1828204b4cf7dc259d3e8649b6f25de
