[INFO] cloning repository https://github.com/arma-place/pmtiles-rs
[INFO] running `Command { std: "git" "-c" "credential.helper=" "-c" "credential.helper=/workspace/cargo-home/bin/git-credential-null" "clone" "--bare" "https://github.com/arma-place/pmtiles-rs" "/workspace/cache/git-repos/https%3A%2F%2Fgithub.com%2Farma-place%2Fpmtiles-rs", kill_on_drop: false }`
[INFO] [stderr] Cloning into bare repository '/workspace/cache/git-repos/https%3A%2F%2Fgithub.com%2Farma-place%2Fpmtiles-rs'...
[INFO] running `Command { std: "git" "rev-parse" "HEAD", kill_on_drop: false }`
[INFO] [stdout] 0fb977d10d38a42ac911ef9b4d794d4fb228ef6f
[INFO] testing arma-place/pmtiles-rs against 1.83.0 for beta-1.84.0-4-retry
[INFO] running `Command { std: "git" "clone" "/workspace/cache/git-repos/https%3A%2F%2Fgithub.com%2Farma-place%2Fpmtiles-rs" "/workspace/builds/worker-5-tc1/source", kill_on_drop: false }`
[INFO] [stderr] Cloning into '/workspace/builds/worker-5-tc1/source'...
[INFO] [stderr] done.
[INFO] validating manifest of git repo https://github.com/arma-place/pmtiles-rs on toolchain 1.83.0
[INFO] running `Command { std: CARGO_HOME="/workspace/cargo-home" RUSTUP_HOME="/workspace/rustup-home" "/workspace/cargo-home/bin/cargo" "+1.83.0" "metadata" "--manifest-path" "Cargo.toml" "--no-deps", kill_on_drop: false }`
[INFO] started tweaking git repo https://github.com/arma-place/pmtiles-rs
[INFO] finished tweaking git repo https://github.com/arma-place/pmtiles-rs
[INFO] tweaked toml for git repo https://github.com/arma-place/pmtiles-rs written to /workspace/builds/worker-5-tc1/source/Cargo.toml
[INFO] crate git repo https://github.com/arma-place/pmtiles-rs already has a lockfile, it will not be regenerated
[INFO] running `Command { std: CARGO_HOME="/workspace/cargo-home" RUSTUP_HOME="/workspace/rustup-home" "/workspace/cargo-home/bin/cargo" "+1.83.0" "fetch" "--manifest-path" "Cargo.toml", kill_on_drop: false }`
[INFO] [stderr]     Blocking waiting for file lock on package cache
[INFO] [stderr]     Updating crates.io index
[INFO] [stderr]     Blocking waiting for file lock on package cache
[INFO] [stderr]  Downloading crates ...
[INFO] [stderr]   Downloaded temp-dir v0.1.11
[INFO] [stderr]   Downloaded tokio-test v0.4.2
[INFO] [stderr]   Downloaded integer-encoding v3.0.4
[INFO] [stderr]   Downloaded hilbert_2d v1.1.0
[INFO] [stderr]   Downloaded deku_derive v0.15.1
[INFO] [stderr]   Downloaded duplicate v1.0.0
[INFO] [stderr]   Downloaded deku v0.15.1
[INFO] running `Command { std: "docker" "create" "-v" "/var/lib/crater-agent-workspace/builds/worker-5-tc1/target:/opt/rustwide/target:rw,Z" "-v" "/var/lib/crater-agent-workspace/builds/worker-5-tc1/source:/opt/rustwide/workdir:ro,Z" "-v" "/var/lib/crater-agent-workspace/cargo-home:/opt/rustwide/cargo-home:ro,Z" "-v" "/var/lib/crater-agent-workspace/rustup-home:/opt/rustwide/rustup-home:ro,Z" "-e" "SOURCE_DIR=/opt/rustwide/workdir" "-e" "CARGO_TARGET_DIR=/opt/rustwide/target" "-e" "CARGO_HOME=/opt/rustwide/cargo-home" "-e" "RUSTUP_HOME=/opt/rustwide/rustup-home" "-w" "/opt/rustwide/workdir" "-m" "1610612736" "--user" "0:0" "--network" "none" "ghcr.io/rust-lang/crates-build-env/linux@sha256:f3a9d4ad9d972b27faf3965f35b62e55ba32bbce8f20bc8fe909558a86702fde" "/opt/rustwide/cargo-home/bin/cargo" "+1.83.0" "metadata" "--no-deps" "--format-version=1", kill_on_drop: false }`
[INFO] [stdout] 91a9469558d3b379b37e6f550e726e64b9d474953d437ebfc4ab14e1c3c85020
[INFO] running `Command { std: "docker" "start" "-a" "91a9469558d3b379b37e6f550e726e64b9d474953d437ebfc4ab14e1c3c85020", kill_on_drop: false }`
[INFO] running `Command { std: "docker" "inspect" "91a9469558d3b379b37e6f550e726e64b9d474953d437ebfc4ab14e1c3c85020", kill_on_drop: false }`
[INFO] running `Command { std: "docker" "rm" "-f" "91a9469558d3b379b37e6f550e726e64b9d474953d437ebfc4ab14e1c3c85020", kill_on_drop: false }`
[INFO] [stdout] 91a9469558d3b379b37e6f550e726e64b9d474953d437ebfc4ab14e1c3c85020
[INFO] running `Command { std: "docker" "create" "-v" "/var/lib/crater-agent-workspace/builds/worker-5-tc1/target:/opt/rustwide/target:rw,Z" "-v" "/var/lib/crater-agent-workspace/builds/worker-5-tc1/source:/opt/rustwide/workdir:ro,Z" "-v" "/var/lib/crater-agent-workspace/cargo-home:/opt/rustwide/cargo-home:ro,Z" "-v" "/var/lib/crater-agent-workspace/rustup-home:/opt/rustwide/rustup-home:ro,Z" "-e" "SOURCE_DIR=/opt/rustwide/workdir" "-e" "CARGO_TARGET_DIR=/opt/rustwide/target" "-e" "CARGO_INCREMENTAL=0" "-e" "RUST_BACKTRACE=full" "-e" "RUSTFLAGS=--cap-lints=warn" "-e" "RUSTDOCFLAGS=--cap-lints=warn" "-e" "CARGO_HOME=/opt/rustwide/cargo-home" "-e" "RUSTUP_HOME=/opt/rustwide/rustup-home" "-w" "/opt/rustwide/workdir" "-m" "1610612736" "--user" "0:0" "--network" "none" "ghcr.io/rust-lang/crates-build-env/linux@sha256:f3a9d4ad9d972b27faf3965f35b62e55ba32bbce8f20bc8fe909558a86702fde" "/opt/rustwide/cargo-home/bin/cargo" "+1.83.0" "build" "--frozen" "--message-format=json", kill_on_drop: false }`
[INFO] [stdout] f131164ee4cb6eb27056e1da7334b9fb6616bcc5fa27157e21604d0335bcc9bf
[INFO] running `Command { std: "docker" "start" "-a" "f131164ee4cb6eb27056e1da7334b9fb6616bcc5fa27157e21604d0335bcc9bf", kill_on_drop: false }`
[INFO] [stderr]    Compiling proc-macro2 v1.0.56
[INFO] [stderr]    Compiling quote v1.0.26
[INFO] [stderr]    Compiling unicode-ident v1.0.8
[INFO] [stderr]    Compiling libc v0.2.141
[INFO] [stderr]    Compiling syn v1.0.109
[INFO] [stderr]    Compiling pkg-config v0.3.26
[INFO] [stderr]    Compiling hashbrown v0.12.3
[INFO] [stderr]    Compiling fnv v1.0.7
[INFO] [stderr]    Compiling strsim v0.10.0
[INFO] [stderr]    Compiling radium v0.7.0
[INFO] [stderr]    Compiling winnow v0.4.1
[INFO] [stderr]    Compiling toml_datetime v0.6.1
[INFO] [stderr]    Compiling once_cell v1.17.1
[INFO] [stderr]    Compiling indexmap v1.9.3
[INFO] [stderr]    Compiling tap v1.0.1
[INFO] [stderr]    Compiling serde v1.0.160
[INFO] [stderr]    Compiling alloc-no-stdlib v2.0.4
[INFO] [stderr]    Compiling zstd-safe v5.0.2+zstd.1.5.2
[INFO] [stderr]    Compiling wyz v0.5.1
[INFO] [stderr]    Compiling alloc-stdlib v0.2.2
[INFO] [stderr]    Compiling ahash v0.8.3
[INFO] [stderr]    Compiling serde_json v1.0.96
[INFO] [stderr]    Compiling funty v2.0.0
[INFO] [stderr]    Compiling miniz_oxide v0.6.2
[INFO] [stderr]    Compiling brotli-decompressor v2.3.4
[INFO] [stderr]    Compiling ryu v1.0.13
[INFO] [stderr]    Compiling itoa v1.0.6
[INFO] [stderr]    Compiling integer-encoding v3.0.4
[INFO] [stderr]    Compiling hilbert_2d v1.1.0
[INFO] [stderr]    Compiling bitvec v1.0.1
[INFO] [stderr]    Compiling flate2 v1.0.25
[INFO] [stderr]    Compiling brotli v3.3.4
[INFO] [stderr]    Compiling jobserver v0.1.26
[INFO] [stderr]    Compiling toml_edit v0.19.8
[INFO] [stderr]    Compiling proc-macro-error-attr v1.0.4
[INFO] [stderr]    Compiling cc v1.0.79
[INFO] [stderr]    Compiling zstd-sys v2.0.10+zstd.1.5.6
[INFO] [stderr]    Compiling proc-macro-crate v1.3.1
[INFO] [stderr]    Compiling darling_core v0.14.4
[INFO] [stderr]    Compiling proc-macro-error v1.0.4
[INFO] [stderr]    Compiling zstd v0.11.2+zstd.1.5.2
[INFO] [stderr]    Compiling duplicate v1.0.0
[INFO] [stderr]    Compiling darling_macro v0.14.4
[INFO] [stderr]    Compiling darling v0.14.4
[INFO] [stderr]    Compiling deku_derive v0.15.1
[INFO] [stderr]    Compiling deku v0.15.1
[INFO] [stderr]    Compiling pmtiles2 v0.3.1 (/opt/rustwide/workdir)
[INFO] [stderr]     Finished `dev` profile [unoptimized + debuginfo] target(s) in 28.52s
[INFO] running `Command { std: "docker" "inspect" "f131164ee4cb6eb27056e1da7334b9fb6616bcc5fa27157e21604d0335bcc9bf", kill_on_drop: false }`
[INFO] running `Command { std: "docker" "rm" "-f" "f131164ee4cb6eb27056e1da7334b9fb6616bcc5fa27157e21604d0335bcc9bf", kill_on_drop: false }`
[INFO] [stdout] f131164ee4cb6eb27056e1da7334b9fb6616bcc5fa27157e21604d0335bcc9bf
[INFO] running `Command { std: "docker" "create" "-v" "/var/lib/crater-agent-workspace/builds/worker-5-tc1/target:/opt/rustwide/target:rw,Z" "-v" "/var/lib/crater-agent-workspace/builds/worker-5-tc1/source:/opt/rustwide/workdir:ro,Z" "-v" "/var/lib/crater-agent-workspace/cargo-home:/opt/rustwide/cargo-home:ro,Z" "-v" "/var/lib/crater-agent-workspace/rustup-home:/opt/rustwide/rustup-home:ro,Z" "-e" "SOURCE_DIR=/opt/rustwide/workdir" "-e" "CARGO_TARGET_DIR=/opt/rustwide/target" "-e" "CARGO_INCREMENTAL=0" "-e" "RUST_BACKTRACE=full" "-e" "RUSTFLAGS=--cap-lints=warn" "-e" "RUSTDOCFLAGS=--cap-lints=warn" "-e" "CARGO_HOME=/opt/rustwide/cargo-home" "-e" "RUSTUP_HOME=/opt/rustwide/rustup-home" "-w" "/opt/rustwide/workdir" "-m" "1610612736" "--user" "0:0" "--network" "none" "ghcr.io/rust-lang/crates-build-env/linux@sha256:f3a9d4ad9d972b27faf3965f35b62e55ba32bbce8f20bc8fe909558a86702fde" "/opt/rustwide/cargo-home/bin/cargo" "+1.83.0" "test" "--frozen" "--no-run" "--message-format=json", kill_on_drop: false }`
[INFO] [stdout] 34d59296e8f967e9aa38b933fee6728b5d5326b73005f902ba7f558eb813d4b0
[INFO] running `Command { std: "docker" "start" "-a" "34d59296e8f967e9aa38b933fee6728b5d5326b73005f902ba7f558eb813d4b0", kill_on_drop: false }`
[INFO] [stderr]    Compiling futures-core v0.3.28
[INFO] [stderr]    Compiling pin-project-lite v0.2.9
[INFO] [stderr]    Compiling tokio v1.27.0
[INFO] [stderr]    Compiling syn v2.0.15
[INFO] [stderr]    Compiling bytes v1.4.0
[INFO] [stderr]    Compiling futures-sink v0.3.28
[INFO] [stderr]    Compiling futures-io v0.3.28
[INFO] [stderr]    Compiling temp-dir v0.1.11
[INFO] [stderr]    Compiling tokio-stream v0.1.12
[INFO] [stderr]    Compiling tokio-util v0.7.7
[INFO] [stderr]    Compiling async-stream-impl v0.3.5
[INFO] [stderr]    Compiling async-stream v0.3.5
[INFO] [stderr]    Compiling tokio-test v0.4.2
[INFO] [stderr]    Compiling pmtiles2 v0.3.1 (/opt/rustwide/workdir)
[INFO] [stderr]     Finished `test` profile [unoptimized + debuginfo] target(s) in 12.78s
[INFO] running `Command { std: "docker" "inspect" "34d59296e8f967e9aa38b933fee6728b5d5326b73005f902ba7f558eb813d4b0", kill_on_drop: false }`
[INFO] running `Command { std: "docker" "rm" "-f" "34d59296e8f967e9aa38b933fee6728b5d5326b73005f902ba7f558eb813d4b0", kill_on_drop: false }`
[INFO] [stdout] 34d59296e8f967e9aa38b933fee6728b5d5326b73005f902ba7f558eb813d4b0
[INFO] running `Command { std: "docker" "create" "-v" "/var/lib/crater-agent-workspace/builds/worker-5-tc1/target:/opt/rustwide/target:rw,Z" "-v" "/var/lib/crater-agent-workspace/builds/worker-5-tc1/source:/opt/rustwide/workdir:ro,Z" "-v" "/var/lib/crater-agent-workspace/cargo-home:/opt/rustwide/cargo-home:ro,Z" "-v" "/var/lib/crater-agent-workspace/rustup-home:/opt/rustwide/rustup-home:ro,Z" "-e" "SOURCE_DIR=/opt/rustwide/workdir" "-e" "CARGO_TARGET_DIR=/opt/rustwide/target" "-e" "CARGO_INCREMENTAL=0" "-e" "RUST_BACKTRACE=full" "-e" "RUSTFLAGS=--cap-lints=warn" "-e" "RUSTDOCFLAGS=--cap-lints=warn" "-e" "CARGO_HOME=/opt/rustwide/cargo-home" "-e" "RUSTUP_HOME=/opt/rustwide/rustup-home" "-w" "/opt/rustwide/workdir" "-m" "1610612736" "--user" "0:0" "--network" "none" "ghcr.io/rust-lang/crates-build-env/linux@sha256:f3a9d4ad9d972b27faf3965f35b62e55ba32bbce8f20bc8fe909558a86702fde" "/opt/rustwide/cargo-home/bin/cargo" "+1.83.0" "test" "--frozen", kill_on_drop: false }`
[INFO] [stdout] 9309476cd3eb7fcc2d3b364e85fc5afc7f0560b1ea45c9ae79f89d7eeca31ac3
[INFO] running `Command { std: "docker" "start" "-a" "9309476cd3eb7fcc2d3b364e85fc5afc7f0560b1ea45c9ae79f89d7eeca31ac3", kill_on_drop: false }`
[INFO] [stderr]     Finished `test` profile [unoptimized + debuginfo] target(s) in 0.20s
[INFO] [stderr]      Running unittests src/lib.rs (/opt/rustwide/target/debug/deps/pmtiles2-b95484893bb9563b)
[INFO] [stdout] 
[INFO] [stdout] running 53 tests
[INFO] [stdout] test header::test::test_deku_read1 ... ok
[INFO] [stdout] test directory::test::test_from_reader ... ok
[INFO] [stdout] test header::lat_lng::test::test_deku_read ... ok
[INFO] [stdout] test directory::test::test_to_writer_invalid_entry ... ok
[INFO] [stdout] test header::lat_lng::test::test_write_lat_lon ... ok
[INFO] [stdout] test header::compression::test::test_deku_read ... ok
[INFO] [stdout] test header::compression::test::test_deku_write ... ok
[INFO] [stdout] test header::lat_lng::test::test_read_lat_lon ... ok
[INFO] [stdout] test header::compression::test::test_http_content_encoding ... ok
[INFO] [stdout] test header::test::test_deku_read2 ... ok
[INFO] [stdout] test pmtiles::test::test_from_reader ... ok
[INFO] [stdout] test pmtiles::test::test_to_writer ... ignored
[INFO] [stdout] test pmtiles::test::test_to_writer_with_leaf_directories ... ignored
[INFO] [stdout] test pmtiles::test::test_from_reader2 ... ok
[INFO] [stdout] test header::lat_lng::test::test_deku_write ... ok
[INFO] [stdout] test header::test::test_http_content_encoding ... ok
[INFO] [stdout] test header::tile_type::test::test_deku_write ... ok
[INFO] [stdout] test header::test::test_deku_write ... ok
[INFO] [stdout] test tile_manager::test::test_finish_dupes_reader ... ok
[INFO] [stdout] test tile_manager::test::test_finish_run_length ... ok
[INFO] [stdout] test tile_manager::test::test_remove_tile ... ok
[INFO] [stdout] test tile_manager::test::test_get_tile_none ... ok
[INFO] [stdout] test tile_manager::test::test_get_tile_some ... ok
[INFO] [stdout] test header::tile_type::test::test_deku_read ... ok
[INFO] [stdout] test directory::test::test_to_writer ... ok
[INFO] [stdout] test tile_manager::test::test_remove_tile_dupe ... ok
[INFO] [stdout] test tile_manager::test::test_add_tile_update ... ok
[INFO] [stdout] test header::test::test_http_content_type ... ok
[INFO] [stdout] test tile_manager::test::test_add_tile_dedup ... ok
[INFO] [stdout] test tile_manager::test::test_finish_dupes ... ok
[INFO] [stdout] test util::compress::test::compress_all_gzip ... ok
[INFO] [stdout] test util::compress::test::compress_all_none ... ok
[INFO] [stdout] test tile_manager::test::test_remove_tile_non_existent ... ok
[INFO] [stdout] test util::compress::test::decompress_all_none ... ok
[INFO] [stdout] test util::read_directories::test::test_range_end_inc ... ok
[INFO] [stdout] test util::compress::test::decompress_all_gzip ... ok
[INFO] [stdout] test util::compress::test::decompress_all_unknown ... ok
[INFO] [stdout] test util::read_directories::test::test_read_directories_basic ... ok
[INFO] [stdout] test tile_manager::test::test_add_tile ... ok
[INFO] [stdout] test util::compress::test::compress_all_unknown ... ok
[INFO] [stdout] test tile_manager::test::test_finish ... ok
[INFO] [stdout] test pmtiles::test::test_read_meta_data ... ok
[INFO] [stdout] test util::compress::test::compress_all_zstd ... ok
[INFO] [stdout] test header::tile_type::test::test_http_content_type ... ok
[INFO] [stdout] test tile_manager::test::test_finish_clustered ... ok
[INFO] [stdout] test util::compress::test::decompress_all_zstd ... ok
[INFO] [stdout] test util::tile_id::test::test_xyz ... ok
[INFO] [stdout] test util::tile_id::test::test_extremes ... ok
[INFO] [stdout] test util::tile_id::test::test_tile_id ... ok
[INFO] [stdout] test util::compress::test::decompress_all_brotli ... ok
[INFO] [stdout] test util::compress::test::compress_all_brotli ... ok
[INFO] [stdout] test util::read_directories::test::test_read_directories_with_leaf ... ok
[INFO] [stdout] test pmtiles::test::test_from_reader3 ... ok
[INFO] [stdout] 
[INFO] [stdout] test result: ok. 51 passed; 0 failed; 2 ignored; 0 measured; 0 filtered out; finished in 4.55s
[INFO] [stdout] 
[INFO] [stderr]    Doc-tests pmtiles2
[INFO] [stdout] 
[INFO] [stdout] running 15 tests
[INFO] [stdout] test src/lib.rs - (line 31) ... FAILED
[INFO] [stdout] test src/pmtiles.rs - pmtiles::PMTiles<R>::to_writer (line 490) ... FAILED
[INFO] [stdout] test src/pmtiles.rs - pmtiles::PMTiles<Cursor<T>>::from_bytes_partially (line 543) ... FAILED
[INFO] [stdout] test src/lib.rs - (line 52) ... ok
[INFO] [stdout] test src/header/mod.rs - header::Header::from_bytes (line 140) ... ok
[INFO] [stdout] test src/util/read_directories.rs - util::read_directories::read_directories (line 40) ... ok
[INFO] [stdout] test src/util/compress.rs - util::compress::compress (line 33) ... ok
[INFO] [stdout] test src/directory.rs - directory::Directory::to_writer (line 322) ... ok
[INFO] [stdout] test src/lib.rs - (line 16) ... ok
[INFO] [stdout] test src/util/compress.rs - util::compress::decompress (line 143) ... ok
[INFO] [stdout] test src/directory.rs - directory::Directory::from_bytes (line 262) ... ok
[INFO] [stdout] test src/pmtiles.rs - pmtiles::PMTiles<Cursor<T>>::from_bytes (line 514) ... ok
[INFO] [stdout] test src/directory.rs - directory::Directory::from_reader (line 233) ... ok
[INFO] [stdout] test src/pmtiles.rs - pmtiles::PMTiles<R>::from_reader (line 432) ... ok
[INFO] [stdout] test src/pmtiles.rs - pmtiles::PMTiles<R>::from_reader_partially (line 459) ... ok
[INFO] [stdout] 
[INFO] [stdout] failures:
[INFO] [stdout] 
[INFO] [stdout] ---- src/lib.rs - (line 31) stdout ----
[INFO] [stdout] Couldn't compile the test.
[INFO] [stdout] ---- src/pmtiles.rs - pmtiles::PMTiles<R>::to_writer (line 490) stdout ----
[INFO] [stdout] Couldn't compile the test.
[INFO] [stdout] ---- src/pmtiles.rs - pmtiles::PMTiles<Cursor<T>>::from_bytes_partially (line 543) stdout ----
[INFO] [stdout] Couldn't compile the test.
[INFO] [stdout] 
[INFO] [stdout] failures:
[INFO] [stdout]     src/lib.rs - (line 31)
[INFO] [stdout]     src/pmtiles.rs - pmtiles::PMTiles<Cursor<T>>::from_bytes_partially (line 543)
[INFO] [stdout]     src/pmtiles.rs - pmtiles::PMTiles<R>::to_writer (line 490)
[INFO] [stdout] 
[INFO] [stdout] test result: FAILED. 12 passed; 3 failed; 0 ignored; 0 measured; 0 filtered out; finished in 9.16s
[INFO] [stdout] 
[INFO] [stderr] error: doctest failed, to rerun pass `--doc`
[INFO] running `Command { std: "docker" "inspect" "9309476cd3eb7fcc2d3b364e85fc5afc7f0560b1ea45c9ae79f89d7eeca31ac3", kill_on_drop: false }`
[INFO] running `Command { std: "docker" "rm" "-f" "9309476cd3eb7fcc2d3b364e85fc5afc7f0560b1ea45c9ae79f89d7eeca31ac3", kill_on_drop: false }`
[INFO] [stdout] 9309476cd3eb7fcc2d3b364e85fc5afc7f0560b1ea45c9ae79f89d7eeca31ac3
