[INFO] cloning repository https://github.com/TheWindoof/LibRapidRust
[INFO] running `Command { std: "git" "-c" "credential.helper=" "-c" "credential.helper=/workspace/cargo-home/bin/git-credential-null" "clone" "--bare" "https://github.com/TheWindoof/LibRapidRust" "/workspace/cache/git-repos/https%3A%2F%2Fgithub.com%2FTheWindoof%2FLibRapidRust", kill_on_drop: false }`
[INFO] [stderr] Cloning into bare repository '/workspace/cache/git-repos/https%3A%2F%2Fgithub.com%2FTheWindoof%2FLibRapidRust'...
[INFO] running `Command { std: "git" "rev-parse" "HEAD", kill_on_drop: false }`
[INFO] [stdout] c8891f2b592265eca004883e5df4b07ad978a1ee
[INFO] testing TheWindoof/LibRapidRust against beta-2024-12-08 for beta-1.84.0-4-retry
[INFO] running `Command { std: "git" "clone" "/workspace/cache/git-repos/https%3A%2F%2Fgithub.com%2FTheWindoof%2FLibRapidRust" "/workspace/builds/worker-4-tc2/source", kill_on_drop: false }`
[INFO] [stderr] Cloning into '/workspace/builds/worker-4-tc2/source'...
[INFO] [stderr] done.
[INFO] validating manifest of git repo https://github.com/TheWindoof/LibRapidRust on toolchain beta-2024-12-08
[INFO] running `Command { std: CARGO_HOME="/workspace/cargo-home" RUSTUP_HOME="/workspace/rustup-home" "/workspace/cargo-home/bin/cargo" "+beta-2024-12-08" "metadata" "--manifest-path" "Cargo.toml" "--no-deps", kill_on_drop: false }`
[INFO] started tweaking git repo https://github.com/TheWindoof/LibRapidRust
[INFO] finished tweaking git repo https://github.com/TheWindoof/LibRapidRust
[INFO] tweaked toml for git repo https://github.com/TheWindoof/LibRapidRust written to /workspace/builds/worker-4-tc2/source/Cargo.toml
[INFO] running `Command { std: CARGO_HOME="/workspace/cargo-home" RUSTUP_HOME="/workspace/rustup-home" "/workspace/cargo-home/bin/cargo" "+beta-2024-12-08" "generate-lockfile" "--manifest-path" "Cargo.toml", kill_on_drop: false }`
[INFO] [stderr]     Updating crates.io index
[INFO] [stderr]      Locking 39 packages to latest compatible versions
[INFO] [stderr]       Adding bit-vec v0.6.3 (available: v0.8.0)
[INFO] running `Command { std: CARGO_HOME="/workspace/cargo-home" RUSTUP_HOME="/workspace/rustup-home" "/workspace/cargo-home/bin/cargo" "+beta-2024-12-08" "fetch" "--manifest-path" "Cargo.toml", kill_on_drop: false }`
[INFO] running `Command { std: "docker" "create" "-v" "/var/lib/crater-agent-workspace/builds/worker-4-tc2/target:/opt/rustwide/target:rw,Z" "-v" "/var/lib/crater-agent-workspace/builds/worker-4-tc2/source:/opt/rustwide/workdir:ro,Z" "-v" "/var/lib/crater-agent-workspace/cargo-home:/opt/rustwide/cargo-home:ro,Z" "-v" "/var/lib/crater-agent-workspace/rustup-home:/opt/rustwide/rustup-home:ro,Z" "-e" "SOURCE_DIR=/opt/rustwide/workdir" "-e" "CARGO_TARGET_DIR=/opt/rustwide/target" "-e" "CARGO_HOME=/opt/rustwide/cargo-home" "-e" "RUSTUP_HOME=/opt/rustwide/rustup-home" "-w" "/opt/rustwide/workdir" "-m" "1610612736" "--user" "0:0" "--network" "none" "ghcr.io/rust-lang/crates-build-env/linux@sha256:f3a9d4ad9d972b27faf3965f35b62e55ba32bbce8f20bc8fe909558a86702fde" "/opt/rustwide/cargo-home/bin/cargo" "+beta-2024-12-08" "metadata" "--no-deps" "--format-version=1", kill_on_drop: false }`
[INFO] [stdout] d64023c6f48ff0d520fc97eb62e69281989c5b3bcfe3d5bbe77871672ba7e3c9
[INFO] running `Command { std: "docker" "start" "-a" "d64023c6f48ff0d520fc97eb62e69281989c5b3bcfe3d5bbe77871672ba7e3c9", kill_on_drop: false }`
[INFO] running `Command { std: "docker" "inspect" "d64023c6f48ff0d520fc97eb62e69281989c5b3bcfe3d5bbe77871672ba7e3c9", kill_on_drop: false }`
[INFO] running `Command { std: "docker" "rm" "-f" "d64023c6f48ff0d520fc97eb62e69281989c5b3bcfe3d5bbe77871672ba7e3c9", kill_on_drop: false }`
[INFO] [stdout] d64023c6f48ff0d520fc97eb62e69281989c5b3bcfe3d5bbe77871672ba7e3c9
[INFO] running `Command { std: "docker" "create" "-v" "/var/lib/crater-agent-workspace/builds/worker-4-tc2/target:/opt/rustwide/target:rw,Z" "-v" "/var/lib/crater-agent-workspace/builds/worker-4-tc2/source:/opt/rustwide/workdir:ro,Z" "-v" "/var/lib/crater-agent-workspace/cargo-home:/opt/rustwide/cargo-home:ro,Z" "-v" "/var/lib/crater-agent-workspace/rustup-home:/opt/rustwide/rustup-home:ro,Z" "-e" "SOURCE_DIR=/opt/rustwide/workdir" "-e" "CARGO_TARGET_DIR=/opt/rustwide/target" "-e" "CARGO_INCREMENTAL=0" "-e" "RUST_BACKTRACE=full" "-e" "RUSTFLAGS=--cap-lints=warn" "-e" "RUSTDOCFLAGS=--cap-lints=warn" "-e" "CARGO_HOME=/opt/rustwide/cargo-home" "-e" "RUSTUP_HOME=/opt/rustwide/rustup-home" "-w" "/opt/rustwide/workdir" "-m" "1610612736" "--user" "0:0" "--network" "none" "ghcr.io/rust-lang/crates-build-env/linux@sha256:f3a9d4ad9d972b27faf3965f35b62e55ba32bbce8f20bc8fe909558a86702fde" "/opt/rustwide/cargo-home/bin/cargo" "+beta-2024-12-08" "build" "--frozen" "--message-format=json", kill_on_drop: false }`
[INFO] [stdout] beb442b6106556eeb34fc69355bf82ca418183eaed75df30cf097949b11e53fa
[INFO] running `Command { std: "docker" "start" "-a" "beb442b6106556eeb34fc69355bf82ca418183eaed75df30cf097949b11e53fa", kill_on_drop: false }`
[INFO] [stderr]    Compiling proc-macro2 v1.0.92
[INFO] [stderr]    Compiling unicode-ident v1.0.14
[INFO] [stderr]    Compiling autocfg v1.4.0
[INFO] [stderr]    Compiling serde v1.0.216
[INFO] [stderr]    Compiling iana-time-zone v0.1.61
[INFO] [stderr]    Compiling bit-vec v0.6.3
[INFO] [stderr]    Compiling num-traits v0.2.19
[INFO] [stderr]    Compiling quote v1.0.37
[INFO] [stderr]    Compiling syn v2.0.90
[INFO] [stderr]    Compiling chrono v0.4.39
[INFO] [stderr]    Compiling serde_derive v1.0.216
[INFO] [stderr]    Compiling bincode v1.3.3
[INFO] [stderr]    Compiling lib_rapid v0.7.0 (/opt/rustwide/workdir)
[INFO] [stderr]     Finished `dev` profile [unoptimized + debuginfo] target(s) in 16.21s
[INFO] running `Command { std: "docker" "inspect" "beb442b6106556eeb34fc69355bf82ca418183eaed75df30cf097949b11e53fa", kill_on_drop: false }`
[INFO] running `Command { std: "docker" "rm" "-f" "beb442b6106556eeb34fc69355bf82ca418183eaed75df30cf097949b11e53fa", kill_on_drop: false }`
[INFO] [stdout] beb442b6106556eeb34fc69355bf82ca418183eaed75df30cf097949b11e53fa
[INFO] running `Command { std: "docker" "create" "-v" "/var/lib/crater-agent-workspace/builds/worker-4-tc2/target:/opt/rustwide/target:rw,Z" "-v" "/var/lib/crater-agent-workspace/builds/worker-4-tc2/source:/opt/rustwide/workdir:ro,Z" "-v" "/var/lib/crater-agent-workspace/cargo-home:/opt/rustwide/cargo-home:ro,Z" "-v" "/var/lib/crater-agent-workspace/rustup-home:/opt/rustwide/rustup-home:ro,Z" "-e" "SOURCE_DIR=/opt/rustwide/workdir" "-e" "CARGO_TARGET_DIR=/opt/rustwide/target" "-e" "CARGO_INCREMENTAL=0" "-e" "RUST_BACKTRACE=full" "-e" "RUSTFLAGS=--cap-lints=warn" "-e" "RUSTDOCFLAGS=--cap-lints=warn" "-e" "CARGO_HOME=/opt/rustwide/cargo-home" "-e" "RUSTUP_HOME=/opt/rustwide/rustup-home" "-w" "/opt/rustwide/workdir" "-m" "1610612736" "--user" "0:0" "--network" "none" "ghcr.io/rust-lang/crates-build-env/linux@sha256:f3a9d4ad9d972b27faf3965f35b62e55ba32bbce8f20bc8fe909558a86702fde" "/opt/rustwide/cargo-home/bin/cargo" "+beta-2024-12-08" "test" "--frozen" "--no-run" "--message-format=json", kill_on_drop: false }`
[INFO] [stdout] 7656408cdbe8a203492b9a60d3cdb8d3ce96406943cc457659430fa6828fc81a
[INFO] running `Command { std: "docker" "start" "-a" "7656408cdbe8a203492b9a60d3cdb8d3ce96406943cc457659430fa6828fc81a", kill_on_drop: false }`
[INFO] [stderr]    Compiling lib_rapid v0.7.0 (/opt/rustwide/workdir)
[INFO] [stderr]     Finished `test` profile [unoptimized + debuginfo] target(s) in 1.37s
[INFO] running `Command { std: "docker" "inspect" "7656408cdbe8a203492b9a60d3cdb8d3ce96406943cc457659430fa6828fc81a", kill_on_drop: false }`
[INFO] running `Command { std: "docker" "rm" "-f" "7656408cdbe8a203492b9a60d3cdb8d3ce96406943cc457659430fa6828fc81a", kill_on_drop: false }`
[INFO] [stdout] 7656408cdbe8a203492b9a60d3cdb8d3ce96406943cc457659430fa6828fc81a
[INFO] running `Command { std: "docker" "create" "-v" "/var/lib/crater-agent-workspace/builds/worker-4-tc2/target:/opt/rustwide/target:rw,Z" "-v" "/var/lib/crater-agent-workspace/builds/worker-4-tc2/source:/opt/rustwide/workdir:ro,Z" "-v" "/var/lib/crater-agent-workspace/cargo-home:/opt/rustwide/cargo-home:ro,Z" "-v" "/var/lib/crater-agent-workspace/rustup-home:/opt/rustwide/rustup-home:ro,Z" "-e" "SOURCE_DIR=/opt/rustwide/workdir" "-e" "CARGO_TARGET_DIR=/opt/rustwide/target" "-e" "CARGO_INCREMENTAL=0" "-e" "RUST_BACKTRACE=full" "-e" "RUSTFLAGS=--cap-lints=warn" "-e" "RUSTDOCFLAGS=--cap-lints=warn" "-e" "CARGO_HOME=/opt/rustwide/cargo-home" "-e" "RUSTUP_HOME=/opt/rustwide/rustup-home" "-w" "/opt/rustwide/workdir" "-m" "1610612736" "--user" "0:0" "--network" "none" "ghcr.io/rust-lang/crates-build-env/linux@sha256:f3a9d4ad9d972b27faf3965f35b62e55ba32bbce8f20bc8fe909558a86702fde" "/opt/rustwide/cargo-home/bin/cargo" "+beta-2024-12-08" "test" "--frozen", kill_on_drop: false }`
[INFO] [stdout] b575f17313db985dd72518e2307352961758029986e59332b16e533a865066db
[INFO] running `Command { std: "docker" "start" "-a" "b575f17313db985dd72518e2307352961758029986e59332b16e533a865066db", kill_on_drop: false }`
[INFO] [stderr]     Finished `test` profile [unoptimized + debuginfo] target(s) in 0.04s
[INFO] [stderr]      Running unittests src/lib.rs (/opt/rustwide/target/debug/deps/lib_rapid-3951b059ed691d48)
[INFO] [stdout] 
[INFO] [stdout] running 1 test
[INFO] [stdout] test benchmarks::benchmark ... ignored
[INFO] [stdout] 
[INFO] [stdout] test result: ok. 0 passed; 0 failed; 1 ignored; 0 measured; 0 filtered out; finished in 0.00s
[INFO] [stdout] 
[INFO] [stderr]    Doc-tests lib_rapid
[INFO] [stdout] 
[INFO] [stdout] running 323 tests
[INFO] [stdout] test src/chem/elements/pse.rs - chem::elements::pse::ALUMINIUM (line 108) ... ok
[INFO] [stdout] test src/chem/elements/pse.rs - chem::elements::pse::BISMUTH (line 668) ... ok
[INFO] [stdout] test src/chem/elements/pse.rs - chem::elements::pse::ARGON (line 148) ... ok
[INFO] [stdout] test src/chem/elements/pse.rs - chem::elements::pse::ASTATINE (line 684) ... ok
[INFO] [stdout] test src/chem/elements/pse.rs - chem::elements::pse::BORON (line 44) ... ok
[INFO] [stdout] test src/chem/elements/pse.rs - chem::elements::pse::ANTIMONY (line 412) ... ok
[INFO] [stdout] test src/chem/elements/pse.rs - chem::elements::pse::BERKELIUM (line 780) ... ok
[INFO] [stdout] test src/chem/elements/pse.rs - chem::elements::pse::BERYLLIUM (line 36) ... ok
[INFO] [stdout] test src/chem/elements/pse.rs - chem::elements::pse::ARSENIC (line 268) ... ok
[INFO] [stdout] test src/chem/elements/pse.rs - chem::elements::pse::BARIUM (line 452) ... ok
[INFO] [stdout] test src/chem/elements/pse.rs - chem::elements::pse::BOHRIUM (line 860) ... ok
[INFO] [stdout] test src/chem/elements/pse.rs - chem::elements::pse::BROMINE (line 284) ... ok
[INFO] [stdout] test src/chem/elements/pse.rs - chem::elements::pse::AMERICIUM (line 764) ... ok
[INFO] [stdout] test src/chem/elements.rs - chem::elements::Element<'a>::new (line 24) ... ok
[INFO] [stdout] test src/chem/elements.rs - chem::elements::Element<'a>::mass_number (line 40) ... ok
[INFO] [stdout] test src/chem/elements/pse.rs - chem::elements::pse::CAESIUM (line 444) ... ok
[INFO] [stdout] test src/chem/elements/pse.rs - chem::elements::pse::CADMIUM (line 388) ... ok
[INFO] [stdout] test src/chem/elements/pse.rs - chem::elements::pse::ACTINIUM (line 716) ... ok
[INFO] [stdout] test src/chem/elements/pse.rs - chem::elements::pse::COBALT (line 220) ... ok
[INFO] [stdout] test src/chem/elements/pse.rs - chem::elements::pse::DARMSTADTIUM (line 884) ... ok
[INFO] [stdout] test src/chem/elements/pse.rs - chem::elements::pse::COPERNICIUM (line 900) ... ok
[INFO] [stdout] test src/chem/elements/pse.rs - chem::elements::pse::CALIFORNIUM (line 788) ... ok
[INFO] [stdout] test src/chem/elements/pse.rs - chem::elements::pse::CHLORINE (line 140) ... ok
[INFO] [stdout] test src/chem/elements/pse.rs - chem::elements::pse::CARBON (line 52) ... ok
[INFO] [stdout] test src/chem/elements/pse.rs - chem::elements::pse::CHROMIUM (line 196) ... ok
[INFO] [stdout] test src/chem/elements/pse.rs - chem::elements::pse::CURIUM (line 772) ... ok
[INFO] [stdout] test src/chem/elements/pse.rs - chem::elements::pse::CERIUM (line 468) ... ok
[INFO] [stdout] test src/chem/elements/pse.rs - chem::elements::pse::DUBNIUM (line 844) ... ok
[INFO] [stdout] test src/chem/elements/pse.rs - chem::elements::pse::CALCIUM (line 164) ... ok
[INFO] [stdout] test src/chem/elements/pse.rs - chem::elements::pse::COPPER (line 236) ... ok
[INFO] [stdout] test src/chem/elements/pse.rs - chem::elements::pse::FERMIUM (line 804) ... ok
[INFO] [stdout] test src/chem/elements/pse.rs - chem::elements::pse::ERBIUM (line 548) ... ok
[INFO] [stdout] test src/chem/elements/pse.rs - chem::elements::pse::EINSTEINIUM (line 796) ... ok
[INFO] [stdout] test src/chem/elements/pse.rs - chem::elements::pse::DYSPROSIUM (line 532) ... ok
[INFO] [stdout] test src/chem/elements/pse.rs - chem::elements::pse::FRANCIUM (line 700) ... ok
[INFO] [stdout] test src/chem/elements/pse.rs - chem::elements::pse::EUROPIUM (line 508) ... ok
[INFO] [stdout] test src/chem/elements/pse.rs - chem::elements::pse::GADOLINIUM (line 516) ... ok
[INFO] [stdout] test src/chem/elements/pse.rs - chem::elements::pse::FLEROVIUM (line 916) ... ok
[INFO] [stdout] test src/chem/elements/pse.rs - chem::elements::pse::FLUORINE (line 76) ... ok
[INFO] [stdout] test src/chem/elements/pse.rs - chem::elements::pse::GALLIUM (line 252) ... ok
[INFO] [stdout] test src/chem/elements/pse.rs - chem::elements::pse::LANTHANUM (line 460) ... ok
[INFO] [stdout] test src/chem/elements/pse.rs - chem::elements::pse::HOLMIUM (line 540) ... ok
[INFO] [stdout] test src/chem/elements/pse.rs - chem::elements::pse::HELIUM (line 20) ... ok
[INFO] [stdout] test src/chem/elements/pse.rs - chem::elements::pse::HAFNIUM (line 580) ... ok
[INFO] [stdout] test src/chem/elements/pse.rs - chem::elements::pse::IODINE (line 428) ... ok
[INFO] [stdout] test src/chem/elements/pse.rs - chem::elements::pse::GOLD (line 636) ... ok
[INFO] [stdout] test src/chem/elements/pse.rs - chem::elements::pse::LEAD (line 660) ... ok
[INFO] [stdout] test src/chem/elements/pse.rs - chem::elements::pse::IRIDIUM (line 620) ... ok
[INFO] [stdout] test src/chem/elements/pse.rs - chem::elements::pse::HYDROGEN (line 12) ... ok
[INFO] [stdout] test src/chem/elements/pse.rs - chem::elements::pse::INDIUM (line 396) ... ok
[INFO] [stdout] test src/chem/elements/pse.rs - chem::elements::pse::GERMANIUM (line 260) ... ok
[INFO] [stdout] test src/chem/elements/pse.rs - chem::elements::pse::HASSIUM (line 868) ... ok
[INFO] [stdout] test src/chem/elements/pse.rs - chem::elements::pse::IRON (line 212) ... ok
[INFO] [stdout] test src/chem/elements/pse.rs - chem::elements::pse::KRYPTON (line 292) ... ok
[INFO] [stdout] test src/chem/elements/pse.rs - chem::elements::pse::LAWRENCIUM (line 828) ... ok
[INFO] [stdout] test src/chem/elements/pse.rs - chem::elements::pse::MEITNERIUM (line 876) ... ok
[INFO] [stdout] test src/chem/elements/pse.rs - chem::elements::pse::NEPTUNIUM (line 748) ... ok
[INFO] [stdout] test src/chem/elements/pse.rs - chem::elements::pse::NEON (line 84) ... ok
[INFO] [stdout] test src/chem/elements/pse.rs - chem::elements::pse::NIHONIUM (line 908) ... ok
[INFO] [stdout] test src/chem/elements/pse.rs - chem::elements::pse::LITHIUM (line 28) ... ok
[INFO] [stdout] test src/chem/elements/pse.rs - chem::elements::pse::LIVERMORIUM (line 932) ... ok
[INFO] [stdout] test src/chem/elements/pse.rs - chem::elements::pse::MAGNESIUM (line 100) ... ok
[INFO] [stdout] test src/chem/elements/pse.rs - chem::elements::pse::MOSCOVIUM (line 924) ... ok
[INFO] [stdout] test src/chem/elements/pse.rs - chem::elements::pse::LUTETIUM (line 572) ... ok
[INFO] [stdout] test src/chem/elements/pse.rs - chem::elements::pse::MANGANESE (line 204) ... ok
[INFO] [stdout] test src/chem/elements/pse.rs - chem::elements::pse::MENDELEVIUM (line 812) ... ok
[INFO] [stdout] test src/chem/elements/pse.rs - chem::elements::pse::MERCURY (line 644) ... ok
[INFO] [stdout] test src/chem/elements/pse.rs - chem::elements::pse::OGANESSON (line 948) ... ok
[INFO] [stdout] test src/chem/elements/pse.rs - chem::elements::pse::NITROGEN (line 60) ... ok
[INFO] [stdout] test src/chem/elements/pse.rs - chem::elements::pse::NEODYMIUM (line 484) ... ok
[INFO] [stdout] test src/chem/elements/pse.rs - chem::elements::pse::NICKEL (line 228) ... ok
[INFO] [stdout] test src/chem/elements/pse.rs - chem::elements::pse::MOLYBDENUM (line 340) ... ok
[INFO] [stdout] test src/chem/elements/pse.rs - chem::elements::pse::PALLADIUM (line 372) ... ok
[INFO] [stdout] test src/chem/elements/pse.rs - chem::elements::pse::PHOSPHORUS (line 124) ... ok
[INFO] [stdout] test src/chem/elements/pse.rs - chem::elements::pse::PLATINUM (line 628) ... ok
[INFO] [stdout] test src/chem/elements/pse.rs - chem::elements::pse::PLUTONIUM (line 756) ... ok
[INFO] [stdout] test src/chem/elements/pse.rs - chem::elements::pse::POLONIUM (line 676) ... ok
[INFO] [stdout] test src/chem/elements/pse.rs - chem::elements::pse::NIOBIUM (line 332) ... ok
[INFO] [stdout] test src/chem/elements/pse.rs - chem::elements::pse::NOBELIUM (line 820) ... ok
[INFO] [stdout] test src/chem/elements/pse.rs - chem::elements::pse::OXYGEN (line 68) ... ok
[INFO] [stdout] test src/chem/elements/pse.rs - chem::elements::pse::OSMIUM (line 612) ... ok
[INFO] [stdout] test src/chem/elements/pse.rs - chem::elements::pse::PRASEODYMIUM (line 476) ... ok
[INFO] [stdout] test src/chem/elements/pse.rs - chem::elements::pse::RADIUM (line 708) ... ok
[INFO] [stdout] test src/chem/elements/pse.rs - chem::elements::pse::PROMETHIUM (line 492) ... ok
[INFO] [stdout] test src/chem/elements/pse.rs - chem::elements::pse::RHENIUM (line 604) ... ok
[INFO] [stdout] test src/chem/elements/pse.rs - chem::elements::pse::RUTHENIUM (line 356) ... ok
[INFO] [stdout] test src/chem/elements/pse.rs - chem::elements::pse::POTASSIUM (line 156) ... ok
[INFO] [stdout] test src/chem/elements/pse.rs - chem::elements::pse::RHODIUM (line 364) ... ok
[INFO] [stdout] test src/chem/elements/pse.rs - chem::elements::pse::PROTON (line 4) ... ok
[INFO] [stdout] test src/chem/elements/pse.rs - chem::elements::pse::PROTACTINIUM (line 732) ... ok
[INFO] [stdout] test src/chem/elements/pse.rs - chem::elements::pse::PSE (line 957) ... ok
[INFO] [stdout] test src/chem/elements/pse.rs - chem::elements::pse::RADON (line 692) ... ok
[INFO] [stdout] test src/chem/elements/pse.rs - chem::elements::pse::RUBIDIUM (line 300) ... ok
[INFO] [stdout] test src/chem/elements/pse.rs - chem::elements::pse::ROENTGENIUM (line 892) ... ok
[INFO] [stdout] test src/chem/elements/pse.rs - chem::elements::pse::SCANDIUM (line 172) ... ok
[INFO] [stdout] test src/chem/elements/pse.rs - chem::elements::pse::RUTHERFORDIUM (line 836) ... ok
[INFO] [stdout] test src/chem/elements/pse.rs - chem::elements::pse::SAMARIUM (line 500) ... ok
[INFO] [stdout] test src/chem/elements/pse.rs - chem::elements::pse::SEABORGIUM (line 852) ... ok
[INFO] [stdout] test src/chem/elements/pse.rs - chem::elements::pse::SILICON (line 116) ... ok
[INFO] [stdout] test src/chem/elements/pse.rs - chem::elements::pse::SILVER (line 380) ... ok
[INFO] [stdout] test src/chem/elements/pse.rs - chem::elements::pse::STRONTIUM (line 308) ... ok
[INFO] [stdout] test src/chem/elements/pse.rs - chem::elements::pse::SULFUR (line 132) ... ok
[INFO] [stdout] test src/chem/elements/pse.rs - chem::elements::pse::SELENIUM (line 276) ... ok
[INFO] [stdout] test src/chem/elements/pse.rs - chem::elements::pse::SODIUM (line 92) ... ok
[INFO] [stdout] test src/chem/elements/pse.rs - chem::elements::pse::TANTALUM (line 588) ... ok
[INFO] [stdout] test src/chem/elements/pse.rs - chem::elements::pse::TITANIUM (line 180) ... ok
[INFO] [stdout] test src/chem/elements/pse.rs - chem::elements::pse::TECHNETIUM (line 348) ... ok
[INFO] [stdout] test src/chem/elements/pse.rs - chem::elements::pse::TIN (line 404) ... ok
[INFO] [stdout] test src/chem/elements/pse.rs - chem::elements::pse::THORIUM (line 724) ... ok
[INFO] [stdout] test src/chem/elements/pse.rs - chem::elements::pse::THULIUM (line 556) ... ok
[INFO] [stdout] test src/chem/elements/pse.rs - chem::elements::pse::TELLURIUM (line 420) ... ok
[INFO] [stdout] test src/chem/elements/pse.rs - chem::elements::pse::TUNGSTEN (line 596) ... ok
[INFO] [stdout] test src/chem/elements/pse.rs - chem::elements::pse::THALLIUM (line 652) ... ok
[INFO] [stdout] test src/chem/elements/pse.rs - chem::elements::pse::URANIUM (line 740) ... ok
[INFO] [stdout] test src/chem/elements/pse.rs - chem::elements::pse::VANADIUM (line 188) ... ok
[INFO] [stdout] test src/chem/elements/pse.rs - chem::elements::pse::XENON (line 436) ... ok
[INFO] [stdout] test src/chem/elements/pse.rs - chem::elements::pse::YTTRIUM (line 316) ... ok
[INFO] [stdout] test src/chem/elements/pse.rs - chem::elements::pse::ZINC (line 244) ... ok
[INFO] [stdout] test src/chem/elements/pse.rs - chem::elements::pse::YTTERBIUM (line 564) ... ok
[INFO] [stdout] test src/compsci/colours/cmyk.rs - compsci::colours::cmyk::CMYK::set_magenta (line 185) ... ok
[INFO] [stdout] test src/chem/elements/pse.rs - chem::elements::pse::elem_by_a_num (line 998) ... ok
[INFO] [stdout] test src/compsci/colours/cmyk.rs - compsci::colours::cmyk::CMYK::set_cyan (line 164) ... ok
[INFO] [stdout] test src/chem/elements/pse.rs - chem::elements::pse::TERBIUM (line 524) ... ok
[INFO] [stdout] test src/chem/elements/pse.rs - chem::elements::pse::TENNESSINE (line 940) ... ok
[INFO] [stdout] test src/compsci/colours/cmyk.rs - compsci::colours::cmyk::CMYK::magenta (line 117) ... ok
[INFO] [stdout] test src/compsci/colours/cmyk.rs - compsci::colours::cmyk::CMYK::cyan (line 102) ... ok
[INFO] [stdout] test src/compsci/colours/cmyk.rs - compsci::colours::cmyk::CMYK::new (line 26) ... ok
[INFO] [stdout] test src/compsci/colours/cmyk.rs - compsci::colours::cmyk::CMYK::yellow (line 132) ... ok
[INFO] [stdout] test src/compsci/colours/cmyk.rs - compsci::colours::cmyk::CMYK::set_black (line 227) ... ok
[INFO] [stdout] test src/compsci/colours/rgba.rs - compsci::colours::rgba::RGBa::is_opaque (line 110) ... ok
[INFO] [stdout] test src/compsci/colours/rgba.rs - compsci::colours::rgba::RGBa::new (line 26) ... ok
[INFO] [stdout] test src/chem/elements/pse.rs - chem::elements::pse::ZIRCONIUM (line 324) ... ok
[INFO] [stdout] test src/compsci/colours/cmyk.rs - compsci::colours::cmyk::CMYK::from_rgb_vals (line 85) ... ok
[INFO] [stdout] test src/compsci/colours/cmyk.rs - compsci::colours::cmyk::CMYK::set_yellow (line 206) ... ok
[INFO] [stdout] test src/compsci/colours/cmyk.rs - compsci::colours::cmyk::CMYK::black (line 147) ... ok
[INFO] [stdout] test src/compsci/compression/huffman.rs - compsci::compression::huffman::huffman_decode (line 210) ... ok
[INFO] [stdout] test src/compsci/colours/rgba.rs - compsci::colours::rgba::RGBa::is_transparent (line 95) ... ok
[INFO] [stdout] test src/compsci/colours/rgba.rs - compsci::colours::rgba::RGBa::from_cmyk_struct (line 74) ... ok
[INFO] [stdout] test src/compsci/compression/huffman.rs - compsci::compression::huffman::huffman_encode (line 164) ... ok
[INFO] [stdout] test src/compsci/colours/rgba.rs - compsci::colours::rgba::RGBa::from_str (line 43) ... ok
[INFO] [stdout] test src/compsci/colours/cmyk.rs - compsci::colours::cmyk::CMYK::from_rgba_struct (line 51) ... ok
[INFO] [stdout] test src/compsci/compression/huffman.rs - compsci::compression::huffman::write_to_file (line 265) ... FAILED
[INFO] [stdout] test src/compsci/general.rs - compsci::general::BinaryInsert::binary_insert_no_dup (line 175) ... ok
[INFO] [stdout] test src/compsci/compression/huffman.rs - compsci::compression::huffman::assign_codes (line 128) ... ok
[INFO] [stdout] test src/compsci/colours/rgba.rs - compsci::colours::rgba::RGBa::to_string_no_alpha (line 125) ... ok
[INFO] [stdout] test src/compsci/compression/huffman.rs - compsci::compression::huffman::Encode::full_encode (line 20) ... ok
[INFO] [stdout] test src/compsci/general.rs - compsci::general::BinaryInsert::binary_insert (line 156) ... ok
[INFO] [stdout] test src/compsci/compression/huffman.rs - compsci::compression::huffman::read_from_file (line 285) ... FAILED
[INFO] [stdout] test src/compsci/colours/rgba.rs - compsci::colours::rgba::RGBa::from_cmyk_vals (line 142) ... ok
[INFO] [stdout] test src/compsci/general.rs - compsci::general::CharTools::is_closed_bracket (line 212) ... ok
[INFO] [stdout] test src/compsci/general.rs - compsci::general::CharTools::get_opening_bracket (line 225) ... ok
[INFO] [stdout] test src/compsci/general.rs - compsci::general::BitwiseSlice::xor_with (line 93) ... ok
[INFO] [stdout] test src/compsci/general.rs - compsci::general::CharTools::get_closing_bracket (line 238) ... ok
[INFO] [stdout] test src/compsci/general.rs - compsci::general::FloatMagic::raw_exponent (line 268) ... ok
[INFO] [stdout] test src/compsci/general.rs - compsci::general::CharTools::is_open_bracket (line 199) ... ok
[INFO] [stdout] test src/compsci/general.rs - compsci::general::BitwiseSlice::and_with (line 133) ... ok
[INFO] [stdout] test src/compsci/general.rs - compsci::general::FloatMagic::raw_mantissa (line 257) ... ok
[INFO] [stdout] test src/compsci/compression/huffman.rs - compsci::compression::huffman::Decode::full_decode (line 37) ... ok
[INFO] [stdout] test src/compsci/general.rs - compsci::general::BitwiseSlice::or_with (line 113) ... ok
[INFO] [stdout] test src/compsci/general.rs - compsci::general::BinaryInsert::binary_insert (line 164) ... ok
[INFO] [stdout] test src/compsci/general.rs - compsci::general::FloatMagic::real_mantissa (line 280) ... ok
[INFO] [stdout] test src/compsci/general.rs - compsci::general::BinaryInsert::binary_insert_no_dup (line 183) ... ok
[INFO] [stdout] test src/compsci/general.rs - compsci::general::FloatMagic::real_exponent (line 292) ... ok
[INFO] [stdout] test src/compsci/general.rs - compsci::general::FloatMagic::raw_compose (line 336) ... ok
[INFO] [stdout] test src/compsci/general.rs - compsci::general::FloatMagic::raw_decompose (line 308) ... ok
[INFO] [stdout] test src/compsci/stringhelpers.rs - compsci::stringhelpers::StringUtils::byte_at (line 51) ... ok
[INFO] [stdout] test src/compsci/general.rs - compsci::general::SliceOps::position_of (line 71) ... ok
[INFO] [stdout] test src/compsci/general.rs - compsci::general::SliceOps::count_of (line 46) ... ok
[INFO] [stdout] test src/compsci/stringhelpers.rs - compsci::stringhelpers::StringUtils::byte_at (line 43) ... ok
[INFO] [stdout] test src/compsci/general.rs - compsci::general::FloatMagic::real_decompose (line 322) ... ok
[INFO] [stdout] test src/compsci/rapidlogging.rs - compsci::rapidlogging::Logger::log (line 49) ... ok
[INFO] [stdout] test src/compsci/stringhelpers.rs - compsci::stringhelpers::StringUtils::to_isize (line 155) ... ok
[INFO] [stdout] test src/compsci/general.rs - compsci::general::SliceOps::positions_of (line 58) ... ok
[INFO] [stdout] test src/compsci/stringhelpers.rs - compsci::stringhelpers::StringUtils::char_at (line 24) ... ok
[INFO] [stdout] test src/compsci/stringhelpers.rs - compsci::stringhelpers::StringUtils::is_numeric (line 116) ... ok
[INFO] [stdout] test src/compsci/stringhelpers.rs - compsci::stringhelpers::StringUtils::validate_brackets (line 65) ... ok
[INFO] [stdout] test src/compsci/stringhelpers.rs - compsci::stringhelpers::StringUtils::validate_brackets (line 86) ... ok
[INFO] [stdout] test src/compsci/stringhelpers.rs - compsci::stringhelpers::StringUtils::levenshtein_dist_with (line 144) ... ok
[INFO] [stdout] test src/compsci/unit_conversion.rs - compsci::unit_conversion::BinaryPrefix<T> (line 53) ... ok
[INFO] [stdout] test src/compsci/unit_conversion.rs - compsci::unit_conversion::BinaryPrefix<T> (line 74) ... ok
[INFO] [stdout] test src/compsci/stringhelpers.rs - compsci::stringhelpers::strcmp (line 386) ... ok
[INFO] [stdout] test src/compsci/general.rs - compsci::general::SliceOps::peek (line 23) ... ok
[INFO] [stdout] test src/compsci/stringhelpers.rs - compsci::stringhelpers::strcmp (line 394) ... ok
[INFO] [stdout] test src/compsci/general.rs - compsci::general::SliceOps::swap_top (line 34) ... ok
[INFO] [stdout] test src/compsci/stringhelpers.rs - compsci::stringhelpers::StringUtils::is_alphanumeric (line 104) ... ok
[INFO] [stdout] test src/compsci/stringhelpers.rs - compsci::stringhelpers::StringUtils::validate_brackets (line 93) ... ok
[INFO] [stdout] test src/compsci/stringhelpers.rs - compsci::stringhelpers::StringUtils::validate_brackets (line 79) ... ok
[INFO] [stdout] test src/math/complex.rs - math::complex::ComplexNumber<T> (line 341) ... ok
[INFO] [stdout] test src/compsci/stringhelpers.rs - compsci::stringhelpers::StringUtils::char_at (line 16) ... ok
[INFO] [stdout] test src/math/complex.rs - math::complex::ComplexNumber<T>::abs_f32 (line 160) ... ok
[INFO] [stdout] test src/compsci/unit_conversion.rs - compsci::unit_conversion::BinaryPrefix<T> (line 96) ... ok
[INFO] [stdout] test src/math/complex.rs - math::complex::ComplexNumber (line 10) ... ok
[INFO] [stdout] test src/compsci/stringhelpers.rs - compsci::stringhelpers::StringUtils::similarity_with (line 129) ... ok
[INFO] [stdout] test src/math/complex.rs - math::complex::ComplexNumber<T>::exp_f64 (line 202) ... ok
[INFO] [stdout] test src/compsci/stringhelpers.rs - compsci::stringhelpers::StringUtils::validate_brackets (line 72) ... ok
[INFO] [stdout] test src/compsci/stringhelpers.rs - compsci::stringhelpers::strcmp (line 400) ... ok
[INFO] [stdout] test src/math/equations/linear.rs - math::equations::linear::LinearEquation<T>::eval (line 139) ... ok
[INFO] [stdout] test src/math/complex.rs - math::complex::ComplexNumber<T>::complex_conjugate (line 129) ... ok
[INFO] [stdout] test src/math/complex.rs - math::complex::ComplexNumber<T>::abs_f64 (line 144) ... ok
[INFO] [stdout] test src/math/equations/linear.rs - math::equations::linear::LinearEquation<T>::c (line 68) ... ok
[INFO] [stdout] test src/math/complex.rs - math::complex::ComplexNumber<T>::recip (line 111) ... ok
[INFO] [stdout] test src/compsci/unit_conversion.rs - compsci::unit_conversion::BinaryPrefix<T>::to_decimal_u128 (line 31) ... ok
[INFO] [stdout] test src/math/equations/linear.rs - math::equations::linear::LinearEquation<T>::intsect_with_quadratic (line 191) ... ok
[INFO] [stdout] test src/math/complex.rs - math::complex::ComplexNumber<T>::powi (line 178) ... ok
[INFO] [stdout] test src/math/complex.rs - math::complex::ComplexNumber<T>::new_unitc (line 95) ... ok
[INFO] [stdout] test src/math/equations/linear.rs - math::equations::linear::LinearEquation<T>::get_root (line 120) ... ok
[INFO] [stdout] test src/math/equations/linear.rs - math::equations::linear::LinearEquation<T>::intsect_with (line 157) ... ok
[INFO] [stdout] test src/math/equations/linear.rs - math::equations::linear::LinearEquation<T>::intsect_with_quadratic (line 180) ... ok
[INFO] [stdout] test src/math/equations/linear.rs - math::equations::linear::LinearEquation<T>::m (line 52) ... ok
[INFO] [stdout] test src/math/equations/linear.rs - math::equations::linear::LinearEquation<T>::set_c (line 100) ... ok
[INFO] [stdout] test src/math/equations/linear.rs - math::equations::linear::LinearEquation<T>::set_m (line 82) ... ok
[INFO] [stdout] test src/math/equations/linear.rs - math::equations::linear::LinearEquation<T>::get_inv (line 231) ... ok
[INFO] [stdout] test src/math/complex.rs - math::complex::ComplexNumber<T>::new (line 79) ... ok
[INFO] [stdout] test src/math/equations/linear.rs - math::equations::linear::LinearEquation<T>::new (line 36) ... ok
[INFO] [stdout] test src/math/equations/polynomial.rs - math::equations::polynomial::Polynomial<T>::new_from_coefficients (line 110) ... ok
[INFO] [stdout] test src/math/equations/quadratic.rs - math::equations::quadratic::QuadraticEquation<T>::c (line 119) ... ok
[INFO] [stdout] test src/math/equations/quadratic.rs - math::equations::quadratic::QuadraticEquation<T>::intsect_with (line 229) ... ok
[INFO] [stdout] test src/math/equations/quadratic.rs - math::equations::quadratic::QuadraticEquation<T>::a (line 87) ... ok
[INFO] [stdout] test src/math/equations/quadratic.rs - math::equations::quadratic::QuadraticEquation<T>::eval (line 307) ... ok
[INFO] [stdout] test src/math/equations/polynomial.rs - math::equations::polynomial::Polynomial (line 14) ... ok
[INFO] [stdout] test src/math/equations/quadratic.rs - math::equations::quadratic::QuadraticEquation<T>::get_vertex (line 287) ... ok
[INFO] [stdout] test src/math/equations/polynomial.rs - math::equations::polynomial::Polynomial<T>::get_degree (line 46) ... ok
[INFO] [stdout] test src/math/equations/quadratic.rs - math::equations::quadratic::QuadraticEquation<T>::get_derivative (line 324) ... ok
[INFO] [stdout] test src/math/equations/polynomial.rs - math::equations::polynomial::Polynomial<T>::eval (line 128) ... ok
[INFO] [stdout] test src/math/equations/polynomial.rs - math::equations::polynomial::Polynomial<T> (line 266) ... ok
[INFO] [stdout] test src/math/equations/quadratic.rs - math::equations::quadratic::QuadraticEquation<T>::get_solutions (line 195) ... ok
[INFO] [stdout] test src/math/equations/quadratic.rs - math::equations::quadratic::QuadraticEquation<T>::b (line 103) ... ok
[INFO] [stdout] test src/math/equations/quadratic.rs - math::equations::quadratic::QuadraticEquation<T>::intsect_with_linear (line 267) ... ok
[INFO] [stdout] test src/math/equations/polynomial.rs - math::equations::polynomial::Polynomial<T>::get_coefficients (line 59) ... ok
[INFO] [stdout] test src/math/equations/quadratic.rs - math::equations::quadratic::QuadraticEquation<T>::set_b (line 156) ... ok
[INFO] [stdout] test src/math/equations/quadratic.rs - math::equations::quadratic::QuadraticEquation<T>::new_from_coefficients (line 62) ... ok
[INFO] [stdout] test src/math/equations/quadratic.rs - math::equations::quadratic::QuadraticEquation<T>::set_a (line 135) ... ok
[INFO] [stdout] test src/math/general.rs - math::general::NumTools::cube (line 219) ... ok
[INFO] [stdout] test src/math/general.rs - math::general::Averages::arithmetic_mean (line 17) ... ok
[INFO] [stdout] test src/math/equations/quadratic.rs - math::equations::quadratic::QuadraticEquation<T>::set_c (line 175) ... ok
[INFO] [stdout] test src/math/general.rs - math::general::Averages::mid_range (line 69) ... ok
[INFO] [stdout] test src/math/equations/quadratic.rs - math::equations::quadratic::QuadraticEquation<T>::new (line 33) ... ok
[INFO] [stdout] test src/math/equations/polynomial.rs - math::equations::polynomial::Polynomial<T>::new (line 92) ... ok
[INFO] [stdout] test src/math/equations/quadratic.rs - math::equations::quadratic::QuadraticEquation<T>::new (line 42) ... ok
[INFO] [stdout] test src/math/general.rs - math::general::Averages::harmonic_mean (line 30) ... ok
[INFO] [stdout] test src/math/general.rs - math::general::NumTools::inc_by (line 165) ... ok
[INFO] [stdout] test src/math/general.rs - math::general::NumTools::is_in_range_exclusive (line 127) ... ok
[INFO] [stdout] test src/math/general.rs - math::general::Averages::median (line 43) ... ok
[INFO] [stdout] test src/math/general.rs - math::general::NumTools::map_to (line 145) ... ok
[INFO] [stdout] test src/math/general.rs - math::general::NumTools::dec_by (line 191) ... ok
[INFO] [stdout] test src/math/general.rs - math::general::NumDigits::cross_sum (line 86) ... ok
[INFO] [stdout] test src/math/general.rs - math::general::Averages::mode (line 56) ... ok
[INFO] [stdout] test src/math/general.rs - math::general::NumTools::is_negative (line 255) ... ok
[INFO] [stdout] test src/math/general.rs - math::general::NumTools::inc (line 154) ... ok
[INFO] [stdout] test src/math/general.rs - math::general::better_be_even (line 476) ... ok
[INFO] [stdout] test src/math/general.rs - math::general::NumDigits::digits (line 99) ... ok
[INFO] [stdout] test src/math/general.rs - math::general::NumTools::is_in_range (line 114) ... ok
[INFO] [stdout] test src/math/general.rs - math::general::gcd (line 580) ... ok
[INFO] [stdout] test src/math/general.rs - math::general::delta (line 455) ... ok
[INFO] [stdout] test src/math/general.rs - math::general::NumTools::square (line 204) ... ok
[INFO] [stdout] test src/math/general.rs - math::general::NumTools::dec (line 176) ... ok
[INFO] [stdout] test src/math/general.rs - math::general::euler_gamma (line 539) ... ok
[INFO] [stdout] test src/math/general.rs - math::general::round_to_n_mult (line 675) ... ok
[INFO] [stdout] test src/math/general.rs - math::general::NumTools::recip (line 231) ... ok
[INFO] [stdout] test src/math/general.rs - math::general::nth_fibonacci (line 416) ... ok
[INFO] [stdout] test src/math/general.rs - math::general::nth_root (line 395) ... ok
[INFO] [stdout] test src/math/general.rs - math::general::nth_root (line 400) ... ok
[INFO] [stdout] test src/math/general.rs - math::general::NumTools::pow (line 243) ... ok
[INFO] [stdout] test src/math/general.rs - math::general::sqrt_f64 (line 497) ... ok
[INFO] [stdout] test src/math/general.rs - math::general::sqrt_f32 (line 518) ... ok
[INFO] [stdout] test src/math/postfix.rs - math::postfix::eval_postfix (line 35) ... ok
[INFO] [stdout] test src/math/postfix.rs - math::postfix::eval_postfix (line 30) ... ok
[INFO] [stdout] test src/math/general.rs - math::general::div_factorials (line 652) ... ok
[INFO] [stdout] test src/math/general/avg_macros.rs - math::general::avg_macros::harmonic_mean (line 27) ... ok
[INFO] [stdout] test src/math/general.rs - math::general::factorial (line 630) ... ok
[INFO] [stdout] test src/math/general/avg_macros.rs - math::general::avg_macros::mode (line 73) ... ok
[INFO] [stdout] test src/math/general/avg_macros.rs - math::general::avg_macros::median (line 50) ... ok
[INFO] [stdout] test src/math/primes.rs - math::primes::Primality::is_prime (line 38) ... ok
[INFO] [stdout] test src/math/primes.rs - math::primes::generate_primes (line 179) ... ok
[INFO] [stdout] test src/math/general/avg_macros.rs - math::general::avg_macros::mid_range (line 96) ... ok
[INFO] [stdout] test src/math/primes.rs - math::primes::Primality::is_prime (line 18) ... ok
[INFO] [stdout] test src/math/primes.rs - math::primes::Primality::is_prime (line 26) ... ok
[INFO] [stdout] test src/math/general/avg_macros.rs - math::general::avg_macros::arithmetic_mean (line 4) ... ok
[INFO] [stdout] test src/math/ratings/dwz/p_match.rs - math::ratings::dwz::p_match::Match<'_>::new (line 20) ... ok
[INFO] [stdout] test src/math/ratings/dwz/player.rs - math::ratings::dwz::player::DWZPlayer::update_rating (line 34) ... ok
[INFO] [stdout] test src/math/ratings/dwz/p_match.rs - math::ratings::dwz::p_match::Match<'_>::update_ratings (line 35) ... ok
[INFO] [stdout] test src/math/primes.rs - math::primes::Primality::is_prime (line 50) ... ok
[INFO] [stdout] test src/math/primes.rs - math::primes::Primality::is_prime (line 63) ... ok
[INFO] [stdout] test src/math/ratings/elo/p_match.rs - math::ratings::elo::p_match::Match<'_>::new (line 20) ... ok
[INFO] [stdout] test src/math/ratings/elo/player.rs - math::ratings::elo::player::EloPlayer::new (line 18) ... ok
[INFO] [stdout] test src/math/ratings/dwz/player.rs - math::ratings::dwz::player::DWZPlayer::new (line 20) ... ok
[INFO] [stdout] test src/math/ratings/elo/p_match.rs - math::ratings::elo::p_match::Match<'_>::update_ratings (line 33) ... ok
[INFO] [stdout] test src/math/primes.rs - math::primes::Primality::is_prime (line 75) ... ok
[INFO] [stdout] test src/math/ratings/elo/player.rs - math::ratings::elo::player::EloPlayer::update_rating (line 33) ... ok
[INFO] [stdout] test src/math/sets/vec_sets.rs - math::sets::vec_sets::VecSet<'a,T>::cardinality (line 353) ... ok
[INFO] [stdout] test src/math/sets/vec_sets.rs - math::sets::vec_sets::VecSet<'a,T>::is_disjoint_with (line 143) ... ok
[INFO] [stdout] test src/math/sets/vec_sets.rs - math::sets::vec_sets::VecSet<'a,T>::empty_set (line 37) ... ok
[INFO] [stdout] test src/math/sets/vec_sets.rs - math::sets::vec_sets::VecSet<'_,T>::full_println (line 439) ... ok
[INFO] [stdout] test src/math/sets/vec_sets.rs - math::sets::vec_sets::VecSet<'_,T>::to_full_string (line 455) ... ok
[INFO] [stdout] test src/math/sets/vec_sets.rs - math::sets::vec_sets::VecSet<'a,T>::cartesian_product (line 201) ... ok
[INFO] [stdout] test src/math/sets/vec_sets.rs - math::sets::vec_sets::VecSet<'a,T>::new_subset (line 55) ... ok
[INFO] [stdout] test src/math/sets/vec_sets.rs - math::sets::vec_sets::VecSet<'a,T>::difference_with (line 173) ... ok
[INFO] [stdout] test src/math/sets/vec_sets.rs - math::sets::vec_sets::VecSet<'a,T>::has_emerged (line 290) ... ok
[INFO] [stdout] test src/math/sets/vec_sets.rs - math::sets::vec_sets::VecSet<'a,T>::is_subset_of (line 329) ... ok
[INFO] [stdout] test src/math/sets/vec_sets.rs - math::sets::vec_sets::VecSet<'a,T>::new (line 18) ... ok
[INFO] [stdout] test src/math/sets/vec_sets.rs - math::sets::vec_sets::VecSet<'a,T>::insert (line 275) ... ok
[INFO] [stdout] test src/math/sets/vec_sets.rs - math::sets::vec_sets::VecSet<'a,T>::intersection (line 115) ... ok
[INFO] [stdout] test src/math/sets/vec_sets.rs - math::sets::vec_sets::set (line 411) ... ok
[INFO] [stdout] test src/math/sets/vec_sets.rs - math::sets::vec_sets::VecSet<'a,T>::has_element (line 251) ... ok
[INFO] [stdout] test src/math/sets/vec_sets.rs - math::sets::vec_sets::VecSet<'a,T>::elements (line 392) ... ok
[INFO] [stdout] test src/math/sets/wrapper_hash_sets.rs - math::sets::wrapper_hash_sets::WrapperHashSet<'a,T>::has_emerged (line 69) ... ok
[INFO] [stdout] test src/math/sets/wrapper_hash_sets.rs - math::sets::wrapper_hash_sets::WrapperHashSet<'a,T>::get_superset (line 93) ... ok
[INFO] [stdout] test src/math/sets/wrapper_hash_sets.rs - math::sets::wrapper_hash_sets::WrapperHashSet<'a,T>::new_subset (line 41) ... ok
[INFO] [stdout] test src/math/vectors.rs - math::vectors::MathVector<C,T>::dimension (line 61) ... ok
[INFO] [stdout] test src/math/sets/vec_sets.rs - math::sets::vec_sets::VecSet<'a,T>::get_parent (line 309) ... ok
[INFO] [stdout] test src/math/unit_conversion.rs - math::unit_conversion::SIPrefix<T>::to_decimal_f32 (line 138) ... ok
[INFO] [stdout] test src/math/sets/vec_sets.rs - math::sets::vec_sets::VecSet<'a,T>::set_elements (line 372) ... ok
[INFO] [stdout] test src/math/sets/vec_sets.rs - math::sets::vec_sets::VecSet<'a,T>::union (line 83) ... ok
[INFO] [stdout] test src/math/sets/wrapper_hash_sets.rs - math::sets::wrapper_hash_sets::WrapperHashSet<'a,T>::wrap (line 20) ... ok
[INFO] [stdout] test src/math/unit_conversion.rs - math::unit_conversion::SIPrefix<T>::to_decimal_f64 (line 155) ... ok
[INFO] [stdout] test src/math/vectors.rs - math::vectors::MathVector<C,T>::get_values (line 102) ... ok
[INFO] [stdout] test src/math/vectors.rs - math::vectors::MathVector<C,T>::set_values (line 120) ... ok
[INFO] [stdout] test src/math/sets/vec_sets.rs - math::sets::vec_sets::VecSet<'a,T>::symmetric_difference_with (line 227) ... ok
[INFO] [stdout] test src/math/vectors.rs - math::vectors::MathVector<C,T>::normalise (line 138) ... ok
[INFO] [stdout] test src/math/vectors.rs - math::vectors::MathVector<C,T>::length (line 77) ... ok
[INFO] [stdout] test src/math/vectors.rs - math::vectors::scalar_mul (line 209) ... FAILED
[INFO] [stdout] test src/math/vectors.rs - math::vectors::MathVector<C,T>::new (line 25) ... FAILED
[INFO] [stdout] test src/math/vectors.rs - math::vectors::MathVector<C,T>::new_with_dimension (line 43) ... FAILED
[INFO] [stdout] 
[INFO] [stdout] failures:
[INFO] [stdout] 
[INFO] [stdout] ---- src/compsci/compression/huffman.rs - compsci::compression::huffman::write_to_file (line 265) stdout ----
[INFO] [stdout] Test executable failed (exit status: 101).
[INFO] [stdout] 
[INFO] [stdout] stderr:
[INFO] [stdout] thread 'main' panicked at src/compsci/compression/huffman.rs:273:66:
[INFO] [stdout] called `Result::unwrap()` on an `Err` value: Os { code: 30, kind: ReadOnlyFilesystem, message: "Read-only file system" }
[INFO] [stdout] stack backtrace:
[INFO] [stdout]    0:     0x631eb2f246fa - std::backtrace_rs::backtrace::libunwind::trace::h8810477743020387
[INFO] [stdout]                                at /rustc/202008a1b8de96d2e5b6bc02d379db03a877d34d/library/std/src/../../backtrace/src/backtrace/libunwind.rs:116:5
[INFO] [stdout]    1:     0x631eb2f246fa - std::backtrace_rs::backtrace::trace_unsynchronized::h3aa55355dd6c54a6
[INFO] [stdout]                                at /rustc/202008a1b8de96d2e5b6bc02d379db03a877d34d/library/std/src/../../backtrace/src/backtrace/mod.rs:66:5
[INFO] [stdout]    2:     0x631eb2f246fa - std::sys::backtrace::_print_fmt::h8588b0f62410823f
[INFO] [stdout]                                at /rustc/202008a1b8de96d2e5b6bc02d379db03a877d34d/library/std/src/sys/backtrace.rs:66:9
[INFO] [stdout]    3:     0x631eb2f246fa - <std::sys::backtrace::BacktraceLock::print::DisplayBacktrace as core::fmt::Display>::fmt::h98c26ac25ffe89bb
[INFO] [stdout]                                at /rustc/202008a1b8de96d2e5b6bc02d379db03a877d34d/library/std/src/sys/backtrace.rs:39:26
[INFO] [stdout]    4:     0x631eb2f406b3 - core::fmt::rt::Argument::fmt::hf95377f4aebd453b
[INFO] [stdout]                                at /rustc/202008a1b8de96d2e5b6bc02d379db03a877d34d/library/core/src/fmt/rt.rs:177:76
[INFO] [stdout]    5:     0x631eb2f406b3 - core::fmt::write::h0dd5f6e2238c7982
[INFO] [stdout]                                at /rustc/202008a1b8de96d2e5b6bc02d379db03a877d34d/library/core/src/fmt/mod.rs:1189:21
[INFO] [stdout]    6:     0x631eb2f223c3 - std::io::Write::write_fmt::hc00bff0a88e08857
[INFO] [stdout]                                at /rustc/202008a1b8de96d2e5b6bc02d379db03a877d34d/library/std/src/io/mod.rs:1884:15
[INFO] [stdout]    7:     0x631eb2f24542 - std::sys::backtrace::BacktraceLock::print::h5c19c1c038ee186d
[INFO] [stdout]                                at /rustc/202008a1b8de96d2e5b6bc02d379db03a877d34d/library/std/src/sys/backtrace.rs:42:9
[INFO] [stdout]    8:     0x631eb2f2550c - std::panicking::default_hook::{{closure}}::h77172f079a1fcb13
[INFO] [stdout]                                at /rustc/202008a1b8de96d2e5b6bc02d379db03a877d34d/library/std/src/panicking.rs:268:22
[INFO] [stdout]    9:     0x631eb2f25352 - std::panicking::default_hook::he5f8e3b203ccddba
[INFO] [stdout]                                at /rustc/202008a1b8de96d2e5b6bc02d379db03a877d34d/library/std/src/panicking.rs:295:9
[INFO] [stdout]   10:     0x631eb2f25ae7 - std::panicking::rust_panic_with_hook::h53863d4e9018df39
[INFO] [stdout]                                at /rustc/202008a1b8de96d2e5b6bc02d379db03a877d34d/library/std/src/panicking.rs:801:13
[INFO] [stdout]   11:     0x631eb2f2597a - std::panicking::begin_panic_handler::{{closure}}::h67280e6fa0757873
[INFO] [stdout]                                at /rustc/202008a1b8de96d2e5b6bc02d379db03a877d34d/library/std/src/panicking.rs:674:13
[INFO] [stdout]   12:     0x631eb2f24bd9 - std::sys::backtrace::__rust_end_short_backtrace::h1dac3f54d6fbbeb2
[INFO] [stdout]                                at /rustc/202008a1b8de96d2e5b6bc02d379db03a877d34d/library/std/src/sys/backtrace.rs:170:18
[INFO] [stdout]   13:     0x631eb2f2560c - rust_begin_unwind
[INFO] [stdout]                                at /rustc/202008a1b8de96d2e5b6bc02d379db03a877d34d/library/std/src/panicking.rs:665:5
[INFO] [stdout]   14:     0x631eb2ee7190 - core::panicking::panic_fmt::h6792bd1b2bf01041
[INFO] [stdout]                                at /rustc/202008a1b8de96d2e5b6bc02d379db03a877d34d/library/core/src/panicking.rs:76:14
[INFO] [stdout]   15:     0x631eb2ee75a6 - core::result::unwrap_failed::h05e0602ed34287c5
[INFO] [stdout]                                at /rustc/202008a1b8de96d2e5b6bc02d379db03a877d34d/library/core/src/result.rs:1699:5
[INFO] [stdout]   16:     0x631eb2eeaf49 - core::result::Result<T,E>::unwrap::h428747b7a8dd9edf
[INFO] [stdout]                                at /rustc/202008a1b8de96d2e5b6bc02d379db03a877d34d/library/core/src/result.rs:1104:23
[INFO] [stdout]   17:     0x631eb2eeaf49 - lib_rapid::compsci::compression::huffman::write_to_file::h841b3882ce3b344c
[INFO] [stdout]                                at /opt/rustwide/workdir/src/compsci/compression/huffman.rs:273:30
[INFO] [stdout]   18:     0x631eb2ee7c18 - rust_out::main::_doctest_main_src_compsci_compression_huffman_rs_265_0::h526c8501218bab78
[INFO] [stdout]   19:     0x631eb2ee7b96 - rust_out::main::h57eefffa92e38ed0
[INFO] [stdout]   20:     0x631eb2ee7b13 - core::ops::function::FnOnce::call_once::hcb3872443a25b5b7
[INFO] [stdout]   21:     0x631eb2ee7a76 - std::sys::backtrace::__rust_begin_short_backtrace::hb8f53f53663d2e9e
[INFO] [stdout]   22:     0x631eb2ee7a59 - std::rt::lang_start::{{closure}}::h0d6bdb8cb611c7e9
[INFO] [stdout]   23:     0x631eb2f20737 - core::ops::function::impls::<impl core::ops::function::FnOnce<A> for &F>::call_once::hba2470d01d3f5e41
[INFO] [stdout]                                at /rustc/202008a1b8de96d2e5b6bc02d379db03a877d34d/library/core/src/ops/function.rs:284:13
[INFO] [stdout]   24:     0x631eb2f20737 - std::panicking::try::do_call::hc063fb73159aab72
[INFO] [stdout]                                at /rustc/202008a1b8de96d2e5b6bc02d379db03a877d34d/library/std/src/panicking.rs:557:40
[INFO] [stdout]   25:     0x631eb2f20737 - std::panicking::try::h2767c6d245d3a3bb
[INFO] [stdout]                                at /rustc/202008a1b8de96d2e5b6bc02d379db03a877d34d/library/std/src/panicking.rs:520:19
[INFO] [stdout]   26:     0x631eb2f20737 - std::panic::catch_unwind::h061c6ef75790da63
[INFO] [stdout]                                at /rustc/202008a1b8de96d2e5b6bc02d379db03a877d34d/library/std/src/panic.rs:358:14
[INFO] [stdout]   27:     0x631eb2f20737 - std::rt::lang_start_internal::{{closure}}::h5c5e35b11a4b8c4e
[INFO] [stdout]                                at /rustc/202008a1b8de96d2e5b6bc02d379db03a877d34d/library/std/src/rt.rs:174:48
[INFO] [stdout]   28:     0x631eb2f20737 - std::panicking::try::do_call::h705e99690a8109cc
[INFO] [stdout]                                at /rustc/202008a1b8de96d2e5b6bc02d379db03a877d34d/library/std/src/panicking.rs:557:40
[INFO] [stdout]   29:     0x631eb2f20737 - std::panicking::try::he5f4452754ed9a34
[INFO] [stdout]                                at /rustc/202008a1b8de96d2e5b6bc02d379db03a877d34d/library/std/src/panicking.rs:520:19
[INFO] [stdout]   30:     0x631eb2f20737 - std::panic::catch_unwind::h5db61b3bcbe883e5
[INFO] [stdout]                                at /rustc/202008a1b8de96d2e5b6bc02d379db03a877d34d/library/std/src/panic.rs:358:14
[INFO] [stdout]   31:     0x631eb2f20737 - std::rt::lang_start_internal::h81da9b59bab665c6
[INFO] [stdout]                                at /rustc/202008a1b8de96d2e5b6bc02d379db03a877d34d/library/std/src/rt.rs:174:20
[INFO] [stdout]   32:     0x631eb2ee7a37 - std::rt::lang_start::h2798034e47ddebf9
[INFO] [stdout]   33:     0x631eb2ee7c55 - main
[INFO] [stdout]   34:     0x73fd34629d90 - <unknown>
[INFO] [stdout]   35:     0x73fd34629e40 - __libc_start_main
[INFO] [stdout]   36:     0x631eb2ee7945 - _start
[INFO] [stdout]   37:                0x0 - <unknown>
[INFO] [stdout] 
[INFO] [stdout] 
[INFO] [stdout] ---- src/compsci/compression/huffman.rs - compsci::compression::huffman::read_from_file (line 285) stdout ----
[INFO] [stdout] Test executable failed (exit status: 101).
[INFO] [stdout] 
[INFO] [stdout] stderr:
[INFO] [stdout] thread 'main' panicked at src/compsci/compression/huffman.rs:273:66:
[INFO] [stdout] called `Result::unwrap()` on an `Err` value: Os { code: 30, kind: ReadOnlyFilesystem, message: "Read-only file system" }
[INFO] [stdout] stack backtrace:
[INFO] [stdout]    0:     0x570781da0d8a - std::backtrace_rs::backtrace::libunwind::trace::h8810477743020387
[INFO] [stdout]                                at /rustc/202008a1b8de96d2e5b6bc02d379db03a877d34d/library/std/src/../../backtrace/src/backtrace/libunwind.rs:116:5
[INFO] [stdout]    1:     0x570781da0d8a - std::backtrace_rs::backtrace::trace_unsynchronized::h3aa55355dd6c54a6
[INFO] [stdout]                                at /rustc/202008a1b8de96d2e5b6bc02d379db03a877d34d/library/std/src/../../backtrace/src/backtrace/mod.rs:66:5
[INFO] [stdout]    2:     0x570781da0d8a - std::sys::backtrace::_print_fmt::h8588b0f62410823f
[INFO] [stdout]                                at /rustc/202008a1b8de96d2e5b6bc02d379db03a877d34d/library/std/src/sys/backtrace.rs:66:9
[INFO] [stdout]    3:     0x570781da0d8a - <std::sys::backtrace::BacktraceLock::print::DisplayBacktrace as core::fmt::Display>::fmt::h98c26ac25ffe89bb
[INFO] [stdout]                                at /rustc/202008a1b8de96d2e5b6bc02d379db03a877d34d/library/std/src/sys/backtrace.rs:39:26
[INFO] [stdout]    4:     0x570781dbd183 - core::fmt::rt::Argument::fmt::hf95377f4aebd453b
[INFO] [stdout]                                at /rustc/202008a1b8de96d2e5b6bc02d379db03a877d34d/library/core/src/fmt/rt.rs:177:76
[INFO] [stdout]    5:     0x570781dbd183 - core::fmt::write::h0dd5f6e2238c7982
[INFO] [stdout]                                at /rustc/202008a1b8de96d2e5b6bc02d379db03a877d34d/library/core/src/fmt/mod.rs:1189:21
[INFO] [stdout]    6:     0x570781d9ea53 - std::io::Write::write_fmt::hc00bff0a88e08857
[INFO] [stdout]                                at /rustc/202008a1b8de96d2e5b6bc02d379db03a877d34d/library/std/src/io/mod.rs:1884:15
[INFO] [stdout]    7:     0x570781da0bd2 - std::sys::backtrace::BacktraceLock::print::h5c19c1c038ee186d
[INFO] [stdout]                                at /rustc/202008a1b8de96d2e5b6bc02d379db03a877d34d/library/std/src/sys/backtrace.rs:42:9
[INFO] [stdout]    8:     0x570781da1b9c - std::panicking::default_hook::{{closure}}::h77172f079a1fcb13
[INFO] [stdout]                                at /rustc/202008a1b8de96d2e5b6bc02d379db03a877d34d/library/std/src/panicking.rs:268:22
[INFO] [stdout]    9:     0x570781da19e2 - std::panicking::default_hook::he5f8e3b203ccddba
[INFO] [stdout]                                at /rustc/202008a1b8de96d2e5b6bc02d379db03a877d34d/library/std/src/panicking.rs:295:9
[INFO] [stdout]   10:     0x570781da2177 - std::panicking::rust_panic_with_hook::h53863d4e9018df39
[INFO] [stdout]                                at /rustc/202008a1b8de96d2e5b6bc02d379db03a877d34d/library/std/src/panicking.rs:801:13
[INFO] [stdout]   11:     0x570781da200a - std::panicking::begin_panic_handler::{{closure}}::h67280e6fa0757873
[INFO] [stdout]                                at /rustc/202008a1b8de96d2e5b6bc02d379db03a877d34d/library/std/src/panicking.rs:674:13
[INFO] [stdout]   12:     0x570781da1269 - std::sys::backtrace::__rust_end_short_backtrace::h1dac3f54d6fbbeb2
[INFO] [stdout]                                at /rustc/202008a1b8de96d2e5b6bc02d379db03a877d34d/library/std/src/sys/backtrace.rs:170:18
[INFO] [stdout]   13:     0x570781da1c9c - rust_begin_unwind
[INFO] [stdout]                                at /rustc/202008a1b8de96d2e5b6bc02d379db03a877d34d/library/std/src/panicking.rs:665:5
[INFO] [stdout]   14:     0x570781d5d190 - core::panicking::panic_fmt::h6792bd1b2bf01041
[INFO] [stdout]                                at /rustc/202008a1b8de96d2e5b6bc02d379db03a877d34d/library/core/src/panicking.rs:76:14
[INFO] [stdout]   15:     0x570781d5d5a6 - core::result::unwrap_failed::h05e0602ed34287c5
[INFO] [stdout]                                at /rustc/202008a1b8de96d2e5b6bc02d379db03a877d34d/library/core/src/result.rs:1699:5
[INFO] [stdout]   16:     0x570781d689e9 - core::result::Result<T,E>::unwrap::h428747b7a8dd9edf
[INFO] [stdout]                                at /rustc/202008a1b8de96d2e5b6bc02d379db03a877d34d/library/core/src/result.rs:1104:23
[INFO] [stdout]   17:     0x570781d689e9 - lib_rapid::compsci::compression::huffman::write_to_file::h841b3882ce3b344c
[INFO] [stdout]                                at /opt/rustwide/workdir/src/compsci/compression/huffman.rs:273:30
[INFO] [stdout]   18:     0x570781d5df04 - rust_out::main::_doctest_main_src_compsci_compression_huffman_rs_285_0::h3cbd04cfca9ac5ae
[INFO] [stdout]   19:     0x570781d5de36 - rust_out::main::h57eefffa92e38ed0
[INFO] [stdout]   20:     0x570781d5db13 - core::ops::function::FnOnce::call_once::hcb3872443a25b5b7
[INFO] [stdout]   21:     0x570781d5da76 - std::sys::backtrace::__rust_begin_short_backtrace::hb8f53f53663d2e9e
[INFO] [stdout]   22:     0x570781d5da59 - std::rt::lang_start::{{closure}}::h0d6bdb8cb611c7e9
[INFO] [stdout]   23:     0x570781d9ccd7 - core::ops::function::impls::<impl core::ops::function::FnOnce<A> for &F>::call_once::hba2470d01d3f5e41
[INFO] [stdout]                                at /rustc/202008a1b8de96d2e5b6bc02d379db03a877d34d/library/core/src/ops/function.rs:284:13
[INFO] [stdout]   24:     0x570781d9ccd7 - std::panicking::try::do_call::hc063fb73159aab72
[INFO] [stdout]                                at /rustc/202008a1b8de96d2e5b6bc02d379db03a877d34d/library/std/src/panicking.rs:557:40
[INFO] [stdout]   25:     0x570781d9ccd7 - std::panicking::try::h2767c6d245d3a3bb
[INFO] [stdout]                                at /rustc/202008a1b8de96d2e5b6bc02d379db03a877d34d/library/std/src/panicking.rs:520:19
[INFO] [stdout]   26:     0x570781d9ccd7 - std::panic::catch_unwind::h061c6ef75790da63
[INFO] [stdout]                                at /rustc/202008a1b8de96d2e5b6bc02d379db03a877d34d/library/std/src/panic.rs:358:14
[INFO] [stdout]   27:     0x570781d9ccd7 - std::rt::lang_start_internal::{{closure}}::h5c5e35b11a4b8c4e
[INFO] [stdout]                                at /rustc/202008a1b8de96d2e5b6bc02d379db03a877d34d/library/std/src/rt.rs:174:48
[INFO] [stdout]   28:     0x570781d9ccd7 - std::panicking::try::do_call::h705e99690a8109cc
[INFO] [stdout]                                at /rustc/202008a1b8de96d2e5b6bc02d379db03a877d34d/library/std/src/panicking.rs:557:40
[INFO] [stdout]   29:     0x570781d9ccd7 - std::panicking::try::he5f4452754ed9a34
[INFO] [stdout]                                at /rustc/202008a1b8de96d2e5b6bc02d379db03a877d34d/library/std/src/panicking.rs:520:19
[INFO] [stdout]   30:     0x570781d9ccd7 - std::panic::catch_unwind::h5db61b3bcbe883e5
[INFO] [stdout]                                at /rustc/202008a1b8de96d2e5b6bc02d379db03a877d34d/library/std/src/panic.rs:358:14
[INFO] [stdout]   31:     0x570781d9ccd7 - std::rt::lang_start_internal::h81da9b59bab665c6
[INFO] [stdout]                                at /rustc/202008a1b8de96d2e5b6bc02d379db03a877d34d/library/std/src/rt.rs:174:20
[INFO] [stdout]   32:     0x570781d5da37 - std::rt::lang_start::h2798034e47ddebf9
[INFO] [stdout]   33:     0x570781d5e035 - main
[INFO] [stdout]   34:     0x75dd8b73cd90 - <unknown>
[INFO] [stdout]   35:     0x75dd8b73ce40 - __libc_start_main
[INFO] [stdout]   36:     0x570781d5d945 - _start
[INFO] [stdout]   37:                0x0 - <unknown>
[INFO] [stdout] 
[INFO] [stdout] 
[INFO] [stdout] ---- src/math/vectors.rs - math::vectors::scalar_mul (line 209) stdout ----
[INFO] [stdout] error: linking with `cc` failed: exit status: 1
[INFO] [stdout]   |
[INFO] [stdout]   = note: LC_ALL="C" PATH="/opt/rustwide/rustup-home/toolchains/beta-2024-12-08-x86_64-unknown-linux-gnu/lib/rustlib/x86_64-unknown-linux-gnu/bin:/opt/rustwide/cargo-home/bin:/usr/local/sbin:/usr/local/bin:/usr/sbin:/usr/bin:/sbin:/bin" VSLANG="1033" "cc" "-m64" "/tmp/rustcSZwzwb/symbols.o" "/tmp/rustdoctestjiwUwD/rust_out.rust_out.9242fac72db2cd11-cgu.0.rcgu.o" "/tmp/rustdoctestjiwUwD/rust_out.2hl2tb9xdtge7mguxzn2q1kvi.rcgu.o" "-Wl,--as-needed" "-Wl,-Bstatic" "/opt/rustwide/target/debug/deps/liblib_rapid-f84bc5a82171262b.rlib" "/opt/rustwide/target/debug/deps/libchrono-c11041cf4230c50c.rlib" "/opt/rustwide/target/debug/deps/libnum_traits-979fb6df5b693003.rlib" "/opt/rustwide/target/debug/deps/libiana_time_zone-aa61143ae82ec891.rlib" "/opt/rustwide/target/debug/deps/libbincode-d0da470e0cbf6372.rlib" "/opt/rustwide/target/debug/deps/libserde-e539e287dbaa24ba.rlib" "/opt/rustwide/target/debug/deps/libbit_vec-a0398f191924b60c.rlib" "/opt/rustwide/rustup-home/toolchains/beta-2024-12-08-x86_64-unknown-linux-gnu/lib/rustlib/x86_64-unknown-linux-gnu/lib/libstd-02dc84f49135b6b8.rlib" "/opt/rustwide/rustup-home/toolchains/beta-2024-12-08-x86_64-unknown-linux-gnu/lib/rustlib/x86_64-unknown-linux-gnu/lib/libpanic_unwind-a8f45b397fae3f81.rlib" "/opt/rustwide/rustup-home/toolchains/beta-2024-12-08-x86_64-unknown-linux-gnu/lib/rustlib/x86_64-unknown-linux-gnu/lib/libobject-089607133c180609.rlib" "/opt/rustwide/rustup-home/toolchains/beta-2024-12-08-x86_64-unknown-linux-gnu/lib/rustlib/x86_64-unknown-linux-gnu/lib/libmemchr-fc89f091bcd86cbb.rlib" "/opt/rustwide/rustup-home/toolchains/beta-2024-12-08-x86_64-unknown-linux-gnu/lib/rustlib/x86_64-unknown-linux-gnu/lib/libaddr2line-5a60949f01c7340c.rlib" "/opt/rustwide/rustup-home/toolchains/beta-2024-12-08-x86_64-unknown-linux-gnu/lib/rustlib/x86_64-unknown-linux-gnu/lib/libgimli-d29e6a55ca253c8c.rlib" "/opt/rustwide/rustup-home/toolchains/beta-2024-12-08-x86_64-unknown-linux-gnu/lib/rustlib/x86_64-unknown-linux-gnu/lib/librustc_demangle-273c078d5f65de7a.rlib" "/opt/rustwide/rustup-home/toolchains/beta-2024-12-08-x86_64-unknown-linux-gnu/lib/rustlib/x86_64-unknown-linux-gnu/lib/libstd_detect-413c950ffbdd4454.rlib" "/opt/rustwide/rustup-home/toolchains/beta-2024-12-08-x86_64-unknown-linux-gnu/lib/rustlib/x86_64-unknown-linux-gnu/lib/libhashbrown-1853c0976a1d88a6.rlib" "/opt/rustwide/rustup-home/toolchains/beta-2024-12-08-x86_64-unknown-linux-gnu/lib/rustlib/x86_64-unknown-linux-gnu/lib/librustc_std_workspace_alloc-ccb3384ddacb0f9e.rlib" "/opt/rustwide/rustup-home/toolchains/beta-2024-12-08-x86_64-unknown-linux-gnu/lib/rustlib/x86_64-unknown-linux-gnu/lib/libminiz_oxide-0b901dfb0ca849e0.rlib" "/opt/rustwide/rustup-home/toolchains/beta-2024-12-08-x86_64-unknown-linux-gnu/lib/rustlib/x86_64-unknown-linux-gnu/lib/libadler-eebeb8d7c64543ad.rlib" "/opt/rustwide/rustup-home/toolchains/beta-2024-12-08-x86_64-unknown-linux-gnu/lib/rustlib/x86_64-unknown-linux-gnu/lib/libunwind-4723ef81d6079867.rlib" "/opt/rustwide/rustup-home/toolchains/beta-2024-12-08-x86_64-unknown-linux-gnu/lib/rustlib/x86_64-unknown-linux-gnu/lib/libcfg_if-54442f8b422f5a54.rlib" "/opt/rustwide/rustup-home/toolchains/beta-2024-12-08-x86_64-unknown-linux-gnu/lib/rustlib/x86_64-unknown-linux-gnu/lib/liblibc-e0bbe034b5282553.rlib" "/opt/rustwide/rustup-home/toolchains/beta-2024-12-08-x86_64-unknown-linux-gnu/lib/rustlib/x86_64-unknown-linux-gnu/lib/liballoc-d0febb68c1c37b90.rlib" "/opt/rustwide/rustup-home/toolchains/beta-2024-12-08-x86_64-unknown-linux-gnu/lib/rustlib/x86_64-unknown-linux-gnu/lib/librustc_std_workspace_core-4cf833632aafa84c.rlib" "/opt/rustwide/rustup-home/toolchains/beta-2024-12-08-x86_64-unknown-linux-gnu/lib/rustlib/x86_64-unknown-linux-gnu/lib/libcore-65c2c6d2d6ae570b.rlib" "/opt/rustwide/rustup-home/toolchains/beta-2024-12-08-x86_64-unknown-linux-gnu/lib/rustlib/x86_64-unknown-linux-gnu/lib/libcompiler_builtins-97929cee0dcfe424.rlib" "-Wl,-Bdynamic" "-lgcc_s" "-lutil" "-lrt" "-lpthread" "-lm" "-ldl" "-lc" "-Wl,--eh-frame-hdr" "-Wl,-z,noexecstack" "-L" "/opt/rustwide/rustup-home/toolchains/beta-2024-12-08-x86_64-unknown-linux-gnu/lib/rustlib/x86_64-unknown-linux-gnu/lib" "-o" "/tmp/rustdoctestjiwUwD/rust_out" "-Wl,--gc-sections" "-pie" "-Wl,-z,relro,-z,now" "-nodefaultlibs"
[INFO] [stdout]   = note: /usr/bin/ld: final link failed: No space left on device
[INFO] [stdout]           collect2: error: ld returned 1 exit status
[INFO] [stdout]           
[INFO] [stdout] 
[INFO] [stdout] error: aborting due to 1 previous error
[INFO] [stdout] 
[INFO] [stdout] Couldn't compile the test.
[INFO] [stdout] ---- src/math/vectors.rs - math::vectors::MathVector<C,T>::new (line 25) stdout ----
[INFO] [stdout] error: linking with `cc` failed: exit status: 1
[INFO] [stdout]   |
[INFO] [stdout]   = note: LC_ALL="C" PATH="/opt/rustwide/rustup-home/toolchains/beta-2024-12-08-x86_64-unknown-linux-gnu/lib/rustlib/x86_64-unknown-linux-gnu/bin:/opt/rustwide/cargo-home/bin:/usr/local/sbin:/usr/local/bin:/usr/sbin:/usr/bin:/sbin:/bin" VSLANG="1033" "cc" "-m64" "/tmp/rustcBEkrEO/symbols.o" "/tmp/rustdoctestgr0hTT/rust_out.rust_out.9242fac72db2cd11-cgu.0.rcgu.o" "/tmp/rustdoctestgr0hTT/rust_out.2hl2tb9xdtge7mguxzn2q1kvi.rcgu.o" "-Wl,--as-needed" "-Wl,-Bstatic" "/opt/rustwide/target/debug/deps/liblib_rapid-f84bc5a82171262b.rlib" "/opt/rustwide/target/debug/deps/libchrono-c11041cf4230c50c.rlib" "/opt/rustwide/target/debug/deps/libnum_traits-979fb6df5b693003.rlib" "/opt/rustwide/target/debug/deps/libiana_time_zone-aa61143ae82ec891.rlib" "/opt/rustwide/target/debug/deps/libbincode-d0da470e0cbf6372.rlib" "/opt/rustwide/target/debug/deps/libserde-e539e287dbaa24ba.rlib" "/opt/rustwide/target/debug/deps/libbit_vec-a0398f191924b60c.rlib" "/opt/rustwide/rustup-home/toolchains/beta-2024-12-08-x86_64-unknown-linux-gnu/lib/rustlib/x86_64-unknown-linux-gnu/lib/libstd-02dc84f49135b6b8.rlib" "/opt/rustwide/rustup-home/toolchains/beta-2024-12-08-x86_64-unknown-linux-gnu/lib/rustlib/x86_64-unknown-linux-gnu/lib/libpanic_unwind-a8f45b397fae3f81.rlib" "/opt/rustwide/rustup-home/toolchains/beta-2024-12-08-x86_64-unknown-linux-gnu/lib/rustlib/x86_64-unknown-linux-gnu/lib/libobject-089607133c180609.rlib" "/opt/rustwide/rustup-home/toolchains/beta-2024-12-08-x86_64-unknown-linux-gnu/lib/rustlib/x86_64-unknown-linux-gnu/lib/libmemchr-fc89f091bcd86cbb.rlib" "/opt/rustwide/rustup-home/toolchains/beta-2024-12-08-x86_64-unknown-linux-gnu/lib/rustlib/x86_64-unknown-linux-gnu/lib/libaddr2line-5a60949f01c7340c.rlib" "/opt/rustwide/rustup-home/toolchains/beta-2024-12-08-x86_64-unknown-linux-gnu/lib/rustlib/x86_64-unknown-linux-gnu/lib/libgimli-d29e6a55ca253c8c.rlib" "/opt/rustwide/rustup-home/toolchains/beta-2024-12-08-x86_64-unknown-linux-gnu/lib/rustlib/x86_64-unknown-linux-gnu/lib/librustc_demangle-273c078d5f65de7a.rlib" "/opt/rustwide/rustup-home/toolchains/beta-2024-12-08-x86_64-unknown-linux-gnu/lib/rustlib/x86_64-unknown-linux-gnu/lib/libstd_detect-413c950ffbdd4454.rlib" "/opt/rustwide/rustup-home/toolchains/beta-2024-12-08-x86_64-unknown-linux-gnu/lib/rustlib/x86_64-unknown-linux-gnu/lib/libhashbrown-1853c0976a1d88a6.rlib" "/opt/rustwide/rustup-home/toolchains/beta-2024-12-08-x86_64-unknown-linux-gnu/lib/rustlib/x86_64-unknown-linux-gnu/lib/librustc_std_workspace_alloc-ccb3384ddacb0f9e.rlib" "/opt/rustwide/rustup-home/toolchains/beta-2024-12-08-x86_64-unknown-linux-gnu/lib/rustlib/x86_64-unknown-linux-gnu/lib/libminiz_oxide-0b901dfb0ca849e0.rlib" "/opt/rustwide/rustup-home/toolchains/beta-2024-12-08-x86_64-unknown-linux-gnu/lib/rustlib/x86_64-unknown-linux-gnu/lib/libadler-eebeb8d7c64543ad.rlib" "/opt/rustwide/rustup-home/toolchains/beta-2024-12-08-x86_64-unknown-linux-gnu/lib/rustlib/x86_64-unknown-linux-gnu/lib/libunwind-4723ef81d6079867.rlib" "/opt/rustwide/rustup-home/toolchains/beta-2024-12-08-x86_64-unknown-linux-gnu/lib/rustlib/x86_64-unknown-linux-gnu/lib/libcfg_if-54442f8b422f5a54.rlib" "/opt/rustwide/rustup-home/toolchains/beta-2024-12-08-x86_64-unknown-linux-gnu/lib/rustlib/x86_64-unknown-linux-gnu/lib/liblibc-e0bbe034b5282553.rlib" "/opt/rustwide/rustup-home/toolchains/beta-2024-12-08-x86_64-unknown-linux-gnu/lib/rustlib/x86_64-unknown-linux-gnu/lib/liballoc-d0febb68c1c37b90.rlib" "/opt/rustwide/rustup-home/toolchains/beta-2024-12-08-x86_64-unknown-linux-gnu/lib/rustlib/x86_64-unknown-linux-gnu/lib/librustc_std_workspace_core-4cf833632aafa84c.rlib" "/opt/rustwide/rustup-home/toolchains/beta-2024-12-08-x86_64-unknown-linux-gnu/lib/rustlib/x86_64-unknown-linux-gnu/lib/libcore-65c2c6d2d6ae570b.rlib" "/opt/rustwide/rustup-home/toolchains/beta-2024-12-08-x86_64-unknown-linux-gnu/lib/rustlib/x86_64-unknown-linux-gnu/lib/libcompiler_builtins-97929cee0dcfe424.rlib" "-Wl,-Bdynamic" "-lgcc_s" "-lutil" "-lrt" "-lpthread" "-lm" "-ldl" "-lc" "-Wl,--eh-frame-hdr" "-Wl,-z,noexecstack" "-L" "/opt/rustwide/rustup-home/toolchains/beta-2024-12-08-x86_64-unknown-linux-gnu/lib/rustlib/x86_64-unknown-linux-gnu/lib" "-o" "/tmp/rustdoctestgr0hTT/rust_out" "-Wl,--gc-sections" "-pie" "-Wl,-z,relro,-z,now" "-nodefaultlibs"
[INFO] [stdout]   = note: /usr/bin/ld: final link failed: No space left on device
[INFO] [stdout]           collect2: error: ld returned 1 exit status
[INFO] [stdout]           
[INFO] [stdout] 
[INFO] [stdout] error: aborting due to 1 previous error
[INFO] [stdout] 
[INFO] [stdout] Couldn't compile the test.
[INFO] [stdout] ---- src/math/vectors.rs - math::vectors::MathVector<C,T>::new_with_dimension (line 43) stdout ----
[INFO] [stdout] error: linking with `cc` failed: exit status: 1
[INFO] [stdout]   |
[INFO] [stdout]   = note: LC_ALL="C" PATH="/opt/rustwide/rustup-home/toolchains/beta-2024-12-08-x86_64-unknown-linux-gnu/lib/rustlib/x86_64-unknown-linux-gnu/bin:/opt/rustwide/cargo-home/bin:/usr/local/sbin:/usr/local/bin:/usr/sbin:/usr/bin:/sbin:/bin" VSLANG="1033" "cc" "-m64" "/tmp/rustcfULLYm/symbols.o" "/tmp/rustdoctestGb5AQr/rust_out.rust_out.9242fac72db2cd11-cgu.0.rcgu.o" "/tmp/rustdoctestGb5AQr/rust_out.2hl2tb9xdtge7mguxzn2q1kvi.rcgu.o" "-Wl,--as-needed" "-Wl,-Bstatic" "/opt/rustwide/target/debug/deps/liblib_rapid-f84bc5a82171262b.rlib" "/opt/rustwide/target/debug/deps/libchrono-c11041cf4230c50c.rlib" "/opt/rustwide/target/debug/deps/libnum_traits-979fb6df5b693003.rlib" "/opt/rustwide/target/debug/deps/libiana_time_zone-aa61143ae82ec891.rlib" "/opt/rustwide/target/debug/deps/libbincode-d0da470e0cbf6372.rlib" "/opt/rustwide/target/debug/deps/libserde-e539e287dbaa24ba.rlib" "/opt/rustwide/target/debug/deps/libbit_vec-a0398f191924b60c.rlib" "/opt/rustwide/rustup-home/toolchains/beta-2024-12-08-x86_64-unknown-linux-gnu/lib/rustlib/x86_64-unknown-linux-gnu/lib/libstd-02dc84f49135b6b8.rlib" "/opt/rustwide/rustup-home/toolchains/beta-2024-12-08-x86_64-unknown-linux-gnu/lib/rustlib/x86_64-unknown-linux-gnu/lib/libpanic_unwind-a8f45b397fae3f81.rlib" "/opt/rustwide/rustup-home/toolchains/beta-2024-12-08-x86_64-unknown-linux-gnu/lib/rustlib/x86_64-unknown-linux-gnu/lib/libobject-089607133c180609.rlib" "/opt/rustwide/rustup-home/toolchains/beta-2024-12-08-x86_64-unknown-linux-gnu/lib/rustlib/x86_64-unknown-linux-gnu/lib/libmemchr-fc89f091bcd86cbb.rlib" "/opt/rustwide/rustup-home/toolchains/beta-2024-12-08-x86_64-unknown-linux-gnu/lib/rustlib/x86_64-unknown-linux-gnu/lib/libaddr2line-5a60949f01c7340c.rlib" "/opt/rustwide/rustup-home/toolchains/beta-2024-12-08-x86_64-unknown-linux-gnu/lib/rustlib/x86_64-unknown-linux-gnu/lib/libgimli-d29e6a55ca253c8c.rlib" "/opt/rustwide/rustup-home/toolchains/beta-2024-12-08-x86_64-unknown-linux-gnu/lib/rustlib/x86_64-unknown-linux-gnu/lib/librustc_demangle-273c078d5f65de7a.rlib" "/opt/rustwide/rustup-home/toolchains/beta-2024-12-08-x86_64-unknown-linux-gnu/lib/rustlib/x86_64-unknown-linux-gnu/lib/libstd_detect-413c950ffbdd4454.rlib" "/opt/rustwide/rustup-home/toolchains/beta-2024-12-08-x86_64-unknown-linux-gnu/lib/rustlib/x86_64-unknown-linux-gnu/lib/libhashbrown-1853c0976a1d88a6.rlib" "/opt/rustwide/rustup-home/toolchains/beta-2024-12-08-x86_64-unknown-linux-gnu/lib/rustlib/x86_64-unknown-linux-gnu/lib/librustc_std_workspace_alloc-ccb3384ddacb0f9e.rlib" "/opt/rustwide/rustup-home/toolchains/beta-2024-12-08-x86_64-unknown-linux-gnu/lib/rustlib/x86_64-unknown-linux-gnu/lib/libminiz_oxide-0b901dfb0ca849e0.rlib" "/opt/rustwide/rustup-home/toolchains/beta-2024-12-08-x86_64-unknown-linux-gnu/lib/rustlib/x86_64-unknown-linux-gnu/lib/libadler-eebeb8d7c64543ad.rlib" "/opt/rustwide/rustup-home/toolchains/beta-2024-12-08-x86_64-unknown-linux-gnu/lib/rustlib/x86_64-unknown-linux-gnu/lib/libunwind-4723ef81d6079867.rlib" "/opt/rustwide/rustup-home/toolchains/beta-2024-12-08-x86_64-unknown-linux-gnu/lib/rustlib/x86_64-unknown-linux-gnu/lib/libcfg_if-54442f8b422f5a54.rlib" "/opt/rustwide/rustup-home/toolchains/beta-2024-12-08-x86_64-unknown-linux-gnu/lib/rustlib/x86_64-unknown-linux-gnu/lib/liblibc-e0bbe034b5282553.rlib" "/opt/rustwide/rustup-home/toolchains/beta-2024-12-08-x86_64-unknown-linux-gnu/lib/rustlib/x86_64-unknown-linux-gnu/lib/liballoc-d0febb68c1c37b90.rlib" "/opt/rustwide/rustup-home/toolchains/beta-2024-12-08-x86_64-unknown-linux-gnu/lib/rustlib/x86_64-unknown-linux-gnu/lib/librustc_std_workspace_core-4cf833632aafa84c.rlib" "/opt/rustwide/rustup-home/toolchains/beta-2024-12-08-x86_64-unknown-linux-gnu/lib/rustlib/x86_64-unknown-linux-gnu/lib/libcore-65c2c6d2d6ae570b.rlib" "/opt/rustwide/rustup-home/toolchains/beta-2024-12-08-x86_64-unknown-linux-gnu/lib/rustlib/x86_64-unknown-linux-gnu/lib/libcompiler_builtins-97929cee0dcfe424.rlib" "-Wl,-Bdynamic" "-lgcc_s" "-lutil" "-lrt" "-lpthread" "-lm" "-ldl" "-lc" "-Wl,--eh-frame-hdr" "-Wl,-z,noexecstack" "-L" "/opt/rustwide/rustup-home/toolchains/beta-2024-12-08-x86_64-unknown-linux-gnu/lib/rustlib/x86_64-unknown-linux-gnu/lib" "-o" "/tmp/rustdoctestGb5AQr/rust_out" "-Wl,--gc-sections" "-pie" "-Wl,-z,relro,-z,now" "-nodefaultlibs"
[INFO] [stdout]   = note: /usr/bin/ld: final link failed: No space left on device
[INFO] [stdout]           collect2: error: ld returned 1 exit status
[INFO] [stdout]           
[INFO] [stdout] 
[INFO] [stdout] error: aborting due to 1 previous error
[INFO] [stdout] 
[INFO] [stdout] Couldn't compile the test.
[INFO] [stdout] 
[INFO] [stdout] failures:
[INFO] [stdout]     src/compsci/compression/huffman.rs - compsci::compression::huffman::read_from_file (line 285)
[INFO] [stdout]     src/compsci/compression/huffman.rs - compsci::compression::huffman::write_to_file (line 265)
[INFO] [stdout]     src/math/vectors.rs - math::vectors::MathVector<C,T>::new (line 25)
[INFO] [stdout]     src/math/vectors.rs - math::vectors::MathVector<C,T>::new_with_dimension (line 43)
[INFO] [stdout]     src/math/vectors.rs - math::vectors::scalar_mul (line 209)
[INFO] [stdout] 
[INFO] [stdout] test result: FAILED. 318 passed; 5 failed; 0 ignored; 0 measured; 0 filtered out; finished in 38.09s
[INFO] [stdout] 
[INFO] [stderr] error: doctest failed, to rerun pass `--doc`
[INFO] running `Command { std: "docker" "inspect" "b575f17313db985dd72518e2307352961758029986e59332b16e533a865066db", kill_on_drop: false }`
[INFO] running `Command { std: "docker" "rm" "-f" "b575f17313db985dd72518e2307352961758029986e59332b16e533a865066db", kill_on_drop: false }`
[INFO] [stdout] b575f17313db985dd72518e2307352961758029986e59332b16e533a865066db
