[INFO] cloning repository https://github.com/Swiftshine/bgst
[INFO] running `Command { std: "git" "-c" "credential.helper=" "-c" "credential.helper=/workspace/cargo-home/bin/git-credential-null" "clone" "--bare" "https://github.com/Swiftshine/bgst" "/workspace/cache/git-repos/https%3A%2F%2Fgithub.com%2FSwiftshine%2Fbgst", kill_on_drop: false }`
[INFO] [stderr] Cloning into bare repository '/workspace/cache/git-repos/https%3A%2F%2Fgithub.com%2FSwiftshine%2Fbgst'...
[INFO] running `Command { std: "git" "rev-parse" "HEAD", kill_on_drop: false }`
[INFO] [stdout] 5ab98a7f000a51538992a27f3576c540b8b3e047
[INFO] testing Swiftshine/bgst against 1.83.0 for beta-1.84.0-4-retry
[INFO] running `Command { std: "git" "clone" "/workspace/cache/git-repos/https%3A%2F%2Fgithub.com%2FSwiftshine%2Fbgst" "/workspace/builds/worker-4-tc1/source", kill_on_drop: false }`
[INFO] [stderr] Cloning into '/workspace/builds/worker-4-tc1/source'...
[INFO] [stderr] done.
[INFO] validating manifest of git repo https://github.com/Swiftshine/bgst on toolchain 1.83.0
[INFO] running `Command { std: CARGO_HOME="/workspace/cargo-home" RUSTUP_HOME="/workspace/rustup-home" "/workspace/cargo-home/bin/cargo" "+1.83.0" "metadata" "--manifest-path" "Cargo.toml" "--no-deps", kill_on_drop: false }`
[INFO] started tweaking git repo https://github.com/Swiftshine/bgst
[INFO] finished tweaking git repo https://github.com/Swiftshine/bgst
[INFO] tweaked toml for git repo https://github.com/Swiftshine/bgst written to /workspace/builds/worker-4-tc1/source/Cargo.toml
[INFO] crate git repo https://github.com/Swiftshine/bgst already has a lockfile, it will not be regenerated
[INFO] running `Command { std: CARGO_HOME="/workspace/cargo-home" RUSTUP_HOME="/workspace/rustup-home" "/workspace/cargo-home/bin/cargo" "+1.83.0" "fetch" "--manifest-path" "Cargo.toml", kill_on_drop: false }`
[INFO] [stderr] warning: virtual workspace defaulting to `resolver = "1"` despite one or more workspace members being on edition 2021 which implies `resolver = "2"`
[INFO] [stderr] note: to keep the current resolver, specify `workspace.resolver = "1"` in the workspace root's manifest
[INFO] [stderr] note: to use the edition 2021 resolver, specify `workspace.resolver = "2"` in the workspace root's manifest
[INFO] [stderr] note: for more details see https://doc.rust-lang.org/cargo/reference/resolver.html#resolver-versions
[INFO] [stderr]     Updating crates.io index
[INFO] [stderr]  Downloading crates ...
[INFO] [stderr]   Downloaded gctex v0.3.12
[INFO] running `Command { std: "docker" "create" "-v" "/var/lib/crater-agent-workspace/builds/worker-4-tc1/target:/opt/rustwide/target:rw,Z" "-v" "/var/lib/crater-agent-workspace/builds/worker-4-tc1/source:/opt/rustwide/workdir:ro,Z" "-v" "/var/lib/crater-agent-workspace/cargo-home:/opt/rustwide/cargo-home:ro,Z" "-v" "/var/lib/crater-agent-workspace/rustup-home:/opt/rustwide/rustup-home:ro,Z" "-e" "SOURCE_DIR=/opt/rustwide/workdir" "-e" "CARGO_TARGET_DIR=/opt/rustwide/target" "-e" "CARGO_HOME=/opt/rustwide/cargo-home" "-e" "RUSTUP_HOME=/opt/rustwide/rustup-home" "-w" "/opt/rustwide/workdir" "-m" "1610612736" "--user" "0:0" "--network" "none" "ghcr.io/rust-lang/crates-build-env/linux@sha256:f3a9d4ad9d972b27faf3965f35b62e55ba32bbce8f20bc8fe909558a86702fde" "/opt/rustwide/cargo-home/bin/cargo" "+1.83.0" "metadata" "--no-deps" "--format-version=1", kill_on_drop: false }`
[INFO] [stdout] 4dbaaea56e982f6bc41f27ef4e087ffbccc8962b54218cf89592ea34dd7a17df
[INFO] running `Command { std: "docker" "start" "-a" "4dbaaea56e982f6bc41f27ef4e087ffbccc8962b54218cf89592ea34dd7a17df", kill_on_drop: false }`
[INFO] running `Command { std: "docker" "inspect" "4dbaaea56e982f6bc41f27ef4e087ffbccc8962b54218cf89592ea34dd7a17df", kill_on_drop: false }`
[INFO] running `Command { std: "docker" "rm" "-f" "4dbaaea56e982f6bc41f27ef4e087ffbccc8962b54218cf89592ea34dd7a17df", kill_on_drop: false }`
[INFO] [stdout] 4dbaaea56e982f6bc41f27ef4e087ffbccc8962b54218cf89592ea34dd7a17df
[INFO] running `Command { std: "docker" "create" "-v" "/var/lib/crater-agent-workspace/builds/worker-4-tc1/target:/opt/rustwide/target:rw,Z" "-v" "/var/lib/crater-agent-workspace/builds/worker-4-tc1/source:/opt/rustwide/workdir:ro,Z" "-v" "/var/lib/crater-agent-workspace/cargo-home:/opt/rustwide/cargo-home:ro,Z" "-v" "/var/lib/crater-agent-workspace/rustup-home:/opt/rustwide/rustup-home:ro,Z" "-e" "SOURCE_DIR=/opt/rustwide/workdir" "-e" "CARGO_TARGET_DIR=/opt/rustwide/target" "-e" "CARGO_INCREMENTAL=0" "-e" "RUST_BACKTRACE=full" "-e" "RUSTFLAGS=--cap-lints=warn" "-e" "RUSTDOCFLAGS=--cap-lints=warn" "-e" "CARGO_HOME=/opt/rustwide/cargo-home" "-e" "RUSTUP_HOME=/opt/rustwide/rustup-home" "-w" "/opt/rustwide/workdir" "-m" "1610612736" "--user" "0:0" "--network" "none" "ghcr.io/rust-lang/crates-build-env/linux@sha256:f3a9d4ad9d972b27faf3965f35b62e55ba32bbce8f20bc8fe909558a86702fde" "/opt/rustwide/cargo-home/bin/cargo" "+1.83.0" "build" "--frozen" "--message-format=json", kill_on_drop: false }`
[INFO] [stdout] 5e2ff3852784ce888056d4ec448eb729d0e9a1b72396d4ab52dc07873c6462f6
[INFO] running `Command { std: "docker" "start" "-a" "5e2ff3852784ce888056d4ec448eb729d0e9a1b72396d4ab52dc07873c6462f6", kill_on_drop: false }`
[INFO] [stderr] warning: virtual workspace defaulting to `resolver = "1"` despite one or more workspace members being on edition 2021 which implies `resolver = "2"`
[INFO] [stderr] note: to keep the current resolver, specify `workspace.resolver = "1"` in the workspace root's manifest
[INFO] [stderr] note: to use the edition 2021 resolver, specify `workspace.resolver = "2"` in the workspace root's manifest
[INFO] [stderr] note: for more details see https://doc.rust-lang.org/cargo/reference/resolver.html#resolver-versions
[INFO] [stderr]    Compiling proc-macro2 v1.0.89
[INFO] [stderr]    Compiling unicode-ident v1.0.13
[INFO] [stderr]    Compiling autocfg v1.4.0
[INFO] [stderr]    Compiling cfg-if v1.0.0
[INFO] [stderr]    Compiling libc v0.2.161
[INFO] [stderr]    Compiling wasm-bindgen-shared v0.2.95
[INFO] [stderr]    Compiling simd-adler32 v0.3.7
[INFO] [stderr]    Compiling log v0.4.22
[INFO] [stderr]    Compiling crossbeam-utils v0.8.20
[INFO] [stderr]    Compiling bumpalo v3.16.0
[INFO] [stderr]    Compiling once_cell v1.20.2
[INFO] [stderr]    Compiling anyhow v1.0.91
[INFO] [stderr]    Compiling thiserror v1.0.65
[INFO] [stderr]    Compiling aligned-vec v0.5.0
[INFO] [stderr]    Compiling memchr v2.7.4
[INFO] [stderr]    Compiling minimal-lexical v0.2.1
[INFO] [stderr]    Compiling scopeguard v1.2.0
[INFO] [stderr]    Compiling adler2 v2.0.0
[INFO] [stderr]    Compiling either v1.13.0
[INFO] [stderr]    Compiling built v0.7.5
[INFO] [stderr]    Compiling rayon-core v1.12.1
[INFO] [stderr]    Compiling wasm-bindgen v0.2.95
[INFO] [stderr]    Compiling arrayvec v0.7.6
[INFO] [stderr]    Compiling paste v1.0.15
[INFO] [stderr]    Compiling miniz_oxide v0.8.0
[INFO] [stderr]    Compiling crc32fast v1.4.2
[INFO] [stderr]    Compiling shlex v1.3.0
[INFO] [stderr]    Compiling maybe-rayon v0.1.1
[INFO] [stderr]    Compiling itertools v0.12.1
[INFO] [stderr]    Compiling byteorder v1.5.0
[INFO] [stderr]    Compiling imgref v1.11.0
[INFO] [stderr]    Compiling noop_proc_macro v0.3.0
[INFO] [stderr]    Compiling weezl v0.1.8
[INFO] [stderr]    Compiling num-traits v0.2.19
[INFO] [stderr]    Compiling lock_api v0.4.12
[INFO] [stderr]    Compiling quick-error v2.0.1
[INFO] [stderr]    Compiling heapless v0.8.0
[INFO] [stderr]    Compiling rav1e v0.7.1
[INFO] [stderr]    Compiling bitstream-io v2.5.3
[INFO] [stderr]    Compiling new_debug_unreachable v1.0.6
[INFO] [stderr]    Compiling adler v1.0.2
[INFO] [stderr]    Compiling quote v1.0.37
[INFO] [stderr]    Compiling nom v7.1.3
[INFO] [stderr]    Compiling miniz_oxide v0.7.4
[INFO] [stderr]    Compiling flate2 v1.0.34
[INFO] [stderr]    Compiling jobserver v0.1.32
[INFO] [stderr]    Compiling crossbeam-epoch v0.9.18
[INFO] [stderr]    Compiling syn v2.0.85
[INFO] [stderr]    Compiling loop9 v0.1.5
[INFO] [stderr]    Compiling hash32 v0.3.1
[INFO] [stderr]    Compiling spin v0.9.8
[INFO] [stderr]    Compiling avif-serialize v0.8.2
[INFO] [stderr]    Compiling zune-inflate v0.2.54
[INFO] [stderr]    Compiling simd_helpers v0.1.0
[INFO] [stderr]    Compiling cc v1.1.31
[INFO] [stderr]    Compiling flume v0.11.1
[INFO] [stderr]    Compiling fdeflate v0.3.5
[INFO] [stderr]    Compiling crossbeam-deque v0.8.5
[INFO] [stderr]    Compiling half v2.4.1
[INFO] [stderr]    Compiling zune-core v0.4.12
[INFO] [stderr]    Compiling bit_field v0.10.2
[INFO] [stderr]    Compiling bytemuck v1.19.0
[INFO] [stderr]    Compiling stable_deref_trait v1.2.0
[INFO] [stderr]    Compiling lebe v0.5.2
[INFO] [stderr]    Compiling byteorder-lite v0.1.0
[INFO] [stderr]    Compiling rgb v0.8.50
[INFO] [stderr]    Compiling jpeg-decoder v0.3.1
[INFO] [stderr]    Compiling color_quant v1.1.0
[INFO] [stderr]    Compiling bitflags v1.3.2
[INFO] [stderr]    Compiling smallvec v1.13.2
[INFO] [stderr]    Compiling image-webp v0.2.0
[INFO] [stderr]    Compiling png v0.17.14
[INFO] [stderr]    Compiling zune-jpeg v0.4.13
[INFO] [stderr]    Compiling gif v0.13.1
[INFO] [stderr]    Compiling qoi v0.4.1
[INFO] [stderr]    Compiling num-integer v0.1.46
[INFO] [stderr]    Compiling v_frame v0.3.8
[INFO] [stderr]    Compiling exr v1.72.0
[INFO] [stderr]    Compiling rayon v1.10.0
[INFO] [stderr]    Compiling num-bigint v0.4.6
[INFO] [stderr]    Compiling tiff v0.9.1
[INFO] [stderr]    Compiling gctex v0.3.12
[INFO] [stderr]    Compiling num-rational v0.4.2
[INFO] [stderr] rustc-LLVM ERROR: IO failure on output stream: No space left on device
[INFO] [stderr] error: could not compile `num-bigint` (lib)
[INFO] [stderr] 
[INFO] [stderr] Caused by:
[INFO] [stderr]   No space left on device (os error 28)
[INFO] [stderr] 
[INFO] [stderr] Caused by:
[INFO] [stderr]   failed to parse process output: `/opt/rustwide/rustup-home/toolchains/1.83.0-x86_64-unknown-linux-gnu/bin/rustc --crate-name num_bigint --edition=2021 /opt/rustwide/cargo-home/registry/src/index.crates.io-6f17d22bba15001f/num-bigint-0.4.6/src/lib.rs --error-format=json --json=diagnostic-rendered-ansi,artifacts,future-incompat --crate-type lib --emit=dep-info,metadata,link -C embed-bitcode=no -C debuginfo=2 --cfg 'feature="std"' --check-cfg 'cfg(docsrs)' --check-cfg 'cfg(feature, values("arbitrary", "default", "quickcheck", "rand", "serde", "std"))' -C metadata=0dde64de534292a7 -C extra-filename=-0dde64de534292a7 --out-dir /opt/rustwide/target/debug/deps -L dependency=/opt/rustwide/target/debug/deps --extern num_integer=/opt/rustwide/target/debug/deps/libnum_integer-f0d13f80b56d91d3.rmeta --extern num_traits=/opt/rustwide/target/debug/deps/libnum_traits-15e1fbffc26ebd9a.rmeta --cap-lints allow --cap-lints=warn` (exit status: 101)
[INFO] [stderr] warning: build failed, waiting for other jobs to finish...
[INFO] [stdout] error: failed to write to `/opt/rustwide/target/debug/deps/rmetafZHm8p/lib.rmeta`: No space left on device (os error 28)
[INFO] [stdout] 
[INFO] [stdout] 
[INFO] [stderr] error: could not compile `num-rational` (lib) due to 1 previous error
[INFO] [stderr] The following warnings were emitted during compilation:
[INFO] [stderr] 
[INFO] [stderr] warning: gctex@0.3.12: src/dolemu/TextureDecoder/TextureDecoder_Common.cpp:769:1: fatal error: error writing to /tmp/cc2zobNH.s: No space left on device
[INFO] [stderr] warning: gctex@0.3.12:   769 | }
[INFO] [stderr] warning: gctex@0.3.12:       | ^
[INFO] [stderr] warning: gctex@0.3.12: compilation terminated.
[INFO] [stderr] warning: gctex@0.3.12: src/dolemu/MathUtil.cpp:136:1: fatal error: error writing to /tmp/cco73mqZ.s: No space left on device
[INFO] [stderr] warning: gctex@0.3.12:   136 | }
[INFO] [stderr] warning: gctex@0.3.12:       | ^
[INFO] [stderr] warning: gctex@0.3.12: compilation terminated.
[INFO] [stderr] warning: gctex@0.3.12: ToolExecError: Command "c++" "-O0" "-ffunction-sections" "-fdata-sections" "-fPIC" "-gdwarf-4" "-fno-omit-frame-pointer" "-m64" "-std=c++17" "-I" "." "-I" "src" "-Wall" "-Wextra" "-DARCH_X64=1" "-mssse3" "-o" "/opt/rustwide/target/debug/build/gctex-1e05c35d80dbb530/out/e4b121119ea6ba17-MathUtil.o" "-c" "src/dolemu/MathUtil.cpp" with args c++ did not execute successfully (status code exit status: 1).
[INFO] [stderr] warning: gctex@0.3.12: ToolExecError: Command "c++" "-O0" "-ffunction-sections" "-fdata-sections" "-fPIC" "-gdwarf-4" "-fno-omit-frame-pointer" "-m64" "-std=c++17" "-I" "." "-I" "src" "-Wall" "-Wextra" "-DARCH_X64=1" "-mssse3" "-o" "/opt/rustwide/target/debug/build/gctex-1e05c35d80dbb530/out/f4e8cf6c4c45cc6f-TextureDecoder_Common.o" "-c" "src/dolemu/TextureDecoder/TextureDecoder_Common.cpp" with args c++ did not execute successfully (status code exit status: 1).cargo:warning=src/dolemu/CPUDetect/x64CPUDetect.cpp:289:1: fatal error: error writing to /tmp/ccfZDwzm.s: No space left on device
[INFO] [stderr] warning: gctex@0.3.12:   289 | }
[INFO] [stderr] warning: gctex@0.3.12:       | ^
[INFO] [stderr] warning: gctex@0.3.12: compilation terminated.
[INFO] [stderr] warning: gctex@0.3.12: ToolExecError: Command "c++" "-O0" "-ffunction-sections" "-fdata-sections" "-fPIC" "-gdwarf-4" "-fno-omit-frame-pointer" "-m64" "-std=c++17" "-I" "." "-I" "src" "-Wall" "-Wextra" "-DARCH_X64=1" "-mssse3" "-o" "/opt/rustwide/target/debug/build/gctex-1e05c35d80dbb530/out/15e803a16fa35224-x64CPUDetect.o" "-c" "src/dolemu/CPUDetect/x64CPUDetect.cpp" with args c++ did not execute successfully (status code exit status: 1).
[INFO] [stderr] 
[INFO] [stderr] error: failed to run custom build command for `gctex v0.3.12`
[INFO] [stderr] note: To improve backtraces for build dependencies, set the CARGO_PROFILE_DEV_BUILD_OVERRIDE_DEBUG=true environment variable to enable debug information generation.
[INFO] [stderr] 
[INFO] [stderr] Caused by:
[INFO] [stderr]   process didn't exit successfully: `/opt/rustwide/target/debug/build/gctex-740f0cb2a3a55b9a/build-script-build` (exit status: 1)
[INFO] [stderr]   --- stdout
[INFO] [stderr]   cargo:rustc-env=TARGET=x86_64-unknown-linux-gnu
[INFO] [stderr]   OPT_LEVEL = Some(0)
[INFO] [stderr]   TARGET = Some(x86_64-unknown-linux-gnu)
[INFO] [stderr]   OUT_DIR = Some(/opt/rustwide/target/debug/build/gctex-1e05c35d80dbb530/out)
[INFO] [stderr]   HOST = Some(x86_64-unknown-linux-gnu)
[INFO] [stderr]   cargo:rerun-if-env-changed=CXX_x86_64-unknown-linux-gnu
[INFO] [stderr]   CXX_x86_64-unknown-linux-gnu = None
[INFO] [stderr]   cargo:rerun-if-env-changed=CXX_x86_64_unknown_linux_gnu
[INFO] [stderr]   CXX_x86_64_unknown_linux_gnu = None
[INFO] [stderr]   cargo:rerun-if-env-changed=HOST_CXX
[INFO] [stderr]   HOST_CXX = None
[INFO] [stderr]   cargo:rerun-if-env-changed=CXX
[INFO] [stderr]   CXX = None
[INFO] [stderr]   cargo:rerun-if-env-changed=CC_ENABLE_DEBUG_OUTPUT
[INFO] [stderr]   RUSTC_WRAPPER = None
[INFO] [stderr]   cargo:rerun-if-env-changed=CRATE_CC_NO_DEFAULTS
[INFO] [stderr]   CRATE_CC_NO_DEFAULTS = None
[INFO] [stderr]   DEBUG = Some(true)
[INFO] [stderr]   CARGO_CFG_TARGET_FEATURE = Some(fxsr,sse,sse2)
[INFO] [stderr]   cargo:rerun-if-env-changed=CXXFLAGS_x86_64-unknown-linux-gnu
[INFO] [stderr]   CXXFLAGS_x86_64-unknown-linux-gnu = None
[INFO] [stderr]   cargo:rerun-if-env-changed=CXXFLAGS_x86_64_unknown_linux_gnu
[INFO] [stderr]   CXXFLAGS_x86_64_unknown_linux_gnu = None
[INFO] [stderr]   cargo:rerun-if-env-changed=HOST_CXXFLAGS
[INFO] [stderr]   HOST_CXXFLAGS = None
[INFO] [stderr]   cargo:rerun-if-env-changed=CXXFLAGS
[INFO] [stderr]   CXXFLAGS = None
[INFO] [stderr]   cargo:warning=src/dolemu/TextureDecoder/TextureDecoder_Common.cpp:769:1: fatal error: error writing to /tmp/cc2zobNH.s: No space left on device
[INFO] [stderr]   cargo:warning=  769 | }
[INFO] [stderr]   cargo:warning=      | ^
[INFO] [stderr]   cargo:warning=compilation terminated.
[INFO] [stderr]   cargo:warning=src/dolemu/MathUtil.cpp:136:1: fatal error: error writing to /tmp/cco73mqZ.s: No space left on device
[INFO] [stderr]   cargo:warning=  136 | }
[INFO] [stderr]   cargo:warning=      | ^
[INFO] [stderr]   cargo:warning=compilation terminated.
[INFO] [stderr]   exit status: 0
[INFO] [stderr]   exit status: 0
[INFO] [stderr]   exit status: 0
[INFO] [stderr]   exit status: 0
[INFO] [stderr]   exit status: 1
[INFO] [stderr]   cargo:warning=ToolExecError: Command "c++" "-O0" "-ffunction-sections" "-fdata-sections" "-fPIC" "-gdwarf-4" "-fno-omit-frame-pointer" "-m64" "-std=c++17" "-I" "." "-I" "src" "-Wall" "-Wextra" "-DARCH_X64=1" "-mssse3" "-o" "/opt/rustwide/target/debug/build/gctex-1e05c35d80dbb530/out/e4b121119ea6ba17-MathUtil.o" "-c" "src/dolemu/MathUtil.cpp" with args c++ did not execute successfully (status code exit status: 1).
[INFO] [stderr]   exit status: 1
[INFO] [stderr]   cargo:warning=ToolExecError: Command "c++" "-O0" "-ffunction-sections" "-fdata-sections" "-fPIC" "-gdwarf-4" "-fno-omit-frame-pointer" "-m64" "-std=c++17" "-I" "." "-I" "src" "-Wall" "-Wextra" "-DARCH_X64=1" "-mssse3" "-o" "/opt/rustwide/target/debug/build/gctex-1e05c35d80dbb530/out/f4e8cf6c4c45cc6f-TextureDecoder_Common.o" "-c" "src/dolemu/TextureDecoder/TextureDecoder_Common.cpp" with args c++ did not execute successfully (status code exit status: 1).cargo:warning=src/dolemu/CPUDetect/x64CPUDetect.cpp:289:1: fatal error: error writing to /tmp/ccfZDwzm.s: No space left on device
[INFO] [stderr]   cargo:warning=  289 | }
[INFO] [stderr]   cargo:warning=      | ^
[INFO] [stderr]   cargo:warning=compilation terminated.
[INFO] [stderr] 
[INFO] [stderr]   exit status: 1
[INFO] [stderr]   cargo:warning=ToolExecError: Command "c++" "-O0" "-ffunction-sections" "-fdata-sections" "-fPIC" "-gdwarf-4" "-fno-omit-frame-pointer" "-m64" "-std=c++17" "-I" "." "-I" "src" "-Wall" "-Wextra" "-DARCH_X64=1" "-mssse3" "-o" "/opt/rustwide/target/debug/build/gctex-1e05c35d80dbb530/out/15e803a16fa35224-x64CPUDetect.o" "-c" "src/dolemu/CPUDetect/x64CPUDetect.cpp" with args c++ did not execute successfully (status code exit status: 1).
[INFO] [stderr]   exit status: 0
[INFO] [stderr] 
[INFO] [stderr]   --- stderr
[INFO] [stderr] 
[INFO] [stderr] 
[INFO] [stderr]   error occurred: Command "c++" "-O0" "-ffunction-sections" "-fdata-sections" "-fPIC" "-gdwarf-4" "-fno-omit-frame-pointer" "-m64" "-std=c++17" "-I" "." "-I" "src" "-Wall" "-Wextra" "-DARCH_X64=1" "-mssse3" "-o" "/opt/rustwide/target/debug/build/gctex-1e05c35d80dbb530/out/15e803a16fa35224-x64CPUDetect.o" "-c" "src/dolemu/CPUDetect/x64CPUDetect.cpp" with args c++ did not execute successfully (status code exit status: 1).
[INFO] [stderr] 
[INFO] [stderr] 
[INFO] running `Command { std: "docker" "inspect" "5e2ff3852784ce888056d4ec448eb729d0e9a1b72396d4ab52dc07873c6462f6", kill_on_drop: false }`
[INFO] running `Command { std: "docker" "rm" "-f" "5e2ff3852784ce888056d4ec448eb729d0e9a1b72396d4ab52dc07873c6462f6", kill_on_drop: false }`
[INFO] [stdout] 5e2ff3852784ce888056d4ec448eb729d0e9a1b72396d4ab52dc07873c6462f6
