[INFO] cloning repository https://github.com/ShareRing/shareledger-cw-contracts
[INFO] running `Command { std: "git" "-c" "credential.helper=" "-c" "credential.helper=/workspace/cargo-home/bin/git-credential-null" "clone" "--bare" "https://github.com/ShareRing/shareledger-cw-contracts" "/workspace/cache/git-repos/https%3A%2F%2Fgithub.com%2FShareRing%2Fshareledger-cw-contracts", kill_on_drop: false }`
[INFO] [stderr] Cloning into bare repository '/workspace/cache/git-repos/https%3A%2F%2Fgithub.com%2FShareRing%2Fshareledger-cw-contracts'...
[INFO] running `Command { std: "git" "rev-parse" "HEAD", kill_on_drop: false }`
[INFO] [stdout] ed3816fabb8819d9e649f63cbf769d828575b6d1
[INFO] testing ShareRing/shareledger-cw-contracts against beta-2024-12-08 for beta-1.84.0-4-retry
[INFO] running `Command { std: "git" "clone" "/workspace/cache/git-repos/https%3A%2F%2Fgithub.com%2FShareRing%2Fshareledger-cw-contracts" "/workspace/builds/worker-1-tc2/source", kill_on_drop: false }`
[INFO] [stderr] Cloning into '/workspace/builds/worker-1-tc2/source'...
[INFO] [stderr] done.
[INFO] validating manifest of git repo https://github.com/ShareRing/shareledger-cw-contracts on toolchain beta-2024-12-08
[INFO] running `Command { std: CARGO_HOME="/workspace/cargo-home" RUSTUP_HOME="/workspace/rustup-home" "/workspace/cargo-home/bin/cargo" "+beta-2024-12-08" "metadata" "--manifest-path" "Cargo.toml" "--no-deps", kill_on_drop: false }`
[INFO] started tweaking git repo https://github.com/ShareRing/shareledger-cw-contracts
[INFO] finished tweaking git repo https://github.com/ShareRing/shareledger-cw-contracts
[INFO] tweaked toml for git repo https://github.com/ShareRing/shareledger-cw-contracts written to /workspace/builds/worker-1-tc2/source/Cargo.toml
[INFO] crate git repo https://github.com/ShareRing/shareledger-cw-contracts already has a lockfile, it will not be regenerated
[INFO] running `Command { std: CARGO_HOME="/workspace/cargo-home" RUSTUP_HOME="/workspace/rustup-home" "/workspace/cargo-home/bin/cargo" "+beta-2024-12-08" "fetch" "--manifest-path" "Cargo.toml", kill_on_drop: false }`
[INFO] [stderr] warning: virtual workspace defaulting to `resolver = "1"` despite one or more workspace members being on edition 2021 which implies `resolver = "2"`
[INFO] [stderr] note: to keep the current resolver, specify `workspace.resolver = "1"` in the workspace root's manifest
[INFO] [stderr] note: to use the edition 2021 resolver, specify `workspace.resolver = "2"` in the workspace root's manifest
[INFO] [stderr] note: for more details see https://doc.rust-lang.org/cargo/reference/resolver.html#resolver-versions
[INFO] running `Command { std: "docker" "create" "-v" "/var/lib/crater-agent-workspace/builds/worker-1-tc2/target:/opt/rustwide/target:rw,Z" "-v" "/var/lib/crater-agent-workspace/builds/worker-1-tc2/source:/opt/rustwide/workdir:ro,Z" "-v" "/var/lib/crater-agent-workspace/cargo-home:/opt/rustwide/cargo-home:ro,Z" "-v" "/var/lib/crater-agent-workspace/rustup-home:/opt/rustwide/rustup-home:ro,Z" "-e" "SOURCE_DIR=/opt/rustwide/workdir" "-e" "CARGO_TARGET_DIR=/opt/rustwide/target" "-e" "CARGO_HOME=/opt/rustwide/cargo-home" "-e" "RUSTUP_HOME=/opt/rustwide/rustup-home" "-w" "/opt/rustwide/workdir" "-m" "1610612736" "--user" "0:0" "--network" "none" "ghcr.io/rust-lang/crates-build-env/linux@sha256:f3a9d4ad9d972b27faf3965f35b62e55ba32bbce8f20bc8fe909558a86702fde" "/opt/rustwide/cargo-home/bin/cargo" "+beta-2024-12-08" "metadata" "--no-deps" "--format-version=1", kill_on_drop: false }`
[INFO] [stdout] 9e51454990c1363b0994ec78ff20d33ca063719d887f443054750e35658d3924
[INFO] running `Command { std: "docker" "start" "-a" "9e51454990c1363b0994ec78ff20d33ca063719d887f443054750e35658d3924", kill_on_drop: false }`
[INFO] running `Command { std: "docker" "inspect" "9e51454990c1363b0994ec78ff20d33ca063719d887f443054750e35658d3924", kill_on_drop: false }`
[INFO] running `Command { std: "docker" "rm" "-f" "9e51454990c1363b0994ec78ff20d33ca063719d887f443054750e35658d3924", kill_on_drop: false }`
[INFO] [stdout] 9e51454990c1363b0994ec78ff20d33ca063719d887f443054750e35658d3924
[INFO] running `Command { std: "docker" "create" "-v" "/var/lib/crater-agent-workspace/builds/worker-1-tc2/target:/opt/rustwide/target:rw,Z" "-v" "/var/lib/crater-agent-workspace/builds/worker-1-tc2/source:/opt/rustwide/workdir:ro,Z" "-v" "/var/lib/crater-agent-workspace/cargo-home:/opt/rustwide/cargo-home:ro,Z" "-v" "/var/lib/crater-agent-workspace/rustup-home:/opt/rustwide/rustup-home:ro,Z" "-e" "SOURCE_DIR=/opt/rustwide/workdir" "-e" "CARGO_TARGET_DIR=/opt/rustwide/target" "-e" "CARGO_INCREMENTAL=0" "-e" "RUST_BACKTRACE=full" "-e" "RUSTFLAGS=--cap-lints=warn" "-e" "RUSTDOCFLAGS=--cap-lints=warn" "-e" "CARGO_HOME=/opt/rustwide/cargo-home" "-e" "RUSTUP_HOME=/opt/rustwide/rustup-home" "-w" "/opt/rustwide/workdir" "-m" "1610612736" "--user" "0:0" "--network" "none" "ghcr.io/rust-lang/crates-build-env/linux@sha256:f3a9d4ad9d972b27faf3965f35b62e55ba32bbce8f20bc8fe909558a86702fde" "/opt/rustwide/cargo-home/bin/cargo" "+beta-2024-12-08" "build" "--frozen" "--message-format=json", kill_on_drop: false }`
[INFO] [stdout] be481cb74691395b39b298c1bad56c257d3ecf992733eedd15fb214bae389773
[INFO] running `Command { std: "docker" "start" "-a" "be481cb74691395b39b298c1bad56c257d3ecf992733eedd15fb214bae389773", kill_on_drop: false }`
[INFO] [stderr] warning: virtual workspace defaulting to `resolver = "1"` despite one or more workspace members being on edition 2021 which implies `resolver = "2"`
[INFO] [stderr] note: to keep the current resolver, specify `workspace.resolver = "1"` in the workspace root's manifest
[INFO] [stderr] note: to use the edition 2021 resolver, specify `workspace.resolver = "2"` in the workspace root's manifest
[INFO] [stderr] note: for more details see https://doc.rust-lang.org/cargo/reference/resolver.html#resolver-versions
[INFO] [stderr] warning: output filename collision.
[INFO] [stderr] The bin target `schema` in package `cw1-subkeys v1.0.1 (/opt/rustwide/workdir/contracts/cw1-subkeys)` has the same output filename as the bin target `schema` in package `cw1 v1.0.1 (/opt/rustwide/workdir/packages/cw1)`.
[INFO] [stderr] Colliding filename is: /opt/rustwide/target/debug/schema
[INFO] [stderr] The targets should have unique names.
[INFO] [stderr] Consider changing their names to be unique or compiling them separately.
[INFO] [stderr] This may become a hard error in the future; see <https://github.com/rust-lang/cargo/issues/6313>.
[INFO] [stderr] warning: output filename collision.
[INFO] [stderr] The bin target `schema` in package `cw1-subkeys v1.0.1 (/opt/rustwide/workdir/contracts/cw1-subkeys)` has the same output filename as the bin target `schema` in package `cw1 v1.0.1 (/opt/rustwide/workdir/packages/cw1)`.
[INFO] [stderr] Colliding filename is: /opt/rustwide/target/debug/schema.dwp
[INFO] [stderr] The targets should have unique names.
[INFO] [stderr] Consider changing their names to be unique or compiling them separately.
[INFO] [stderr] This may become a hard error in the future; see <https://github.com/rust-lang/cargo/issues/6313>.
[INFO] [stderr] warning: output filename collision.
[INFO] [stderr] The bin target `schema` in package `cw1-whitelist v1.0.1 (/opt/rustwide/workdir/contracts/cw1-whitelist)` has the same output filename as the bin target `schema` in package `cw1-subkeys v1.0.1 (/opt/rustwide/workdir/contracts/cw1-subkeys)`.
[INFO] [stderr] Colliding filename is: /opt/rustwide/target/debug/schema
[INFO] [stderr] The targets should have unique names.
[INFO] [stderr] Consider changing their names to be unique or compiling them separately.
[INFO] [stderr] This may become a hard error in the future; see <https://github.com/rust-lang/cargo/issues/6313>.
[INFO] [stderr] warning: output filename collision.
[INFO] [stderr] The bin target `schema` in package `cw1-whitelist v1.0.1 (/opt/rustwide/workdir/contracts/cw1-whitelist)` has the same output filename as the bin target `schema` in package `cw1-subkeys v1.0.1 (/opt/rustwide/workdir/contracts/cw1-subkeys)`.
[INFO] [stderr] Colliding filename is: /opt/rustwide/target/debug/schema.dwp
[INFO] [stderr] The targets should have unique names.
[INFO] [stderr] Consider changing their names to be unique or compiling them separately.
[INFO] [stderr] This may become a hard error in the future; see <https://github.com/rust-lang/cargo/issues/6313>.
[INFO] [stderr] warning: output filename collision.
[INFO] [stderr] The bin target `schema` in package `cw1155 v0.16.0 (/opt/rustwide/workdir/packages/cw1155)` has the same output filename as the bin target `schema` in package `cw1-whitelist v1.0.1 (/opt/rustwide/workdir/contracts/cw1-whitelist)`.
[INFO] [stderr] Colliding filename is: /opt/rustwide/target/debug/schema
[INFO] [stderr] The targets should have unique names.
[INFO] [stderr] Consider changing their names to be unique or compiling them separately.
[INFO] [stderr] This may become a hard error in the future; see <https://github.com/rust-lang/cargo/issues/6313>.
[INFO] [stderr] warning: output filename collision.
[INFO] [stderr] The bin target `schema` in package `cw1155 v0.16.0 (/opt/rustwide/workdir/packages/cw1155)` has the same output filename as the bin target `schema` in package `cw1-whitelist v1.0.1 (/opt/rustwide/workdir/contracts/cw1-whitelist)`.
[INFO] [stderr] Colliding filename is: /opt/rustwide/target/debug/schema.dwp
[INFO] [stderr] The targets should have unique names.
[INFO] [stderr] Consider changing their names to be unique or compiling them separately.
[INFO] [stderr] This may become a hard error in the future; see <https://github.com/rust-lang/cargo/issues/6313>.
[INFO] [stderr] warning: output filename collision.
[INFO] [stderr] The bin target `schema` in package `cw1155-base v0.16.0 (/opt/rustwide/workdir/contracts/cw1155-base)` has the same output filename as the bin target `schema` in package `cw1155 v0.16.0 (/opt/rustwide/workdir/packages/cw1155)`.
[INFO] [stderr] Colliding filename is: /opt/rustwide/target/debug/schema
[INFO] [stderr] The targets should have unique names.
[INFO] [stderr] Consider changing their names to be unique or compiling them separately.
[INFO] [stderr] This may become a hard error in the future; see <https://github.com/rust-lang/cargo/issues/6313>.
[INFO] [stderr] warning: output filename collision.
[INFO] [stderr] The bin target `schema` in package `cw1155-base v0.16.0 (/opt/rustwide/workdir/contracts/cw1155-base)` has the same output filename as the bin target `schema` in package `cw1155 v0.16.0 (/opt/rustwide/workdir/packages/cw1155)`.
[INFO] [stderr] Colliding filename is: /opt/rustwide/target/debug/schema.dwp
[INFO] [stderr] The targets should have unique names.
[INFO] [stderr] Consider changing their names to be unique or compiling them separately.
[INFO] [stderr] This may become a hard error in the future; see <https://github.com/rust-lang/cargo/issues/6313>.
[INFO] [stderr] warning: output filename collision.
[INFO] [stderr] The bin target `schema` in package `cw1155-royalties v0.16.0 (/opt/rustwide/workdir/contracts/cw1155-royalties)` has the same output filename as the bin target `schema` in package `cw1155-base v0.16.0 (/opt/rustwide/workdir/contracts/cw1155-base)`.
[INFO] [stderr] Colliding filename is: /opt/rustwide/target/debug/schema
[INFO] [stderr] The targets should have unique names.
[INFO] [stderr] Consider changing their names to be unique or compiling them separately.
[INFO] [stderr] This may become a hard error in the future; see <https://github.com/rust-lang/cargo/issues/6313>.
[INFO] [stderr] warning: output filename collision.
[INFO] [stderr] The bin target `schema` in package `cw1155-royalties v0.16.0 (/opt/rustwide/workdir/contracts/cw1155-royalties)` has the same output filename as the bin target `schema` in package `cw1155-base v0.16.0 (/opt/rustwide/workdir/contracts/cw1155-base)`.
[INFO] [stderr] Colliding filename is: /opt/rustwide/target/debug/schema.dwp
[INFO] [stderr] The targets should have unique names.
[INFO] [stderr] Consider changing their names to be unique or compiling them separately.
[INFO] [stderr] This may become a hard error in the future; see <https://github.com/rust-lang/cargo/issues/6313>.
[INFO] [stderr] warning: output filename collision.
[INFO] [stderr] The bin target `schema` in package `cw20 v1.0.1 (/opt/rustwide/workdir/packages/cw20)` has the same output filename as the bin target `schema` in package `cw1155-royalties v0.16.0 (/opt/rustwide/workdir/contracts/cw1155-royalties)`.
[INFO] [stderr] Colliding filename is: /opt/rustwide/target/debug/schema
[INFO] [stderr] The targets should have unique names.
[INFO] [stderr] Consider changing their names to be unique or compiling them separately.
[INFO] [stderr] This may become a hard error in the future; see <https://github.com/rust-lang/cargo/issues/6313>.
[INFO] [stderr] warning: output filename collision.
[INFO] [stderr] The bin target `schema` in package `cw20 v1.0.1 (/opt/rustwide/workdir/packages/cw20)` has the same output filename as the bin target `schema` in package `cw1155-royalties v0.16.0 (/opt/rustwide/workdir/contracts/cw1155-royalties)`.
[INFO] [stderr] Colliding filename is: /opt/rustwide/target/debug/schema.dwp
[INFO] [stderr] The targets should have unique names.
[INFO] [stderr] Consider changing their names to be unique or compiling them separately.
[INFO] [stderr] This may become a hard error in the future; see <https://github.com/rust-lang/cargo/issues/6313>.
[INFO] [stderr] warning: output filename collision.
[INFO] [stderr] The bin target `schema` in package `cw20-base v1.0.1 (/opt/rustwide/workdir/contracts/cw20-base)` has the same output filename as the bin target `schema` in package `cw20 v1.0.1 (/opt/rustwide/workdir/packages/cw20)`.
[INFO] [stderr] Colliding filename is: /opt/rustwide/target/debug/schema
[INFO] [stderr] The targets should have unique names.
[INFO] [stderr] Consider changing their names to be unique or compiling them separately.
[INFO] [stderr] This may become a hard error in the future; see <https://github.com/rust-lang/cargo/issues/6313>.
[INFO] [stderr] warning: output filename collision.
[INFO] [stderr] The bin target `schema` in package `cw20-base v1.0.1 (/opt/rustwide/workdir/contracts/cw20-base)` has the same output filename as the bin target `schema` in package `cw20 v1.0.1 (/opt/rustwide/workdir/packages/cw20)`.
[INFO] [stderr] Colliding filename is: /opt/rustwide/target/debug/schema.dwp
[INFO] [stderr] The targets should have unique names.
[INFO] [stderr] Consider changing their names to be unique or compiling them separately.
[INFO] [stderr] This may become a hard error in the future; see <https://github.com/rust-lang/cargo/issues/6313>.
[INFO] [stderr] warning: output filename collision.
[INFO] [stderr] The bin target `schema` in package `cw20-ics20 v1.0.1 (/opt/rustwide/workdir/contracts/cw20-ics20)` has the same output filename as the bin target `schema` in package `cw20-base v1.0.1 (/opt/rustwide/workdir/contracts/cw20-base)`.
[INFO] [stderr] Colliding filename is: /opt/rustwide/target/debug/schema
[INFO] [stderr] The targets should have unique names.
[INFO] [stderr] Consider changing their names to be unique or compiling them separately.
[INFO] [stderr] This may become a hard error in the future; see <https://github.com/rust-lang/cargo/issues/6313>.
[INFO] [stderr] warning: output filename collision.
[INFO] [stderr] The bin target `schema` in package `cw20-ics20 v1.0.1 (/opt/rustwide/workdir/contracts/cw20-ics20)` has the same output filename as the bin target `schema` in package `cw20-base v1.0.1 (/opt/rustwide/workdir/contracts/cw20-base)`.
[INFO] [stderr] Colliding filename is: /opt/rustwide/target/debug/schema.dwp
[INFO] [stderr] The targets should have unique names.
[INFO] [stderr] Consider changing their names to be unique or compiling them separately.
[INFO] [stderr] This may become a hard error in the future; see <https://github.com/rust-lang/cargo/issues/6313>.
[INFO] [stderr] warning: output filename collision.
[INFO] [stderr] The bin target `schema` in package `cw3 v1.0.1 (/opt/rustwide/workdir/packages/cw3)` has the same output filename as the bin target `schema` in package `cw20-ics20 v1.0.1 (/opt/rustwide/workdir/contracts/cw20-ics20)`.
[INFO] [stderr] Colliding filename is: /opt/rustwide/target/debug/schema
[INFO] [stderr] The targets should have unique names.
[INFO] [stderr] Consider changing their names to be unique or compiling them separately.
[INFO] [stderr] This may become a hard error in the future; see <https://github.com/rust-lang/cargo/issues/6313>.
[INFO] [stderr] warning: output filename collision.
[INFO] [stderr] The bin target `schema` in package `cw3 v1.0.1 (/opt/rustwide/workdir/packages/cw3)` has the same output filename as the bin target `schema` in package `cw20-ics20 v1.0.1 (/opt/rustwide/workdir/contracts/cw20-ics20)`.
[INFO] [stderr] Colliding filename is: /opt/rustwide/target/debug/schema.dwp
[INFO] [stderr] The targets should have unique names.
[INFO] [stderr] Consider changing their names to be unique or compiling them separately.
[INFO] [stderr] This may become a hard error in the future; see <https://github.com/rust-lang/cargo/issues/6313>.
[INFO] [stderr] warning: output filename collision.
[INFO] [stderr] The bin target `schema` in package `cw3-fixed-multisig v1.0.1 (/opt/rustwide/workdir/contracts/cw3-fixed-multisig)` has the same output filename as the bin target `schema` in package `cw3 v1.0.1 (/opt/rustwide/workdir/packages/cw3)`.
[INFO] [stderr] Colliding filename is: /opt/rustwide/target/debug/schema
[INFO] [stderr] The targets should have unique names.
[INFO] [stderr] Consider changing their names to be unique or compiling them separately.
[INFO] [stderr] This may become a hard error in the future; see <https://github.com/rust-lang/cargo/issues/6313>.
[INFO] [stderr] warning: output filename collision.
[INFO] [stderr] The bin target `schema` in package `cw3-fixed-multisig v1.0.1 (/opt/rustwide/workdir/contracts/cw3-fixed-multisig)` has the same output filename as the bin target `schema` in package `cw3 v1.0.1 (/opt/rustwide/workdir/packages/cw3)`.
[INFO] [stderr] Colliding filename is: /opt/rustwide/target/debug/schema.dwp
[INFO] [stderr] The targets should have unique names.
[INFO] [stderr] Consider changing their names to be unique or compiling them separately.
[INFO] [stderr] This may become a hard error in the future; see <https://github.com/rust-lang/cargo/issues/6313>.
[INFO] [stderr] warning: output filename collision.
[INFO] [stderr] The bin target `schema` in package `cw3-flex-multisig v1.0.1 (/opt/rustwide/workdir/contracts/cw3-flex-multisig)` has the same output filename as the bin target `schema` in package `cw3-fixed-multisig v1.0.1 (/opt/rustwide/workdir/contracts/cw3-fixed-multisig)`.
[INFO] [stderr] Colliding filename is: /opt/rustwide/target/debug/schema
[INFO] [stderr] The targets should have unique names.
[INFO] [stderr] Consider changing their names to be unique or compiling them separately.
[INFO] [stderr] This may become a hard error in the future; see <https://github.com/rust-lang/cargo/issues/6313>.
[INFO] [stderr] warning: output filename collision.
[INFO] [stderr] The bin target `schema` in package `cw3-flex-multisig v1.0.1 (/opt/rustwide/workdir/contracts/cw3-flex-multisig)` has the same output filename as the bin target `schema` in package `cw3-fixed-multisig v1.0.1 (/opt/rustwide/workdir/contracts/cw3-fixed-multisig)`.
[INFO] [stderr] Colliding filename is: /opt/rustwide/target/debug/schema.dwp
[INFO] [stderr] The targets should have unique names.
[INFO] [stderr] Consider changing their names to be unique or compiling them separately.
[INFO] [stderr] This may become a hard error in the future; see <https://github.com/rust-lang/cargo/issues/6313>.
[INFO] [stderr] warning: output filename collision.
[INFO] [stderr] The bin target `schema` in package `cw4 v1.0.1 (/opt/rustwide/workdir/packages/cw4)` has the same output filename as the bin target `schema` in package `cw3-flex-multisig v1.0.1 (/opt/rustwide/workdir/contracts/cw3-flex-multisig)`.
[INFO] [stderr] Colliding filename is: /opt/rustwide/target/debug/schema
[INFO] [stderr] The targets should have unique names.
[INFO] [stderr] Consider changing their names to be unique or compiling them separately.
[INFO] [stderr] This may become a hard error in the future; see <https://github.com/rust-lang/cargo/issues/6313>.
[INFO] [stderr] warning: output filename collision.
[INFO] [stderr] The bin target `schema` in package `cw4 v1.0.1 (/opt/rustwide/workdir/packages/cw4)` has the same output filename as the bin target `schema` in package `cw3-flex-multisig v1.0.1 (/opt/rustwide/workdir/contracts/cw3-flex-multisig)`.
[INFO] [stderr] Colliding filename is: /opt/rustwide/target/debug/schema.dwp
[INFO] [stderr] The targets should have unique names.
[INFO] [stderr] Consider changing their names to be unique or compiling them separately.
[INFO] [stderr] This may become a hard error in the future; see <https://github.com/rust-lang/cargo/issues/6313>.
[INFO] [stderr] warning: output filename collision.
[INFO] [stderr] The bin target `schema` in package `cw4-group v1.0.1 (/opt/rustwide/workdir/contracts/cw4-group)` has the same output filename as the bin target `schema` in package `cw4 v1.0.1 (/opt/rustwide/workdir/packages/cw4)`.
[INFO] [stderr] Colliding filename is: /opt/rustwide/target/debug/schema
[INFO] [stderr] The targets should have unique names.
[INFO] [stderr] Consider changing their names to be unique or compiling them separately.
[INFO] [stderr] This may become a hard error in the future; see <https://github.com/rust-lang/cargo/issues/6313>.
[INFO] [stderr] warning: output filename collision.
[INFO] [stderr] The bin target `schema` in package `cw4-group v1.0.1 (/opt/rustwide/workdir/contracts/cw4-group)` has the same output filename as the bin target `schema` in package `cw4 v1.0.1 (/opt/rustwide/workdir/packages/cw4)`.
[INFO] [stderr] Colliding filename is: /opt/rustwide/target/debug/schema.dwp
[INFO] [stderr] The targets should have unique names.
[INFO] [stderr] Consider changing their names to be unique or compiling them separately.
[INFO] [stderr] This may become a hard error in the future; see <https://github.com/rust-lang/cargo/issues/6313>.
[INFO] [stderr] warning: output filename collision.
[INFO] [stderr] The bin target `schema` in package `cw4-stake v1.0.1 (/opt/rustwide/workdir/contracts/cw4-stake)` has the same output filename as the bin target `schema` in package `cw4-group v1.0.1 (/opt/rustwide/workdir/contracts/cw4-group)`.
[INFO] [stderr] Colliding filename is: /opt/rustwide/target/debug/schema
[INFO] [stderr] The targets should have unique names.
[INFO] [stderr] Consider changing their names to be unique or compiling them separately.
[INFO] [stderr] This may become a hard error in the future; see <https://github.com/rust-lang/cargo/issues/6313>.
[INFO] [stderr] warning: output filename collision.
[INFO] [stderr] The bin target `schema` in package `cw4-stake v1.0.1 (/opt/rustwide/workdir/contracts/cw4-stake)` has the same output filename as the bin target `schema` in package `cw4-group v1.0.1 (/opt/rustwide/workdir/contracts/cw4-group)`.
[INFO] [stderr] Colliding filename is: /opt/rustwide/target/debug/schema.dwp
[INFO] [stderr] The targets should have unique names.
[INFO] [stderr] Consider changing their names to be unique or compiling them separately.
[INFO] [stderr] This may become a hard error in the future; see <https://github.com/rust-lang/cargo/issues/6313>.
[INFO] [stderr]    Compiling version_check v0.9.4
[INFO] [stderr]    Compiling typenum v1.16.0
[INFO] [stderr]    Compiling proc-macro2 v1.0.47
[INFO] [stderr]    Compiling quote v1.0.21
[INFO] [stderr]    Compiling unicode-ident v1.0.5
[INFO] [stderr]    Compiling syn v1.0.105
[INFO] [stderr]    Compiling cfg-if v1.0.0
[INFO] [stderr]    Compiling libc v0.2.138
[INFO] [stderr]    Compiling subtle v2.4.1
[INFO] [stderr]    Compiling zeroize v1.5.7
[INFO] [stderr]    Compiling serde_derive v1.0.150
[INFO] [stderr]    Compiling serde v1.0.150
[INFO] [stderr]    Compiling const-oid v0.9.1
[INFO] [stderr]    Compiling base64ct v1.5.3
[INFO] [stderr]    Compiling base16ct v0.1.1
[INFO] [stderr]    Compiling cpufeatures v0.2.5
[INFO] [stderr]    Compiling serde_json v1.0.89
[INFO] [stderr]    Compiling once_cell v1.16.0
[INFO] [stderr]    Compiling byteorder v1.4.3
[INFO] [stderr]    Compiling thiserror v1.0.37
[INFO] [stderr]    Compiling opaque-debug v0.3.0
[INFO] [stderr]    Compiling crunchy v0.2.2
[INFO] [stderr]    Compiling schemars v0.8.11
[INFO] [stderr]    Compiling der v0.6.1
[INFO] [stderr]    Compiling hex v0.4.3
[INFO] [stderr]    Compiling itoa v1.0.4
[INFO] [stderr]    Compiling rand_core v0.5.1
[INFO] [stderr]    Compiling ryu v1.0.11
[INFO] [stderr]    Compiling dyn-clone v1.0.9
[INFO] [stderr]    Compiling static_assertions v1.1.0
[INFO] [stderr]    Compiling forward_ref v1.0.0
[INFO] [stderr]    Compiling base64 v0.13.1
[INFO] [stderr]    Compiling semver v1.0.14
[INFO] [stderr]    Compiling generic-array v0.14.6
[INFO] [stderr]    Compiling ahash v0.7.6
[INFO] [stderr]    Compiling uint v0.9.5
[INFO] [stderr]    Compiling getrandom v0.2.8
[INFO] [stderr]    Compiling rand_core v0.6.4
[INFO] [stderr]    Compiling ff v0.12.1
[INFO] [stderr]    Compiling hashbrown v0.12.3
[INFO] [stderr]    Compiling spki v0.6.0
[INFO] [stderr]    Compiling group v0.12.1
[INFO] [stderr]    Compiling pkcs8 v0.9.0
[INFO] [stderr]    Compiling crypto-common v0.1.6
[INFO] [stderr]    Compiling block-buffer v0.10.3
[INFO] [stderr]    Compiling crypto-bigint v0.4.9
[INFO] [stderr]    Compiling digest v0.9.0
[INFO] [stderr]    Compiling sec1 v0.3.0
[INFO] [stderr]    Compiling block-buffer v0.9.0
[INFO] [stderr]    Compiling digest v0.10.6
[INFO] [stderr]    Compiling sha2 v0.9.9
[INFO] [stderr]    Compiling curve25519-dalek v3.2.0
[INFO] [stderr]    Compiling hmac v0.12.1
[INFO] [stderr]    Compiling signature v1.6.4
[INFO] [stderr]    Compiling sha2 v0.10.6
[INFO] [stderr]    Compiling elliptic-curve v0.12.3
[INFO] [stderr]    Compiling rfc6979 v0.3.1
[INFO] [stderr]    Compiling ecdsa v0.14.8
[INFO] [stderr]    Compiling k256 v0.11.6
[INFO] [stderr]    Compiling serde_derive_internals v0.26.0
[INFO] [stderr]    Compiling thiserror-impl v1.0.37
[INFO] [stderr]    Compiling schemars_derive v0.8.11
[INFO] [stderr]    Compiling derivative v2.2.0
[INFO] [stderr]    Compiling cosmwasm-derive v1.1.9
[INFO] [stderr]    Compiling cosmwasm-schema-derive v1.1.9
[INFO] [stderr]    Compiling ed25519-zebra v3.1.0
[INFO] [stderr]    Compiling serde-json-wasm v0.4.1
[INFO] [stderr]    Compiling cosmwasm-crypto v1.1.9
[INFO] [stderr]    Compiling cosmwasm-std v1.1.9
[INFO] [stderr]    Compiling cosmwasm-schema v1.1.9
[INFO] [stderr]    Compiling cw-storage-plus v1.0.1
[INFO] [stderr]    Compiling cw-storage-plus v0.16.0
[INFO] [stderr]    Compiling cw1 v1.0.1 (/opt/rustwide/workdir/packages/cw1)
[INFO] [stderr]    Compiling cw2 v1.0.1
[INFO] [stderr]    Compiling cw2 v1.0.1 (/opt/rustwide/workdir/packages/cw2)
[INFO] [stderr]    Compiling cw4 v1.0.1 (/opt/rustwide/workdir/packages/cw4)
[INFO] [stderr]    Compiling cw2 v0.16.0
[INFO] [stderr]    Compiling cw-utils v0.16.0
[INFO] [stderr]    Compiling cw-utils v1.0.1
[INFO] [stderr]    Compiling cw721 v0.16.0 (/opt/rustwide/workdir/packages/cw721)
[INFO] [stderr]    Compiling cw20 v0.16.0
[INFO] [stderr]    Compiling cw20 v1.0.1 (/opt/rustwide/workdir/packages/cw20)
[INFO] [stderr]    Compiling cw-controllers v1.0.1 (/opt/rustwide/workdir/packages/controllers)
[INFO] [stderr]    Compiling cw1155 v0.16.0 (/opt/rustwide/workdir/packages/cw1155)
[INFO] [stderr]    Compiling cw1-whitelist v1.0.1 (/opt/rustwide/workdir/contracts/cw1-whitelist)
[INFO] [stderr]    Compiling cw4-group v1.0.1 (/opt/rustwide/workdir/contracts/cw4-group)
[INFO] [stderr]    Compiling cw721-base v0.16.0 (/opt/rustwide/workdir/contracts/cw721-base)
[INFO] [stderr]    Compiling cw721-autoincrement-id v0.16.0 (/opt/rustwide/workdir/contracts/cw721-autoincrement-id)
[INFO] [stderr]    Compiling cw1155-base v0.16.0 (/opt/rustwide/workdir/contracts/cw1155-base)
[INFO] [stderr]    Compiling cw1155-royalties v0.16.0 (/opt/rustwide/workdir/contracts/cw1155-royalties)
[INFO] [stderr]    Compiling cw3 v1.0.1 (/opt/rustwide/workdir/packages/cw3)
[INFO] [stderr]    Compiling cw4-stake v1.0.1 (/opt/rustwide/workdir/contracts/cw4-stake)
[INFO] [stderr]    Compiling cw20-ics20 v1.0.1 (/opt/rustwide/workdir/contracts/cw20-ics20)
[INFO] [stderr]    Compiling cw20-base v1.0.1 (/opt/rustwide/workdir/contracts/cw20-base)
[INFO] [stderr]    Compiling cw1-subkeys v1.0.1 (/opt/rustwide/workdir/contracts/cw1-subkeys)
[INFO] [stderr]    Compiling cw3-fixed-multisig v1.0.1 (/opt/rustwide/workdir/contracts/cw3-fixed-multisig)
[INFO] [stderr]    Compiling cw721-non-transferable v0.16.0 (/opt/rustwide/workdir/contracts/cw721-non-transferable)
[INFO] [stderr]    Compiling cw721-fixed-price v0.16.0 (/opt/rustwide/workdir/contracts/cw721-fixed-price)
[INFO] [stderr]    Compiling cw2981-royalties v0.16.0 (/opt/rustwide/workdir/contracts/cw2981-royalties)
[INFO] [stderr]    Compiling cw721-metadata-onchain v0.16.0 (/opt/rustwide/workdir/contracts/cw721-metadata-onchain)
[INFO] [stderr]    Compiling cw2981-royalties-autoincrement v0.16.0 (/opt/rustwide/workdir/contracts/cw2981-royalties-autoincrement)
[INFO] [stderr]    Compiling cw3-flex-multisig v1.0.1 (/opt/rustwide/workdir/contracts/cw3-flex-multisig)
[INFO] [stderr]     Finished `dev` profile [unoptimized + debuginfo] target(s) in 1m 09s
[INFO] running `Command { std: "docker" "inspect" "be481cb74691395b39b298c1bad56c257d3ecf992733eedd15fb214bae389773", kill_on_drop: false }`
[INFO] running `Command { std: "docker" "rm" "-f" "be481cb74691395b39b298c1bad56c257d3ecf992733eedd15fb214bae389773", kill_on_drop: false }`
[INFO] [stdout] be481cb74691395b39b298c1bad56c257d3ecf992733eedd15fb214bae389773
[INFO] running `Command { std: "docker" "create" "-v" "/var/lib/crater-agent-workspace/builds/worker-1-tc2/target:/opt/rustwide/target:rw,Z" "-v" "/var/lib/crater-agent-workspace/builds/worker-1-tc2/source:/opt/rustwide/workdir:ro,Z" "-v" "/var/lib/crater-agent-workspace/cargo-home:/opt/rustwide/cargo-home:ro,Z" "-v" "/var/lib/crater-agent-workspace/rustup-home:/opt/rustwide/rustup-home:ro,Z" "-e" "SOURCE_DIR=/opt/rustwide/workdir" "-e" "CARGO_TARGET_DIR=/opt/rustwide/target" "-e" "CARGO_INCREMENTAL=0" "-e" "RUST_BACKTRACE=full" "-e" "RUSTFLAGS=--cap-lints=warn" "-e" "RUSTDOCFLAGS=--cap-lints=warn" "-e" "CARGO_HOME=/opt/rustwide/cargo-home" "-e" "RUSTUP_HOME=/opt/rustwide/rustup-home" "-w" "/opt/rustwide/workdir" "-m" "1610612736" "--user" "0:0" "--network" "none" "ghcr.io/rust-lang/crates-build-env/linux@sha256:f3a9d4ad9d972b27faf3965f35b62e55ba32bbce8f20bc8fe909558a86702fde" "/opt/rustwide/cargo-home/bin/cargo" "+beta-2024-12-08" "test" "--frozen" "--no-run" "--message-format=json", kill_on_drop: false }`
[INFO] [stdout] 313ac3bba8a574a8a5e68465ec6680a5001d05b8e66ce406a03114c84ac23a0c
[INFO] running `Command { std: "docker" "start" "-a" "313ac3bba8a574a8a5e68465ec6680a5001d05b8e66ce406a03114c84ac23a0c", kill_on_drop: false }`
[INFO] [stderr] warning: virtual workspace defaulting to `resolver = "1"` despite one or more workspace members being on edition 2021 which implies `resolver = "2"`
[INFO] [stderr] note: to keep the current resolver, specify `workspace.resolver = "1"` in the workspace root's manifest
[INFO] [stderr] note: to use the edition 2021 resolver, specify `workspace.resolver = "2"` in the workspace root's manifest
[INFO] [stderr] note: for more details see https://doc.rust-lang.org/cargo/reference/resolver.html#resolver-versions
[INFO] [stderr] warning: output filename collision.
[INFO] [stderr] The example target `schema` in package `cw2981-royalties-autoincrement v0.16.0 (/opt/rustwide/workdir/contracts/cw2981-royalties-autoincrement)` has the same output filename as the example target `schema` in package `cw2981-royalties v0.16.0 (/opt/rustwide/workdir/contracts/cw2981-royalties)`.
[INFO] [stderr] Colliding filename is: /opt/rustwide/target/debug/examples/schema
[INFO] [stderr] The targets should have unique names.
[INFO] [stderr] Consider changing their names to be unique or compiling them separately.
[INFO] [stderr] This may become a hard error in the future; see <https://github.com/rust-lang/cargo/issues/6313>.
[INFO] [stderr] warning: output filename collision.
[INFO] [stderr] The example target `schema` in package `cw2981-royalties-autoincrement v0.16.0 (/opt/rustwide/workdir/contracts/cw2981-royalties-autoincrement)` has the same output filename as the example target `schema` in package `cw2981-royalties v0.16.0 (/opt/rustwide/workdir/contracts/cw2981-royalties)`.
[INFO] [stderr] Colliding filename is: /opt/rustwide/target/debug/examples/schema.dwp
[INFO] [stderr] The targets should have unique names.
[INFO] [stderr] Consider changing their names to be unique or compiling them separately.
[INFO] [stderr] This may become a hard error in the future; see <https://github.com/rust-lang/cargo/issues/6313>.
[INFO] [stderr] warning: output filename collision.
[INFO] [stderr] The example target `schema` in package `cw721 v0.16.0 (/opt/rustwide/workdir/packages/cw721)` has the same output filename as the example target `schema` in package `cw2981-royalties-autoincrement v0.16.0 (/opt/rustwide/workdir/contracts/cw2981-royalties-autoincrement)`.
[INFO] [stderr] Colliding filename is: /opt/rustwide/target/debug/examples/schema
[INFO] [stderr] The targets should have unique names.
[INFO] [stderr] Consider changing their names to be unique or compiling them separately.
[INFO] [stderr] This may become a hard error in the future; see <https://github.com/rust-lang/cargo/issues/6313>.
[INFO] [stderr] warning: output filename collision.
[INFO] [stderr] The example target `schema` in package `cw721 v0.16.0 (/opt/rustwide/workdir/packages/cw721)` has the same output filename as the example target `schema` in package `cw2981-royalties-autoincrement v0.16.0 (/opt/rustwide/workdir/contracts/cw2981-royalties-autoincrement)`.
[INFO] [stderr] Colliding filename is: /opt/rustwide/target/debug/examples/schema.dwp
[INFO] [stderr] The targets should have unique names.
[INFO] [stderr] Consider changing their names to be unique or compiling them separately.
[INFO] [stderr] This may become a hard error in the future; see <https://github.com/rust-lang/cargo/issues/6313>.
[INFO] [stderr] warning: output filename collision.
[INFO] [stderr] The example target `schema` in package `cw721-autoincrement-id v0.16.0 (/opt/rustwide/workdir/contracts/cw721-autoincrement-id)` has the same output filename as the example target `schema` in package `cw721 v0.16.0 (/opt/rustwide/workdir/packages/cw721)`.
[INFO] [stderr] Colliding filename is: /opt/rustwide/target/debug/examples/schema
[INFO] [stderr] The targets should have unique names.
[INFO] [stderr] Consider changing their names to be unique or compiling them separately.
[INFO] [stderr] This may become a hard error in the future; see <https://github.com/rust-lang/cargo/issues/6313>.
[INFO] [stderr] warning: output filename collision.
[INFO] [stderr] The example target `schema` in package `cw721-autoincrement-id v0.16.0 (/opt/rustwide/workdir/contracts/cw721-autoincrement-id)` has the same output filename as the example target `schema` in package `cw721 v0.16.0 (/opt/rustwide/workdir/packages/cw721)`.
[INFO] [stderr] Colliding filename is: /opt/rustwide/target/debug/examples/schema.dwp
[INFO] [stderr] The targets should have unique names.
[INFO] [stderr] Consider changing their names to be unique or compiling them separately.
[INFO] [stderr] This may become a hard error in the future; see <https://github.com/rust-lang/cargo/issues/6313>.
[INFO] [stderr] warning: output filename collision.
[INFO] [stderr] The example target `schema` in package `cw721-base v0.16.0 (/opt/rustwide/workdir/contracts/cw721-base)` has the same output filename as the example target `schema` in package `cw721-autoincrement-id v0.16.0 (/opt/rustwide/workdir/contracts/cw721-autoincrement-id)`.
[INFO] [stderr] Colliding filename is: /opt/rustwide/target/debug/examples/schema
[INFO] [stderr] The targets should have unique names.
[INFO] [stderr] Consider changing their names to be unique or compiling them separately.
[INFO] [stderr] This may become a hard error in the future; see <https://github.com/rust-lang/cargo/issues/6313>.
[INFO] [stderr] warning: output filename collision.
[INFO] [stderr] The example target `schema` in package `cw721-base v0.16.0 (/opt/rustwide/workdir/contracts/cw721-base)` has the same output filename as the example target `schema` in package `cw721-autoincrement-id v0.16.0 (/opt/rustwide/workdir/contracts/cw721-autoincrement-id)`.
[INFO] [stderr] Colliding filename is: /opt/rustwide/target/debug/examples/schema.dwp
[INFO] [stderr] The targets should have unique names.
[INFO] [stderr] Consider changing their names to be unique or compiling them separately.
[INFO] [stderr] This may become a hard error in the future; see <https://github.com/rust-lang/cargo/issues/6313>.
[INFO] [stderr] warning: output filename collision.
[INFO] [stderr] The example target `schema` in package `cw721-fixed-price v0.16.0 (/opt/rustwide/workdir/contracts/cw721-fixed-price)` has the same output filename as the example target `schema` in package `cw721-base v0.16.0 (/opt/rustwide/workdir/contracts/cw721-base)`.
[INFO] [stderr] Colliding filename is: /opt/rustwide/target/debug/examples/schema
[INFO] [stderr] The targets should have unique names.
[INFO] [stderr] Consider changing their names to be unique or compiling them separately.
[INFO] [stderr] This may become a hard error in the future; see <https://github.com/rust-lang/cargo/issues/6313>.
[INFO] [stderr] warning: output filename collision.
[INFO] [stderr] The example target `schema` in package `cw721-fixed-price v0.16.0 (/opt/rustwide/workdir/contracts/cw721-fixed-price)` has the same output filename as the example target `schema` in package `cw721-base v0.16.0 (/opt/rustwide/workdir/contracts/cw721-base)`.
[INFO] [stderr] Colliding filename is: /opt/rustwide/target/debug/examples/schema.dwp
[INFO] [stderr] The targets should have unique names.
[INFO] [stderr] Consider changing their names to be unique or compiling them separately.
[INFO] [stderr] This may become a hard error in the future; see <https://github.com/rust-lang/cargo/issues/6313>.
[INFO] [stderr] warning: output filename collision.
[INFO] [stderr] The example target `schema` in package `cw721-metadata-onchain v0.16.0 (/opt/rustwide/workdir/contracts/cw721-metadata-onchain)` has the same output filename as the example target `schema` in package `cw721-fixed-price v0.16.0 (/opt/rustwide/workdir/contracts/cw721-fixed-price)`.
[INFO] [stderr] Colliding filename is: /opt/rustwide/target/debug/examples/schema
[INFO] [stderr] The targets should have unique names.
[INFO] [stderr] Consider changing their names to be unique or compiling them separately.
[INFO] [stderr] This may become a hard error in the future; see <https://github.com/rust-lang/cargo/issues/6313>.
[INFO] [stderr] warning: output filename collision.
[INFO] [stderr] The example target `schema` in package `cw721-metadata-onchain v0.16.0 (/opt/rustwide/workdir/contracts/cw721-metadata-onchain)` has the same output filename as the example target `schema` in package `cw721-fixed-price v0.16.0 (/opt/rustwide/workdir/contracts/cw721-fixed-price)`.
[INFO] [stderr] Colliding filename is: /opt/rustwide/target/debug/examples/schema.dwp
[INFO] [stderr] The targets should have unique names.
[INFO] [stderr] Consider changing their names to be unique or compiling them separately.
[INFO] [stderr] This may become a hard error in the future; see <https://github.com/rust-lang/cargo/issues/6313>.
[INFO] [stderr] warning: output filename collision.
[INFO] [stderr] The example target `schema` in package `cw721-non-transferable v0.16.0 (/opt/rustwide/workdir/contracts/cw721-non-transferable)` has the same output filename as the example target `schema` in package `cw721-metadata-onchain v0.16.0 (/opt/rustwide/workdir/contracts/cw721-metadata-onchain)`.
[INFO] [stderr] Colliding filename is: /opt/rustwide/target/debug/examples/schema
[INFO] [stderr] The targets should have unique names.
[INFO] [stderr] Consider changing their names to be unique or compiling them separately.
[INFO] [stderr] This may become a hard error in the future; see <https://github.com/rust-lang/cargo/issues/6313>.
[INFO] [stderr] warning: output filename collision.
[INFO] [stderr] The example target `schema` in package `cw721-non-transferable v0.16.0 (/opt/rustwide/workdir/contracts/cw721-non-transferable)` has the same output filename as the example target `schema` in package `cw721-metadata-onchain v0.16.0 (/opt/rustwide/workdir/contracts/cw721-metadata-onchain)`.
[INFO] [stderr] Colliding filename is: /opt/rustwide/target/debug/examples/schema.dwp
[INFO] [stderr] The targets should have unique names.
[INFO] [stderr] Consider changing their names to be unique or compiling them separately.
[INFO] [stderr] This may become a hard error in the future; see <https://github.com/rust-lang/cargo/issues/6313>.
[INFO] [stderr]    Compiling anyhow v1.0.66
[INFO] [stderr]    Compiling either v1.8.0
[INFO] [stderr]    Compiling bytes v1.3.0
[INFO] [stderr]    Compiling assert_matches v1.5.0
[INFO] [stderr]    Compiling cw1 v1.0.1 (/opt/rustwide/workdir/packages/cw1)
[INFO] [stderr]    Compiling cw4 v1.0.1 (/opt/rustwide/workdir/packages/cw4)
[INFO] [stderr]    Compiling cw2 v1.0.1 (/opt/rustwide/workdir/packages/cw2)
[INFO] [stderr]    Compiling cw-controllers v1.0.1 (/opt/rustwide/workdir/packages/controllers)
[INFO] [stderr]    Compiling cw2981-royalties-autoincrement v0.16.0 (/opt/rustwide/workdir/contracts/cw2981-royalties-autoincrement)
[INFO] [stderr]    Compiling cw1155-royalties v0.16.0 (/opt/rustwide/workdir/contracts/cw1155-royalties)
[INFO] [stderr]    Compiling cw1155-base v0.16.0 (/opt/rustwide/workdir/contracts/cw1155-base)
[INFO] [stderr]    Compiling cw4-stake v1.0.1 (/opt/rustwide/workdir/contracts/cw4-stake)
[INFO] [stderr]    Compiling cw1-subkeys v1.0.1 (/opt/rustwide/workdir/contracts/cw1-subkeys)
[INFO] [stderr]    Compiling cw721-non-transferable v0.16.0 (/opt/rustwide/workdir/contracts/cw721-non-transferable)
[INFO] [stderr]    Compiling cw721-metadata-onchain v0.16.0 (/opt/rustwide/workdir/contracts/cw721-metadata-onchain)
[INFO] [stderr]    Compiling itertools v0.10.5
[INFO] [stderr]    Compiling cw2981-royalties v0.16.0 (/opt/rustwide/workdir/contracts/cw2981-royalties)
[INFO] [stderr]    Compiling cw3 v1.0.1 (/opt/rustwide/workdir/packages/cw3)
[INFO] [stderr]    Compiling cw721-base v0.16.0 (/opt/rustwide/workdir/contracts/cw721-base)
[INFO] [stderr]    Compiling cw4-group v1.0.1 (/opt/rustwide/workdir/contracts/cw4-group)
[INFO] [stderr]    Compiling cw20-ics20 v1.0.1 (/opt/rustwide/workdir/contracts/cw20-ics20)
[INFO] [stderr]    Compiling cw721-autoincrement-id v0.16.0 (/opt/rustwide/workdir/contracts/cw721-autoincrement-id)
[INFO] [stderr]    Compiling cw20 v1.0.1 (/opt/rustwide/workdir/packages/cw20)
[INFO] [stderr]    Compiling cw1155 v0.16.0 (/opt/rustwide/workdir/packages/cw1155)
[INFO] [stderr]    Compiling cw721 v0.16.0 (/opt/rustwide/workdir/packages/cw721)
[INFO] [stderr]    Compiling prost-derive v0.9.0
[INFO] [stderr]    Compiling prost-derive v0.10.1
[INFO] [stderr]    Compiling prost v0.9.0
[INFO] [stderr]    Compiling cw-multi-test v0.16.2
[INFO] [stderr]    Compiling prost v0.10.4
[INFO] [stderr]    Compiling cw721-fixed-price v0.16.0 (/opt/rustwide/workdir/contracts/cw721-fixed-price)
[INFO] [stderr]    Compiling cw3-flex-multisig v1.0.1 (/opt/rustwide/workdir/contracts/cw3-flex-multisig)
[INFO] [stderr]    Compiling cw1-whitelist v1.0.1 (/opt/rustwide/workdir/contracts/cw1-whitelist)
[INFO] [stderr]    Compiling cw20-base v1.0.1 (/opt/rustwide/workdir/contracts/cw20-base)
[INFO] [stderr]    Compiling cw3-fixed-multisig v1.0.1 (/opt/rustwide/workdir/contracts/cw3-fixed-multisig)
[INFO] [stderr]     Finished `test` profile [unoptimized + debuginfo] target(s) in 36.17s
[INFO] running `Command { std: "docker" "inspect" "313ac3bba8a574a8a5e68465ec6680a5001d05b8e66ce406a03114c84ac23a0c", kill_on_drop: false }`
[INFO] running `Command { std: "docker" "rm" "-f" "313ac3bba8a574a8a5e68465ec6680a5001d05b8e66ce406a03114c84ac23a0c", kill_on_drop: false }`
[INFO] [stdout] 313ac3bba8a574a8a5e68465ec6680a5001d05b8e66ce406a03114c84ac23a0c
[INFO] running `Command { std: "docker" "create" "-v" "/var/lib/crater-agent-workspace/builds/worker-1-tc2/target:/opt/rustwide/target:rw,Z" "-v" "/var/lib/crater-agent-workspace/builds/worker-1-tc2/source:/opt/rustwide/workdir:ro,Z" "-v" "/var/lib/crater-agent-workspace/cargo-home:/opt/rustwide/cargo-home:ro,Z" "-v" "/var/lib/crater-agent-workspace/rustup-home:/opt/rustwide/rustup-home:ro,Z" "-e" "SOURCE_DIR=/opt/rustwide/workdir" "-e" "CARGO_TARGET_DIR=/opt/rustwide/target" "-e" "CARGO_INCREMENTAL=0" "-e" "RUST_BACKTRACE=full" "-e" "RUSTFLAGS=--cap-lints=warn" "-e" "RUSTDOCFLAGS=--cap-lints=warn" "-e" "CARGO_HOME=/opt/rustwide/cargo-home" "-e" "RUSTUP_HOME=/opt/rustwide/rustup-home" "-w" "/opt/rustwide/workdir" "-m" "1610612736" "--user" "0:0" "--network" "none" "ghcr.io/rust-lang/crates-build-env/linux@sha256:f3a9d4ad9d972b27faf3965f35b62e55ba32bbce8f20bc8fe909558a86702fde" "/opt/rustwide/cargo-home/bin/cargo" "+beta-2024-12-08" "test" "--frozen", kill_on_drop: false }`
[INFO] [stdout] af2763cd0dee7d7846b575d6c024dbf6b86e893df024d6246f8ad21700b47be4
[INFO] running `Command { std: "docker" "start" "-a" "af2763cd0dee7d7846b575d6c024dbf6b86e893df024d6246f8ad21700b47be4", kill_on_drop: false }`
[INFO] [stderr] warning: virtual workspace defaulting to `resolver = "1"` despite one or more workspace members being on edition 2021 which implies `resolver = "2"`
[INFO] [stderr] note: to keep the current resolver, specify `workspace.resolver = "1"` in the workspace root's manifest
[INFO] [stderr] note: to use the edition 2021 resolver, specify `workspace.resolver = "2"` in the workspace root's manifest
[INFO] [stderr] note: for more details see https://doc.rust-lang.org/cargo/reference/resolver.html#resolver-versions
[INFO] [stderr] warning: output filename collision.
[INFO] [stderr] The example target `schema` in package `cw2981-royalties-autoincrement v0.16.0 (/opt/rustwide/workdir/contracts/cw2981-royalties-autoincrement)` has the same output filename as the example target `schema` in package `cw2981-royalties v0.16.0 (/opt/rustwide/workdir/contracts/cw2981-royalties)`.
[INFO] [stderr] Colliding filename is: /opt/rustwide/target/debug/examples/schema
[INFO] [stderr] The targets should have unique names.
[INFO] [stderr] Consider changing their names to be unique or compiling them separately.
[INFO] [stderr] This may become a hard error in the future; see <https://github.com/rust-lang/cargo/issues/6313>.
[INFO] [stderr] warning: output filename collision.
[INFO] [stderr] The example target `schema` in package `cw2981-royalties-autoincrement v0.16.0 (/opt/rustwide/workdir/contracts/cw2981-royalties-autoincrement)` has the same output filename as the example target `schema` in package `cw2981-royalties v0.16.0 (/opt/rustwide/workdir/contracts/cw2981-royalties)`.
[INFO] [stderr] Colliding filename is: /opt/rustwide/target/debug/examples/schema.dwp
[INFO] [stderr] The targets should have unique names.
[INFO] [stderr] Consider changing their names to be unique or compiling them separately.
[INFO] [stderr] This may become a hard error in the future; see <https://github.com/rust-lang/cargo/issues/6313>.
[INFO] [stderr] warning: output filename collision.
[INFO] [stderr] The example target `schema` in package `cw721 v0.16.0 (/opt/rustwide/workdir/packages/cw721)` has the same output filename as the example target `schema` in package `cw2981-royalties-autoincrement v0.16.0 (/opt/rustwide/workdir/contracts/cw2981-royalties-autoincrement)`.
[INFO] [stderr] Colliding filename is: /opt/rustwide/target/debug/examples/schema
[INFO] [stderr] The targets should have unique names.
[INFO] [stderr] Consider changing their names to be unique or compiling them separately.
[INFO] [stderr] This may become a hard error in the future; see <https://github.com/rust-lang/cargo/issues/6313>.
[INFO] [stderr] warning: output filename collision.
[INFO] [stderr] The example target `schema` in package `cw721 v0.16.0 (/opt/rustwide/workdir/packages/cw721)` has the same output filename as the example target `schema` in package `cw2981-royalties-autoincrement v0.16.0 (/opt/rustwide/workdir/contracts/cw2981-royalties-autoincrement)`.
[INFO] [stderr] Colliding filename is: /opt/rustwide/target/debug/examples/schema.dwp
[INFO] [stderr] The targets should have unique names.
[INFO] [stderr] Consider changing their names to be unique or compiling them separately.
[INFO] [stderr] This may become a hard error in the future; see <https://github.com/rust-lang/cargo/issues/6313>.
[INFO] [stderr] warning: output filename collision.
[INFO] [stderr] The example target `schema` in package `cw721-autoincrement-id v0.16.0 (/opt/rustwide/workdir/contracts/cw721-autoincrement-id)` has the same output filename as the example target `schema` in package `cw721 v0.16.0 (/opt/rustwide/workdir/packages/cw721)`.
[INFO] [stderr] Colliding filename is: /opt/rustwide/target/debug/examples/schema
[INFO] [stderr] The targets should have unique names.
[INFO] [stderr] Consider changing their names to be unique or compiling them separately.
[INFO] [stderr] This may become a hard error in the future; see <https://github.com/rust-lang/cargo/issues/6313>.
[INFO] [stderr] warning: output filename collision.
[INFO] [stderr] The example target `schema` in package `cw721-autoincrement-id v0.16.0 (/opt/rustwide/workdir/contracts/cw721-autoincrement-id)` has the same output filename as the example target `schema` in package `cw721 v0.16.0 (/opt/rustwide/workdir/packages/cw721)`.
[INFO] [stderr] Colliding filename is: /opt/rustwide/target/debug/examples/schema.dwp
[INFO] [stderr] The targets should have unique names.
[INFO] [stderr] Consider changing their names to be unique or compiling them separately.
[INFO] [stderr] This may become a hard error in the future; see <https://github.com/rust-lang/cargo/issues/6313>.
[INFO] [stderr] warning: output filename collision.
[INFO] [stderr] The example target `schema` in package `cw721-base v0.16.0 (/opt/rustwide/workdir/contracts/cw721-base)` has the same output filename as the example target `schema` in package `cw721-autoincrement-id v0.16.0 (/opt/rustwide/workdir/contracts/cw721-autoincrement-id)`.
[INFO] [stderr] Colliding filename is: /opt/rustwide/target/debug/examples/schema
[INFO] [stderr] The targets should have unique names.
[INFO] [stderr] Consider changing their names to be unique or compiling them separately.
[INFO] [stderr] This may become a hard error in the future; see <https://github.com/rust-lang/cargo/issues/6313>.
[INFO] [stderr] warning: output filename collision.
[INFO] [stderr] The example target `schema` in package `cw721-base v0.16.0 (/opt/rustwide/workdir/contracts/cw721-base)` has the same output filename as the example target `schema` in package `cw721-autoincrement-id v0.16.0 (/opt/rustwide/workdir/contracts/cw721-autoincrement-id)`.
[INFO] [stderr] Colliding filename is: /opt/rustwide/target/debug/examples/schema.dwp
[INFO] [stderr] The targets should have unique names.
[INFO] [stderr] Consider changing their names to be unique or compiling them separately.
[INFO] [stderr] This may become a hard error in the future; see <https://github.com/rust-lang/cargo/issues/6313>.
[INFO] [stderr] warning: output filename collision.
[INFO] [stderr] The example target `schema` in package `cw721-fixed-price v0.16.0 (/opt/rustwide/workdir/contracts/cw721-fixed-price)` has the same output filename as the example target `schema` in package `cw721-base v0.16.0 (/opt/rustwide/workdir/contracts/cw721-base)`.
[INFO] [stderr] Colliding filename is: /opt/rustwide/target/debug/examples/schema
[INFO] [stderr] The targets should have unique names.
[INFO] [stderr] Consider changing their names to be unique or compiling them separately.
[INFO] [stderr] This may become a hard error in the future; see <https://github.com/rust-lang/cargo/issues/6313>.
[INFO] [stderr] warning: output filename collision.
[INFO] [stderr] The example target `schema` in package `cw721-fixed-price v0.16.0 (/opt/rustwide/workdir/contracts/cw721-fixed-price)` has the same output filename as the example target `schema` in package `cw721-base v0.16.0 (/opt/rustwide/workdir/contracts/cw721-base)`.
[INFO] [stderr] Colliding filename is: /opt/rustwide/target/debug/examples/schema.dwp
[INFO] [stderr] The targets should have unique names.
[INFO] [stderr] Consider changing their names to be unique or compiling them separately.
[INFO] [stderr] This may become a hard error in the future; see <https://github.com/rust-lang/cargo/issues/6313>.
[INFO] [stderr] warning: output filename collision.
[INFO] [stderr] The example target `schema` in package `cw721-metadata-onchain v0.16.0 (/opt/rustwide/workdir/contracts/cw721-metadata-onchain)` has the same output filename as the example target `schema` in package `cw721-fixed-price v0.16.0 (/opt/rustwide/workdir/contracts/cw721-fixed-price)`.
[INFO] [stderr] Colliding filename is: /opt/rustwide/target/debug/examples/schema
[INFO] [stderr] The targets should have unique names.
[INFO] [stderr] Consider changing their names to be unique or compiling them separately.
[INFO] [stderr] This may become a hard error in the future; see <https://github.com/rust-lang/cargo/issues/6313>.
[INFO] [stderr] warning: output filename collision.
[INFO] [stderr] The example target `schema` in package `cw721-metadata-onchain v0.16.0 (/opt/rustwide/workdir/contracts/cw721-metadata-onchain)` has the same output filename as the example target `schema` in package `cw721-fixed-price v0.16.0 (/opt/rustwide/workdir/contracts/cw721-fixed-price)`.
[INFO] [stderr] Colliding filename is: /opt/rustwide/target/debug/examples/schema.dwp
[INFO] [stderr] The targets should have unique names.
[INFO] [stderr] Consider changing their names to be unique or compiling them separately.
[INFO] [stderr] This may become a hard error in the future; see <https://github.com/rust-lang/cargo/issues/6313>.
[INFO] [stderr] warning: output filename collision.
[INFO] [stderr] The example target `schema` in package `cw721-non-transferable v0.16.0 (/opt/rustwide/workdir/contracts/cw721-non-transferable)` has the same output filename as the example target `schema` in package `cw721-metadata-onchain v0.16.0 (/opt/rustwide/workdir/contracts/cw721-metadata-onchain)`.
[INFO] [stderr] Colliding filename is: /opt/rustwide/target/debug/examples/schema
[INFO] [stderr] The targets should have unique names.
[INFO] [stderr] Consider changing their names to be unique or compiling them separately.
[INFO] [stderr] This may become a hard error in the future; see <https://github.com/rust-lang/cargo/issues/6313>.
[INFO] [stderr] warning: output filename collision.
[INFO] [stderr] The example target `schema` in package `cw721-non-transferable v0.16.0 (/opt/rustwide/workdir/contracts/cw721-non-transferable)` has the same output filename as the example target `schema` in package `cw721-metadata-onchain v0.16.0 (/opt/rustwide/workdir/contracts/cw721-metadata-onchain)`.
[INFO] [stderr] Colliding filename is: /opt/rustwide/target/debug/examples/schema.dwp
[INFO] [stderr] The targets should have unique names.
[INFO] [stderr] Consider changing their names to be unique or compiling them separately.
[INFO] [stderr] This may become a hard error in the future; see <https://github.com/rust-lang/cargo/issues/6313>.
[INFO] [stderr]     Finished `test` profile [unoptimized + debuginfo] target(s) in 0.24s
[INFO] [stderr]      Running unittests src/lib.rs (/opt/rustwide/target/debug/deps/cw_controllers-eb3859dec3a36c50)
[INFO] [stdout] 
[INFO] [stdout] running 16 tests
[INFO] [stdout] test claim::test::can_create_claims ... ok
[INFO] [stdout] test claim::test::test_claim_tokens_with_zero_cap ... ok
[INFO] [stdout] test admin::tests::set_and_get_admin ... ok
[INFO] [stdout] test claim::test::test_claim_tokens_with_one_released_claim ... ok
[INFO] [stdout] test claim::test::test_claim_tokens_with_no_claims ... ok
[INFO] [stdout] test claim::test::test_query_claims_returns_correct_claims ... ok
[INFO] [stdout] test claim::test::can_create_claim ... ok
[INFO] [stdout] test claim::test::test_query_claims_returns_empty_for_non_existent_user ... ok
[INFO] [stdout] test claim::test::test_claim_tokens_with_no_released_claims ... ok
[INFO] [stderr]      Running unittests src/lib.rs (/opt/rustwide/target/debug/deps/cw1-d433d8f7cf8df397)
[INFO] [stdout] test claim::test::test_claim_tokens_with_all_released_claims ... ok
[INFO] [stdout] test admin::tests::test_execute_query ... ok
[INFO] [stdout] test claim::test::test_claim_tokens_with_cap_only_one_claim_released ... ok
[INFO] [stdout] test claim::test::test_claim_tokens_with_cap_too_low_no_claims_released ... ok
[INFO] [stdout] test admin::tests::admin_checks ... ok
[INFO] [stdout] test claim::test::check_create_claim_updates_map ... ok
[INFO] [stdout] test claim::test::test_claim_tokens_with_cap_greater_than_pending_claims ... ok
[INFO] [stdout] 
[INFO] [stdout] test result: ok. 16 passed; 0 failed; 0 ignored; 0 measured; 0 filtered out; finished in 0.01s
[INFO] [stdout] 
[INFO] [stdout] 
[INFO] [stdout] running 0 tests
[INFO] [stdout] 
[INFO] [stdout] test result: ok. 0 passed; 0 failed; 0 ignored; 0 measured; 0 filtered out; finished in 0.00s
[INFO] [stdout] 
[INFO] [stderr]      Running unittests src/bin/schema.rs (/opt/rustwide/target/debug/deps/schema-6f4addba2604f52a)
[INFO] [stderr]      Running unittests src/lib.rs (/opt/rustwide/target/debug/deps/cw1_subkeys-cb3927657bf614d2)
[INFO] [stdout] 
[INFO] [stdout] running 0 tests
[INFO] [stdout] 
[INFO] [stdout] test result: ok. 0 passed; 0 failed; 0 ignored; 0 measured; 0 filtered out; finished in 0.00s
[INFO] [stdout] 
[INFO] [stdout] 
[INFO] [stdout] running 46 tests
[INFO] [stdout] test contract::tests::admins::non_admin_fail_to_update ... ok
[INFO] [stdout] test contract::tests::admins::query ... ok
[INFO] [stdout] test contract::tests::allowance::query ... ok
[INFO] [stdout] test contract::tests::can_execute::allowed ... ok
[INFO] [stdout] test contract::tests::can_execute::missing_permissions ... ok
[INFO] [stdout] test contract::tests::admins::removed_owner_fail_to_update ... ok
[INFO] [stdout] test contract::tests::can_execute::custom ... ok
[INFO] [stdout] test contract::tests::decrease_allowances::existing_token_partial ... ok
[INFO] [stdout] test contract::tests::decrease_allowances::existing_token_underflow ... ok
[INFO] [stdout] test contract::tests::admins::non_owner_update ... ok
[INFO] [stdout] test contract::tests::decrease_allowances::existing_token_whole ... ok
[INFO] [stdout] test contract::tests::custom_msg::admin ... ok
[INFO] [stdout] test contract::tests::admins::update ... ok
[INFO] [stdout] test contract::tests::can_execute::expired_allowance ... ok
[INFO] [stdout] test contract::tests::can_execute::not_enough_allowance ... ok
[INFO] [stdout] test contract::tests::can_execute::admin ... ok
[INFO] [stdout] test contract::tests::allowance::query_expired ... ok
[INFO] [stdout] test contract::tests::decrease_allowances::last_existing_token_whole ... ok
[INFO] [stdout] test contract::tests::custom_msg::non_admin ... ok
[INFO] [stdout] test contract::tests::decrease_allowances::non_exisiting_spender ... ok
[INFO] [stdout] test contract::tests::decrease_allowances::non_exisiting_token ... ok
[INFO] [stdout] test contract::tests::allowance::query_all ... ok
[INFO] [stdout] test contract::tests::decrease_allowances::previous_expired ... ok
[INFO] [stdout] test contract::tests::decrease_allowances::set_expired ... ok
[INFO] [stdout] test contract::tests::increase_allowance::existing_token ... ok
[INFO] [stdout] test contract::tests::increase_allowance::set_expired ... ok
[INFO] [stdout] test contract::tests::increase_allowance::with_expiration ... ok
[INFO] [stdout] test contract::tests::increase_allowance::new_spender ... ok
[INFO] [stdout] test contract::tests::permissions::query_all ... ok
[INFO] [stdout] test contract::tests::permissions::query ... ok
[INFO] [stdout] test contract::tests::spend::admin_without_allowance ... ok
[INFO] [stdout] test contract::tests::increase_allowance::new_token_on_existing_spender ... ok
[INFO] [stdout] test contract::tests::get_contract_version_works ... ok
[INFO] [stdout] test contract::tests::permissions_allowances_independent ... ok
[INFO] [stdout] test contract::tests::spend::time_allowance_expired ... ok
[INFO] [stdout] test contract::tests::spend::not_enough_allowance ... ok
[INFO] [stdout] test contract::tests::increase_allowance::previous_expired ... ok
[INFO] [stdout] test contract::tests::spend::height_allowance_expired ... ok
[INFO] [stdout] test contract::tests::increase_allowance::new_spender_with_expiration ... ok
[INFO] [stdout] test contract::tests::increase_allowance::update_expired_with_no_expiration ... ok
[INFO] [stdout] test contract::tests::spend::without_allowance ... ok
[INFO] [stdout] test contract::tests::staking_permission::allowed ... ok
[INFO] [stdout] test contract::tests::staking_permission::reject ... ok
[INFO] [stdout] test contract::tests::spend::with_allowance ... ok
[INFO] [stdout] test contract::tests::decrease_allowances::with_expiration ... ok
[INFO] [stdout] test contract::tests::staking_permission::admin ... ok
[INFO] [stdout] 
[INFO] [stdout] test result: ok. 46 passed; 0 failed; 0 ignored; 0 measured; 0 filtered out; finished in 0.03s
[INFO] [stdout] 
[INFO] [stderr]      Running unittests src/bin/schema.rs (/opt/rustwide/target/debug/deps/schema-e0ce7ca051e36312)
[INFO] [stdout] 
[INFO] [stdout] running 0 tests
[INFO] [stdout] 
[INFO] [stdout] test result: ok. 0 passed; 0 failed; 0 ignored; 0 measured; 0 filtered out; finished in 0.00s
[INFO] [stdout] 
[INFO] [stderr]      Running unittests src/lib.rs (/opt/rustwide/target/debug/deps/cw1_whitelist-61cb09560580ceed)
[INFO] [stdout] 
[INFO] [stdout] running 6 tests
[INFO] [stdout] test state::tests::can_modify ... ok
[INFO] [stdout] test contract::tests::can_execute_query_works ... ok
[INFO] [stdout] test integration_tests::proxy_freeze_message ... ok
[INFO] [stdout] test state::tests::is_admin ... ok
[INFO] [stdout] test contract::tests::execute_messages_has_proper_permissions ... ok
[INFO] [stdout] test contract::tests::instantiate_and_modify_config ... ok
[INFO] [stdout] 
[INFO] [stdout] test result: ok. 6 passed; 0 failed; 0 ignored; 0 measured; 0 filtered out; finished in 0.00s
[INFO] [stdout] 
[INFO] [stderr]      Running unittests src/bin/schema.rs (/opt/rustwide/target/debug/deps/schema-a758274ba35abfff)
[INFO] [stdout] 
[INFO] [stdout] running 0 tests
[INFO] [stdout] 
[INFO] [stdout] test result: ok. 0 passed; 0 failed; 0 ignored; 0 measured; 0 filtered out; finished in 0.00s
[INFO] [stdout] 
[INFO] [stderr]      Running unittests src/lib.rs (/opt/rustwide/target/debug/deps/cw1155-88adaf85aef0f85d)
[INFO] [stdout] 
[INFO] [stdout] running 0 tests
[INFO] [stdout] 
[INFO] [stdout] test result: ok. 0 passed; 0 failed; 0 ignored; 0 measured; 0 filtered out; finished in 0.00s
[INFO] [stdout] 
[INFO] [stderr]      Running unittests src/bin/schema.rs (/opt/rustwide/target/debug/deps/schema-638f965074be850f)
[INFO] [stdout] 
[INFO] [stdout] running 0 tests
[INFO] [stdout] 
[INFO] [stdout] test result: ok. 0 passed; 0 failed; 0 ignored; 0 measured; 0 filtered out; finished in 0.00s
[INFO] [stdout] 
[INFO] [stderr]      Running unittests src/lib.rs (/opt/rustwide/target/debug/deps/cw1155_base-1fa4c46c112e8ffc)
[INFO] [stdout] 
[INFO] [stdout] running 5 tests
[INFO] [stdout] test tests::approval_expires ... ok
[INFO] [stdout] test tests::mint_overflow ... ok
[INFO] [stdout] test tests::check_transfers ... ok
[INFO] [stdout] test tests::check_send_contract ... ok
[INFO] [stdout] test tests::check_queries ... ok
[INFO] [stdout] 
[INFO] [stdout] test result: ok. 5 passed; 0 failed; 0 ignored; 0 measured; 0 filtered out; finished in 0.00s
[INFO] [stdout] 
[INFO] [stderr]      Running unittests src/bin/schema.rs (/opt/rustwide/target/debug/deps/schema-1a2a6bd989ad4ddd)
[INFO] [stdout] 
[INFO] [stdout] running 0 tests
[INFO] [stdout] 
[INFO] [stdout] test result: ok. 0 passed; 0 failed; 0 ignored; 0 measured; 0 filtered out; finished in 0.00s
[INFO] [stdout] 
[INFO] [stderr]      Running unittests src/lib.rs (/opt/rustwide/target/debug/deps/cw1155_royalties-814fb79de4b4e06e)
[INFO] [stdout] 
[INFO] [stdout] running 6 tests
[INFO] [stdout] test tests::check_send_contract ... ok
[INFO] [stdout] test tests::auto_increment_mint ... ok
[INFO] [stdout] test tests::check_queries ... ok
[INFO] [stdout] test tests::check_transfers ... ok
[INFO] [stdout] test tests::mint_overflow ... ok
[INFO] [stdout] test tests::approval_expires ... ok
[INFO] [stdout] 
[INFO] [stdout] test result: ok. 6 passed; 0 failed; 0 ignored; 0 measured; 0 filtered out; finished in 0.01s
[INFO] [stdout] 
[INFO] [stderr]      Running unittests src/bin/schema.rs (/opt/rustwide/target/debug/deps/schema-8d0f53c2c73084d8)
[INFO] [stdout] 
[INFO] [stderr]      Running unittests src/lib.rs (/opt/rustwide/target/debug/deps/cw2-6ca089a9282d4225)
[INFO] [stdout] running 0 tests
[INFO] [stdout] 
[INFO] [stdout] test result: ok. 0 passed; 0 failed; 0 ignored; 0 measured; 0 filtered out; finished in 0.00s
[INFO] [stdout] 
[INFO] [stdout] 
[INFO] [stdout] running 1 test
[INFO] [stdout] test tests::get_and_set_work ... ok
[INFO] [stdout] 
[INFO] [stdout] test result: ok. 1 passed; 0 failed; 0 ignored; 0 measured; 0 filtered out; finished in 0.00s
[INFO] [stdout] 
[INFO] [stderr]      Running unittests src/lib.rs (/opt/rustwide/target/debug/deps/cw20-1d7d40498592a05e)
[INFO] [stdout] 
[INFO] [stdout] running 1 test
[INFO] [stdout] test tests::it_works ... ok
[INFO] [stdout] 
[INFO] [stdout] test result: ok. 1 passed; 0 failed; 0 ignored; 0 measured; 0 filtered out; finished in 0.00s
[INFO] [stdout] 
[INFO] [stderr]      Running unittests src/bin/schema.rs (/opt/rustwide/target/debug/deps/schema-c4eb1ec2407281f2)
[INFO] [stdout] 
[INFO] [stdout] running 0 tests
[INFO] [stdout] 
[INFO] [stdout] test result: ok. 0 passed; 0 failed; 0 ignored; 0 measured; 0 filtered out; finished in 0.00s
[INFO] [stdout] 
[INFO] [stderr]      Running unittests src/lib.rs (/opt/rustwide/target/debug/deps/cw20_base-5f35ff936e3019af)
[INFO] [stdout] 
[INFO] [stdout] running 44 tests
[INFO] [stdout] test allowances::tests::burn_from_respects_limits ... ok
[INFO] [stdout] test allowances::tests::increase_decrease_allowances ... ok
[INFO] [stdout] test allowances::tests::allowances_independent ... ok
[INFO] [stdout] test contract::tests::instantiate::mintable_over_cap ... ok
[INFO] [stdout] test allowances::tests::no_self_allowance ... ok
[INFO] [stdout] test allowances::tests::no_past_expiration ... ok
[INFO] [stdout] test allowances::tests::send_from_respects_limits ... ok
[INFO] [stdout] test allowances::tests::transfer_from_respects_limits ... ok
[INFO] [stdout] test contract::tests::burn ... ok
[INFO] [stdout] test contract::tests::can_mint_by_minter ... ok
[INFO] [stdout] test contract::tests::instantiate::basic ... ok
[INFO] [stdout] test contract::tests::instantiate::marketing::basic ... ok
[INFO] [stdout] test contract::tests::instantiate::marketing::invalid_marketing ... ok
[INFO] [stdout] test contract::tests::instantiate::mintable ... ok
[INFO] [stdout] test contract::tests::instantiate_multiple_accounts ... ok
[INFO] [stdout] test contract::tests::marketing::clear_description ... ok
[INFO] [stdout] test contract::tests::marketing::clear_marketing ... ok
[INFO] [stdout] test contract::tests::marketing::clear_project ... ok
[INFO] [stdout] test contract::tests::marketing::update_description ... ok
[INFO] [stdout] test contract::tests::marketing::update_logo_png ... ok
[INFO] [stdout] test contract::tests::marketing::update_logo_png_invalid ... ok
[INFO] [stdout] test contract::tests::marketing::update_logo_png_oversized ... ok
[INFO] [stdout] test contract::tests::marketing::update_logo_svg ... ok
[INFO] [stdout] test contract::tests::marketing::update_logo_svg_invalid ... ok
[INFO] [stdout] test contract::tests::marketing::update_logo_svg_oversized ... ok
[INFO] [stdout] test contract::tests::marketing::update_logo_url ... ok
[INFO] [stdout] test contract::tests::marketing::update_marketing ... ok
[INFO] [stdout] test contract::tests::marketing::update_marketing_invalid ... ok
[INFO] [stdout] test contract::tests::marketing::update_project ... ok
[INFO] [stdout] test contract::tests::marketing::update_unauthorised ... ok
[INFO] [stdout] test contract::tests::minter_can_update_minter_but_not_cap ... ok
[INFO] [stdout] test contract::tests::no_one_mints_if_minter_unset ... ok
[INFO] [stdout] test contract::tests::queries_work ... ok
[INFO] [stdout] test contract::tests::others_cannot_mint ... ok
[INFO] [stdout] test enumerable::tests::query_all_owner_allowances_works ... ok
[INFO] [stdout] test msg::tests::validate_instantiatemsg_name ... ok
[INFO] [stdout] test contract::tests::others_cannot_update_minter ... ok
[INFO] [stdout] test contract::tests::unset_minter ... ok
[INFO] [stdout] test contract::tests::migration::test_migrate ... ok
[INFO] [stdout] test contract::tests::send ... ok
[INFO] [stdout] test contract::tests::transfer ... ok
[INFO] [stdout] test msg::tests::validate_instantiatemsg_symbol ... ok
[INFO] [stdout] test enumerable::tests::query_all_accounts_works ... ok
[INFO] [stdout] test enumerable::tests::query_all_spender_allowances_works ... ok
[INFO] [stdout] 
[INFO] [stdout] test result: ok. 44 passed; 0 failed; 0 ignored; 0 measured; 0 filtered out; finished in 0.02s
[INFO] [stdout] 
[INFO] [stderr]      Running unittests src/bin/schema.rs (/opt/rustwide/target/debug/deps/schema-1e3d713e5801e33b)
[INFO] [stdout] 
[INFO] [stdout] running 0 tests
[INFO] [stdout] 
[INFO] [stdout] test result: ok. 0 passed; 0 failed; 0 ignored; 0 measured; 0 filtered out; finished in 0.00s
[INFO] [stdout] 
[INFO] [stderr]      Running unittests src/lib.rs (/opt/rustwide/target/debug/deps/cw20_ics20-766303c4739c3fcc)
[INFO] [stdout] 
[INFO] [stdout] running 10 tests
[INFO] [stdout] test contract::test::execute_cw20_fails_if_not_whitelisted_unless_default_gas_limit ... ok
[INFO] [stdout] test contract::test::proper_checks_on_execute_cw20 ... ok
[INFO] [stdout] test contract::test::setup_and_query ... ok
[INFO] [stdout] test ibc::test::check_ack_json ... ok
[INFO] [stdout] test ibc::test::check_packet_json ... ok
[INFO] [stdout] test contract::test::v3_migration_works ... ok
[INFO] [stdout] test ibc::test::send_receive_cw20 ... ok
[INFO] [stdout] test ibc::test::send_receive_native ... ok
[INFO] [stdout] test ibc::test::check_gas_limit_handles_all_cases ... ok
[INFO] [stdout] test contract::test::proper_checks_on_execute_native ... ok
[INFO] [stdout] 
[INFO] [stdout] test result: ok. 10 passed; 0 failed; 0 ignored; 0 measured; 0 filtered out; finished in 0.01s
[INFO] [stdout] 
[INFO] [stderr]      Running unittests src/bin/schema.rs (/opt/rustwide/target/debug/deps/schema-52225dd3e48ad63d)
[INFO] [stdout] 
[INFO] [stdout] running 0 tests
[INFO] [stdout] 
[INFO] [stdout] test result: ok. 0 passed; 0 failed; 0 ignored; 0 measured; 0 filtered out; finished in 0.00s
[INFO] [stdout] 
[INFO] [stderr]      Running unittests src/lib.rs (/opt/rustwide/target/debug/deps/cw2981_royalties-e4be6876d8c084fd)
[INFO] [stdout] 
[INFO] [stdout] running 3 tests
[INFO] [stdout] test tests::use_metadata_extension ... ok
[INFO] [stdout] test tests::check_token_royalties ... ok
[INFO] [stdout] test tests::check_royalties_response ... ok
[INFO] [stdout] 
[INFO] [stdout] test result: ok. 3 passed; 0 failed; 0 ignored; 0 measured; 0 filtered out; finished in 0.01s
[INFO] [stdout] 
[INFO] [stderr]      Running unittests src/lib.rs (/opt/rustwide/target/debug/deps/cw2981_royalties_autoincrement-ae57e0eb9ad1d7ab)
[INFO] [stdout] 
[INFO] [stdout] running 3 tests
[INFO] [stdout] test tests::check_royalties_response ... ok
[INFO] [stdout] test tests::check_token_royalties ... FAILED
[INFO] [stdout] test tests::use_metadata_extension ... FAILED
[INFO] [stdout] 
[INFO] [stdout] failures:
[INFO] [stdout] 
[INFO] [stdout] ---- tests::check_token_royalties stdout ----
[INFO] [stdout] thread 'tests::check_token_royalties' panicked at contracts/cw2981-royalties-autoincrement/src/lib.rs:216:90:
[INFO] [stdout] called `Result::unwrap()` on an `Err` value: NotFound { kind: "cw721_autoincrement_id::state::TokenInfo<core::option::Option<cw2981_royalties_autoincrement::Metadata>>" }
[INFO] [stdout] stack backtrace:
[INFO] [stdout]    0:     0x6138f656efba - std::backtrace_rs::backtrace::libunwind::trace::h8810477743020387
[INFO] [stdout]                                at /rustc/202008a1b8de96d2e5b6bc02d379db03a877d34d/library/std/src/../../backtrace/src/backtrace/libunwind.rs:116:5
[INFO] [stdout]    1:     0x6138f656efba - std::backtrace_rs::backtrace::trace_unsynchronized::h3aa55355dd6c54a6
[INFO] [stdout]                                at /rustc/202008a1b8de96d2e5b6bc02d379db03a877d34d/library/std/src/../../backtrace/src/backtrace/mod.rs:66:5
[INFO] [stdout]    2:     0x6138f656efba - std::sys::backtrace::_print_fmt::h8588b0f62410823f
[INFO] [stdout]                                at /rustc/202008a1b8de96d2e5b6bc02d379db03a877d34d/library/std/src/sys/backtrace.rs:66:9
[INFO] [stdout]    3:     0x6138f656efba - <std::sys::backtrace::BacktraceLock::print::DisplayBacktrace as core::fmt::Display>::fmt::h98c26ac25ffe89bb
[INFO] [stdout]                                at /rustc/202008a1b8de96d2e5b6bc02d379db03a877d34d/library/std/src/sys/backtrace.rs:39:26
[INFO] [stdout]    4:     0x6138f6595c73 - core::fmt::rt::Argument::fmt::hf95377f4aebd453b
[INFO] [stdout]                                at /rustc/202008a1b8de96d2e5b6bc02d379db03a877d34d/library/core/src/fmt/rt.rs:177:76
[INFO] [stdout]    5:     0x6138f6595c73 - core::fmt::write::h0dd5f6e2238c7982
[INFO] [stdout]                                at /rustc/202008a1b8de96d2e5b6bc02d379db03a877d34d/library/core/src/fmt/mod.rs:1189:21
[INFO] [stdout]    6:     0x6138f656c153 - std::io::Write::write_fmt::h03bb0ca26e6faf8c
[INFO] [stdout]                                at /rustc/202008a1b8de96d2e5b6bc02d379db03a877d34d/library/std/src/io/mod.rs:1884:15
[INFO] [stdout]    7:     0x6138f656ee02 - std::sys::backtrace::BacktraceLock::print::h5c19c1c038ee186d
[INFO] [stdout]                                at /rustc/202008a1b8de96d2e5b6bc02d379db03a877d34d/library/std/src/sys/backtrace.rs:42:9
[INFO] [stdout]    8:     0x6138f657043d - std::panicking::default_hook::{{closure}}::h77172f079a1fcb13
[INFO] [stdout]                                at /rustc/202008a1b8de96d2e5b6bc02d379db03a877d34d/library/std/src/panicking.rs:268:22
[INFO] [stdout]    9:     0x6138f6570247 - std::panicking::default_hook::he5f8e3b203ccddba
[INFO] [stdout]                                at /rustc/202008a1b8de96d2e5b6bc02d379db03a877d34d/library/std/src/panicking.rs:292:9
[INFO] [stdout]   10:     0x6138f6434327 - <alloc::boxed::Box<F,A> as core::ops::function::Fn<Args>>::call::h7a3c7b4a1ae77f2f
[INFO] [stdout]                                at /rustc/202008a1b8de96d2e5b6bc02d379db03a877d34d/library/alloc/src/boxed.rs:1986:9
[INFO] [stdout]   11:     0x6138f6434327 - test::test_main::{{closure}}::hf0d3b69ae9b353d1
[INFO] [stdout]                                at /rustc/202008a1b8de96d2e5b6bc02d379db03a877d34d/library/test/src/lib.rs:134:21
[INFO] [stdout]   12:     0x6138f6570ae8 - <alloc::boxed::Box<F,A> as core::ops::function::Fn<Args>>::call::h6332e82e7b189abd
[INFO] [stdout]                                at /rustc/202008a1b8de96d2e5b6bc02d379db03a877d34d/library/alloc/src/boxed.rs:1986:9
[INFO] [stdout]   13:     0x6138f6570ae8 - std::panicking::rust_panic_with_hook::h53863d4e9018df39
[INFO] [stdout]                                at /rustc/202008a1b8de96d2e5b6bc02d379db03a877d34d/library/std/src/panicking.rs:809:13
[INFO] [stdout]   14:     0x6138f65708aa - std::panicking::begin_panic_handler::{{closure}}::h67280e6fa0757873
[INFO] [stdout]                                at /rustc/202008a1b8de96d2e5b6bc02d379db03a877d34d/library/std/src/panicking.rs:674:13
[INFO] [stdout]   15:     0x6138f656f499 - std::sys::backtrace::__rust_end_short_backtrace::h1dac3f54d6fbbeb2
[INFO] [stdout]                                at /rustc/202008a1b8de96d2e5b6bc02d379db03a877d34d/library/std/src/sys/backtrace.rs:170:18
[INFO] [stdout]   16:     0x6138f657053c - rust_begin_unwind
[INFO] [stdout]                                at /rustc/202008a1b8de96d2e5b6bc02d379db03a877d34d/library/std/src/panicking.rs:665:5
[INFO] [stdout]   17:     0x6138f63a3ab0 - core::panicking::panic_fmt::h6792bd1b2bf01041
[INFO] [stdout]                                at /rustc/202008a1b8de96d2e5b6bc02d379db03a877d34d/library/core/src/panicking.rs:76:14
[INFO] [stdout]   18:     0x6138f63a3f36 - core::result::unwrap_failed::h05e0602ed34287c5
[INFO] [stdout]                                at /rustc/202008a1b8de96d2e5b6bc02d379db03a877d34d/library/core/src/result.rs:1699:5
[INFO] [stdout]   19:     0x6138f63d7218 - core::result::Result<T,E>::unwrap::hf76865b4d509e517
[INFO] [stdout]                                at /rustc/202008a1b8de96d2e5b6bc02d379db03a877d34d/library/core/src/result.rs:1104:23
[INFO] [stdout]   20:     0x6138f63d7218 - cw2981_royalties_autoincrement::tests::check_token_royalties::hb53c7262c3ed940e
[INFO] [stdout]                                at /opt/rustwide/workdir/contracts/cw2981-royalties-autoincrement/src/lib.rs:216:13
[INFO] [stdout]   21:     0x6138f63d63c7 - cw2981_royalties_autoincrement::tests::check_token_royalties::{{closure}}::h335f29e6a136e68e
[INFO] [stdout]                                at /opt/rustwide/workdir/contracts/cw2981-royalties-autoincrement/src/lib.rs:185:31
[INFO] [stdout]   22:     0x6138f63e4e56 - core::ops::function::FnOnce::call_once::h06c90b66cc7b80c4
[INFO] [stdout]                                at /rustc/202008a1b8de96d2e5b6bc02d379db03a877d34d/library/core/src/ops/function.rs:250:5
[INFO] [stdout]   23:     0x6138f6438e4b - core::ops::function::FnOnce::call_once::h871bf86719ec9aa4
[INFO] [stdout]                                at /rustc/202008a1b8de96d2e5b6bc02d379db03a877d34d/library/core/src/ops/function.rs:250:5
[INFO] [stdout]   24:     0x6138f6438e4b - test::__rust_begin_short_backtrace::h2167df1e2b7d76fd
[INFO] [stdout]                                at /rustc/202008a1b8de96d2e5b6bc02d379db03a877d34d/library/test/src/lib.rs:632:18
[INFO] [stdout]   25:     0x6138f6438838 - test::run_test_in_process::{{closure}}::h15d92f75a3adfb79
[INFO] [stdout]                                at /rustc/202008a1b8de96d2e5b6bc02d379db03a877d34d/library/test/src/lib.rs:655:60
[INFO] [stdout]   26:     0x6138f6438838 - <core::panic::unwind_safe::AssertUnwindSafe<F> as core::ops::function::FnOnce<()>>::call_once::hb6c8955835a8dbbb
[INFO] [stdout]                                at /rustc/202008a1b8de96d2e5b6bc02d379db03a877d34d/library/core/src/panic/unwind_safe.rs:272:9
[INFO] [stdout]   27:     0x6138f6438838 - std::panicking::try::do_call::hc79d0fc888a0bd30
[INFO] [stdout]                                at /rustc/202008a1b8de96d2e5b6bc02d379db03a877d34d/library/std/src/panicking.rs:557:40
[INFO] [stdout]   28:     0x6138f6438838 - std::panicking::try::hb8a7878e3a8589d6
[INFO] [stdout]                                at /rustc/202008a1b8de96d2e5b6bc02d379db03a877d34d/library/std/src/panicking.rs:520:19
[INFO] [stdout]   29:     0x6138f6438838 - std::panic::catch_unwind::hb8e4600ff0ff5cfa
[INFO] [stdout]                                at /rustc/202008a1b8de96d2e5b6bc02d379db03a877d34d/library/std/src/panic.rs:358:14
[INFO] [stdout]   30:     0x6138f6438838 - test::run_test_in_process::hc2900b0b18688dd6
[INFO] [stdout]                                at /rustc/202008a1b8de96d2e5b6bc02d379db03a877d34d/library/test/src/lib.rs:655:27
[INFO] [stdout]   31:     0x6138f6438838 - test::run_test::{{closure}}::hac2a9cb07be3d48d
[INFO] [stdout]                                at /rustc/202008a1b8de96d2e5b6bc02d379db03a877d34d/library/test/src/lib.rs:576:43
[INFO] [stdout]   32:     0x6138f63fc2da - test::run_test::{{closure}}::h4a5b729e66a38cd8
[INFO] [stdout]                                at /rustc/202008a1b8de96d2e5b6bc02d379db03a877d34d/library/test/src/lib.rs:606:41
[INFO] [stdout]   33:     0x6138f63fc2da - std::sys::backtrace::__rust_begin_short_backtrace::h0496fb742492f573
[INFO] [stdout]                                at /rustc/202008a1b8de96d2e5b6bc02d379db03a877d34d/library/std/src/sys/backtrace.rs:154:18
[INFO] [stdout]   34:     0x6138f63ffc54 - std::thread::Builder::spawn_unchecked_::{{closure}}::{{closure}}::hbb6d257c550a54bd
[INFO] [stdout]                                at /rustc/202008a1b8de96d2e5b6bc02d379db03a877d34d/library/std/src/thread/mod.rs:561:17
[INFO] [stdout]   35:     0x6138f63ffc54 - <core::panic::unwind_safe::AssertUnwindSafe<F> as core::ops::function::FnOnce<()>>::call_once::h46696fe4a6832328
[INFO] [stdout]                                at /rustc/202008a1b8de96d2e5b6bc02d379db03a877d34d/library/core/src/panic/unwind_safe.rs:272:9
[INFO] [stdout]   36:     0x6138f63ffc54 - std::panicking::try::do_call::h2625a51b667bfb64
[INFO] [stdout]                                at /rustc/202008a1b8de96d2e5b6bc02d379db03a877d34d/library/std/src/panicking.rs:557:40
[INFO] [stdout]   37:     0x6138f63ffc54 - std::panicking::try::hb956a59a1973aa4c
[INFO] [stdout]                                at /rustc/202008a1b8de96d2e5b6bc02d379db03a877d34d/library/std/src/panicking.rs:520:19
[INFO] [stdout]   38:     0x6138f63ffc54 - std::panic::catch_unwind::h64f3b9d1067ef6a0
[INFO] [stdout]                                at /rustc/202008a1b8de96d2e5b6bc02d379db03a877d34d/library/std/src/panic.rs:358:14
[INFO] [stdout]   39:     0x6138f63ffc54 - std::thread::Builder::spawn_unchecked_::{{closure}}::h42b2841295b6c0b2
[INFO] [stdout]                                at /rustc/202008a1b8de96d2e5b6bc02d379db03a877d34d/library/std/src/thread/mod.rs:559:30
[INFO] [stdout]   40:     0x6138f63ffc54 - core::ops::function::FnOnce::call_once{{vtable.shim}}::h6127de71b8124639
[INFO] [stdout]                                at /rustc/202008a1b8de96d2e5b6bc02d379db03a877d34d/library/core/src/ops/function.rs:250:5
[INFO] [stdout]   41:     0x6138f6574a2b - <alloc::boxed::Box<F,A> as core::ops::function::FnOnce<Args>>::call_once::h42f0ba71002a1b2c
[INFO] [stdout]                                at /rustc/202008a1b8de96d2e5b6bc02d379db03a877d34d/library/alloc/src/boxed.rs:1972:9
[INFO] [stdout]   42:     0x6138f6574a2b - <alloc::boxed::Box<F,A> as core::ops::function::FnOnce<Args>>::call_once::had9e47d7a3dcecb8
[INFO] [stdout]                                at /rustc/202008a1b8de96d2e5b6bc02d379db03a877d34d/library/alloc/src/boxed.rs:1972:9
[INFO] [stdout]   43:     0x6138f6574a2b - std::sys::pal::unix::thread::Thread::new::thread_start::h48cf765408f6f5f2
[INFO] [stdout]                                at /rustc/202008a1b8de96d2e5b6bc02d379db03a877d34d/library/std/src/sys/pal/unix/thread.rs:105:17
[INFO] [stdout]   44:     0x72145eef0ac3 - <unknown>
[INFO] [stdout]   45:     0x72145ef81a04 - clone
[INFO] [stdout]   46:                0x0 - <unknown>
[INFO] [stdout] 
[INFO] [stdout] ---- tests::use_metadata_extension stdout ----
[INFO] [stdout] thread 'tests::use_metadata_extension' panicked at contracts/cw2981-royalties-autoincrement/src/lib.rs:139:69:
[INFO] [stdout] called `Result::unwrap()` on an `Err` value: NotFound { kind: "cw721_autoincrement_id::state::TokenInfo<core::option::Option<cw2981_royalties_autoincrement::Metadata>>" }
[INFO] [stdout] stack backtrace:
[INFO] [stdout]    0:     0x6138f656efba - std::backtrace_rs::backtrace::libunwind::trace::h8810477743020387
[INFO] [stdout]                                at /rustc/202008a1b8de96d2e5b6bc02d379db03a877d34d/library/std/src/../../backtrace/src/backtrace/libunwind.rs:116:5
[INFO] [stdout]    1:     0x6138f656efba - std::backtrace_rs::backtrace::trace_unsynchronized::h3aa55355dd6c54a6
[INFO] [stdout]                                at /rustc/202008a1b8de96d2e5b6bc02d379db03a877d34d/library/std/src/../../backtrace/src/backtrace/mod.rs:66:5
[INFO] [stdout]    2:     0x6138f656efba - std::sys::backtrace::_print_fmt::h8588b0f62410823f
[INFO] [stdout]                                at /rustc/202008a1b8de96d2e5b6bc02d379db03a877d34d/library/std/src/sys/backtrace.rs:66:9
[INFO] [stdout]    3:     0x6138f656efba - <std::sys::backtrace::BacktraceLock::print::DisplayBacktrace as core::fmt::Display>::fmt::h98c26ac25ffe89bb
[INFO] [stdout]                                at /rustc/202008a1b8de96d2e5b6bc02d379db03a877d34d/library/std/src/sys/backtrace.rs:39:26
[INFO] [stdout]    4:     0x6138f6595c73 - core::fmt::rt::Argument::fmt::hf95377f4aebd453b
[INFO] [stdout]                                at /rustc/202008a1b8de96d2e5b6bc02d379db03a877d34d/library/core/src/fmt/rt.rs:177:76
[INFO] [stdout]    5:     0x6138f6595c73 - core::fmt::write::h0dd5f6e2238c7982
[INFO] [stdout]                                at /rustc/202008a1b8de96d2e5b6bc02d379db03a877d34d/library/core/src/fmt/mod.rs:1189:21
[INFO] [stdout]    6:     0x6138f656c153 - std::io::Write::write_fmt::h03bb0ca26e6faf8c
[INFO] [stdout]                                at /rustc/202008a1b8de96d2e5b6bc02d379db03a877d34d/library/std/src/io/mod.rs:1884:15
[INFO] [stdout]    7:     0x6138f656ee02 - std::sys::backtrace::BacktraceLock::print::h5c19c1c038ee186d
[INFO] [stdout]                                at /rustc/202008a1b8de96d2e5b6bc02d379db03a877d34d/library/std/src/sys/backtrace.rs:42:9
[INFO] [stdout]    8:     0x6138f657043d - std::panicking::default_hook::{{closure}}::h77172f079a1fcb13
[INFO] [stdout]                                at /rustc/202008a1b8de96d2e5b6bc02d379db03a877d34d/library/std/src/panicking.rs:268:22
[INFO] [stdout]    9:     0x6138f6570247 - std::panicking::default_hook::he5f8e3b203ccddba
[INFO] [stdout]                                at /rustc/202008a1b8de96d2e5b6bc02d379db03a877d34d/library/std/src/panicking.rs:292:9
[INFO] [stdout]   10:     0x6138f6434327 - <alloc::boxed::Box<F,A> as core::ops::function::Fn<Args>>::call::h7a3c7b4a1ae77f2f
[INFO] [stdout]                                at /rustc/202008a1b8de96d2e5b6bc02d379db03a877d34d/library/alloc/src/boxed.rs:1986:9
[INFO] [stdout]   11:     0x6138f6434327 - test::test_main::{{closure}}::hf0d3b69ae9b353d1
[INFO] [stdout]                                at /rustc/202008a1b8de96d2e5b6bc02d379db03a877d34d/library/test/src/lib.rs:134:21
[INFO] [stdout]   12:     0x6138f6570ae8 - <alloc::boxed::Box<F,A> as core::ops::function::Fn<Args>>::call::h6332e82e7b189abd
[INFO] [stdout]                                at /rustc/202008a1b8de96d2e5b6bc02d379db03a877d34d/library/alloc/src/boxed.rs:1986:9
[INFO] [stdout]   13:     0x6138f6570ae8 - std::panicking::rust_panic_with_hook::h53863d4e9018df39
[INFO] [stdout]                                at /rustc/202008a1b8de96d2e5b6bc02d379db03a877d34d/library/std/src/panicking.rs:809:13
[INFO] [stdout]   14:     0x6138f65708aa - std::panicking::begin_panic_handler::{{closure}}::h67280e6fa0757873
[INFO] [stdout]                                at /rustc/202008a1b8de96d2e5b6bc02d379db03a877d34d/library/std/src/panicking.rs:674:13
[INFO] [stdout]   15:     0x6138f656f499 - std::sys::backtrace::__rust_end_short_backtrace::h1dac3f54d6fbbeb2
[INFO] [stdout]                                at /rustc/202008a1b8de96d2e5b6bc02d379db03a877d34d/library/std/src/sys/backtrace.rs:170:18
[INFO] [stdout]   16:     0x6138f657053c - rust_begin_unwind
[INFO] [stdout]                                at /rustc/202008a1b8de96d2e5b6bc02d379db03a877d34d/library/std/src/panicking.rs:665:5
[INFO] [stdout]   17:     0x6138f63a3ab0 - core::panicking::panic_fmt::h6792bd1b2bf01041
[INFO] [stdout]                                at /rustc/202008a1b8de96d2e5b6bc02d379db03a877d34d/library/core/src/panicking.rs:76:14
[INFO] [stdout]   18:     0x6138f63a3f36 - core::result::unwrap_failed::h05e0602ed34287c5
[INFO] [stdout]                                at /rustc/202008a1b8de96d2e5b6bc02d379db03a877d34d/library/core/src/result.rs:1699:5
[INFO] [stdout]   19:     0x6138f63d5006 - core::result::Result<T,E>::unwrap::hece62b2a08570c7c
[INFO] [stdout]                                at /rustc/202008a1b8de96d2e5b6bc02d379db03a877d34d/library/core/src/result.rs:1104:23
[INFO] [stdout]   20:     0x6138f63d5006 - cw2981_royalties_autoincrement::tests::use_metadata_extension::h1f0d49e3ae8f0862
[INFO] [stdout]                                at /opt/rustwide/workdir/contracts/cw2981-royalties-autoincrement/src/lib.rs:139:19
[INFO] [stdout]   21:     0x6138f63d4477 - cw2981_royalties_autoincrement::tests::use_metadata_extension::{{closure}}::h6fddeb50fde9f8b1
[INFO] [stdout]                                at /opt/rustwide/workdir/contracts/cw2981-royalties-autoincrement/src/lib.rs:114:32
[INFO] [stdout]   22:     0x6138f63e50d6 - core::ops::function::FnOnce::call_once::h74ae3d780643d112
[INFO] [stdout]                                at /rustc/202008a1b8de96d2e5b6bc02d379db03a877d34d/library/core/src/ops/function.rs:250:5
[INFO] [stdout]   23:     0x6138f6438e4b - core::ops::function::FnOnce::call_once::h871bf86719ec9aa4
[INFO] [stdout]                                at /rustc/202008a1b8de96d2e5b6bc02d379db03a877d34d/library/core/src/ops/function.rs:250:5
[INFO] [stdout]   24:     0x6138f6438e4b - test::__rust_begin_short_backtrace::h2167df1e2b7d76fd
[INFO] [stdout]                                at /rustc/202008a1b8de96d2e5b6bc02d379db03a877d34d/library/test/src/lib.rs:632:18
[INFO] [stdout]   25:     0x6138f6438838 - test::run_test_in_process::{{closure}}::h15d92f75a3adfb79
[INFO] [stdout]                                at /rustc/202008a1b8de96d2e5b6bc02d379db03a877d34d/library/test/src/lib.rs:655:60
[INFO] [stdout]   26:     0x6138f6438838 - <core::panic::unwind_safe::AssertUnwindSafe<F> as core::ops::function::FnOnce<()>>::call_once::hb6c8955835a8dbbb
[INFO] [stdout]                                at /rustc/202008a1b8de96d2e5b6bc02d379db03a877d34d/library/core/src/panic/unwind_safe.rs:272:9
[INFO] [stdout]   27:     0x6138f6438838 - std::panicking::try::do_call::hc79d0fc888a0bd30
[INFO] [stdout]                                at /rustc/202008a1b8de96d2e5b6bc02d379db03a877d34d/library/std/src/panicking.rs:557:40
[INFO] [stdout]   28:     0x6138f6438838 - std::panicking::try::hb8a7878e3a8589d6
[INFO] [stdout]                                at /rustc/202008a1b8de96d2e5b6bc02d379db03a877d34d/library/std/src/panicking.rs:520:19
[INFO] [stdout]   29:     0x6138f6438838 - std::panic::catch_unwind::hb8e4600ff0ff5cfa
[INFO] [stdout]                                at /rustc/202008a1b8de96d2e5b6bc02d379db03a877d34d/library/std/src/panic.rs:358:14
[INFO] [stdout]   30:     0x6138f6438838 - test::run_test_in_process::hc2900b0b18688dd6
[INFO] [stdout]                                at /rustc/202008a1b8de96d2e5b6bc02d379db03a877d34d/library/test/src/lib.rs:655:27
[INFO] [stdout]   31:     0x6138f6438838 - test::run_test::{{closure}}::hac2a9cb07be3d48d
[INFO] [stdout]                                at /rustc/202008a1b8de96d2e5b6bc02d379db03a877d34d/library/test/src/lib.rs:576:43
[INFO] [stdout]   32:     0x6138f63fc2da - test::run_test::{{closure}}::h4a5b729e66a38cd8
[INFO] [stdout]                                at /rustc/202008a1b8de96d2e5b6bc02d379db03a877d34d/library/test/src/lib.rs:606:41
[INFO] [stdout]   33:     0x6138f63fc2da - std::sys::backtrace::__rust_begin_short_backtrace::h0496fb742492f573
[INFO] [stdout]                                at /rustc/202008a1b8de96d2e5b6bc02d379db03a877d34d/library/std/src/sys/backtrace.rs:154:18
[INFO] [stdout]   34:     0x6138f63ffc54 - std::thread::Builder::spawn_unchecked_::{{closure}}::{{closure}}::hbb6d257c550a54bd
[INFO] [stdout]                                at /rustc/202008a1b8de96d2e5b6bc02d379db03a877d34d/library/std/src/thread/mod.rs:561:17
[INFO] [stdout]   35:     0x6138f63ffc54 - <core::panic::unwind_safe::AssertUnwindSafe<F> as core::ops::function::FnOnce<()>>::call_once::h46696fe4a6832328
[INFO] [stdout]                                at /rustc/202008a1b8de96d2e5b6bc02d379db03a877d34d/library/core/src/panic/unwind_safe.rs:272:9
[INFO] [stdout]   36:     0x6138f63ffc54 - std::panicking::try::do_call::h2625a51b667bfb64
[INFO] [stdout]                                at /rustc/202008a1b8de96d2e5b6bc02d379db03a877d34d/library/std/src/panicking.rs:557:40
[INFO] [stdout]   37:     0x6138f63ffc54 - std::panicking::try::hb956a59a1973aa4c
[INFO] [stdout]                                at /rustc/202008a1b8de96d2e5b6bc02d379db03a877d34d/library/std/src/panicking.rs:520:19
[INFO] [stdout]   38:     0x6138f63ffc54 - std::panic::catch_unwind::h64f3b9d1067ef6a0
[INFO] [stdout]                                at /rustc/202008a1b8de96d2e5b6bc02d379db03a877d34d/library/std/src/panic.rs:358:14
[INFO] [stdout]   39:     0x6138f63ffc54 - std::thread::Builder::spawn_unchecked_::{{closure}}::h42b2841295b6c0b2
[INFO] [stdout]                                at /rustc/202008a1b8de96d2e5b6bc02d379db03a877d34d/library/std/src/thread/mod.rs:559:30
[INFO] [stdout]   40:     0x6138f63ffc54 - core::ops::function::FnOnce::call_once{{vtable.shim}}::h6127de71b8124639
[INFO] [stdout]                                at /rustc/202008a1b8de96d2e5b6bc02d379db03a877d34d/library/core/src/ops/function.rs:250:5
[INFO] [stdout]   41:     0x6138f6574a2b - <alloc::boxed::Box<F,A> as core::ops::function::FnOnce<Args>>::call_once::h42f0ba71002a1b2c
[INFO] [stdout]                                at /rustc/202008a1b8de96d2e5b6bc02d379db03a877d34d/library/alloc/src/boxed.rs:1972:9
[INFO] [stdout]   42:     0x6138f6574a2b - <alloc::boxed::Box<F,A> as core::ops::function::FnOnce<Args>>::call_once::had9e47d7a3dcecb8
[INFO] [stdout]                                at /rustc/202008a1b8de96d2e5b6bc02d379db03a877d34d/library/alloc/src/boxed.rs:1972:9
[INFO] [stdout]   43:     0x6138f6574a2b - std::sys::pal::unix::thread::Thread::new::thread_start::h48cf765408f6f5f2
[INFO] [stdout]                                at /rustc/202008a1b8de96d2e5b6bc02d379db03a877d34d/library/std/src/sys/pal/unix/thread.rs:105:17
[INFO] [stdout]   44:     0x72145eef0ac3 - <unknown>
[INFO] [stdout]   45:     0x72145ef81a04 - clone
[INFO] [stdout]   46:                0x0 - <unknown>
[INFO] [stdout] 
[INFO] [stdout] 
[INFO] [stdout] failures:
[INFO] [stdout]     tests::check_token_royalties
[INFO] [stdout]     tests::use_metadata_extension
[INFO] [stdout] 
[INFO] [stdout] test result: FAILED. 1 passed; 2 failed; 0 ignored; 0 measured; 0 filtered out; finished in 0.11s
[INFO] [stdout] 
[INFO] [stderr] error: test failed, to rerun pass `-p cw2981-royalties-autoincrement --lib`
[INFO] running `Command { std: "docker" "inspect" "af2763cd0dee7d7846b575d6c024dbf6b86e893df024d6246f8ad21700b47be4", kill_on_drop: false }`
[INFO] running `Command { std: "docker" "rm" "-f" "af2763cd0dee7d7846b575d6c024dbf6b86e893df024d6246f8ad21700b47be4", kill_on_drop: false }`
[INFO] [stdout] af2763cd0dee7d7846b575d6c024dbf6b86e893df024d6246f8ad21700b47be4
