[INFO] cloning repository https://github.com/AldoRastrelli/BitcoinNode
[INFO] running `Command { std: "git" "-c" "credential.helper=" "-c" "credential.helper=/workspace/cargo-home/bin/git-credential-null" "clone" "--bare" "https://github.com/AldoRastrelli/BitcoinNode" "/workspace/cache/git-repos/https%3A%2F%2Fgithub.com%2FAldoRastrelli%2FBitcoinNode", kill_on_drop: false }`
[INFO] [stderr] Cloning into bare repository '/workspace/cache/git-repos/https%3A%2F%2Fgithub.com%2FAldoRastrelli%2FBitcoinNode'...
[INFO] running `Command { std: "git" "rev-parse" "HEAD", kill_on_drop: false }`
[INFO] [stdout] 6e8a5980a823f88aaa1c82ba1d0af194220a7d1a
[INFO] testing AldoRastrelli/BitcoinNode against beta-2024-12-08 for beta-1.84.0-4-retry
[INFO] running `Command { std: "git" "clone" "/workspace/cache/git-repos/https%3A%2F%2Fgithub.com%2FAldoRastrelli%2FBitcoinNode" "/workspace/builds/worker-4-tc2/source", kill_on_drop: false }`
[INFO] [stderr] Cloning into '/workspace/builds/worker-4-tc2/source'...
[INFO] [stderr] done.
[INFO] validating manifest of git repo https://github.com/AldoRastrelli/BitcoinNode on toolchain beta-2024-12-08
[INFO] running `Command { std: CARGO_HOME="/workspace/cargo-home" RUSTUP_HOME="/workspace/rustup-home" "/workspace/cargo-home/bin/cargo" "+beta-2024-12-08" "metadata" "--manifest-path" "Cargo.toml" "--no-deps", kill_on_drop: false }`
[INFO] started tweaking git repo https://github.com/AldoRastrelli/BitcoinNode
[INFO] finished tweaking git repo https://github.com/AldoRastrelli/BitcoinNode
[INFO] tweaked toml for git repo https://github.com/AldoRastrelli/BitcoinNode written to /workspace/builds/worker-4-tc2/source/Cargo.toml
[INFO] crate git repo https://github.com/AldoRastrelli/BitcoinNode already has a lockfile, it will not be regenerated
[INFO] running `Command { std: CARGO_HOME="/workspace/cargo-home" RUSTUP_HOME="/workspace/rustup-home" "/workspace/cargo-home/bin/cargo" "+beta-2024-12-08" "fetch" "--manifest-path" "Cargo.toml", kill_on_drop: false }`
[INFO] running `Command { std: "docker" "create" "-v" "/var/lib/crater-agent-workspace/builds/worker-4-tc2/target:/opt/rustwide/target:rw,Z" "-v" "/var/lib/crater-agent-workspace/builds/worker-4-tc2/source:/opt/rustwide/workdir:ro,Z" "-v" "/var/lib/crater-agent-workspace/cargo-home:/opt/rustwide/cargo-home:ro,Z" "-v" "/var/lib/crater-agent-workspace/rustup-home:/opt/rustwide/rustup-home:ro,Z" "-e" "SOURCE_DIR=/opt/rustwide/workdir" "-e" "CARGO_TARGET_DIR=/opt/rustwide/target" "-e" "CARGO_HOME=/opt/rustwide/cargo-home" "-e" "RUSTUP_HOME=/opt/rustwide/rustup-home" "-w" "/opt/rustwide/workdir" "-m" "1610612736" "--user" "0:0" "--network" "none" "ghcr.io/rust-lang/crates-build-env/linux@sha256:f3a9d4ad9d972b27faf3965f35b62e55ba32bbce8f20bc8fe909558a86702fde" "/opt/rustwide/cargo-home/bin/cargo" "+beta-2024-12-08" "metadata" "--no-deps" "--format-version=1", kill_on_drop: false }`
[INFO] [stdout] dbe97c6c7382a5ac0b313db49728652cf06a8cb3b9cd26994b2395f496af6b51
[INFO] running `Command { std: "docker" "start" "-a" "dbe97c6c7382a5ac0b313db49728652cf06a8cb3b9cd26994b2395f496af6b51", kill_on_drop: false }`
[INFO] running `Command { std: "docker" "inspect" "dbe97c6c7382a5ac0b313db49728652cf06a8cb3b9cd26994b2395f496af6b51", kill_on_drop: false }`
[INFO] running `Command { std: "docker" "rm" "-f" "dbe97c6c7382a5ac0b313db49728652cf06a8cb3b9cd26994b2395f496af6b51", kill_on_drop: false }`
[INFO] [stdout] dbe97c6c7382a5ac0b313db49728652cf06a8cb3b9cd26994b2395f496af6b51
[INFO] running `Command { std: "docker" "create" "-v" "/var/lib/crater-agent-workspace/builds/worker-4-tc2/target:/opt/rustwide/target:rw,Z" "-v" "/var/lib/crater-agent-workspace/builds/worker-4-tc2/source:/opt/rustwide/workdir:ro,Z" "-v" "/var/lib/crater-agent-workspace/cargo-home:/opt/rustwide/cargo-home:ro,Z" "-v" "/var/lib/crater-agent-workspace/rustup-home:/opt/rustwide/rustup-home:ro,Z" "-e" "SOURCE_DIR=/opt/rustwide/workdir" "-e" "CARGO_TARGET_DIR=/opt/rustwide/target" "-e" "CARGO_INCREMENTAL=0" "-e" "RUST_BACKTRACE=full" "-e" "RUSTFLAGS=--cap-lints=warn" "-e" "RUSTDOCFLAGS=--cap-lints=warn" "-e" "CARGO_HOME=/opt/rustwide/cargo-home" "-e" "RUSTUP_HOME=/opt/rustwide/rustup-home" "-w" "/opt/rustwide/workdir" "-m" "1610612736" "--user" "0:0" "--network" "none" "ghcr.io/rust-lang/crates-build-env/linux@sha256:f3a9d4ad9d972b27faf3965f35b62e55ba32bbce8f20bc8fe909558a86702fde" "/opt/rustwide/cargo-home/bin/cargo" "+beta-2024-12-08" "build" "--frozen" "--message-format=json", kill_on_drop: false }`
[INFO] [stdout] 6100ebbb8786d157d2fa815a5a47e78750a9dfcacca017ed1cc68254b11c19ae
[INFO] running `Command { std: "docker" "start" "-a" "6100ebbb8786d157d2fa815a5a47e78750a9dfcacca017ed1cc68254b11c19ae", kill_on_drop: false }`
[INFO] [stderr]    Compiling proc-macro2 v1.0.56
[INFO] [stderr]    Compiling unicode-ident v1.0.8
[INFO] [stderr]    Compiling quote v1.0.27
[INFO] [stderr]    Compiling syn v1.0.109
[INFO] [stderr]    Compiling serde v1.0.163
[INFO] [stderr]    Compiling unicode-segmentation v1.10.1
[INFO] [stderr]    Compiling thiserror v1.0.40
[INFO] [stderr]    Compiling pkg-config v0.3.27
[INFO] [stderr]    Compiling strum v0.18.0
[INFO] [stderr]    Compiling version-compare v0.0.10
[INFO] [stderr]    Compiling libc v0.2.144
[INFO] [stderr]    Compiling zeroize v1.6.0
[INFO] [stderr]    Compiling typenum v1.16.0
[INFO] [stderr]    Compiling futures-core v0.3.28
[INFO] [stderr]    Compiling generic-array v0.14.7
[INFO] [stderr]    Compiling slab v0.4.8
[INFO] [stderr]    Compiling futures-channel v0.3.28
[INFO] [stderr]    Compiling futures-task v0.3.28
[INFO] [stderr]    Compiling proc-macro-error-attr v1.0.4
[INFO] [stderr]    Compiling futures-util v0.3.28
[INFO] [stderr]    Compiling subtle v2.5.0
[INFO] [stderr]    Compiling const-oid v0.9.2
[INFO] [stderr]    Compiling futures-sink v0.3.28
[INFO] [stderr]    Compiling heck v0.3.3
[INFO] [stderr]    Compiling proc-macro-error v1.0.4
[INFO] [stderr]    Compiling anyhow v1.0.71
[INFO] [stderr]    Compiling futures-io v0.3.28
[INFO] [stderr]    Compiling pin-project-lite v0.2.9
[INFO] [stderr]    Compiling pin-utils v0.1.0
[INFO] [stderr]    Compiling either v1.8.1
[INFO] [stderr]    Compiling once_cell v1.17.1
[INFO] [stderr]    Compiling bitflags v1.3.2
[INFO] [stderr]    Compiling der v0.7.6
[INFO] [stderr]    Compiling gio v0.9.1
[INFO] [stderr]    Compiling num-traits v0.2.15
[INFO] [stderr]    Compiling gdk-pixbuf v0.9.0
[INFO] [stderr]    Compiling base16ct v0.2.0
[INFO] [stderr]    Compiling itertools v0.9.0
[INFO] [stderr]    Compiling cc v1.0.79
[INFO] [stderr]    Compiling cairo-rs v0.9.1
[INFO] [stderr]    Compiling pango v0.9.1
[INFO] [stderr]    Compiling num-integer v0.1.45
[INFO] [stderr]    Compiling bitcoin-private v0.1.0
[INFO] [stderr]    Compiling atk v0.9.0
[INFO] [stderr]    Compiling gdk v0.13.2
[INFO] [stderr]    Compiling gtk v0.9.2
[INFO] [stderr]    Compiling ppv-lite86 v0.2.17
[INFO] [stderr]    Compiling cpufeatures v0.2.8
[INFO] [stderr]    Compiling iana-time-zone v0.1.56
[INFO] [stderr]    Compiling getrandom v0.2.9
[INFO] [stderr]    Compiling time v0.1.45
[INFO] [stderr]    Compiling bitcoin_hashes v0.12.0
[INFO] [stderr]    Compiling syn v2.0.15
[INFO] [stderr]    Compiling rand_core v0.6.4
[INFO] [stderr]    Compiling ff v0.13.0
[INFO] [stderr]    Compiling rand_chacha v0.3.1
[INFO] [stderr]    Compiling group v0.13.0
[INFO] [stderr]    Compiling secp256k1-sys v0.8.1
[INFO] [stderr]    Compiling rand v0.8.5
[INFO] [stderr]    Compiling spki v0.7.2
[INFO] [stderr]    Compiling pkcs8 v0.10.2
[INFO] [stderr]    Compiling chrono v0.4.24
[INFO] [stderr]    Compiling crypto-common v0.1.6
[INFO] [stderr]    Compiling block-buffer v0.10.4
[INFO] [stderr]    Compiling crypto-bigint v0.5.2
[INFO] [stderr]    Compiling sec1 v0.7.2
[INFO] [stderr]    Compiling digest v0.10.7
[INFO] [stderr]    Compiling hmac v0.12.1
[INFO] [stderr]    Compiling signature v2.1.0
[INFO] [stderr]    Compiling sha2 v0.10.7
[INFO] [stderr]    Compiling rfc6979 v0.4.0
[INFO] [stderr]    Compiling elliptic-curve v0.13.5
[INFO] [stderr]    Compiling ecdsa v0.16.7
[INFO] [stderr]    Compiling k256 v0.13.1
[INFO] [stderr]    Compiling strum_macros v0.18.0
[INFO] [stderr]    Compiling toml v0.5.11
[INFO] [stderr]    Compiling thiserror-impl v1.0.40
[INFO] [stderr]    Compiling futures-macro v0.3.28
[INFO] [stderr]    Compiling secp256k1 v0.27.0
[INFO] [stderr]    Compiling proc-macro-crate v0.1.5
[INFO] [stderr]    Compiling system-deps v1.3.2
[INFO] [stderr]    Compiling glib-macros v0.10.1
[INFO] [stderr]    Compiling glib-sys v0.10.1
[INFO] [stderr]    Compiling gobject-sys v0.10.0
[INFO] [stderr]    Compiling gio-sys v0.10.1
[INFO] [stderr]    Compiling gdk-pixbuf-sys v0.10.0
[INFO] [stderr]    Compiling pango-sys v0.10.0
[INFO] [stderr]    Compiling cairo-sys-rs v0.10.0
[INFO] [stderr]    Compiling atk-sys v0.10.0
[INFO] [stderr]    Compiling gdk-sys v0.10.0
[INFO] [stderr]    Compiling gtk-sys v0.10.0
[INFO] [stderr]    Compiling futures-executor v0.3.28
[INFO] [stderr]    Compiling glib v0.10.3
[INFO] [stderr]    Compiling futures v0.3.28
[INFO] [stderr]    Compiling rusteze v0.1.0 (/opt/rustwide/workdir)
[INFO] [stdout] warning: irrefutable `if let` pattern
[INFO] [stdout]    --> src/node/interface/interface_communicator.rs:205:24
[INFO] [stdout]     |
[INFO] [stdout] 205 |                     if let Ok(private) = parts[2].parse() {
[INFO] [stdout]     |                        ^^^^^^^^^^^^^^^^^^^^^^^^^^^^^^^^^^
[INFO] [stdout]     |
[INFO] [stdout]     = note: this pattern will always match, so the `if let` is useless
[INFO] [stdout]     = help: consider replacing the `if let` with a `let`
[INFO] [stdout]     = note: `#[warn(irrefutable_let_patterns)]` on by default
[INFO] [stdout] 
[INFO] [stdout] 
[INFO] [stderr]     Finished `dev` profile [unoptimized + debuginfo] target(s) in 1m 52s
[INFO] running `Command { std: "docker" "inspect" "6100ebbb8786d157d2fa815a5a47e78750a9dfcacca017ed1cc68254b11c19ae", kill_on_drop: false }`
[INFO] running `Command { std: "docker" "rm" "-f" "6100ebbb8786d157d2fa815a5a47e78750a9dfcacca017ed1cc68254b11c19ae", kill_on_drop: false }`
[INFO] [stdout] 6100ebbb8786d157d2fa815a5a47e78750a9dfcacca017ed1cc68254b11c19ae
[INFO] running `Command { std: "docker" "create" "-v" "/var/lib/crater-agent-workspace/builds/worker-4-tc2/target:/opt/rustwide/target:rw,Z" "-v" "/var/lib/crater-agent-workspace/builds/worker-4-tc2/source:/opt/rustwide/workdir:ro,Z" "-v" "/var/lib/crater-agent-workspace/cargo-home:/opt/rustwide/cargo-home:ro,Z" "-v" "/var/lib/crater-agent-workspace/rustup-home:/opt/rustwide/rustup-home:ro,Z" "-e" "SOURCE_DIR=/opt/rustwide/workdir" "-e" "CARGO_TARGET_DIR=/opt/rustwide/target" "-e" "CARGO_INCREMENTAL=0" "-e" "RUST_BACKTRACE=full" "-e" "RUSTFLAGS=--cap-lints=warn" "-e" "RUSTDOCFLAGS=--cap-lints=warn" "-e" "CARGO_HOME=/opt/rustwide/cargo-home" "-e" "RUSTUP_HOME=/opt/rustwide/rustup-home" "-w" "/opt/rustwide/workdir" "-m" "1610612736" "--user" "0:0" "--network" "none" "ghcr.io/rust-lang/crates-build-env/linux@sha256:f3a9d4ad9d972b27faf3965f35b62e55ba32bbce8f20bc8fe909558a86702fde" "/opt/rustwide/cargo-home/bin/cargo" "+beta-2024-12-08" "test" "--frozen" "--no-run" "--message-format=json", kill_on_drop: false }`
[INFO] [stdout] 96fdb00da5f4ac940c4ea595920e2e954d810a9f40184c41578788ba792ffc5b
[INFO] running `Command { std: "docker" "start" "-a" "96fdb00da5f4ac940c4ea595920e2e954d810a9f40184c41578788ba792ffc5b", kill_on_drop: false }`
[INFO] [stderr]    Compiling rusteze v0.1.0 (/opt/rustwide/workdir)
[INFO] [stdout] warning: irrefutable `if let` pattern
[INFO] [stdout]    --> src/node/interface/interface_communicator.rs:205:24
[INFO] [stdout]     |
[INFO] [stdout] 205 |                     if let Ok(private) = parts[2].parse() {
[INFO] [stdout]     |                        ^^^^^^^^^^^^^^^^^^^^^^^^^^^^^^^^^^
[INFO] [stdout]     |
[INFO] [stdout]     = note: this pattern will always match, so the `if let` is useless
[INFO] [stdout]     = help: consider replacing the `if let` with a `let`
[INFO] [stdout]     = note: `#[warn(irrefutable_let_patterns)]` on by default
[INFO] [stdout] 
[INFO] [stdout] 
[INFO] [stdout] warning: irrefutable `if let` pattern
[INFO] [stdout]    --> src/node/interface/interface_communicator.rs:205:24
[INFO] [stdout]     |
[INFO] [stdout] 205 |                     if let Ok(private) = parts[2].parse() {
[INFO] [stdout]     |                        ^^^^^^^^^^^^^^^^^^^^^^^^^^^^^^^^^^
[INFO] [stdout]     |
[INFO] [stdout]     = note: this pattern will always match, so the `if let` is useless
[INFO] [stdout]     = help: consider replacing the `if let` with a `let`
[INFO] [stdout]     = note: `#[warn(irrefutable_let_patterns)]` on by default
[INFO] [stdout] 
[INFO] [stdout] 
[INFO] [stderr]     Finished `test` profile [unoptimized + debuginfo] target(s) in 11.60s
[INFO] running `Command { std: "docker" "inspect" "96fdb00da5f4ac940c4ea595920e2e954d810a9f40184c41578788ba792ffc5b", kill_on_drop: false }`
[INFO] running `Command { std: "docker" "rm" "-f" "96fdb00da5f4ac940c4ea595920e2e954d810a9f40184c41578788ba792ffc5b", kill_on_drop: false }`
[INFO] [stdout] 96fdb00da5f4ac940c4ea595920e2e954d810a9f40184c41578788ba792ffc5b
[INFO] running `Command { std: "docker" "create" "-v" "/var/lib/crater-agent-workspace/builds/worker-4-tc2/target:/opt/rustwide/target:rw,Z" "-v" "/var/lib/crater-agent-workspace/builds/worker-4-tc2/source:/opt/rustwide/workdir:ro,Z" "-v" "/var/lib/crater-agent-workspace/cargo-home:/opt/rustwide/cargo-home:ro,Z" "-v" "/var/lib/crater-agent-workspace/rustup-home:/opt/rustwide/rustup-home:ro,Z" "-e" "SOURCE_DIR=/opt/rustwide/workdir" "-e" "CARGO_TARGET_DIR=/opt/rustwide/target" "-e" "CARGO_INCREMENTAL=0" "-e" "RUST_BACKTRACE=full" "-e" "RUSTFLAGS=--cap-lints=warn" "-e" "RUSTDOCFLAGS=--cap-lints=warn" "-e" "CARGO_HOME=/opt/rustwide/cargo-home" "-e" "RUSTUP_HOME=/opt/rustwide/rustup-home" "-w" "/opt/rustwide/workdir" "-m" "1610612736" "--user" "0:0" "--network" "none" "ghcr.io/rust-lang/crates-build-env/linux@sha256:f3a9d4ad9d972b27faf3965f35b62e55ba32bbce8f20bc8fe909558a86702fde" "/opt/rustwide/cargo-home/bin/cargo" "+beta-2024-12-08" "test" "--frozen", kill_on_drop: false }`
[INFO] [stdout] df0a5fd42be76745268078a94efcf96205f35690afe6f7b372d9120c1e251b86
[INFO] running `Command { std: "docker" "start" "-a" "df0a5fd42be76745268078a94efcf96205f35690afe6f7b372d9120c1e251b86", kill_on_drop: false }`
[INFO] [stderr] warning: irrefutable `if let` pattern
[INFO] [stderr]    --> src/node/interface/interface_communicator.rs:205:24
[INFO] [stderr]     |
[INFO] [stderr] 205 |                     if let Ok(private) = parts[2].parse() {
[INFO] [stderr]     |                        ^^^^^^^^^^^^^^^^^^^^^^^^^^^^^^^^^^
[INFO] [stderr]     |
[INFO] [stderr]     = note: this pattern will always match, so the `if let` is useless
[INFO] [stderr]     = help: consider replacing the `if let` with a `let`
[INFO] [stderr]     = note: `#[warn(irrefutable_let_patterns)]` on by default
[INFO] [stderr] 
[INFO] [stderr] warning: `rusteze` (lib) generated 1 warning
[INFO] [stderr] warning: `rusteze` (lib test) generated 1 warning (1 duplicate)
[INFO] [stderr]     Finished `test` profile [unoptimized + debuginfo] target(s) in 0.32s
[INFO] [stderr]      Running unittests src/lib.rs (/opt/rustwide/target/debug/deps/rusteze-4f262d209821eb1b)
[INFO] [stdout] 
[INFO] [stdout] running 155 tests
[INFO] [stdout] test message_structs::bitcoin_message_header::bitcoin_message_headers_tests::test_get_csv_format_transforms_magic_ok ... ok
[INFO] [stdout] test message_structs::bitcoin_message_header::bitcoin_message_headers_tests::test_get_csv_format_transforms_checksum_ok ... ok
[INFO] [stdout] test message_structs::block_headers::block_header_tests::test_get_csv_format_nonce_ok ... ok
[INFO] [stdout] test message_structs::bitcoin_message_header::bitcoin_message_headers_tests::test_get_csv_format_transforms_verack_ok ... ok
[INFO] [stdout] test message_structs::block_headers::block_header_tests::test_get_csv_format_time_ok ... ok
[INFO] [stdout] test message_structs::block_headers::block_header_tests::test_deserialize ... ok
[INFO] [stdout] test message_structs::block_headers::block_header_tests::test_get_csv_format_merkle_ok ... ok
[INFO] [stdout] test message_structs::bitcoin_message_header::bitcoin_message_headers_tests::test_get_csv_format_transforms_payload_size_ok ... ok
[INFO] [stdout] test message_structs::block_headers::block_header_tests::test_get_csv_format_prev_hash_ok ... ok
[INFO] [stdout] test message_structs::block_headers::block_header_tests::test_serialize ... ok
[INFO] [stdout] test message_structs::block_headers::block_header_tests::test_get_csv_format_n_bits_ok ... ok
[INFO] [stdout] test message_structs::block_headers::block_header_tests::test_get_csv_format_version_ok ... ok
[INFO] [stdout] test message_structs::compact_size::compact_size_tests::test_compact_size_less_than_0xfd_number ... ok
[INFO] [stdout] test message_structs::compact_size::compact_size_tests::test_compact_size_less_than_0xfd_number_vec ... ok
[INFO] [stdout] test message_structs::block_message::block_message_tests::test_serialize_deserialize ... ok
[INFO] [stdout] test message_structs::block_message::block_message_tests::test_serialize_for_hashing ... ok
[INFO] [stdout] test message_structs::compact_size::compact_size_tests::test_compact_size_less_than_0xfd_prefix ... ok
[INFO] [stdout] test message_structs::compact_size::compact_size_tests::test_compact_size_less_than_0xffff_number_vec ... ok
[INFO] [stdout] test message_structs::compact_size::compact_size_tests::test_compact_size_less_than_0xffff_prefix ... ok
[INFO] [stdout] test message_structs::compact_size::compact_size_tests::test_get_format ... ok
[INFO] [stdout] test message_structs::compact_size::compact_size_tests::test_serialize_deserialize ... ok
[INFO] [stdout] test message_structs::get_headers_message::get_headers_message_tests::test_get_csv_format_hash_stop_ok ... ok
[INFO] [stdout] test message_structs::get_headers_message::get_headers_message_tests::test_get_csv_format_number_ok ... ok
[INFO] [stdout] test message_structs::get_headers_message::get_headers_message_tests::test_build_default ... ok
[INFO] [stdout] test message_structs::get_headers_message::get_headers_message_tests::test_get_csv_format_version_ok ... ok
[INFO] [stdout] test message_structs::input::input_tests::test_input_get_csv_format_outpoint ... ok
[INFO] [stdout] test message_structs::input::input_tests::test_input_get_csv_format_sequence_number ... ok
[INFO] [stdout] test message_structs::compact_size::compact_size_tests::test_compact_size_less_than_0xffff_number ... ok
[INFO] [stdout] test message_structs::input::input_tests::test_input_size ... ok
[INFO] [stdout] test message_structs::get_headers_message::get_headers_message_tests::test_serialize ... ok
[INFO] [stdout] test message_structs::outpoint::outpoint_tests::test_deserialize ... ok
[INFO] [stdout] test message_structs::input::input_tests::test_input_serialize ... ok
[INFO] [stdout] test message_structs::get_headers_message::get_headers_message_tests::test_deserialize ... ok
[INFO] [stdout] test message_structs::get_headers_message::get_headers_message_tests::test_get_csv_format_block_locator_hashes_ok ... ok
[INFO] [stdout] test message_structs::input::input_tests::test_input_get_csv_format_signature_script_length ... ok
[INFO] [stdout] test message_structs::outpoint::outpoint_tests::test_get_csv_format ... ok
[INFO] [stdout] test message_structs::outpoint::outpoint_tests::test_serialize ... ok
[INFO] [stdout] test message_structs::output::output_tests::test_output_get_csv_format_script_length ... ok
[INFO] [stdout] test message_structs::version_message::version_message_test::test_deserialize ... ok
[INFO] [stdout] test message_structs::version_message::version_message_test::test_serialize ... ok
[INFO] [stdout] test message_structs::tx_message::tx_message_tests::test_get_csv_format ... ok
[INFO] [stdout] test message_structs::output::output_tests::test_output_get_csv_format_value ... ok
[INFO] [stdout] test node::bitnode::bitnode_tests::test_new_peers_is_none ... ok
[INFO] [stdout] test node::bitnode::bitnode_tests::test_new_blocks_is_none ... ok
[INFO] [stdout] test node::storage_engine::file_lines::file_lines_tests::test_file_lines ... ok
[INFO] [stdout] test node::validation_engine::hashes::headers_validations_tests::test_calculate_header_hash_vector ... ok
[INFO] [stdout] test node::validation_engine::hashes::headers_validations_tests::test_block_calculate_doublehash_be ... ok
[INFO] [stdout] test message_structs::output::output_tests::test_output_get_csv_format_script ... ok
[INFO] [stdout] test node::validation_engine::hashes::headers_validations_tests::test_calculate_string_double_hash_array ... ok
[INFO] [stdout] test node::validation_engine::hashes::headers_validations_tests::test_block_calculate_hash_vector_le ... ok
[INFO] [stdout] test message_structs::input::input_tests::test_input_get_csv_format_signature_script ... ok
[INFO] [stdout] test node::validation_engine::hashes::headers_validations_tests::test_calculate_string_hash_array ... ok
[INFO] [stdout] test node::validation_engine::hashes::headers_validations_tests::test_header_calculate_doublehash_array_be ... ok
[INFO] [stdout] test node::validation_engine::hashes::headers_validations_tests::test_vec_calculate_doublehash_be_hash ... ok
[INFO] [stdout] test node::validation_engine::merkles::merkle_tree::merkle_tree_test::test_calculate_height ... ok
[INFO] [stdout] test node::validation_engine::merkles::merkle_tree::merkle_tree_test::test_calculate_merkle_tree_is_valid_single_txid ... ok
[INFO] [stdout] test node::validation_engine::merkles::merkle_tree::merkle_tree_test::test_merkle_tree_hash_count_ok ... ok
[INFO] [stdout] test node::validation_engine::merkles::merkle_tree::merkle_tree_test::test_calculate_merkle_tree_two_txids ... ok
[INFO] [stdout] test node::validation_engine::merkles::merkle_tree::merkle_tree_test::test_calculate_merkle_tree_three_txid ... ok
[INFO] [stdout] test node::validation_engine::validations::headers_validations_tests::test_calculate_coefficient ... ok
[INFO] [stdout] test node::validation_engine::merkles::merkle_tree::merkle_tree_test::test_get_max_height ... ok
[INFO] [stdout] test node::validation_engine::hashes::headers_validations_tests::test_header_calculate_doublehash_be ... ok
[INFO] [stdout] test node::validation_engine::hashes::headers_validations_tests::test_vec_calculate_doublehash_array_be_for_concat_hashes ... ok
[INFO] [stdout] test node::validation_engine::merkles::merkle_tree::merkle_tree_test::test_build_empty_tree_counts ... ok
[INFO] [stdout] test node::validation_engine::merkles::merkle_tree::merkle_tree_test::test_set_txid_nodes ... ok
[INFO] [stdout] test node::validation_engine::merkles::merkle_tree::merkle_tree_test::test_proof_of_inclusion_single_tx ... ok
[INFO] [stdout] test node::validation_engine::validations::headers_validations_tests::test_calculate_index ... ok
[INFO] [stdout] test node::validation_engine::validations::headers_validations_tests::test_calculate_target_difficulty1 ... ok
[INFO] [stdout] test node::validation_engine::validations::headers_validations_tests::test_calculate_target_difficulty2 ... ok
[INFO] [stdout] test node::validation_engine::validations::headers_validations_tests::test_check_proof_of_work_fails ... ok
[INFO] [stdout] test node::validation_engine::validations::headers_validations_tests::test_check_proof_of_work_passes ... ok
[INFO] [stdout] test node::validation_engine::merkles::merkle_tree::merkle_tree_test::test_calculate_merkle_tree_ten_txid ... ok
[INFO] [stdout] test node::wallets::keys_handler::transaction_creation_tests::test_encode_address ... ok
[INFO] [stdout] test node::validation_engine::merkles::merkle_tree::merkle_tree_test::test_proof_of_inclusion ... ok
[INFO] [stdout] test node::wallets::transactions_handler::transactions_handler_test::test_get_utxos_needed_change_ok ... ok
[INFO] [stdout] test node::wallets::keys_handler::transaction_creation_tests::test_decode_address ... ok
[INFO] [stdout] test node::wallets::keys_handler::transaction_creation_tests::test_get_tx_address_success ... ok
[INFO] [stdout] test node::wallets::transactions_handler::transactions_handler_test::test_create_transaction_inputs ... ok
[INFO] [stdout] test node::validation_engine::validations::headers_validations_tests::test_verify_header_links ... ok
[INFO] [stdout] test node::wallets::transactions_handler::transactions_handler_test::test_get_utxos_needed_size_ok ... ok
[INFO] [stdout] test node::wallets::keys_handler::transaction_creation_tests::test_keys_are_valid_false ... ok
[INFO] [stdout] test node::wallets::transactions_handler::transactions_handler_test::test_output_script_creation_for ... ok
[INFO] [stdout] test node::wallets::keys_handler::transaction_creation_tests::test_keys_are_valid_true ... ok
[INFO] [stdout] test node::wallets::transactions_handler::transactions_handler_test::test_create_transaction ... ok
[INFO] [stdout] test node::wallets::transactions_handler::transactions_handler_test::test_create_transaction_outputs ... ok
[INFO] [stdout] test node::wallets::keys_handler::transaction_creation_tests::test_calculate_pubkey_hash ... ok
[INFO] [stdout] test node::wallets::wallet::wallet_tests::test_wallet_get_id ... ok
[INFO] [stdout] test node::wallets::keys_handler::transaction_creation_tests::test_calculate_pubkey ... ok
[INFO] [stdout] test node::wallets::wallet_handler::wallet_handler_tests::test_wallet_handler_new_wallet_with_empty_name_and_key ... ok
[INFO] [stdout] test node::wallets::wallet_handler::wallet_handler_tests::test_wallet_handler_get_actual_balance ... ok
[INFO] [stdout] test node::wallets::wallet::wallet_tests::test_wallet_get_name ... ok
[INFO] [stdout] test node::wallets::wallet_handler::wallet_handler_tests::test_wallet_handler_new_wallet ... ok
[INFO] [stdout] test node::wallets::transactions_handler::transactions_handler_test::test_output_script_fee_creation ... ok
[INFO] [stdout] test node::wallets::wallet::wallet_tests::test_wallet_new ... ok
[INFO] [stdout] test node::wallets::wallet_handler::wallet_handler_tests::test_wallet_handler_new_wallet_with_empty_key ... ok
[INFO] [stdout] test node::wallets::wallet::wallet_tests::test_wallet_modify_balance ... ok
[INFO] [stdout] test node::wallets::wallet_handler::wallet_handler_tests::test_wallet_handler_get_all_names ... ok
[INFO] [stdout] test node::wallets::wallet_handler::wallet_handler_tests::test_wallet_handler_get_all_data ... ok
[INFO] [stdout] test node::wallets::wallet_handler::wallet_handler_tests::test_actual_wallet_get_data ... ok
[INFO] [stdout] test node::wallets::wallet_handler::wallet_handler_tests::test_wallet_handler_new_wallet_with_same_name ... ok
[INFO] [stdout] test node::wallets::wallet_handler::wallet_handler_tests::test_wallet_handler_new_wallet_with_empty_name ... ok
[INFO] [stdout] test node::wallets::wallet::wallet_tests::test_wallet_get_balance ... ok
[INFO] [stdout] test utils::array_tools::array_tools_tests::test_cast_string_to_bytes_vec ... ok
[INFO] [stdout] test node::wallets::wallet_handler::wallet_handler_tests::test_wallet_handler_new ... ok
[INFO] [stdout] test utils::array_tools::array_tools_tests::test_cast_string_to_bytes ... ok
[INFO] [stdout] test utils::array_tools::array_tools_tests::test_cast_vec_to_binary_vec_2 ... ok
[INFO] [stdout] test utils::array_tools::array_tools_tests::test_cast_vec_to_binary_vec_3 ... ok
[INFO] [stdout] test utils::array_tools::array_tools_tests::test_cast_vec_to_binary_vec_4 ... ok
[INFO] [stdout] test utils::array_tools::array_tools_tests::test_reverse_array ... ok
[INFO] [stdout] test utils::array_tools::array_tools_tests::test_u32_to_le_bytes ... ok
[INFO] [stdout] test utils::build_messages::build_messages_tests::test_build_header_message ... ok
[INFO] [stdout] test utils::commands::commands_tests::test_addr ... ok
[INFO] [stdout] test utils::commands::commands_tests::test_addr2 ... ok
[INFO] [stdout] test utils::commands::commands_tests::test_block ... ok
[INFO] [stdout] test utils::commands::commands_tests::test_block_txn ... ok
[INFO] [stdout] test utils::commands::commands_tests::test_filter_load ... ok
[INFO] [stdout] test utils::commands::commands_tests::test_get_block ... ok
[INFO] [stdout] test utils::commands::commands_tests::test_get_block_txn ... ok
[INFO] [stdout] test utils::commands::commands_tests::test_get_data ... ok
[INFO] [stdout] test utils::commands::commands_tests::test_get_addr ... ok
[INFO] [stdout] test utils::commands::commands_tests::test_inv ... ok
[INFO] [stdout] test utils::commands::commands_tests::test_headers ... ok
[INFO] [stdout] test utils::commands::commands_tests::test_merkle_block ... ok
[INFO] [stdout] test utils::commands::commands_tests::test_get_headers ... ok
[INFO] [stdout] test utils::commands::commands_tests::test_version ... ok
[INFO] [stdout] test utils::configs::config::config_tests::test_get_config_var ... ok
[INFO] [stdout] test utils::configs::config::config_tests::test_get_config_var_invalid ... ok
[INFO] [stdout] test utils::configs::config::config_tests::test_get_dns ... ok
[INFO] [stdout] test utils::configs::config::config_tests::test_get_testnet_port ... ok
[INFO] [stdout] test utils::commands::commands_tests::test_ping ... ok
[INFO] [stdout] test utils::configs::config_vars::config_vars_tests::dns_description ... ok
[INFO] [stdout] test utils::configs::config::config_tests::test_get_logger_file_location ... ok
[INFO] [stdout] test utils::configs::config::config_tests::test_print_configs ... ok
[INFO] [stdout] test utils::configs::config_vars::config_vars_tests::invalid_description ... ok
[INFO] [stdout] test utils::configs::config_vars::config_vars_tests::config_path_description ... ok
[INFO] [stdout] test utils::configs::config::config_tests::test_get_protocol_version ... ok
[INFO] [stdout] test utils::configs::config_vars::config_vars_tests::logger_file_location_description ... ok
[INFO] [stdout] test utils::commands::commands_tests::test_pong ... ok
[INFO] [stdout] test utils::commands::commands_tests::test_reject ... ok
[INFO] [stdout] test utils::commands::commands_tests::test_verack ... ok
[INFO] [stdout] test utils::commands::commands_tests::test_block_header ... ok
[INFO] [stdout] test utils::configs::config::config_tests::test_get_project_start_date ... ok
[INFO] [stdout] test utils::array_tools::array_tools_tests::test_cast_vec_to_binary_vec_1 ... ok
[INFO] [stdout] test utils::queue::queue_tests::test_preprend ... ok
[INFO] [stdout] test utils::queue::queue_tests::test_queue ... ok
[INFO] [stdout] test utils::thread_pool_worker::thread_pool_worker_tests::test_worker_receiver ... ok
[INFO] [stdout] test utils::configs::config_vars::config_vars_tests::project_start_date_description ... ok
[INFO] [stdout] test utils::thread_pool_worker::thread_pool_worker_tests::test_worker_id ... ok
[INFO] [stdout] test utils::configs::config_vars::config_vars_tests::protocol_version_description ... ok
[INFO] [stdout] test utils::configs::config_vars::config_vars_tests::testnet_port_description ... ok
[INFO] [stdout] test utils::thread_pool::thread_pool_tests::test_new_thread_pool ... ok
[INFO] [stdout] test utils::thread_pool::thread_pool_tests::test_thread_pool ... ok
[INFO] [stdout] test utils::thread_pool_worker::thread_pool_worker_tests::test_worker_is_some ... ok
[INFO] [stdout] test node::peer_discovery::obtain_peers::obtain_peers_tests::test_peer_discovery ... FAILED
[INFO] [stdout] test utils::build_messages::build_messages_tests::test_build_version_message ... FAILED
[INFO] [stdout] 
[INFO] [stdout] failures:
[INFO] [stdout] 
[INFO] [stdout] ---- node::peer_discovery::obtain_peers::obtain_peers_tests::test_peer_discovery stdout ----
[INFO] [stdout] thread 'node::peer_discovery::obtain_peers::obtain_peers_tests::test_peer_discovery' panicked at src/node/peer_discovery/obtain_peers.rs:59:48:
[INFO] [stdout] called `Result::unwrap()` on an `Err` value: "DNS lookup failed"
[INFO] [stdout] stack backtrace:
[INFO] [stdout]    0:     0x6081d42cd09a - std::backtrace_rs::backtrace::libunwind::trace::h8810477743020387
[INFO] [stdout]                                at /rustc/202008a1b8de96d2e5b6bc02d379db03a877d34d/library/std/src/../../backtrace/src/backtrace/libunwind.rs:116:5
[INFO] [stdout]    1:     0x6081d42cd09a - std::backtrace_rs::backtrace::trace_unsynchronized::h3aa55355dd6c54a6
[INFO] [stdout]                                at /rustc/202008a1b8de96d2e5b6bc02d379db03a877d34d/library/std/src/../../backtrace/src/backtrace/mod.rs:66:5
[INFO] [stdout]    2:     0x6081d42cd09a - std::sys::backtrace::_print_fmt::h8588b0f62410823f
[INFO] [stdout]                                at /rustc/202008a1b8de96d2e5b6bc02d379db03a877d34d/library/std/src/sys/backtrace.rs:66:9
[INFO] [stdout]    3:     0x6081d42cd09a - <std::sys::backtrace::BacktraceLock::print::DisplayBacktrace as core::fmt::Display>::fmt::h98c26ac25ffe89bb
[INFO] [stdout]                                at /rustc/202008a1b8de96d2e5b6bc02d379db03a877d34d/library/std/src/sys/backtrace.rs:39:26
[INFO] [stdout]    4:     0x6081d42f5b63 - core::fmt::rt::Argument::fmt::hf95377f4aebd453b
[INFO] [stdout]                                at /rustc/202008a1b8de96d2e5b6bc02d379db03a877d34d/library/core/src/fmt/rt.rs:177:76
[INFO] [stdout]    5:     0x6081d42f5b63 - core::fmt::write::h0dd5f6e2238c7982
[INFO] [stdout]                                at /rustc/202008a1b8de96d2e5b6bc02d379db03a877d34d/library/core/src/fmt/mod.rs:1189:21
[INFO] [stdout]    6:     0x6081d42c9b33 - std::io::Write::write_fmt::h03bb0ca26e6faf8c
[INFO] [stdout]                                at /rustc/202008a1b8de96d2e5b6bc02d379db03a877d34d/library/std/src/io/mod.rs:1884:15
[INFO] [stdout]    7:     0x6081d42ccee2 - std::sys::backtrace::BacktraceLock::print::h5c19c1c038ee186d
[INFO] [stdout]                                at /rustc/202008a1b8de96d2e5b6bc02d379db03a877d34d/library/std/src/sys/backtrace.rs:42:9
[INFO] [stdout]    8:     0x6081d42ce51d - std::panicking::default_hook::{{closure}}::h77172f079a1fcb13
[INFO] [stdout]                                at /rustc/202008a1b8de96d2e5b6bc02d379db03a877d34d/library/std/src/panicking.rs:268:22
[INFO] [stdout]    9:     0x6081d42ce327 - std::panicking::default_hook::he5f8e3b203ccddba
[INFO] [stdout]                                at /rustc/202008a1b8de96d2e5b6bc02d379db03a877d34d/library/std/src/panicking.rs:292:9
[INFO] [stdout]   10:     0x6081d4220737 - <alloc::boxed::Box<F,A> as core::ops::function::Fn<Args>>::call::h7a3c7b4a1ae77f2f
[INFO] [stdout]                                at /rustc/202008a1b8de96d2e5b6bc02d379db03a877d34d/library/alloc/src/boxed.rs:1986:9
[INFO] [stdout]   11:     0x6081d4220737 - test::test_main::{{closure}}::hf0d3b69ae9b353d1
[INFO] [stdout]                                at /rustc/202008a1b8de96d2e5b6bc02d379db03a877d34d/library/test/src/lib.rs:134:21
[INFO] [stdout]   12:     0x6081d42cebc8 - <alloc::boxed::Box<F,A> as core::ops::function::Fn<Args>>::call::h6332e82e7b189abd
[INFO] [stdout]                                at /rustc/202008a1b8de96d2e5b6bc02d379db03a877d34d/library/alloc/src/boxed.rs:1986:9
[INFO] [stdout]   13:     0x6081d42cebc8 - std::panicking::rust_panic_with_hook::h53863d4e9018df39
[INFO] [stdout]                                at /rustc/202008a1b8de96d2e5b6bc02d379db03a877d34d/library/std/src/panicking.rs:809:13
[INFO] [stdout]   14:     0x6081d42ce98a - std::panicking::begin_panic_handler::{{closure}}::h67280e6fa0757873
[INFO] [stdout]                                at /rustc/202008a1b8de96d2e5b6bc02d379db03a877d34d/library/std/src/panicking.rs:674:13
[INFO] [stdout]   15:     0x6081d42cd579 - std::sys::backtrace::__rust_end_short_backtrace::h1dac3f54d6fbbeb2
[INFO] [stdout]                                at /rustc/202008a1b8de96d2e5b6bc02d379db03a877d34d/library/std/src/sys/backtrace.rs:170:18
[INFO] [stdout]   16:     0x6081d42ce61c - rust_begin_unwind
[INFO] [stdout]                                at /rustc/202008a1b8de96d2e5b6bc02d379db03a877d34d/library/std/src/panicking.rs:665:5
[INFO] [stdout]   17:     0x6081d414d200 - core::panicking::panic_fmt::h6792bd1b2bf01041
[INFO] [stdout]                                at /rustc/202008a1b8de96d2e5b6bc02d379db03a877d34d/library/core/src/panicking.rs:76:14
[INFO] [stdout]   18:     0x6081d414d686 - core::result::unwrap_failed::h05e0602ed34287c5
[INFO] [stdout]                                at /rustc/202008a1b8de96d2e5b6bc02d379db03a877d34d/library/core/src/result.rs:1699:5
[INFO] [stdout]   19:     0x6081d41e6de4 - core::result::Result<T,E>::unwrap::h1341ee70ece424d1
[INFO] [stdout]                                at /rustc/202008a1b8de96d2e5b6bc02d379db03a877d34d/library/core/src/result.rs:1104:23
[INFO] [stdout]   20:     0x6081d41e6de4 - rusteze::node::peer_discovery::obtain_peers::obtain_peers_tests::test_peer_discovery::h8aa3dfc9cb930c99
[INFO] [stdout]                                at /opt/rustwide/workdir/src/node/peer_discovery/obtain_peers.rs:59:19
[INFO] [stdout]   21:     0x6081d41e6d47 - rusteze::node::peer_discovery::obtain_peers::obtain_peers_tests::test_peer_discovery::{{closure}}::h006aaf6bc529b580
[INFO] [stdout]                                at /opt/rustwide/workdir/src/node/peer_discovery/obtain_peers.rs:57:29
[INFO] [stdout]   22:     0x6081d4158ae6 - core::ops::function::FnOnce::call_once::h7078c4d24a1b889b
[INFO] [stdout]                                at /rustc/202008a1b8de96d2e5b6bc02d379db03a877d34d/library/core/src/ops/function.rs:250:5
[INFO] [stdout]   23:     0x6081d422525b - core::ops::function::FnOnce::call_once::h871bf86719ec9aa4
[INFO] [stdout]                                at /rustc/202008a1b8de96d2e5b6bc02d379db03a877d34d/library/core/src/ops/function.rs:250:5
[INFO] [stdout]   24:     0x6081d422525b - test::__rust_begin_short_backtrace::h2167df1e2b7d76fd
[INFO] [stdout]                                at /rustc/202008a1b8de96d2e5b6bc02d379db03a877d34d/library/test/src/lib.rs:632:18
[INFO] [stdout]   25:     0x6081d4224c48 - test::run_test_in_process::{{closure}}::h15d92f75a3adfb79
[INFO] [stdout]                                at /rustc/202008a1b8de96d2e5b6bc02d379db03a877d34d/library/test/src/lib.rs:655:60
[INFO] [stdout]   26:     0x6081d4224c48 - <core::panic::unwind_safe::AssertUnwindSafe<F> as core::ops::function::FnOnce<()>>::call_once::hb6c8955835a8dbbb
[INFO] [stdout]                                at /rustc/202008a1b8de96d2e5b6bc02d379db03a877d34d/library/core/src/panic/unwind_safe.rs:272:9
[INFO] [stdout]   27:     0x6081d4224c48 - std::panicking::try::do_call::hc79d0fc888a0bd30
[INFO] [stdout]                                at /rustc/202008a1b8de96d2e5b6bc02d379db03a877d34d/library/std/src/panicking.rs:557:40
[INFO] [stdout]   28:     0x6081d4224c48 - std::panicking::try::hb8a7878e3a8589d6
[INFO] [stdout]                                at /rustc/202008a1b8de96d2e5b6bc02d379db03a877d34d/library/std/src/panicking.rs:520:19
[INFO] [stdout]   29:     0x6081d4224c48 - std::panic::catch_unwind::hb8e4600ff0ff5cfa
[INFO] [stdout]                                at /rustc/202008a1b8de96d2e5b6bc02d379db03a877d34d/library/std/src/panic.rs:358:14
[INFO] [stdout]   30:     0x6081d4224c48 - test::run_test_in_process::hc2900b0b18688dd6
[INFO] [stdout]                                at /rustc/202008a1b8de96d2e5b6bc02d379db03a877d34d/library/test/src/lib.rs:655:27
[INFO] [stdout]   31:     0x6081d4224c48 - test::run_test::{{closure}}::hac2a9cb07be3d48d
[INFO] [stdout]                                at /rustc/202008a1b8de96d2e5b6bc02d379db03a877d34d/library/test/src/lib.rs:576:43
[INFO] [stdout]   32:     0x6081d41e86ea - test::run_test::{{closure}}::h4a5b729e66a38cd8
[INFO] [stdout]                                at /rustc/202008a1b8de96d2e5b6bc02d379db03a877d34d/library/test/src/lib.rs:606:41
[INFO] [stdout]   33:     0x6081d41e86ea - std::sys::backtrace::__rust_begin_short_backtrace::h0496fb742492f573
[INFO] [stdout]                                at /rustc/202008a1b8de96d2e5b6bc02d379db03a877d34d/library/std/src/sys/backtrace.rs:154:18
[INFO] [stdout]   34:     0x6081d41ec064 - std::thread::Builder::spawn_unchecked_::{{closure}}::{{closure}}::hbb6d257c550a54bd
[INFO] [stdout]                                at /rustc/202008a1b8de96d2e5b6bc02d379db03a877d34d/library/std/src/thread/mod.rs:561:17
[INFO] [stdout]   35:     0x6081d41ec064 - <core::panic::unwind_safe::AssertUnwindSafe<F> as core::ops::function::FnOnce<()>>::call_once::h46696fe4a6832328
[INFO] [stdout]                                at /rustc/202008a1b8de96d2e5b6bc02d379db03a877d34d/library/core/src/panic/unwind_safe.rs:272:9
[INFO] [stdout]   36:     0x6081d41ec064 - std::panicking::try::do_call::h2625a51b667bfb64
[INFO] [stdout]                                at /rustc/202008a1b8de96d2e5b6bc02d379db03a877d34d/library/std/src/panicking.rs:557:40
[INFO] [stdout]   37:     0x6081d41ec064 - std::panicking::try::hb956a59a1973aa4c
[INFO] [stdout]                                at /rustc/202008a1b8de96d2e5b6bc02d379db03a877d34d/library/std/src/panicking.rs:520:19
[INFO] [stdout]   38:     0x6081d41ec064 - std::panic::catch_unwind::h64f3b9d1067ef6a0
[INFO] [stdout]                                at /rustc/202008a1b8de96d2e5b6bc02d379db03a877d34d/library/std/src/panic.rs:358:14
[INFO] [stdout]   39:     0x6081d41ec064 - std::thread::Builder::spawn_unchecked_::{{closure}}::h42b2841295b6c0b2
[INFO] [stdout]                                at /rustc/202008a1b8de96d2e5b6bc02d379db03a877d34d/library/std/src/thread/mod.rs:559:30
[INFO] [stdout]   40:     0x6081d41ec064 - core::ops::function::FnOnce::call_once{{vtable.shim}}::h6127de71b8124639
[INFO] [stdout]                                at /rustc/202008a1b8de96d2e5b6bc02d379db03a877d34d/library/core/src/ops/function.rs:250:5
[INFO] [stdout]   41:     0x6081d42d2b1b - <alloc::boxed::Box<F,A> as core::ops::function::FnOnce<Args>>::call_once::h42f0ba71002a1b2c
[INFO] [stdout]                                at /rustc/202008a1b8de96d2e5b6bc02d379db03a877d34d/library/alloc/src/boxed.rs:1972:9
[INFO] [stdout]   42:     0x6081d42d2b1b - <alloc::boxed::Box<F,A> as core::ops::function::FnOnce<Args>>::call_once::had9e47d7a3dcecb8
[INFO] [stdout]                                at /rustc/202008a1b8de96d2e5b6bc02d379db03a877d34d/library/alloc/src/boxed.rs:1972:9
[INFO] [stdout]   43:     0x6081d42d2b1b - std::sys::pal::unix::thread::Thread::new::thread_start::h48cf765408f6f5f2
[INFO] [stdout]                                at /rustc/202008a1b8de96d2e5b6bc02d379db03a877d34d/library/std/src/sys/pal/unix/thread.rs:105:17
[INFO] [stdout]   44:     0x7d8690967ac3 - <unknown>
[INFO] [stdout]   45:     0x7d86909f8a04 - clone
[INFO] [stdout]   46:                0x0 - <unknown>
[INFO] [stdout] 
[INFO] [stdout] ---- utils::build_messages::build_messages_tests::test_build_version_message stdout ----
[INFO] [stdout] thread 'utils::build_messages::build_messages_tests::test_build_version_message' panicked at src/utils/build_messages.rs:116:47:
[INFO] [stdout] called `Result::unwrap()` on an `Err` value: Os { code: 101, kind: NetworkUnreachable, message: "Network is unreachable" }
[INFO] [stdout] stack backtrace:
[INFO] [stdout]    0:     0x6081d42cd09a - std::backtrace_rs::backtrace::libunwind::trace::h8810477743020387
[INFO] [stdout]                                at /rustc/202008a1b8de96d2e5b6bc02d379db03a877d34d/library/std/src/../../backtrace/src/backtrace/libunwind.rs:116:5
[INFO] [stdout]    1:     0x6081d42cd09a - std::backtrace_rs::backtrace::trace_unsynchronized::h3aa55355dd6c54a6
[INFO] [stdout]                                at /rustc/202008a1b8de96d2e5b6bc02d379db03a877d34d/library/std/src/../../backtrace/src/backtrace/mod.rs:66:5
[INFO] [stdout]    2:     0x6081d42cd09a - std::sys::backtrace::_print_fmt::h8588b0f62410823f
[INFO] [stdout]                                at /rustc/202008a1b8de96d2e5b6bc02d379db03a877d34d/library/std/src/sys/backtrace.rs:66:9
[INFO] [stdout]    3:     0x6081d42cd09a - <std::sys::backtrace::BacktraceLock::print::DisplayBacktrace as core::fmt::Display>::fmt::h98c26ac25ffe89bb
[INFO] [stdout]                                at /rustc/202008a1b8de96d2e5b6bc02d379db03a877d34d/library/std/src/sys/backtrace.rs:39:26
[INFO] [stdout]    4:     0x6081d42f5b63 - core::fmt::rt::Argument::fmt::hf95377f4aebd453b
[INFO] [stdout]                                at /rustc/202008a1b8de96d2e5b6bc02d379db03a877d34d/library/core/src/fmt/rt.rs:177:76
[INFO] [stdout]    5:     0x6081d42f5b63 - core::fmt::write::h0dd5f6e2238c7982
[INFO] [stdout]                                at /rustc/202008a1b8de96d2e5b6bc02d379db03a877d34d/library/core/src/fmt/mod.rs:1189:21
[INFO] [stdout]    6:     0x6081d42c9b33 - std::io::Write::write_fmt::h03bb0ca26e6faf8c
[INFO] [stdout]                                at /rustc/202008a1b8de96d2e5b6bc02d379db03a877d34d/library/std/src/io/mod.rs:1884:15
[INFO] [stdout]    7:     0x6081d42ccee2 - std::sys::backtrace::BacktraceLock::print::h5c19c1c038ee186d
[INFO] [stdout]                                at /rustc/202008a1b8de96d2e5b6bc02d379db03a877d34d/library/std/src/sys/backtrace.rs:42:9
[INFO] [stdout]    8:     0x6081d42ce51d - std::panicking::default_hook::{{closure}}::h77172f079a1fcb13
[INFO] [stdout]                                at /rustc/202008a1b8de96d2e5b6bc02d379db03a877d34d/library/std/src/panicking.rs:268:22
[INFO] [stdout]    9:     0x6081d42ce327 - std::panicking::default_hook::he5f8e3b203ccddba
[INFO] [stdout]                                at /rustc/202008a1b8de96d2e5b6bc02d379db03a877d34d/library/std/src/panicking.rs:292:9
[INFO] [stdout]   10:     0x6081d4220737 - <alloc::boxed::Box<F,A> as core::ops::function::Fn<Args>>::call::h7a3c7b4a1ae77f2f
[INFO] [stdout]                                at /rustc/202008a1b8de96d2e5b6bc02d379db03a877d34d/library/alloc/src/boxed.rs:1986:9
[INFO] [stdout]   11:     0x6081d4220737 - test::test_main::{{closure}}::hf0d3b69ae9b353d1
[INFO] [stdout]                                at /rustc/202008a1b8de96d2e5b6bc02d379db03a877d34d/library/test/src/lib.rs:134:21
[INFO] [stdout]   12:     0x6081d42cebc8 - <alloc::boxed::Box<F,A> as core::ops::function::Fn<Args>>::call::h6332e82e7b189abd
[INFO] [stdout]                                at /rustc/202008a1b8de96d2e5b6bc02d379db03a877d34d/library/alloc/src/boxed.rs:1986:9
[INFO] [stdout]   13:     0x6081d42cebc8 - std::panicking::rust_panic_with_hook::h53863d4e9018df39
[INFO] [stdout]                                at /rustc/202008a1b8de96d2e5b6bc02d379db03a877d34d/library/std/src/panicking.rs:809:13
[INFO] [stdout]   14:     0x6081d42ce98a - std::panicking::begin_panic_handler::{{closure}}::h67280e6fa0757873
[INFO] [stdout]                                at /rustc/202008a1b8de96d2e5b6bc02d379db03a877d34d/library/std/src/panicking.rs:674:13
[INFO] [stdout]   15:     0x6081d42cd579 - std::sys::backtrace::__rust_end_short_backtrace::h1dac3f54d6fbbeb2
[INFO] [stdout]                                at /rustc/202008a1b8de96d2e5b6bc02d379db03a877d34d/library/std/src/sys/backtrace.rs:170:18
[INFO] [stdout]   16:     0x6081d42ce61c - rust_begin_unwind
[INFO] [stdout]                                at /rustc/202008a1b8de96d2e5b6bc02d379db03a877d34d/library/std/src/panicking.rs:665:5
[INFO] [stdout]   17:     0x6081d414d200 - core::panicking::panic_fmt::h6792bd1b2bf01041
[INFO] [stdout]                                at /rustc/202008a1b8de96d2e5b6bc02d379db03a877d34d/library/core/src/panicking.rs:76:14
[INFO] [stdout]   18:     0x6081d414d686 - core::result::unwrap_failed::h05e0602ed34287c5
[INFO] [stdout]                                at /rustc/202008a1b8de96d2e5b6bc02d379db03a877d34d/library/core/src/result.rs:1699:5
[INFO] [stdout]   19:     0x6081d418e66e - core::result::Result<T,E>::unwrap::h2eef919545ab7c13
[INFO] [stdout]                                at /rustc/202008a1b8de96d2e5b6bc02d379db03a877d34d/library/core/src/result.rs:1104:23
[INFO] [stdout]   20:     0x6081d418e66e - rusteze::utils::build_messages::build_messages_tests::test_build_version_message::h6494d63cb26ceba4
[INFO] [stdout]                                at /opt/rustwide/workdir/src/utils/build_messages.rs:116:22
[INFO] [stdout]   21:     0x6081d418e5e7 - rusteze::utils::build_messages::build_messages_tests::test_build_version_message::{{closure}}::h4bd73e77841edcc6
[INFO] [stdout]                                at /opt/rustwide/workdir/src/utils/build_messages.rs:113:36
[INFO] [stdout]   22:     0x6081d4158726 - core::ops::function::FnOnce::call_once::h4fc01b3e69067bbf
[INFO] [stdout]                                at /rustc/202008a1b8de96d2e5b6bc02d379db03a877d34d/library/core/src/ops/function.rs:250:5
[INFO] [stdout]   23:     0x6081d422525b - core::ops::function::FnOnce::call_once::h871bf86719ec9aa4
[INFO] [stdout]                                at /rustc/202008a1b8de96d2e5b6bc02d379db03a877d34d/library/core/src/ops/function.rs:250:5
[INFO] [stdout]   24:     0x6081d422525b - test::__rust_begin_short_backtrace::h2167df1e2b7d76fd
[INFO] [stdout]                                at /rustc/202008a1b8de96d2e5b6bc02d379db03a877d34d/library/test/src/lib.rs:632:18
[INFO] [stdout]   25:     0x6081d4224c48 - test::run_test_in_process::{{closure}}::h15d92f75a3adfb79
[INFO] [stdout]                                at /rustc/202008a1b8de96d2e5b6bc02d379db03a877d34d/library/test/src/lib.rs:655:60
[INFO] [stdout]   26:     0x6081d4224c48 - <core::panic::unwind_safe::AssertUnwindSafe<F> as core::ops::function::FnOnce<()>>::call_once::hb6c8955835a8dbbb
[INFO] [stdout]                                at /rustc/202008a1b8de96d2e5b6bc02d379db03a877d34d/library/core/src/panic/unwind_safe.rs:272:9
[INFO] [stdout]   27:     0x6081d4224c48 - std::panicking::try::do_call::hc79d0fc888a0bd30
[INFO] [stdout]                                at /rustc/202008a1b8de96d2e5b6bc02d379db03a877d34d/library/std/src/panicking.rs:557:40
[INFO] [stdout]   28:     0x6081d4224c48 - std::panicking::try::hb8a7878e3a8589d6
[INFO] [stdout]                                at /rustc/202008a1b8de96d2e5b6bc02d379db03a877d34d/library/std/src/panicking.rs:520:19
[INFO] [stdout]   29:     0x6081d4224c48 - std::panic::catch_unwind::hb8e4600ff0ff5cfa
[INFO] [stdout]                                at /rustc/202008a1b8de96d2e5b6bc02d379db03a877d34d/library/std/src/panic.rs:358:14
[INFO] [stdout]   30:     0x6081d4224c48 - test::run_test_in_process::hc2900b0b18688dd6
[INFO] [stdout]                                at /rustc/202008a1b8de96d2e5b6bc02d379db03a877d34d/library/test/src/lib.rs:655:27
[INFO] [stdout]   31:     0x6081d4224c48 - test::run_test::{{closure}}::hac2a9cb07be3d48d
[INFO] [stdout]                                at /rustc/202008a1b8de96d2e5b6bc02d379db03a877d34d/library/test/src/lib.rs:576:43
[INFO] [stdout]   32:     0x6081d41e86ea - test::run_test::{{closure}}::h4a5b729e66a38cd8
[INFO] [stdout]                                at /rustc/202008a1b8de96d2e5b6bc02d379db03a877d34d/library/test/src/lib.rs:606:41
[INFO] [stdout]   33:     0x6081d41e86ea - std::sys::backtrace::__rust_begin_short_backtrace::h0496fb742492f573
[INFO] [stdout]                                at /rustc/202008a1b8de96d2e5b6bc02d379db03a877d34d/library/std/src/sys/backtrace.rs:154:18
[INFO] [stdout]   34:     0x6081d41ec064 - std::thread::Builder::spawn_unchecked_::{{closure}}::{{closure}}::hbb6d257c550a54bd
[INFO] [stdout]                                at /rustc/202008a1b8de96d2e5b6bc02d379db03a877d34d/library/std/src/thread/mod.rs:561:17
[INFO] [stdout]   35:     0x6081d41ec064 - <core::panic::unwind_safe::AssertUnwindSafe<F> as core::ops::function::FnOnce<()>>::call_once::h46696fe4a6832328
[INFO] [stdout]                                at /rustc/202008a1b8de96d2e5b6bc02d379db03a877d34d/library/core/src/panic/unwind_safe.rs:272:9
[INFO] [stdout]   36:     0x6081d41ec064 - std::panicking::try::do_call::h2625a51b667bfb64
[INFO] [stdout]                                at /rustc/202008a1b8de96d2e5b6bc02d379db03a877d34d/library/std/src/panicking.rs:557:40
[INFO] [stdout]   37:     0x6081d41ec064 - std::panicking::try::hb956a59a1973aa4c
[INFO] [stdout]                                at /rustc/202008a1b8de96d2e5b6bc02d379db03a877d34d/library/std/src/panicking.rs:520:19
[INFO] [stdout]   38:     0x6081d41ec064 - std::panic::catch_unwind::h64f3b9d1067ef6a0
[INFO] [stdout]                                at /rustc/202008a1b8de96d2e5b6bc02d379db03a877d34d/library/std/src/panic.rs:358:14
[INFO] [stdout]   39:     0x6081d41ec064 - std::thread::Builder::spawn_unchecked_::{{closure}}::h42b2841295b6c0b2
[INFO] [stdout]                                at /rustc/202008a1b8de96d2e5b6bc02d379db03a877d34d/library/std/src/thread/mod.rs:559:30
[INFO] [stdout]   40:     0x6081d41ec064 - core::ops::function::FnOnce::call_once{{vtable.shim}}::h6127de71b8124639
[INFO] [stdout]                                at /rustc/202008a1b8de96d2e5b6bc02d379db03a877d34d/library/core/src/ops/function.rs:250:5
[INFO] [stdout]   41:     0x6081d42d2b1b - <alloc::boxed::Box<F,A> as core::ops::function::FnOnce<Args>>::call_once::h42f0ba71002a1b2c
[INFO] [stdout]                                at /rustc/202008a1b8de96d2e5b6bc02d379db03a877d34d/library/alloc/src/boxed.rs:1972:9
[INFO] [stdout]   42:     0x6081d42d2b1b - <alloc::boxed::Box<F,A> as core::ops::function::FnOnce<Args>>::call_once::had9e47d7a3dcecb8
[INFO] [stdout]                                at /rustc/202008a1b8de96d2e5b6bc02d379db03a877d34d/library/alloc/src/boxed.rs:1972:9
[INFO] [stdout]   43:     0x6081d42d2b1b - std::sys::pal::unix::thread::Thread::new::thread_start::h48cf765408f6f5f2
[INFO] [stdout]                                at /rustc/202008a1b8de96d2e5b6bc02d379db03a877d34d/library/std/src/sys/pal/unix/thread.rs:105:17
[INFO] [stdout]   44:     0x7d8690967ac3 - <unknown>
[INFO] [stdout]   45:     0x7d86909f8a04 - clone
[INFO] [stdout]   46:                0x0 - <unknown>
[INFO] [stdout] 
[INFO] [stdout] 
[INFO] [stdout] failures:
[INFO] [stdout]     node::peer_discovery::obtain_peers::obtain_peers_tests::test_peer_discovery
[INFO] [stdout]     utils::build_messages::build_messages_tests::test_build_version_message
[INFO] [stdout] 
[INFO] [stdout] test result: FAILED. 153 passed; 2 failed; 0 ignored; 0 measured; 0 filtered out; finished in 0.22s
[INFO] [stdout] 
[INFO] [stderr] error: test failed, to rerun pass `--lib`
[INFO] running `Command { std: "docker" "inspect" "df0a5fd42be76745268078a94efcf96205f35690afe6f7b372d9120c1e251b86", kill_on_drop: false }`
[INFO] running `Command { std: "docker" "rm" "-f" "df0a5fd42be76745268078a94efcf96205f35690afe6f7b372d9120c1e251b86", kill_on_drop: false }`
[INFO] [stdout] df0a5fd42be76745268078a94efcf96205f35690afe6f7b372d9120c1e251b86
