[INFO] fetching crate vtable_gen 1.1.0...
[INFO] building vtable_gen-1.1.0 against beta-2024-12-08 for beta-1.84.0-4-retry
[INFO] extracting crate vtable_gen 1.1.0 into /workspace/builds/worker-5-tc2/source
[INFO] validating manifest of crates.io crate vtable_gen 1.1.0 on toolchain beta-2024-12-08
[INFO] running `Command { std: CARGO_HOME="/workspace/cargo-home" RUSTUP_HOME="/workspace/rustup-home" "/workspace/cargo-home/bin/cargo" "+beta-2024-12-08" "metadata" "--manifest-path" "Cargo.toml" "--no-deps", kill_on_drop: false }`
[INFO] started tweaking crates.io crate vtable_gen 1.1.0
[INFO] finished tweaking crates.io crate vtable_gen 1.1.0
[INFO] tweaked toml for crates.io crate vtable_gen 1.1.0 written to /workspace/builds/worker-5-tc2/source/Cargo.toml
[INFO] running `Command { std: CARGO_HOME="/workspace/cargo-home" RUSTUP_HOME="/workspace/rustup-home" "/workspace/cargo-home/bin/cargo" "+beta-2024-12-08" "generate-lockfile" "--manifest-path" "Cargo.toml", kill_on_drop: false }`
[INFO] [stderr]     Updating crates.io index
[INFO] [stderr]      Locking 14 packages to latest compatible versions
[INFO] running `Command { std: CARGO_HOME="/workspace/cargo-home" RUSTUP_HOME="/workspace/rustup-home" "/workspace/cargo-home/bin/cargo" "+beta-2024-12-08" "fetch" "--manifest-path" "Cargo.toml", kill_on_drop: false }`
[INFO] running `Command { std: "docker" "create" "-v" "/var/lib/crater-agent-workspace/builds/worker-5-tc2/target:/opt/rustwide/target:rw,Z" "-v" "/var/lib/crater-agent-workspace/builds/worker-5-tc2/source:/opt/rustwide/workdir:ro,Z" "-v" "/var/lib/crater-agent-workspace/cargo-home:/opt/rustwide/cargo-home:ro,Z" "-v" "/var/lib/crater-agent-workspace/rustup-home:/opt/rustwide/rustup-home:ro,Z" "-e" "SOURCE_DIR=/opt/rustwide/workdir" "-e" "CARGO_TARGET_DIR=/opt/rustwide/target" "-e" "CARGO_HOME=/opt/rustwide/cargo-home" "-e" "RUSTUP_HOME=/opt/rustwide/rustup-home" "-w" "/opt/rustwide/workdir" "-m" "1610612736" "--user" "0:0" "--network" "none" "ghcr.io/rust-lang/crates-build-env/linux@sha256:f3a9d4ad9d972b27faf3965f35b62e55ba32bbce8f20bc8fe909558a86702fde" "/opt/rustwide/cargo-home/bin/cargo" "+beta-2024-12-08" "metadata" "--no-deps" "--format-version=1", kill_on_drop: false }`
[INFO] [stdout] d680995271418fde9da533074b2f3baacab6569502d5a53117ffe7abcd7d576e
[INFO] running `Command { std: "docker" "start" "-a" "d680995271418fde9da533074b2f3baacab6569502d5a53117ffe7abcd7d576e", kill_on_drop: false }`
[INFO] running `Command { std: "docker" "inspect" "d680995271418fde9da533074b2f3baacab6569502d5a53117ffe7abcd7d576e", kill_on_drop: false }`
[INFO] running `Command { std: "docker" "rm" "-f" "d680995271418fde9da533074b2f3baacab6569502d5a53117ffe7abcd7d576e", kill_on_drop: false }`
[INFO] [stdout] d680995271418fde9da533074b2f3baacab6569502d5a53117ffe7abcd7d576e
[INFO] running `Command { std: "docker" "create" "-v" "/var/lib/crater-agent-workspace/builds/worker-5-tc2/target:/opt/rustwide/target:rw,Z" "-v" "/var/lib/crater-agent-workspace/builds/worker-5-tc2/source:/opt/rustwide/workdir:ro,Z" "-v" "/var/lib/crater-agent-workspace/cargo-home:/opt/rustwide/cargo-home:ro,Z" "-v" "/var/lib/crater-agent-workspace/rustup-home:/opt/rustwide/rustup-home:ro,Z" "-e" "SOURCE_DIR=/opt/rustwide/workdir" "-e" "CARGO_TARGET_DIR=/opt/rustwide/target" "-e" "CARGO_INCREMENTAL=0" "-e" "RUST_BACKTRACE=full" "-e" "RUSTFLAGS=--cap-lints=warn" "-e" "RUSTDOCFLAGS=--cap-lints=warn" "-e" "CARGO_HOME=/opt/rustwide/cargo-home" "-e" "RUSTUP_HOME=/opt/rustwide/rustup-home" "-w" "/opt/rustwide/workdir" "-m" "1610612736" "--user" "0:0" "--network" "none" "ghcr.io/rust-lang/crates-build-env/linux@sha256:f3a9d4ad9d972b27faf3965f35b62e55ba32bbce8f20bc8fe909558a86702fde" "/opt/rustwide/cargo-home/bin/cargo" "+beta-2024-12-08" "build" "--frozen" "--message-format=json", kill_on_drop: false }`
[INFO] [stdout] 59e102773896b7dfb56c63032a5f537195e6b2e35daf4c61981ceef971381f2c
[INFO] running `Command { std: "docker" "start" "-a" "59e102773896b7dfb56c63032a5f537195e6b2e35daf4c61981ceef971381f2c", kill_on_drop: false }`
[INFO] [stderr]    Compiling proc-macro2 v1.0.92
[INFO] [stderr]    Compiling unicode-ident v1.0.14
[INFO] [stderr]    Compiling fnv v1.0.7
[INFO] [stderr]    Compiling ident_case v1.0.1
[INFO] [stderr]    Compiling strsim v0.11.1
[INFO] [stderr]    Compiling either v1.13.0
[INFO] [stderr]    Compiling unicode-segmentation v1.12.0
[INFO] [stderr]    Compiling itertools v0.13.0
[INFO] [stderr]    Compiling convert_case v0.6.0
[INFO] [stderr]    Compiling quote v1.0.37
[INFO] [stderr]    Compiling syn v2.0.90
[INFO] [stderr]    Compiling darling_core v0.20.10
[INFO] [stderr]    Compiling darling_macro v0.20.10
[INFO] [stderr]    Compiling darling v0.20.10
[INFO] [stderr]    Compiling vtable_gen v1.1.0 (/opt/rustwide/workdir)
[INFO] [stderr]     Finished `dev` profile [unoptimized + debuginfo] target(s) in 18.52s
[INFO] running `Command { std: "docker" "inspect" "59e102773896b7dfb56c63032a5f537195e6b2e35daf4c61981ceef971381f2c", kill_on_drop: false }`
[INFO] running `Command { std: "docker" "rm" "-f" "59e102773896b7dfb56c63032a5f537195e6b2e35daf4c61981ceef971381f2c", kill_on_drop: false }`
[INFO] [stdout] 59e102773896b7dfb56c63032a5f537195e6b2e35daf4c61981ceef971381f2c
[INFO] running `Command { std: "docker" "create" "-v" "/var/lib/crater-agent-workspace/builds/worker-5-tc2/target:/opt/rustwide/target:rw,Z" "-v" "/var/lib/crater-agent-workspace/builds/worker-5-tc2/source:/opt/rustwide/workdir:ro,Z" "-v" "/var/lib/crater-agent-workspace/cargo-home:/opt/rustwide/cargo-home:ro,Z" "-v" "/var/lib/crater-agent-workspace/rustup-home:/opt/rustwide/rustup-home:ro,Z" "-e" "SOURCE_DIR=/opt/rustwide/workdir" "-e" "CARGO_TARGET_DIR=/opt/rustwide/target" "-e" "CARGO_INCREMENTAL=0" "-e" "RUST_BACKTRACE=full" "-e" "RUSTFLAGS=--cap-lints=warn" "-e" "RUSTDOCFLAGS=--cap-lints=warn" "-e" "CARGO_HOME=/opt/rustwide/cargo-home" "-e" "RUSTUP_HOME=/opt/rustwide/rustup-home" "-w" "/opt/rustwide/workdir" "-m" "1610612736" "--user" "0:0" "--network" "none" "ghcr.io/rust-lang/crates-build-env/linux@sha256:f3a9d4ad9d972b27faf3965f35b62e55ba32bbce8f20bc8fe909558a86702fde" "/opt/rustwide/cargo-home/bin/cargo" "+beta-2024-12-08" "test" "--frozen" "--no-run" "--message-format=json", kill_on_drop: false }`
[INFO] [stdout] 74757b58fb66c1b2d6f57ee96efd8a4cd146b0472e4f189a32326393ec0320ad
[INFO] running `Command { std: "docker" "start" "-a" "74757b58fb66c1b2d6f57ee96efd8a4cd146b0472e4f189a32326393ec0320ad", kill_on_drop: false }`
[INFO] [stderr]    Compiling proc-macro2 v1.0.92
[INFO] [stderr]    Compiling unicode-ident v1.0.14
[INFO] [stderr]    Compiling ident_case v1.0.1
[INFO] [stderr]    Compiling fnv v1.0.7
[INFO] [stderr]    Compiling strsim v0.11.1
[INFO] [stderr]    Compiling unicode-segmentation v1.12.0
[INFO] [stderr]    Compiling either v1.13.0
[INFO] [stderr]    Compiling itertools v0.13.0
[INFO] [stderr]    Compiling quote v1.0.37
[INFO] [stderr]    Compiling convert_case v0.6.0
[INFO] [stderr]    Compiling syn v2.0.90
[INFO] [stderr]    Compiling darling_core v0.20.10
[INFO] [stderr]    Compiling darling_macro v0.20.10
[INFO] [stderr]    Compiling darling v0.20.10
[INFO] [stderr]    Compiling vtable_gen v1.1.0 (/opt/rustwide/workdir)
[INFO] [stdout] warning: the calling convention "fastcall" is not supported on this target
[INFO] [stdout]  --> tests/generic_single_parent.rs:9:20
[INFO] [stdout]   |
[INFO] [stdout] 9 |         virtual(1) extern "fastcall" fn func(&self, a: u32, b: f32) -> usize,
[INFO] [stdout]   |                    ^^^^^^^^^^^^^^^^^^^^^^^^^^^^^^^^^^^^^^^^^^^^^^^^^^^^^^^^^
[INFO] [stdout]   |
[INFO] [stdout]   = warning: this was previously accepted by the compiler but is being phased out; it will become a hard error in a future release!
[INFO] [stdout]   = note: for more information, see issue #130260 <https://github.com/rust-lang/rust/issues/130260>
[INFO] [stdout]   = note: `#[warn(unsupported_fn_ptr_calling_conventions)]` on by default
[INFO] [stdout] 
[INFO] [stdout] 
[INFO] [stdout] error[E0570]: `"fastcall"` is not a supported ABI for the current target
[INFO] [stdout]   --> tests/generic_single_parent.rs:21:5
[INFO] [stdout]    |
[INFO] [stdout] 21 |     extern "fastcall" fn func(_this: &Foo<T>, a: u32, b: f32) -> usize {
[INFO] [stdout]    |     ^^^^^^^^^^^^^^^^^^^^^^^^^^^^^^^^^^^^^^^^^^^^^^^^^^^^^^^^^^^^^^^^^^
[INFO] [stdout] 
[INFO] [stdout] 
[INFO] [stdout] error[E0570]: `"fastcall"` is not a supported ABI for the current target
[INFO] [stdout]   --> tests/generic_single_parent.rs:46:5
[INFO] [stdout]    |
[INFO] [stdout] 46 |     extern "fastcall" fn func(_this: &Foo<T>, a: u32, b: f32) -> usize {
[INFO] [stdout]    |     ^^^^^^^^^^^^^^^^^^^^^^^^^^^^^^^^^^^^^^^^^^^^^^^^^^^^^^^^^^^^^^^^^^
[INFO] [stdout] 
[INFO] [stdout] 
[INFO] [stdout] warning: the calling convention "fastcall" is not supported on this target
[INFO] [stdout]   --> tests/generic_base_inheritance.rs:25:20
[INFO] [stdout]    |
[INFO] [stdout] 25 |         virtual(1) extern "fastcall" fn foo2(&self, a: u32, b: f32) -> usize,
[INFO] [stdout]    |                    ^^^^^^^^^^^^^^^^^^^^^^^^^^^^^^^^^^^^^^^^^^^^^^^^^^^^^^^^^
[INFO] [stdout]    |
[INFO] [stdout]    = warning: this was previously accepted by the compiler but is being phased out; it will become a hard error in a future release!
[INFO] [stdout]    = note: for more information, see issue #130260 <https://github.com/rust-lang/rust/issues/130260>
[INFO] [stdout]    = note: `#[warn(unsupported_fn_ptr_calling_conventions)]` on by default
[INFO] [stdout] 
[INFO] [stdout] 
[INFO] [stdout] warning: the calling convention "fastcall" is not supported on this target
[INFO] [stdout]   --> tests/generic_base_inheritance.rs:45:17
[INFO] [stdout]    |
[INFO] [stdout] 45 |         virtual extern "fastcall" fn bar(&self) -> u32,
[INFO] [stdout]    |                 ^^^^^^^^^^^^^^^^^^^^^^^^^^^^^^^^^^^^^^
[INFO] [stdout]    |
[INFO] [stdout]    = warning: this was previously accepted by the compiler but is being phased out; it will become a hard error in a future release!
[INFO] [stdout]    = note: for more information, see issue #130260 <https://github.com/rust-lang/rust/issues/130260>
[INFO] [stdout] 
[INFO] [stdout] 
[INFO] [stdout] warning: the calling convention "fastcall" is not supported on this target
[INFO] [stdout]   --> tests/generic_base.rs:25:20
[INFO] [stdout]    |
[INFO] [stdout] 25 |         virtual(1) extern "fastcall" fn foo2(&self, a: u32, b: f32) -> usize,
[INFO] [stdout]    |                    ^^^^^^^^^^^^^^^^^^^^^^^^^^^^^^^^^^^^^^^^^^^^^^^^^^^^^^^^^
[INFO] [stdout]    |
[INFO] [stdout]    = warning: this was previously accepted by the compiler but is being phased out; it will become a hard error in a future release!
[INFO] [stdout]    = note: for more information, see issue #130260 <https://github.com/rust-lang/rust/issues/130260>
[INFO] [stdout]    = note: `#[warn(unsupported_fn_ptr_calling_conventions)]` on by default
[INFO] [stdout] 
[INFO] [stdout] 
[INFO] [stdout] For more information about this error, try `rustc --explain E0570`.
[INFO] [stdout] 
[INFO] [stderr] error: could not compile `vtable_gen` (test "generic_single_parent") due to 2 previous errors; 1 warning emitted
[INFO] [stderr] warning: build failed, waiting for other jobs to finish...
[INFO] [stdout] warning: the calling convention "fastcall" is not supported on this target
[INFO] [stdout]  --> tests/single_parent.rs:9:20
[INFO] [stdout]   |
[INFO] [stdout] 9 |         virtual(1) extern "fastcall" fn func(&self, a: u32, b: f32) -> usize,
[INFO] [stdout]   |                    ^^^^^^^^^^^^^^^^^^^^^^^^^^^^^^^^^^^^^^^^^^^^^^^^^^^^^^^^^
[INFO] [stdout]   |
[INFO] [stdout]   = warning: this was previously accepted by the compiler but is being phased out; it will become a hard error in a future release!
[INFO] [stdout]   = note: for more information, see issue #130260 <https://github.com/rust-lang/rust/issues/130260>
[INFO] [stdout]   = note: `#[warn(unsupported_fn_ptr_calling_conventions)]` on by default
[INFO] [stdout] 
[INFO] [stdout] 
[INFO] [stdout] error[E0570]: `"fastcall"` is not a supported ABI for the current target
[INFO] [stdout]   --> tests/generic_base_inheritance.rs:36:5
[INFO] [stdout]    |
[INFO] [stdout] 36 |     extern "fastcall" fn foo2(this: &Foo_FooImpl, a: u32, b: f32) -> usize {
[INFO] [stdout]    |     ^^^^^^^^^^^^^^^^^^^^^^^^^^^^^^^^^^^^^^^^^^^^^^^^^^^^^^^^^^^^^^^^^^^^^^
[INFO] [stdout] 
[INFO] [stdout] 
[INFO] [stdout] error[E0570]: `"fastcall"` is not a supported ABI for the current target
[INFO] [stdout]   --> tests/generic_base_inheritance.rs:56:5
[INFO] [stdout]    |
[INFO] [stdout] 56 |     extern "fastcall" fn foo2(this: &Foo_FooImpl, a: u32, b: f32) -> usize {
[INFO] [stdout]    |     ^^^^^^^^^^^^^^^^^^^^^^^^^^^^^^^^^^^^^^^^^^^^^^^^^^^^^^^^^^^^^^^^^^^^^^
[INFO] [stdout] 
[INFO] [stdout] 
[INFO] [stdout] error[E0570]: `"fastcall"` is not a supported ABI for the current target
[INFO] [stdout]   --> tests/single_parent.rs:21:5
[INFO] [stdout]    |
[INFO] [stdout] 21 |     extern "fastcall" fn func(this: &Foo, a: u32, b: f32) -> usize {
[INFO] [stdout]    |     ^^^^^^^^^^^^^^^^^^^^^^^^^^^^^^^^^^^^^^^^^^^^^^^^^^^^^^^^^^^^^^
[INFO] [stdout] 
[INFO] [stdout] 
[INFO] [stdout] error[E0570]: `"fastcall"` is not a supported ABI for the current target
[INFO] [stdout]   --> tests/single_parent.rs:46:5
[INFO] [stdout]    |
[INFO] [stdout] 46 |     extern "fastcall" fn func(this: &Foo, a: u32, b: f32) -> usize {
[INFO] [stdout]    |     ^^^^^^^^^^^^^^^^^^^^^^^^^^^^^^^^^^^^^^^^^^^^^^^^^^^^^^^^^^^^^^
[INFO] [stdout] 
[INFO] [stdout] 
[INFO] [stdout] error[E0570]: `"fastcall"` is not a supported ABI for the current target
[INFO] [stdout]   --> tests/generic_base.rs:36:5
[INFO] [stdout]    |
[INFO] [stdout] 36 |     extern "fastcall" fn foo2(this: &Foo_FooImpl, a: u32, b: f32) -> usize {
[INFO] [stdout]    |     ^^^^^^^^^^^^^^^^^^^^^^^^^^^^^^^^^^^^^^^^^^^^^^^^^^^^^^^^^^^^^^^^^^^^^^
[INFO] [stdout] 
[INFO] [stdout] 
[INFO] [stdout] error[E0570]: `"fastcall"` is not a supported ABI for the current target
[INFO] [stdout]   --> tests/generic_base_inheritance.rs:62:5
[INFO] [stdout]    |
[INFO] [stdout] 62 |     extern "fastcall" fn bar(_this: &Bar_FooImpl) -> u32 {
[INFO] [stdout]    |     ^^^^^^^^^^^^^^^^^^^^^^^^^^^^^^^^^^^^^^^^^^^^^^^^^^^^
[INFO] [stdout] 
[INFO] [stdout] 
[INFO] [stdout] For more information about this error, try `rustc --explain E0570`.
[INFO] [stdout] 
[INFO] [stderr] error: could not compile `vtable_gen` (test "single_parent") due to 2 previous errors; 1 warning emitted
[INFO] [stdout] For more information about this error, try `rustc --explain E0570`.
[INFO] [stdout] 
[INFO] [stderr] error: could not compile `vtable_gen` (test "generic_base_inheritance") due to 3 previous errors; 2 warnings emitted
[INFO] [stdout] warning: the calling convention "fastcall" is not supported on this target
[INFO] [stdout]  --> tests/generic_single_parent_multi_layer.rs:9:20
[INFO] [stdout]   |
[INFO] [stdout] 9 |         virtual(1) extern "fastcall" fn func(&self, a: u32, b: f32) -> usize,
[INFO] [stdout]   |                    ^^^^^^^^^^^^^^^^^^^^^^^^^^^^^^^^^^^^^^^^^^^^^^^^^^^^^^^^^
[INFO] [stdout]   |
[INFO] [stdout]   = warning: this was previously accepted by the compiler but is being phased out; it will become a hard error in a future release!
[INFO] [stdout]   = note: for more information, see issue #130260 <https://github.com/rust-lang/rust/issues/130260>
[INFO] [stdout]   = note: `#[warn(unsupported_fn_ptr_calling_conventions)]` on by default
[INFO] [stdout] 
[INFO] [stdout] 
[INFO] [stdout] error[E0570]: `"fastcall"` is not a supported ABI for the current target
[INFO] [stdout]   --> tests/generic_single_parent_multi_layer.rs:21:5
[INFO] [stdout]    |
[INFO] [stdout] 21 |     extern "fastcall" fn func(_this: &Foo<N, T>, a: u32, b: f32) -> usize {
[INFO] [stdout]    |     ^^^^^^^^^^^^^^^^^^^^^^^^^^^^^^^^^^^^^^^^^^^^^^^^^^^^^^^^^^^^^^^^^^^^^
[INFO] [stdout] 
[INFO] [stdout] 
[INFO] [stdout] error[E0570]: `"fastcall"` is not a supported ABI for the current target
[INFO] [stdout]   --> tests/generic_single_parent_multi_layer.rs:46:5
[INFO] [stdout]    |
[INFO] [stdout] 46 |     extern "fastcall" fn func(_this: &Foo<O, U>, a: u32, b: f32) -> usize {
[INFO] [stdout]    |     ^^^^^^^^^^^^^^^^^^^^^^^^^^^^^^^^^^^^^^^^^^^^^^^^^^^^^^^^^^^^^^^^^^^^^
[INFO] [stdout] 
[INFO] [stdout] 
[INFO] [stdout] error[E0570]: `"fastcall"` is not a supported ABI for the current target
[INFO] [stdout]   --> tests/generic_single_parent_multi_layer.rs:77:5
[INFO] [stdout]    |
[INFO] [stdout] 77 |     extern "fastcall" fn func(_this: &Foo<19, T>, a: u32, b: f32) -> usize {
[INFO] [stdout]    |     ^^^^^^^^^^^^^^^^^^^^^^^^^^^^^^^^^^^^^^^^^^^^^^^^^^^^^^^^^^^^^^^^^^^^^^
[INFO] [stdout] 
[INFO] [stdout] 
[INFO] [stdout] For more information about this error, try `rustc --explain E0570`.
[INFO] [stdout] 
[INFO] [stderr] error: could not compile `vtable_gen` (test "generic_base") due to 1 previous error; 1 warning emitted
[INFO] [stdout] For more information about this error, try `rustc --explain E0570`.
[INFO] [stdout] 
[INFO] [stderr] error: could not compile `vtable_gen` (test "generic_single_parent_multi_layer") due to 3 previous errors; 1 warning emitted
[INFO] running `Command { std: "docker" "inspect" "74757b58fb66c1b2d6f57ee96efd8a4cd146b0472e4f189a32326393ec0320ad", kill_on_drop: false }`
[INFO] running `Command { std: "docker" "rm" "-f" "74757b58fb66c1b2d6f57ee96efd8a4cd146b0472e4f189a32326393ec0320ad", kill_on_drop: false }`
[INFO] [stdout] 74757b58fb66c1b2d6f57ee96efd8a4cd146b0472e4f189a32326393ec0320ad
