[INFO] fetching crate tonari-actor 0.10.0...
[INFO] testing tonari-actor-0.10.0 against beta-2024-12-08 for beta-1.84.0-4-retry
[INFO] extracting crate tonari-actor 0.10.0 into /workspace/builds/worker-0-tc2/source
[INFO] validating manifest of crates.io crate tonari-actor 0.10.0 on toolchain beta-2024-12-08
[INFO] running `Command { std: CARGO_HOME="/workspace/cargo-home" RUSTUP_HOME="/workspace/rustup-home" "/workspace/cargo-home/bin/cargo" "+beta-2024-12-08" "metadata" "--manifest-path" "Cargo.toml" "--no-deps", kill_on_drop: false }`
[INFO] started tweaking crates.io crate tonari-actor 0.10.0
[INFO] finished tweaking crates.io crate tonari-actor 0.10.0
[INFO] tweaked toml for crates.io crate tonari-actor 0.10.0 written to /workspace/builds/worker-0-tc2/source/Cargo.toml
[INFO] crate crates.io crate tonari-actor 0.10.0 already has a lockfile, it will not be regenerated
[INFO] running `Command { std: CARGO_HOME="/workspace/cargo-home" RUSTUP_HOME="/workspace/rustup-home" "/workspace/cargo-home/bin/cargo" "+beta-2024-12-08" "fetch" "--manifest-path" "Cargo.toml", kill_on_drop: false }`
[INFO] running `Command { std: "docker" "create" "-v" "/var/lib/crater-agent-workspace/builds/worker-0-tc2/target:/opt/rustwide/target:rw,Z" "-v" "/var/lib/crater-agent-workspace/builds/worker-0-tc2/source:/opt/rustwide/workdir:ro,Z" "-v" "/var/lib/crater-agent-workspace/cargo-home:/opt/rustwide/cargo-home:ro,Z" "-v" "/var/lib/crater-agent-workspace/rustup-home:/opt/rustwide/rustup-home:ro,Z" "-e" "SOURCE_DIR=/opt/rustwide/workdir" "-e" "CARGO_TARGET_DIR=/opt/rustwide/target" "-e" "CARGO_HOME=/opt/rustwide/cargo-home" "-e" "RUSTUP_HOME=/opt/rustwide/rustup-home" "-w" "/opt/rustwide/workdir" "-m" "1610612736" "--user" "0:0" "--network" "none" "ghcr.io/rust-lang/crates-build-env/linux@sha256:f3a9d4ad9d972b27faf3965f35b62e55ba32bbce8f20bc8fe909558a86702fde" "/opt/rustwide/cargo-home/bin/cargo" "+beta-2024-12-08" "metadata" "--no-deps" "--format-version=1", kill_on_drop: false }`
[INFO] [stdout] 89b1f4dc2d8c006ce8a1bf46404166e37944dce0f98b2b6064aab2448f6e7965
[INFO] running `Command { std: "docker" "start" "-a" "89b1f4dc2d8c006ce8a1bf46404166e37944dce0f98b2b6064aab2448f6e7965", kill_on_drop: false }`
[INFO] running `Command { std: "docker" "inspect" "89b1f4dc2d8c006ce8a1bf46404166e37944dce0f98b2b6064aab2448f6e7965", kill_on_drop: false }`
[INFO] running `Command { std: "docker" "rm" "-f" "89b1f4dc2d8c006ce8a1bf46404166e37944dce0f98b2b6064aab2448f6e7965", kill_on_drop: false }`
[INFO] [stdout] 89b1f4dc2d8c006ce8a1bf46404166e37944dce0f98b2b6064aab2448f6e7965
[INFO] running `Command { std: "docker" "create" "-v" "/var/lib/crater-agent-workspace/builds/worker-0-tc2/target:/opt/rustwide/target:rw,Z" "-v" "/var/lib/crater-agent-workspace/builds/worker-0-tc2/source:/opt/rustwide/workdir:ro,Z" "-v" "/var/lib/crater-agent-workspace/cargo-home:/opt/rustwide/cargo-home:ro,Z" "-v" "/var/lib/crater-agent-workspace/rustup-home:/opt/rustwide/rustup-home:ro,Z" "-e" "SOURCE_DIR=/opt/rustwide/workdir" "-e" "CARGO_TARGET_DIR=/opt/rustwide/target" "-e" "CARGO_INCREMENTAL=0" "-e" "RUST_BACKTRACE=full" "-e" "RUSTFLAGS=--cap-lints=warn" "-e" "RUSTDOCFLAGS=--cap-lints=warn" "-e" "CARGO_HOME=/opt/rustwide/cargo-home" "-e" "RUSTUP_HOME=/opt/rustwide/rustup-home" "-w" "/opt/rustwide/workdir" "-m" "1610612736" "--user" "0:0" "--network" "none" "ghcr.io/rust-lang/crates-build-env/linux@sha256:f3a9d4ad9d972b27faf3965f35b62e55ba32bbce8f20bc8fe909558a86702fde" "/opt/rustwide/cargo-home/bin/cargo" "+beta-2024-12-08" "build" "--frozen" "--message-format=json", kill_on_drop: false }`
[INFO] [stdout] c7ed14c628de60c3e739a66dac200083708caf9b26c81802166ebd20abe65223
[INFO] running `Command { std: "docker" "start" "-a" "c7ed14c628de60c3e739a66dac200083708caf9b26c81802166ebd20abe65223", kill_on_drop: false }`
[INFO] [stderr]    Compiling autocfg v1.3.0
[INFO] [stderr]    Compiling libc v0.2.155
[INFO] [stderr]    Compiling scopeguard v1.2.0
[INFO] [stderr]    Compiling parking_lot_core v0.9.10
[INFO] [stderr]    Compiling crossbeam-utils v0.8.20
[INFO] [stderr]    Compiling cfg-if v1.0.0
[INFO] [stderr]    Compiling smallvec v1.13.2
[INFO] [stderr]    Compiling once_cell v1.19.0
[INFO] [stderr]    Compiling hashbrown v0.14.5
[INFO] [stderr]    Compiling log v0.4.22
[INFO] [stderr]    Compiling lock_api v0.4.12
[INFO] [stderr]    Compiling spin v0.9.8
[INFO] [stderr]    Compiling flume v0.10.14
[INFO] [stderr]    Compiling dashmap v6.0.1
[INFO] [stderr]    Compiling parking_lot v0.12.3
[INFO] [stderr]    Compiling tonari-actor v0.10.0 (/opt/rustwide/workdir)
[INFO] [stderr]     Finished `dev` profile [unoptimized + debuginfo] target(s) in 8.86s
[INFO] running `Command { std: "docker" "inspect" "c7ed14c628de60c3e739a66dac200083708caf9b26c81802166ebd20abe65223", kill_on_drop: false }`
[INFO] running `Command { std: "docker" "rm" "-f" "c7ed14c628de60c3e739a66dac200083708caf9b26c81802166ebd20abe65223", kill_on_drop: false }`
[INFO] [stdout] c7ed14c628de60c3e739a66dac200083708caf9b26c81802166ebd20abe65223
[INFO] running `Command { std: "docker" "create" "-v" "/var/lib/crater-agent-workspace/builds/worker-0-tc2/target:/opt/rustwide/target:rw,Z" "-v" "/var/lib/crater-agent-workspace/builds/worker-0-tc2/source:/opt/rustwide/workdir:ro,Z" "-v" "/var/lib/crater-agent-workspace/cargo-home:/opt/rustwide/cargo-home:ro,Z" "-v" "/var/lib/crater-agent-workspace/rustup-home:/opt/rustwide/rustup-home:ro,Z" "-e" "SOURCE_DIR=/opt/rustwide/workdir" "-e" "CARGO_TARGET_DIR=/opt/rustwide/target" "-e" "CARGO_INCREMENTAL=0" "-e" "RUST_BACKTRACE=full" "-e" "RUSTFLAGS=--cap-lints=warn" "-e" "RUSTDOCFLAGS=--cap-lints=warn" "-e" "CARGO_HOME=/opt/rustwide/cargo-home" "-e" "RUSTUP_HOME=/opt/rustwide/rustup-home" "-w" "/opt/rustwide/workdir" "-m" "1610612736" "--user" "0:0" "--network" "none" "ghcr.io/rust-lang/crates-build-env/linux@sha256:f3a9d4ad9d972b27faf3965f35b62e55ba32bbce8f20bc8fe909558a86702fde" "/opt/rustwide/cargo-home/bin/cargo" "+beta-2024-12-08" "test" "--frozen" "--no-run" "--message-format=json", kill_on_drop: false }`
[INFO] [stdout] eaf32722f3d55d1d626573fc441d3482ac0971a5a35f89f8392fcb8b936d989d
[INFO] running `Command { std: "docker" "start" "-a" "eaf32722f3d55d1d626573fc441d3482ac0971a5a35f89f8392fcb8b936d989d", kill_on_drop: false }`
[INFO] [stderr]    Compiling proc-macro2 v1.0.86
[INFO] [stderr]    Compiling unicode-ident v1.0.12
[INFO] [stderr]    Compiling memchr v2.7.4
[INFO] [stderr]    Compiling serde v1.0.205
[INFO] [stderr]    Compiling crossbeam-epoch v0.9.18
[INFO] [stderr]    Compiling indexmap v1.9.3
[INFO] [stderr]    Compiling num-traits v0.2.19
[INFO] [stderr]    Compiling rayon-core v1.12.1
[INFO] [stderr]    Compiling either v1.13.0
[INFO] [stderr]    Compiling regex-syntax v0.8.4
[INFO] [stderr]    Compiling serde_json v1.0.122
[INFO] [stderr]    Compiling cfg_aliases v0.1.1
[INFO] [stderr]    Compiling nix v0.28.0
[INFO] [stderr]    Compiling crossbeam-deque v0.8.5
[INFO] [stderr]    Compiling half v2.4.1
[INFO] [stderr]    Compiling plotters-backend v0.3.6
[INFO] [stderr]    Compiling ryu v1.0.18
[INFO] [stderr]    Compiling ciborium-io v0.2.2
[INFO] [stderr]    Compiling hashbrown v0.12.3
[INFO] [stderr]    Compiling itoa v1.0.11
[INFO] [stderr]    Compiling os_str_bytes v6.6.1
[INFO] [stderr]    Compiling aho-corasick v1.1.3
[INFO] [stderr]    Compiling ciborium-ll v0.2.2
[INFO] [stderr]    Compiling plotters-svg v0.3.6
[INFO] [stderr]    Compiling clap_lex v0.2.4
[INFO] [stderr]    Compiling quote v1.0.36
[INFO] [stderr]    Compiling itertools v0.10.5
[INFO] [stderr]    Compiling syn v2.0.72
[INFO] [stderr]    Compiling anyhow v1.0.86
[INFO] [stderr]    Compiling cast v0.3.0
[INFO] [stderr]    Compiling textwrap v0.16.1
[INFO] [stderr]    Compiling bitflags v1.3.2
[INFO] [stderr]    Compiling same-file v1.0.6
[INFO] [stderr]    Compiling bitflags v2.6.0
[INFO] [stderr]    Compiling clap v3.2.25
[INFO] [stderr]    Compiling walkdir v2.5.0
[INFO] [stderr]    Compiling regex-automata v0.4.7
[INFO] [stderr]    Compiling plotters v0.3.6
[INFO] [stderr]    Compiling criterion-plot v0.5.0
[INFO] [stderr]    Compiling rayon v1.10.0
[INFO] [stderr]    Compiling atty v0.2.14
[INFO] [stderr]    Compiling is-terminal v0.4.12
[INFO] [stderr]    Compiling termcolor v1.4.1
[INFO] [stderr]    Compiling lazy_static v1.5.0
[INFO] [stderr]    Compiling humantime v2.1.0
[INFO] [stderr]    Compiling oorandom v11.1.4
[INFO] [stderr]    Compiling anes v0.1.6
[INFO] [stderr]    Compiling ctrlc v3.4.4
[INFO] [stderr]    Compiling num_cpus v1.16.0
[INFO] [stderr]    Compiling regex v1.10.6
[INFO] [stderr]    Compiling env_logger v0.10.2
[INFO] [stderr]    Compiling serde_derive v1.0.205
[INFO] [stderr]    Compiling ciborium v0.2.2
[INFO] [stderr]    Compiling tinytemplate v1.2.1
[INFO] [stderr]    Compiling criterion v0.4.0
[INFO] [stderr]    Compiling tonari-actor v0.10.0 (/opt/rustwide/workdir)
[INFO] [stdout] warning: non-local `impl` definition, `impl` blocks should be written at the same level as their item
[INFO] [stdout]     --> src/lib.rs:1390:9
[INFO] [stdout]      |
[INFO] [stdout] 1389 |     fn last_cached_event() {
[INFO] [stdout]      |     ---------------------- move the `impl` block outside of this function `last_cached_event`
[INFO] [stdout] 1390 |         impl Event for () {}
[INFO] [stdout]      |         ^^^^^-----^^^^^^^
[INFO] [stdout]      |              |
[INFO] [stdout]      |              `Event` is not local
[INFO] [stdout]      |
[INFO] [stdout]      = note: an `impl` is never scoped, even when it is nested inside an item, as it may impact type checking outside of that item, which can be the case if neither the trait or the self type are at the same nesting level as the `impl`
[INFO] [stdout]      = note: `#[warn(non_local_definitions)]` on by default
[INFO] [stdout] 
[INFO] [stdout] 
[INFO] [stderr]     Finished `test` profile [unoptimized + debuginfo] target(s) in 1m 18s
[INFO] running `Command { std: "docker" "inspect" "eaf32722f3d55d1d626573fc441d3482ac0971a5a35f89f8392fcb8b936d989d", kill_on_drop: false }`
[INFO] running `Command { std: "docker" "rm" "-f" "eaf32722f3d55d1d626573fc441d3482ac0971a5a35f89f8392fcb8b936d989d", kill_on_drop: false }`
[INFO] [stdout] eaf32722f3d55d1d626573fc441d3482ac0971a5a35f89f8392fcb8b936d989d
[INFO] running `Command { std: "docker" "create" "-v" "/var/lib/crater-agent-workspace/builds/worker-0-tc2/target:/opt/rustwide/target:rw,Z" "-v" "/var/lib/crater-agent-workspace/builds/worker-0-tc2/source:/opt/rustwide/workdir:ro,Z" "-v" "/var/lib/crater-agent-workspace/cargo-home:/opt/rustwide/cargo-home:ro,Z" "-v" "/var/lib/crater-agent-workspace/rustup-home:/opt/rustwide/rustup-home:ro,Z" "-e" "SOURCE_DIR=/opt/rustwide/workdir" "-e" "CARGO_TARGET_DIR=/opt/rustwide/target" "-e" "CARGO_INCREMENTAL=0" "-e" "RUST_BACKTRACE=full" "-e" "RUSTFLAGS=--cap-lints=warn" "-e" "RUSTDOCFLAGS=--cap-lints=warn" "-e" "CARGO_HOME=/opt/rustwide/cargo-home" "-e" "RUSTUP_HOME=/opt/rustwide/rustup-home" "-w" "/opt/rustwide/workdir" "-m" "1610612736" "--user" "0:0" "--network" "none" "ghcr.io/rust-lang/crates-build-env/linux@sha256:f3a9d4ad9d972b27faf3965f35b62e55ba32bbce8f20bc8fe909558a86702fde" "/opt/rustwide/cargo-home/bin/cargo" "+beta-2024-12-08" "test" "--frozen", kill_on_drop: false }`
[INFO] [stdout] d492bac3779fc44fb105a54033d55db760e79c06a0ea3a02d1b2763a2a1e718e
[INFO] running `Command { std: "docker" "start" "-a" "d492bac3779fc44fb105a54033d55db760e79c06a0ea3a02d1b2763a2a1e718e", kill_on_drop: false }`
[INFO] [stderr] warning: non-local `impl` definition, `impl` blocks should be written at the same level as their item
[INFO] [stderr]     --> src/lib.rs:1390:9
[INFO] [stderr]      |
[INFO] [stderr] 1389 |     fn last_cached_event() {
[INFO] [stderr]      |     ---------------------- move the `impl` block outside of this function `last_cached_event`
[INFO] [stderr] 1390 |         impl Event for () {}
[INFO] [stderr]      |         ^^^^^-----^^^^^^^
[INFO] [stderr]      |              |
[INFO] [stderr]      |              `Event` is not local
[INFO] [stderr]      |
[INFO] [stderr]      = note: an `impl` is never scoped, even when it is nested inside an item, as it may impact type checking outside of that item, which can be the case if neither the trait or the self type are at the same nesting level as the `impl`
[INFO] [stderr]      = note: `#[warn(non_local_definitions)]` on by default
[INFO] [stderr] 
[INFO] [stderr] warning: `tonari-actor` (lib test) generated 1 warning
[INFO] [stderr]     Finished `test` profile [unoptimized + debuginfo] target(s) in 0.10s
[INFO] [stderr]      Running unittests src/lib.rs (/opt/rustwide/target/debug/deps/tonari_actor-9ef7a8cb341c26f6)
[INFO] [stdout] 
[INFO] [stdout] running 8 tests
[INFO] [stderr] [2024-12-15T05:55:06Z DEBUG tonari_actor] [priorities] started actor: PriorityActor
[INFO] [stderr] [2024-12-15T05:55:06Z DEBUG tonari_actor] [hi] started actor: TestActor
[INFO] [stderr] [2024-12-15T05:55:06Z INFO  tonari_actor] [hi] thread tests::errors shutting down the actor system.
[INFO] [stderr] [2024-12-15T05:55:06Z DEBUG tonari_actor] [hi] joining 1 actor threads.
[INFO] [stderr] [2024-12-15T05:55:06Z DEBUG tonari_actor] [hi] [0] joining actor thread: TestActor
[INFO] [stderr] [2024-12-15T05:55:06Z TRACE tonari_actor] [priorities] message received by PriorityActor
[INFO] [stderr] [2024-12-15T05:55:06Z DEBUG tonari_actor] [hi] started actor: TestActor
[INFO] [stderr] [2024-12-15T05:55:06Z DEBUG tonari_actor] [hi] stopped actor: TestActor
[INFO] [stderr] [2024-12-15T05:55:06Z TRACE tonari_actor] [priorities] message received by PriorityActor
[INFO] [stderr] [2024-12-15T05:55:06Z INFO  tonari_actor] [main] thread LocalActor shutting down the actor system.
[INFO] [stderr] [2024-12-15T05:55:06Z TRACE tonari_actor] [priorities] message received by PriorityActor
[INFO] [stderr] [2024-12-15T05:55:06Z DEBUG tonari_actor] [main] joining 1 actor threads.
[INFO] [stderr] [2024-12-15T05:55:06Z TRACE tonari_actor] [priorities] message received by PriorityActor
[INFO] [stderr] [2024-12-15T05:55:06Z INFO  tonari_actor] [main] system finished shutting down.
[INFO] [stderr] [2024-12-15T05:55:06Z TRACE tonari_actor] [priorities] message received by PriorityActor
[INFO] [stderr] [2024-12-15T05:55:06Z DEBUG tonari_actor] [main] started actor: LocalActor
[INFO] [stderr] [2024-12-15T05:55:06Z DEBUG tonari_actor] [main] stopped actor: LocalActor
[INFO] [stderr] [2024-12-15T05:55:06Z DEBUG tonari_actor] [hi] started actor: TestActor
[INFO] [stderr] [2024-12-15T05:55:06Z DEBUG tonari_actor] [last cached event] started actor: recipient
[INFO] [stderr] [2024-12-15T05:55:06Z TRACE tonari_actor] [last cached event] message received by recipient
[INFO] [stderr] [2024-12-15T05:55:06Z TRACE tonari_actor] [priorities] message received by PriorityActor
[INFO] [stderr] [2024-12-15T05:55:06Z TRACE tonari_actor] [priorities] message received by PriorityActor
[INFO] [stderr] [2024-12-15T05:55:06Z TRACE tonari_actor] [priorities] message received by PriorityActor
[INFO] [stderr] [2024-12-15T05:55:06Z TRACE tonari_actor] [priorities] message received by PriorityActor
[INFO] [stderr] [2024-12-15T05:55:06Z TRACE tonari_actor] [priorities] message received by PriorityActor
[INFO] [stderr] [2024-12-15T05:55:06Z INFO  tonari_actor] [last cached event] thread tests::last_cached_event shutting down the actor system.
[INFO] [stderr] [2024-12-15T05:55:06Z DEBUG tonari_actor] [hi] [0] joined actor thread:  TestActor
[INFO] [stderr] [2024-12-15T05:55:06Z INFO  tonari_actor] [hi] system finished shutting down.
[INFO] [stderr] [2024-12-15T05:55:06Z DEBUG tonari_actor] [hi] thread tests::errors called system.shutdown() but the system is already shutting down or stopped.
[INFO] [stderr] [2024-12-15T05:55:06Z DEBUG tonari_actor] [hi] started actor: TestActor
[INFO] [stdout] test tests::errors ... ok
[INFO] [stdout] test tests::last_cached_event ... ok
[INFO] [stdout] test tests::message_priorities ... ok
[INFO] [stderr] [2024-12-15T05:55:06Z TRACE tonari_actor] [hi] message received by TestActor
[INFO] [stderr] [2024-12-15T05:55:06Z TRACE tonari_actor] [priorities] message received by PriorityActor
[INFO] [stderr] [2024-12-15T05:55:06Z DEBUG tonari_actor] [last cached event] joining 1 actor threads.
[INFO] [stderr] [2024-12-15T05:55:06Z INFO  tonari_actor] [last cached event] system finished shutting down.
[INFO] [stderr] [2024-12-15T05:55:06Z DEBUG tonari_actor] [last cached event] stopped actor: recipient
[INFO] [stderr] [2024-12-15T05:55:06Z DEBUG tonari_actor] [last cached event] thread tests::last_cached_event called system.shutdown() but the system is already shutting down or stopped.
[INFO] [stderr] [2024-12-15T05:55:06Z TRACE tonari_actor] [priorities] message received by PriorityActor
[INFO] [stderr] [2024-12-15T05:55:06Z TRACE tonari_actor] [priorities] message received by PriorityActor
[INFO] [stderr] [2024-12-15T05:55:06Z TRACE tonari_actor] [priorities] message received by PriorityActor
[INFO] [stderr] [2024-12-15T05:55:06Z TRACE tonari_actor] [priorities] message received by PriorityActor
[INFO] [stderr] [2024-12-15T05:55:06Z TRACE tonari_actor] [hi] message received by TestActor
[INFO] [stderr] [2024-12-15T05:55:06Z TRACE tonari_actor] [hi] message received by TestActor
[INFO] [stderr] [2024-12-15T05:55:06Z TRACE tonari_actor] [priorities] message received by PriorityActor
[INFO] [stderr] [2024-12-15T05:55:06Z TRACE tonari_actor] [priorities] message received by PriorityActor
[INFO] [stderr] [2024-12-15T05:55:06Z TRACE tonari_actor] [priorities] message received by PriorityActor
[INFO] [stderr] [2024-12-15T05:55:06Z TRACE tonari_actor] [priorities] message received by PriorityActor
[INFO] [stderr] [2024-12-15T05:55:06Z TRACE tonari_actor] [priorities] message received by PriorityActor
[INFO] [stderr] [2024-12-15T05:55:06Z INFO  tonari_actor] [priorities] thread tests::message_priorities shutting down the actor system.
[INFO] [stderr] [2024-12-15T05:55:06Z DEBUG tonari_actor] [priorities] joining 1 actor threads.
[INFO] [stderr] [2024-12-15T05:55:06Z INFO  tonari_actor] [priorities] system finished shutting down.
[INFO] [stderr] [2024-12-15T05:55:06Z DEBUG tonari_actor] [priorities] stopped actor: PriorityActor
[INFO] [stderr] [2024-12-15T05:55:06Z DEBUG tonari_actor] [priorities] thread tests::message_priorities called system.shutdown() but the system is already shutting down or stopped.
[INFO] [stderr] [2024-12-15T05:55:06Z DEBUG tonari_actor] [timed test] started actor: TimedTestActor
[INFO] [stderr] [2024-12-15T05:55:06Z TRACE tonari_actor] [timed test] message received by TimedTestActor
[INFO] [stderr] [2024-12-15T05:55:06Z TRACE tonari_actor] [timed test] message received by TimedTestActor
[INFO] [stderr] [2024-12-15T05:55:06Z DEBUG tonari_actor] [hi] started actor: TestActor
[INFO] [stderr] [2024-12-15T05:55:06Z TRACE tonari_actor] [hi] message received by TestActor
[INFO] [stderr] [2024-12-15T05:55:06Z DEBUG tonari_actor] [timeouts] started actor: TimeoutActor
[INFO] [stderr] [2024-12-15T05:55:06Z TRACE tonari_actor] [timeouts] message received by TimeoutActor
[INFO] [stderr] [2024-12-15T05:55:06Z TRACE tonari_actor] [timeouts] message received by TimeoutActor
[INFO] [stderr] [2024-12-15T05:55:06Z DEBUG tonari_actor] [main] thread tests::send_constraints called system.shutdown() but the system is already shutting down or stopped.
[INFO] [stdout] test tests::send_constraints ... FAILED
[INFO] [stderr] [2024-12-15T05:55:06Z TRACE tonari_actor] [timeouts] message received by TimeoutActor
[INFO] [stderr] [2024-12-15T05:55:07Z TRACE tonari_actor] [timeouts] message received by TimeoutActor
[INFO] [stderr] [2024-12-15T05:55:07Z INFO  tonari_actor] [timeouts] thread tests::timeouts shutting down the actor system.
[INFO] [stderr] [2024-12-15T05:55:07Z DEBUG tonari_actor] [timeouts] joining 1 actor threads.
[INFO] [stderr] [2024-12-15T05:55:07Z DEBUG tonari_actor] [timeouts] [0] joining actor thread: TimeoutActor
[INFO] [stderr] [2024-12-15T05:55:07Z DEBUG tonari_actor] [timeouts] stopped actor: TimeoutActor
[INFO] [stderr] [2024-12-15T05:55:07Z DEBUG tonari_actor] [timeouts] [0] joined actor thread:  TimeoutActor
[INFO] [stderr] [2024-12-15T05:55:07Z INFO  tonari_actor] [timeouts] system finished shutting down.
[INFO] [stderr] [2024-12-15T05:55:07Z DEBUG tonari_actor] [timeouts] thread tests::timeouts called system.shutdown() but the system is already shutting down or stopped.
[INFO] [stdout] test tests::timeouts ... ok
[INFO] [stderr] [2024-12-15T05:55:07Z INFO  tonari_actor] [hi] thread tests::it_works shutting down the actor system.
[INFO] [stderr] [2024-12-15T05:55:07Z DEBUG tonari_actor] [hi] joining 5 actor threads.
[INFO] [stderr] [2024-12-15T05:55:07Z DEBUG tonari_actor] [hi] [0] joining actor thread: TestActor
[INFO] [stderr] [2024-12-15T05:55:07Z DEBUG tonari_actor] [hi] stopped actor: TestActor
[INFO] [stderr] [2024-12-15T05:55:07Z TRACE tonari_actor] [timed test] message received by TimedTestActor
[INFO] [stderr] [2024-12-15T05:55:07Z DEBUG tonari_actor] [hi] [0] joined actor thread:  TestActor
[INFO] [stderr] [2024-12-15T05:55:07Z DEBUG tonari_actor] [hi] [1] joining actor thread: TestActor
[INFO] [stderr] [2024-12-15T05:55:07Z DEBUG tonari_actor] [hi] stopped actor: TestActor
[INFO] [stderr] [2024-12-15T05:55:07Z DEBUG tonari_actor] [hi] [1] joined actor thread:  TestActor
[INFO] [stderr] [2024-12-15T05:55:07Z INFO  tonari_actor] [hi] thread tests::test_ignore_on_full shutting down the actor system.
[INFO] [stderr] [2024-12-15T05:55:07Z DEBUG tonari_actor] [hi] [2] joining actor thread: TestActor
[INFO] [stderr] [2024-12-15T05:55:07Z DEBUG tonari_actor] [hi] joining 1 actor threads.
[INFO] [stderr] [2024-12-15T05:55:07Z DEBUG tonari_actor] [hi] stopped actor: TestActor
[INFO] [stderr] [2024-12-15T05:55:07Z DEBUG tonari_actor] [hi] [0] joining actor thread: TestActor
[INFO] [stderr] [2024-12-15T05:55:07Z DEBUG tonari_actor] [hi] stopped actor: TestActor
[INFO] [stderr] [2024-12-15T05:55:07Z DEBUG tonari_actor] [hi] [0] joined actor thread:  TestActor
[INFO] [stderr] [2024-12-15T05:55:07Z INFO  tonari_actor] [hi] system finished shutting down.
[INFO] [stderr] [2024-12-15T05:55:07Z DEBUG tonari_actor] [hi] [2] joined actor thread:  TestActor
[INFO] [stderr] [2024-12-15T05:55:07Z DEBUG tonari_actor] [hi] [3] joining actor thread: TestActor
[INFO] [stderr] [2024-12-15T05:55:07Z DEBUG tonari_actor] [hi] stopped actor: TestActor
[INFO] [stderr] [2024-12-15T05:55:07Z DEBUG tonari_actor] [hi] [3] joined actor thread:  TestActor
[INFO] [stderr] [2024-12-15T05:55:07Z DEBUG tonari_actor] [hi] stopped actor: TestActor
[INFO] [stderr] [2024-12-15T05:55:07Z DEBUG tonari_actor] [hi] [4] joining actor thread: TestActor
[INFO] [stderr] [2024-12-15T05:55:07Z DEBUG tonari_actor] [hi] [4] joined actor thread:  TestActor
[INFO] [stderr] [2024-12-15T05:55:07Z INFO  tonari_actor] [hi] system finished shutting down.
[INFO] [stderr] [2024-12-15T05:55:07Z TRACE tonari_actor] [timed test] message received by TimedTestActor
[INFO] [stderr] [2024-12-15T05:55:07Z DEBUG tonari_actor] [hi] thread tests::test_ignore_on_full called system.shutdown() but the system is already shutting down or stopped.
[INFO] [stderr] [2024-12-15T05:55:07Z DEBUG tonari_actor] [hi] thread tests::it_works called system.shutdown() but the system is already shutting down or stopped.
[INFO] [stdout] test tests::test_ignore_on_full ... ok
[INFO] [stdout] test tests::it_works ... ok
[INFO] [stderr] [2024-12-15T05:55:07Z INFO  tonari_actor] [timed test] thread timed::tests::recurring_messages_for_busy_actors shutting down the actor system.
[INFO] [stderr] [2024-12-15T05:55:07Z DEBUG tonari_actor] [timed test] joining 1 actor threads.
[INFO] [stderr] [2024-12-15T05:55:07Z DEBUG tonari_actor] [timed test] [0] joining actor thread: TimedTestActor
[INFO] [stderr] [2024-12-15T05:55:07Z DEBUG tonari_actor] [timed test] stopped actor: TimedTestActor
[INFO] [stderr] [2024-12-15T05:55:07Z DEBUG tonari_actor] [timed test] [0] joined actor thread:  TimedTestActor
[INFO] [stderr] [2024-12-15T05:55:07Z INFO  tonari_actor] [timed test] system finished shutting down.
[INFO] [stderr] [2024-12-15T05:55:07Z DEBUG tonari_actor] [timed test] thread timed::tests::recurring_messages_for_busy_actors called system.shutdown() but the system is already shutting down or stopped.
[INFO] [stdout] test timed::tests::recurring_messages_for_busy_actors ... ok
[INFO] [stdout] 
[INFO] [stdout] failures:
[INFO] [stdout] 
[INFO] [stdout] ---- tests::send_constraints stdout ----
[INFO] [stdout] thread 'tests::send_constraints' panicked at src/lib.rs:1225:87:
[INFO] [stdout] called `Result::unwrap()` on an `Err` value: SystemStopped { actor_name: "LocalActor" }
[INFO] [stdout] stack backtrace:
[INFO] [stdout]    0:     0x644602615c1a - std::backtrace_rs::backtrace::libunwind::trace::h8810477743020387
[INFO] [stdout]                                at /rustc/202008a1b8de96d2e5b6bc02d379db03a877d34d/library/std/src/../../backtrace/src/backtrace/libunwind.rs:116:5
[INFO] [stdout]    1:     0x644602615c1a - std::backtrace_rs::backtrace::trace_unsynchronized::h3aa55355dd6c54a6
[INFO] [stdout]                                at /rustc/202008a1b8de96d2e5b6bc02d379db03a877d34d/library/std/src/../../backtrace/src/backtrace/mod.rs:66:5
[INFO] [stdout]    2:     0x644602615c1a - std::sys::backtrace::_print_fmt::h8588b0f62410823f
[INFO] [stdout]                                at /rustc/202008a1b8de96d2e5b6bc02d379db03a877d34d/library/std/src/sys/backtrace.rs:66:9
[INFO] [stdout]    3:     0x644602615c1a - <std::sys::backtrace::BacktraceLock::print::DisplayBacktrace as core::fmt::Display>::fmt::h98c26ac25ffe89bb
[INFO] [stdout]                                at /rustc/202008a1b8de96d2e5b6bc02d379db03a877d34d/library/std/src/sys/backtrace.rs:39:26
[INFO] [stdout]    4:     0x64460263bc43 - core::fmt::rt::Argument::fmt::hf95377f4aebd453b
[INFO] [stdout]                                at /rustc/202008a1b8de96d2e5b6bc02d379db03a877d34d/library/core/src/fmt/rt.rs:177:76
[INFO] [stdout]    5:     0x64460263bc43 - core::fmt::write::h0dd5f6e2238c7982
[INFO] [stdout]                                at /rustc/202008a1b8de96d2e5b6bc02d379db03a877d34d/library/core/src/fmt/mod.rs:1189:21
[INFO] [stdout]    6:     0x644602612d33 - std::io::Write::write_fmt::h03bb0ca26e6faf8c
[INFO] [stdout]                                at /rustc/202008a1b8de96d2e5b6bc02d379db03a877d34d/library/std/src/io/mod.rs:1884:15
[INFO] [stdout]    7:     0x644602615a62 - std::sys::backtrace::BacktraceLock::print::h5c19c1c038ee186d
[INFO] [stdout]                                at /rustc/202008a1b8de96d2e5b6bc02d379db03a877d34d/library/std/src/sys/backtrace.rs:42:9
[INFO] [stdout]    8:     0x64460261709d - std::panicking::default_hook::{{closure}}::h77172f079a1fcb13
[INFO] [stdout]                                at /rustc/202008a1b8de96d2e5b6bc02d379db03a877d34d/library/std/src/panicking.rs:268:22
[INFO] [stdout]    9:     0x644602616ea7 - std::panicking::default_hook::he5f8e3b203ccddba
[INFO] [stdout]                                at /rustc/202008a1b8de96d2e5b6bc02d379db03a877d34d/library/std/src/panicking.rs:292:9
[INFO] [stdout]   10:     0x6446025c8237 - <alloc::boxed::Box<F,A> as core::ops::function::Fn<Args>>::call::h7a3c7b4a1ae77f2f
[INFO] [stdout]                                at /rustc/202008a1b8de96d2e5b6bc02d379db03a877d34d/library/alloc/src/boxed.rs:1986:9
[INFO] [stdout]   11:     0x6446025c8237 - test::test_main::{{closure}}::hf0d3b69ae9b353d1
[INFO] [stdout]                                at /rustc/202008a1b8de96d2e5b6bc02d379db03a877d34d/library/test/src/lib.rs:134:21
[INFO] [stdout]   12:     0x644602617748 - <alloc::boxed::Box<F,A> as core::ops::function::Fn<Args>>::call::h6332e82e7b189abd
[INFO] [stdout]                                at /rustc/202008a1b8de96d2e5b6bc02d379db03a877d34d/library/alloc/src/boxed.rs:1986:9
[INFO] [stdout]   13:     0x644602617748 - std::panicking::rust_panic_with_hook::h53863d4e9018df39
[INFO] [stdout]                                at /rustc/202008a1b8de96d2e5b6bc02d379db03a877d34d/library/std/src/panicking.rs:809:13
[INFO] [stdout]   14:     0x64460261750a - std::panicking::begin_panic_handler::{{closure}}::h67280e6fa0757873
[INFO] [stdout]                                at /rustc/202008a1b8de96d2e5b6bc02d379db03a877d34d/library/std/src/panicking.rs:674:13
[INFO] [stdout]   15:     0x6446026160f9 - std::sys::backtrace::__rust_end_short_backtrace::h1dac3f54d6fbbeb2
[INFO] [stdout]                                at /rustc/202008a1b8de96d2e5b6bc02d379db03a877d34d/library/std/src/sys/backtrace.rs:170:18
[INFO] [stdout]   16:     0x64460261719c - rust_begin_unwind
[INFO] [stdout]                                at /rustc/202008a1b8de96d2e5b6bc02d379db03a877d34d/library/std/src/panicking.rs:665:5
[INFO] [stdout]   17:     0x644602259180 - core::panicking::panic_fmt::h6792bd1b2bf01041
[INFO] [stdout]                                at /rustc/202008a1b8de96d2e5b6bc02d379db03a877d34d/library/core/src/panicking.rs:76:14
[INFO] [stdout]   18:     0x644602259606 - core::result::unwrap_failed::h05e0602ed34287c5
[INFO] [stdout]                                at /rustc/202008a1b8de96d2e5b6bc02d379db03a877d34d/library/core/src/result.rs:1699:5
[INFO] [stdout]   19:     0x6446022db1cf - core::result::Result<T,E>::unwrap::hda3ad2494fec6028
[INFO] [stdout]                                at /rustc/202008a1b8de96d2e5b6bc02d379db03a877d34d/library/core/src/result.rs:1104:23
[INFO] [stdout]   20:     0x6446022db1cf - tonari_actor::tests::send_constraints::hd0d431c7068122b5
[INFO] [stdout]                                at /opt/rustwide/workdir/src/lib.rs:1225:9
[INFO] [stdout]   21:     0x6446022daf77 - tonari_actor::tests::send_constraints::{{closure}}::hcff6b4eb37b60ff3
[INFO] [stdout]                                at /opt/rustwide/workdir/src/lib.rs:1195:26
[INFO] [stdout]   22:     0x6446022c0ac6 - core::ops::function::FnOnce::call_once::hca7196585a0eb795
[INFO] [stdout]                                at /rustc/202008a1b8de96d2e5b6bc02d379db03a877d34d/library/core/src/ops/function.rs:250:5
[INFO] [stdout]   23:     0x6446025ccd5b - core::ops::function::FnOnce::call_once::h871bf86719ec9aa4
[INFO] [stdout]                                at /rustc/202008a1b8de96d2e5b6bc02d379db03a877d34d/library/core/src/ops/function.rs:250:5
[INFO] [stdout]   24:     0x6446025ccd5b - test::__rust_begin_short_backtrace::h2167df1e2b7d76fd
[INFO] [stdout]                                at /rustc/202008a1b8de96d2e5b6bc02d379db03a877d34d/library/test/src/lib.rs:632:18
[INFO] [stdout]   25:     0x6446025cc748 - test::run_test_in_process::{{closure}}::h15d92f75a3adfb79
[INFO] [stdout]                                at /rustc/202008a1b8de96d2e5b6bc02d379db03a877d34d/library/test/src/lib.rs:655:60
[INFO] [stdout]   26:     0x6446025cc748 - <core::panic::unwind_safe::AssertUnwindSafe<F> as core::ops::function::FnOnce<()>>::call_once::hb6c8955835a8dbbb
[INFO] [stdout]                                at /rustc/202008a1b8de96d2e5b6bc02d379db03a877d34d/library/core/src/panic/unwind_safe.rs:272:9
[INFO] [stdout]   27:     0x6446025cc748 - std::panicking::try::do_call::hc79d0fc888a0bd30
[INFO] [stdout]                                at /rustc/202008a1b8de96d2e5b6bc02d379db03a877d34d/library/std/src/panicking.rs:557:40
[INFO] [stdout]   28:     0x6446025cc748 - std::panicking::try::hb8a7878e3a8589d6
[INFO] [stdout]                                at /rustc/202008a1b8de96d2e5b6bc02d379db03a877d34d/library/std/src/panicking.rs:520:19
[INFO] [stdout]   29:     0x6446025cc748 - std::panic::catch_unwind::hb8e4600ff0ff5cfa
[INFO] [stdout]                                at /rustc/202008a1b8de96d2e5b6bc02d379db03a877d34d/library/std/src/panic.rs:358:14
[INFO] [stdout]   30:     0x6446025cc748 - test::run_test_in_process::hc2900b0b18688dd6
[INFO] [stdout]                                at /rustc/202008a1b8de96d2e5b6bc02d379db03a877d34d/library/test/src/lib.rs:655:27
[INFO] [stdout]   31:     0x6446025cc748 - test::run_test::{{closure}}::hac2a9cb07be3d48d
[INFO] [stdout]                                at /rustc/202008a1b8de96d2e5b6bc02d379db03a877d34d/library/test/src/lib.rs:576:43
[INFO] [stdout]   32:     0x6446025901ea - test::run_test::{{closure}}::h4a5b729e66a38cd8
[INFO] [stdout]                                at /rustc/202008a1b8de96d2e5b6bc02d379db03a877d34d/library/test/src/lib.rs:606:41
[INFO] [stdout]   33:     0x6446025901ea - std::sys::backtrace::__rust_begin_short_backtrace::h0496fb742492f573
[INFO] [stdout]                                at /rustc/202008a1b8de96d2e5b6bc02d379db03a877d34d/library/std/src/sys/backtrace.rs:154:18
[INFO] [stdout]   34:     0x644602593b64 - std::thread::Builder::spawn_unchecked_::{{closure}}::{{closure}}::hbb6d257c550a54bd
[INFO] [stdout]                                at /rustc/202008a1b8de96d2e5b6bc02d379db03a877d34d/library/std/src/thread/mod.rs:561:17
[INFO] [stdout]   35:     0x644602593b64 - <core::panic::unwind_safe::AssertUnwindSafe<F> as core::ops::function::FnOnce<()>>::call_once::h46696fe4a6832328
[INFO] [stdout]                                at /rustc/202008a1b8de96d2e5b6bc02d379db03a877d34d/library/core/src/panic/unwind_safe.rs:272:9
[INFO] [stdout]   36:     0x644602593b64 - std::panicking::try::do_call::h2625a51b667bfb64
[INFO] [stdout]                                at /rustc/202008a1b8de96d2e5b6bc02d379db03a877d34d/library/std/src/panicking.rs:557:40
[INFO] [stdout]   37:     0x644602593b64 - std::panicking::try::hb956a59a1973aa4c
[INFO] [stdout]                                at /rustc/202008a1b8de96d2e5b6bc02d379db03a877d34d/library/std/src/panicking.rs:520:19
[INFO] [stdout]   38:     0x644602593b64 - std::panic::catch_unwind::h64f3b9d1067ef6a0
[INFO] [stdout]                                at /rustc/202008a1b8de96d2e5b6bc02d379db03a877d34d/library/std/src/panic.rs:358:14
[INFO] [stdout]   39:     0x644602593b64 - std::thread::Builder::spawn_unchecked_::{{closure}}::h42b2841295b6c0b2
[INFO] [stdout]                                at /rustc/202008a1b8de96d2e5b6bc02d379db03a877d34d/library/std/src/thread/mod.rs:559:30
[INFO] [stdout]   40:     0x644602593b64 - core::ops::function::FnOnce::call_once{{vtable.shim}}::h6127de71b8124639
[INFO] [stdout]                                at /rustc/202008a1b8de96d2e5b6bc02d379db03a877d34d/library/core/src/ops/function.rs:250:5
[INFO] [stdout]   41:     0x64460261b68b - <alloc::boxed::Box<F,A> as core::ops::function::FnOnce<Args>>::call_once::h42f0ba71002a1b2c
[INFO] [stdout]                                at /rustc/202008a1b8de96d2e5b6bc02d379db03a877d34d/library/alloc/src/boxed.rs:1972:9
[INFO] [stdout]   42:     0x64460261b68b - <alloc::boxed::Box<F,A> as core::ops::function::FnOnce<Args>>::call_once::had9e47d7a3dcecb8
[INFO] [stdout]                                at /rustc/202008a1b8de96d2e5b6bc02d379db03a877d34d/library/alloc/src/boxed.rs:1972:9
[INFO] [stdout]   43:     0x64460261b68b - std::sys::pal::unix::thread::Thread::new::thread_start::h48cf765408f6f5f2
[INFO] [stdout]                                at /rustc/202008a1b8de96d2e5b6bc02d379db03a877d34d/library/std/src/sys/pal/unix/thread.rs:105:17
[INFO] [stdout]   44:     0x79e401ed9ac3 - <unknown>
[INFO] [stdout]   45:     0x79e401f6aa04 - clone
[INFO] [stdout]   46:                0x0 - <unknown>
[INFO] [stdout] 
[INFO] [stdout] 
[INFO] [stdout] failures:
[INFO] [stdout]     tests::send_constraints
[INFO] [stdout] 
[INFO] [stdout] test result: FAILED. 7 passed; 1 failed; 0 ignored; 0 measured; 0 filtered out; finished in 0.33s
[INFO] [stdout] 
[INFO] [stderr] error: test failed, to rerun pass `--lib`
[INFO] running `Command { std: "docker" "inspect" "d492bac3779fc44fb105a54033d55db760e79c06a0ea3a02d1b2763a2a1e718e", kill_on_drop: false }`
[INFO] running `Command { std: "docker" "rm" "-f" "d492bac3779fc44fb105a54033d55db760e79c06a0ea3a02d1b2763a2a1e718e", kill_on_drop: false }`
[INFO] [stdout] d492bac3779fc44fb105a54033d55db760e79c06a0ea3a02d1b2763a2a1e718e
