[INFO] fetching crate thinset 0.4.0...
[INFO] testing thinset-0.4.0 against beta-2024-12-08 for beta-1.84.0-4-retry
[INFO] extracting crate thinset 0.4.0 into /workspace/builds/worker-5-tc2/source
[INFO] validating manifest of crates.io crate thinset 0.4.0 on toolchain beta-2024-12-08
[INFO] running `Command { std: CARGO_HOME="/workspace/cargo-home" RUSTUP_HOME="/workspace/rustup-home" "/workspace/cargo-home/bin/cargo" "+beta-2024-12-08" "metadata" "--manifest-path" "Cargo.toml" "--no-deps", kill_on_drop: false }`
[INFO] started tweaking crates.io crate thinset 0.4.0
[INFO] finished tweaking crates.io crate thinset 0.4.0
[INFO] tweaked toml for crates.io crate thinset 0.4.0 written to /workspace/builds/worker-5-tc2/source/Cargo.toml
[INFO] crate crates.io crate thinset 0.4.0 already has a lockfile, it will not be regenerated
[INFO] running `Command { std: CARGO_HOME="/workspace/cargo-home" RUSTUP_HOME="/workspace/rustup-home" "/workspace/cargo-home/bin/cargo" "+beta-2024-12-08" "fetch" "--manifest-path" "Cargo.toml", kill_on_drop: false }`
[INFO] running `Command { std: "docker" "create" "-v" "/var/lib/crater-agent-workspace/builds/worker-5-tc2/target:/opt/rustwide/target:rw,Z" "-v" "/var/lib/crater-agent-workspace/builds/worker-5-tc2/source:/opt/rustwide/workdir:ro,Z" "-v" "/var/lib/crater-agent-workspace/cargo-home:/opt/rustwide/cargo-home:ro,Z" "-v" "/var/lib/crater-agent-workspace/rustup-home:/opt/rustwide/rustup-home:ro,Z" "-e" "SOURCE_DIR=/opt/rustwide/workdir" "-e" "CARGO_TARGET_DIR=/opt/rustwide/target" "-e" "CARGO_HOME=/opt/rustwide/cargo-home" "-e" "RUSTUP_HOME=/opt/rustwide/rustup-home" "-w" "/opt/rustwide/workdir" "-m" "1610612736" "--user" "0:0" "--network" "none" "ghcr.io/rust-lang/crates-build-env/linux@sha256:f3a9d4ad9d972b27faf3965f35b62e55ba32bbce8f20bc8fe909558a86702fde" "/opt/rustwide/cargo-home/bin/cargo" "+beta-2024-12-08" "metadata" "--no-deps" "--format-version=1", kill_on_drop: false }`
[INFO] [stdout] e1f9da26b4fbb76c2d42a0865ae8ea6b4890e90621348e1dcbf184a40e2c68c9
[INFO] running `Command { std: "docker" "start" "-a" "e1f9da26b4fbb76c2d42a0865ae8ea6b4890e90621348e1dcbf184a40e2c68c9", kill_on_drop: false }`
[INFO] running `Command { std: "docker" "inspect" "e1f9da26b4fbb76c2d42a0865ae8ea6b4890e90621348e1dcbf184a40e2c68c9", kill_on_drop: false }`
[INFO] running `Command { std: "docker" "rm" "-f" "e1f9da26b4fbb76c2d42a0865ae8ea6b4890e90621348e1dcbf184a40e2c68c9", kill_on_drop: false }`
[INFO] [stdout] e1f9da26b4fbb76c2d42a0865ae8ea6b4890e90621348e1dcbf184a40e2c68c9
[INFO] running `Command { std: "docker" "create" "-v" "/var/lib/crater-agent-workspace/builds/worker-5-tc2/target:/opt/rustwide/target:rw,Z" "-v" "/var/lib/crater-agent-workspace/builds/worker-5-tc2/source:/opt/rustwide/workdir:ro,Z" "-v" "/var/lib/crater-agent-workspace/cargo-home:/opt/rustwide/cargo-home:ro,Z" "-v" "/var/lib/crater-agent-workspace/rustup-home:/opt/rustwide/rustup-home:ro,Z" "-e" "SOURCE_DIR=/opt/rustwide/workdir" "-e" "CARGO_TARGET_DIR=/opt/rustwide/target" "-e" "CARGO_INCREMENTAL=0" "-e" "RUST_BACKTRACE=full" "-e" "RUSTFLAGS=--cap-lints=warn" "-e" "RUSTDOCFLAGS=--cap-lints=warn" "-e" "CARGO_HOME=/opt/rustwide/cargo-home" "-e" "RUSTUP_HOME=/opt/rustwide/rustup-home" "-w" "/opt/rustwide/workdir" "-m" "1610612736" "--user" "0:0" "--network" "none" "ghcr.io/rust-lang/crates-build-env/linux@sha256:f3a9d4ad9d972b27faf3965f35b62e55ba32bbce8f20bc8fe909558a86702fde" "/opt/rustwide/cargo-home/bin/cargo" "+beta-2024-12-08" "build" "--frozen" "--message-format=json", kill_on_drop: false }`
[INFO] [stdout] 356b4816ea65af5af92048cfb3274362bf5435ee0118ba72499c96bd2781f828
[INFO] running `Command { std: "docker" "start" "-a" "356b4816ea65af5af92048cfb3274362bf5435ee0118ba72499c96bd2781f828", kill_on_drop: false }`
[INFO] [stderr]    Compiling autocfg v1.1.0
[INFO] [stderr]    Compiling num-traits v0.2.17
[INFO] [stderr]    Compiling thinset v0.4.0 (/opt/rustwide/workdir)
[INFO] [stderr]     Finished `dev` profile [unoptimized + debuginfo] target(s) in 2.53s
[INFO] running `Command { std: "docker" "inspect" "356b4816ea65af5af92048cfb3274362bf5435ee0118ba72499c96bd2781f828", kill_on_drop: false }`
[INFO] running `Command { std: "docker" "rm" "-f" "356b4816ea65af5af92048cfb3274362bf5435ee0118ba72499c96bd2781f828", kill_on_drop: false }`
[INFO] [stdout] 356b4816ea65af5af92048cfb3274362bf5435ee0118ba72499c96bd2781f828
[INFO] running `Command { std: "docker" "create" "-v" "/var/lib/crater-agent-workspace/builds/worker-5-tc2/target:/opt/rustwide/target:rw,Z" "-v" "/var/lib/crater-agent-workspace/builds/worker-5-tc2/source:/opt/rustwide/workdir:ro,Z" "-v" "/var/lib/crater-agent-workspace/cargo-home:/opt/rustwide/cargo-home:ro,Z" "-v" "/var/lib/crater-agent-workspace/rustup-home:/opt/rustwide/rustup-home:ro,Z" "-e" "SOURCE_DIR=/opt/rustwide/workdir" "-e" "CARGO_TARGET_DIR=/opt/rustwide/target" "-e" "CARGO_INCREMENTAL=0" "-e" "RUST_BACKTRACE=full" "-e" "RUSTFLAGS=--cap-lints=warn" "-e" "RUSTDOCFLAGS=--cap-lints=warn" "-e" "CARGO_HOME=/opt/rustwide/cargo-home" "-e" "RUSTUP_HOME=/opt/rustwide/rustup-home" "-w" "/opt/rustwide/workdir" "-m" "1610612736" "--user" "0:0" "--network" "none" "ghcr.io/rust-lang/crates-build-env/linux@sha256:f3a9d4ad9d972b27faf3965f35b62e55ba32bbce8f20bc8fe909558a86702fde" "/opt/rustwide/cargo-home/bin/cargo" "+beta-2024-12-08" "test" "--frozen" "--no-run" "--message-format=json", kill_on_drop: false }`
[INFO] [stdout] 0b15b696770985f8b501633401dd5b3e5e973735090391533284d26590ed6123
[INFO] running `Command { std: "docker" "start" "-a" "0b15b696770985f8b501633401dd5b3e5e973735090391533284d26590ed6123", kill_on_drop: false }`
[INFO] [stderr]    Compiling libc v0.2.151
[INFO] [stderr]    Compiling cfg-if v1.0.0
[INFO] [stderr]    Compiling ppv-lite86 v0.2.17
[INFO] [stderr]    Compiling bit-vec v0.6.3
[INFO] [stderr]    Compiling bencher v0.1.5
[INFO] [stderr]    Compiling bit-set v0.5.3
[INFO] [stderr]    Compiling getrandom v0.2.11
[INFO] [stderr]    Compiling rand_core v0.6.4
[INFO] [stderr]    Compiling rand_chacha v0.3.1
[INFO] [stderr]    Compiling rand v0.8.5
[INFO] [stderr]    Compiling thinset v0.4.0 (/opt/rustwide/workdir)
[INFO] [stderr]     Finished `test` profile [unoptimized + debuginfo] target(s) in 7.96s
[INFO] running `Command { std: "docker" "inspect" "0b15b696770985f8b501633401dd5b3e5e973735090391533284d26590ed6123", kill_on_drop: false }`
[INFO] running `Command { std: "docker" "rm" "-f" "0b15b696770985f8b501633401dd5b3e5e973735090391533284d26590ed6123", kill_on_drop: false }`
[INFO] [stdout] 0b15b696770985f8b501633401dd5b3e5e973735090391533284d26590ed6123
[INFO] running `Command { std: "docker" "create" "-v" "/var/lib/crater-agent-workspace/builds/worker-5-tc2/target:/opt/rustwide/target:rw,Z" "-v" "/var/lib/crater-agent-workspace/builds/worker-5-tc2/source:/opt/rustwide/workdir:ro,Z" "-v" "/var/lib/crater-agent-workspace/cargo-home:/opt/rustwide/cargo-home:ro,Z" "-v" "/var/lib/crater-agent-workspace/rustup-home:/opt/rustwide/rustup-home:ro,Z" "-e" "SOURCE_DIR=/opt/rustwide/workdir" "-e" "CARGO_TARGET_DIR=/opt/rustwide/target" "-e" "CARGO_INCREMENTAL=0" "-e" "RUST_BACKTRACE=full" "-e" "RUSTFLAGS=--cap-lints=warn" "-e" "RUSTDOCFLAGS=--cap-lints=warn" "-e" "CARGO_HOME=/opt/rustwide/cargo-home" "-e" "RUSTUP_HOME=/opt/rustwide/rustup-home" "-w" "/opt/rustwide/workdir" "-m" "1610612736" "--user" "0:0" "--network" "none" "ghcr.io/rust-lang/crates-build-env/linux@sha256:f3a9d4ad9d972b27faf3965f35b62e55ba32bbce8f20bc8fe909558a86702fde" "/opt/rustwide/cargo-home/bin/cargo" "+beta-2024-12-08" "test" "--frozen", kill_on_drop: false }`
[INFO] [stdout] 0d084b6c99a46218b4ce640a2ce8de52b2ff97d444b02ce7e7664216e800425f
[INFO] running `Command { std: "docker" "start" "-a" "0d084b6c99a46218b4ce640a2ce8de52b2ff97d444b02ce7e7664216e800425f", kill_on_drop: false }`
[INFO] [stderr]     Finished `test` profile [unoptimized + debuginfo] target(s) in 0.03s
[INFO] [stderr]      Running unittests src/lib.rs (/opt/rustwide/target/debug/deps/thinset-b2c7b1558e018a83)
[INFO] [stdout] 
[INFO] [stdout] running 34 tests
[INFO] [stdout] test tests::sparse_map_can_be_indexed ... ok
[INFO] [stdout] test tests::sparse_map_grows_as_needed ... ok
[INFO] [stdout] test tests::sparse_map_contains_key_out_of_bounds ... ok
[INFO] [stdout] test tests::sparse_map_debug_impl ... ok
[INFO] [stdout] test tests::sparse_map_has_default_impl ... ok
[INFO] [stdout] test tests::sparse_map_into_iter ... ok
[INFO] [stdout] test tests::sparse_map_can_be_indexed_mutably ... ok
[INFO] [stdout] test tests::disjoint_sets ... ok
[INFO] [stdout] test tests::sparse_map_example ... ok
[INFO] [stdout] test tests::sparse_map_eq ... ok
[INFO] [stdout] test tests::sparse_map_iter ... ok
[INFO] [stdout] test tests::sparse_map_insert_random_values ... ok
[INFO] [stdout] test tests::sparse_map_macro_example ... ok
[INFO] [stdout] test tests::sparse_map_partial_eq ... ok
[INFO] [stdout] test tests::sparse_set_contains_value_out_of_bounds ... ok
[INFO] [stdout] test tests::sparse_set_eq ... ok
[INFO] [stdout] test tests::sparse_set_example ... ok
[INFO] [stdout] test tests::sparse_set_grows_as_needed ... ok
[INFO] [stdout] test tests::sparse_set_debug_impl ... ok
[INFO] [stdout] test tests::sparse_set_into_iter ... ok
[INFO] [stdout] test tests::sparse_set_iter ... ok
[INFO] [stdout] test tests::sparse_set_macro_example ... ok
[INFO] [stdout] test tests::sparse_set_sub_and_super_sets ... ok
[INFO] [stdout] test tests::sparse_set_union ... ok
[INFO] [stdout] test tests::sparse_set_union_with ... ok
[INFO] [stdout] test tests::sparse_set_in ... ok
[INFO] [stdout] test tests::sparse_set_unite_all ... ok
[INFO] [stdout] test tests::sparse_set_insert_random_values ... ok
[INFO] [stdout] test tests::sparse_set_unit_tuple_trick_works ... ok
[INFO] [stdout] test tests::sparse_set_from_iter ... ok
[INFO] [stdout] test tests::sparse_set_has_default_impl ... ok
[INFO] [stdout] test tests::sparse_map_key_must_fit_usize - should panic ... ok
[INFO] [stdout] test tests::sprase_map_index_out_of_range - should panic ... ok
[INFO] [stdout] test tests::sparse_map_mutable_index_out_of_range - should panic ... ok
[INFO] [stdout] 
[INFO] [stdout] test result: ok. 34 passed; 0 failed; 0 ignored; 0 measured; 0 filtered out; finished in 0.05s
[INFO] [stdout] 
[INFO] [stderr]    Doc-tests thinset
[INFO] [stdout] 
[INFO] [stdout] running 10 tests
[INFO] [stdout] test src/lib.rs - (line 53) ... FAILED
[INFO] [stdout] test src/lib.rs - InSet::is_in (line 872) ... FAILED
[INFO] [stdout] test src/lib.rs - SparseSet<T>::union_all (line 674) ... FAILED
[INFO] [stdout] test src/lib.rs - SparseSet<T>::union_with (line 654) ... FAILED
[INFO] [stdout] test src/lib.rs - SparseSet<T>::union (line 632) ... FAILED
[INFO] [stdout] test src/lib.rs - SparseSet<T>::is_subset (line 555) ... FAILED
[INFO] [stdout] test src/lib.rs - SparseMap<K,V>::iter (line 337) ... FAILED
[INFO] [stdout] test src/lib.rs - (line 73) ... FAILED
[INFO] [stdout] test src/lib.rs - set (line 838) ... FAILED
[INFO] [stdout] test src/lib.rs - map (line 812) ... FAILED
[INFO] [stdout] 
[INFO] [stdout] failures:
[INFO] [stdout] 
[INFO] [stdout] ---- src/lib.rs - (line 53) stdout ----
[INFO] [stdout] rustc-LLVM ERROR: IO failure on output stream: No space left on device
[INFO] [stdout] Couldn't compile the test.
[INFO] [stdout] ---- src/lib.rs - InSet::is_in (line 872) stdout ----
[INFO] [stdout] error: couldn't create a temp dir: No space left on device (os error 28) at path "/tmp/rustc7HPZ93"
[INFO] [stdout] 
[INFO] [stdout] error: aborting due to 1 previous error
[INFO] [stdout] 
[INFO] [stdout] Couldn't compile the test.
[INFO] [stdout] ---- src/lib.rs - SparseSet<T>::union_all (line 674) stdout ----
[INFO] [stdout] rustc-LLVM ERROR: IO failure on output stream: No space left on device
[INFO] [stdout] Couldn't compile the test.
[INFO] [stdout] ---- src/lib.rs - SparseSet<T>::union_with (line 654) stdout ----
[INFO] [stdout] error: couldn't create a temp dir: No space left on device (os error 28) at path "/tmp/rustdoctestHEhmpN/rmetaBokGrs"
[INFO] [stdout] 
[INFO] [stdout] error: aborting due to 1 previous error
[INFO] [stdout] 
[INFO] [stdout] Couldn't compile the test.
[INFO] [stdout] ---- src/lib.rs - SparseSet<T>::union (line 632) stdout ----
[INFO] [stdout] rustc-LLVM ERROR: IO failure on output stream: No space left on device
[INFO] [stdout] Couldn't compile the test.
[INFO] [stdout] ---- src/lib.rs - SparseSet<T>::is_subset (line 555) stdout ----
[INFO] [stdout] error: couldn't create a temp dir: No space left on device (os error 28) at path "/tmp/rustcmeJzQD"
[INFO] [stdout] 
[INFO] [stdout] error: aborting due to 1 previous error
[INFO] [stdout] 
[INFO] [stdout] Couldn't compile the test.
[INFO] [stdout] ---- src/lib.rs - SparseMap<K,V>::iter (line 337) stdout ----
[INFO] [stdout] rustc-LLVM ERROR: IO failure on output stream: No space left on device
[INFO] [stdout] Couldn't compile the test.
[INFO] [stdout] ---- src/lib.rs - (line 73) stdout ----
[INFO] [stdout] rustc-LLVM ERROR: IO failure on output stream: No space left on device
[INFO] [stdout] Couldn't compile the test.
[INFO] [stdout] ---- src/lib.rs - set (line 838) stdout ----
[INFO] [stdout] error: couldn't create a temp dir: No space left on device (os error 28) at path "/tmp/rustdoctestKT3pTD/rmetadT2TIQ"
[INFO] [stdout] 
[INFO] [stdout] error: aborting due to 1 previous error
[INFO] [stdout] 
[INFO] [stdout] Couldn't compile the test.
[INFO] [stdout] ---- src/lib.rs - map (line 812) stdout ----
[INFO] [stdout] error: couldn't create a temp dir: No space left on device (os error 28) at path "/tmp/rustdoctestSvt0Wz/rmeta6Qwr4D"
[INFO] [stdout] 
[INFO] [stdout] error: aborting due to 1 previous error
[INFO] [stdout] 
[INFO] [stdout] Couldn't compile the test.
[INFO] [stdout] 
[INFO] [stdout] failures:
[INFO] [stdout]     src/lib.rs - (line 53)
[INFO] [stdout]     src/lib.rs - (line 73)
[INFO] [stdout]     src/lib.rs - InSet::is_in (line 872)
[INFO] [stdout]     src/lib.rs - SparseMap<K,V>::iter (line 337)
[INFO] [stdout]     src/lib.rs - SparseSet<T>::is_subset (line 555)
[INFO] [stdout]     src/lib.rs - SparseSet<T>::union (line 632)
[INFO] [stdout]     src/lib.rs - SparseSet<T>::union_all (line 674)
[INFO] [stdout]     src/lib.rs - SparseSet<T>::union_with (line 654)
[INFO] [stdout]     src/lib.rs - map (line 812)
[INFO] [stdout]     src/lib.rs - set (line 838)
[INFO] [stdout] 
[INFO] [stdout] test result: FAILED. 0 passed; 10 failed; 0 ignored; 0 measured; 0 filtered out; finished in 0.75s
[INFO] [stdout] 
[INFO] [stderr] error: doctest failed, to rerun pass `--doc`
[INFO] running `Command { std: "docker" "inspect" "0d084b6c99a46218b4ce640a2ce8de52b2ff97d444b02ce7e7664216e800425f", kill_on_drop: false }`
[INFO] running `Command { std: "docker" "rm" "-f" "0d084b6c99a46218b4ce640a2ce8de52b2ff97d444b02ce7e7664216e800425f", kill_on_drop: false }`
[INFO] [stdout] 0d084b6c99a46218b4ce640a2ce8de52b2ff97d444b02ce7e7664216e800425f
