[INFO] fetching crate sql_from_models 0.1.6...
[INFO] testing sql_from_models-0.1.6 against beta-2024-12-08 for beta-1.84.0-4-retry
[INFO] extracting crate sql_from_models 0.1.6 into /workspace/builds/worker-7-tc2/source
[INFO] validating manifest of crates.io crate sql_from_models 0.1.6 on toolchain beta-2024-12-08
[INFO] running `Command { std: CARGO_HOME="/workspace/cargo-home" RUSTUP_HOME="/workspace/rustup-home" "/workspace/cargo-home/bin/cargo" "+beta-2024-12-08" "metadata" "--manifest-path" "Cargo.toml" "--no-deps", kill_on_drop: false }`
[INFO] started tweaking crates.io crate sql_from_models 0.1.6
[INFO] finished tweaking crates.io crate sql_from_models 0.1.6
[INFO] tweaked toml for crates.io crate sql_from_models 0.1.6 written to /workspace/builds/worker-7-tc2/source/Cargo.toml
[INFO] running `Command { std: CARGO_HOME="/workspace/cargo-home" RUSTUP_HOME="/workspace/rustup-home" "/workspace/cargo-home/bin/cargo" "+beta-2024-12-08" "generate-lockfile" "--manifest-path" "Cargo.toml", kill_on_drop: false }`
[INFO] [stderr]     Blocking waiting for file lock on package cache
[INFO] [stderr]     Updating crates.io index
[INFO] [stderr]     Blocking waiting for file lock on package cache
[INFO] [stderr]      Locking 231 packages to latest compatible versions
[INFO] [stderr]       Adding sqlformat v0.1.8 (available: v0.3.3)
[INFO] [stderr]       Adding sqlx v0.5.13 (available: v0.8.2)
[INFO] [stderr]       Adding thiserror v1.0.69 (available: v2.0.7)
[INFO] running `Command { std: CARGO_HOME="/workspace/cargo-home" RUSTUP_HOME="/workspace/rustup-home" "/workspace/cargo-home/bin/cargo" "+beta-2024-12-08" "fetch" "--manifest-path" "Cargo.toml", kill_on_drop: false }`
[INFO] [stderr]     Blocking waiting for file lock on package cache
[INFO] running `Command { std: "docker" "create" "-v" "/var/lib/crater-agent-workspace/builds/worker-7-tc2/target:/opt/rustwide/target:rw,Z" "-v" "/var/lib/crater-agent-workspace/builds/worker-7-tc2/source:/opt/rustwide/workdir:ro,Z" "-v" "/var/lib/crater-agent-workspace/cargo-home:/opt/rustwide/cargo-home:ro,Z" "-v" "/var/lib/crater-agent-workspace/rustup-home:/opt/rustwide/rustup-home:ro,Z" "-e" "SOURCE_DIR=/opt/rustwide/workdir" "-e" "CARGO_TARGET_DIR=/opt/rustwide/target" "-e" "CARGO_HOME=/opt/rustwide/cargo-home" "-e" "RUSTUP_HOME=/opt/rustwide/rustup-home" "-w" "/opt/rustwide/workdir" "-m" "1610612736" "--user" "0:0" "--network" "none" "ghcr.io/rust-lang/crates-build-env/linux@sha256:f3a9d4ad9d972b27faf3965f35b62e55ba32bbce8f20bc8fe909558a86702fde" "/opt/rustwide/cargo-home/bin/cargo" "+beta-2024-12-08" "metadata" "--no-deps" "--format-version=1", kill_on_drop: false }`
[INFO] [stdout] b15e9cece6923b367697d0c64a4a2734fb76efe0fd0639dfcd5ec46f3167d0db
[INFO] running `Command { std: "docker" "start" "-a" "b15e9cece6923b367697d0c64a4a2734fb76efe0fd0639dfcd5ec46f3167d0db", kill_on_drop: false }`
[INFO] running `Command { std: "docker" "inspect" "b15e9cece6923b367697d0c64a4a2734fb76efe0fd0639dfcd5ec46f3167d0db", kill_on_drop: false }`
[INFO] running `Command { std: "docker" "rm" "-f" "b15e9cece6923b367697d0c64a4a2734fb76efe0fd0639dfcd5ec46f3167d0db", kill_on_drop: false }`
[INFO] [stdout] b15e9cece6923b367697d0c64a4a2734fb76efe0fd0639dfcd5ec46f3167d0db
[INFO] running `Command { std: "docker" "create" "-v" "/var/lib/crater-agent-workspace/builds/worker-7-tc2/target:/opt/rustwide/target:rw,Z" "-v" "/var/lib/crater-agent-workspace/builds/worker-7-tc2/source:/opt/rustwide/workdir:ro,Z" "-v" "/var/lib/crater-agent-workspace/cargo-home:/opt/rustwide/cargo-home:ro,Z" "-v" "/var/lib/crater-agent-workspace/rustup-home:/opt/rustwide/rustup-home:ro,Z" "-e" "SOURCE_DIR=/opt/rustwide/workdir" "-e" "CARGO_TARGET_DIR=/opt/rustwide/target" "-e" "CARGO_INCREMENTAL=0" "-e" "RUST_BACKTRACE=full" "-e" "RUSTFLAGS=--cap-lints=warn" "-e" "RUSTDOCFLAGS=--cap-lints=warn" "-e" "CARGO_HOME=/opt/rustwide/cargo-home" "-e" "RUSTUP_HOME=/opt/rustwide/rustup-home" "-w" "/opt/rustwide/workdir" "-m" "1610612736" "--user" "0:0" "--network" "none" "ghcr.io/rust-lang/crates-build-env/linux@sha256:f3a9d4ad9d972b27faf3965f35b62e55ba32bbce8f20bc8fe909558a86702fde" "/opt/rustwide/cargo-home/bin/cargo" "+beta-2024-12-08" "build" "--frozen" "--message-format=json", kill_on_drop: false }`
[INFO] [stdout] a534bd685ea69de8cd3f269c9731bc60a3a206865d2b0e66d9aa6c6c71ec1710
[INFO] running `Command { std: "docker" "start" "-a" "a534bd685ea69de8cd3f269c9731bc60a3a206865d2b0e66d9aa6c6c71ec1710", kill_on_drop: false }`
[INFO] [stderr]    Compiling proc-macro2 v1.0.92
[INFO] [stderr]    Compiling unicode-ident v1.0.14
[INFO] [stderr]    Compiling stable_deref_trait v1.2.0
[INFO] [stderr]    Compiling writeable v0.5.5
[INFO] [stderr]    Compiling litemap v0.7.4
[INFO] [stderr]    Compiling icu_locid_transform_data v1.5.0
[INFO] [stderr]    Compiling icu_properties_data v1.5.0
[INFO] [stderr]    Compiling write16 v1.0.0
[INFO] [stderr]    Compiling smallvec v1.13.2
[INFO] [stderr]    Compiling utf8_iter v1.0.4
[INFO] [stderr]    Compiling icu_normalizer_data v1.5.0
[INFO] [stderr]    Compiling utf16_iter v1.0.5
[INFO] [stderr]    Compiling syn v1.0.109
[INFO] [stderr]    Compiling value-bag v1.10.0
[INFO] [stderr]    Compiling either v1.13.0
[INFO] [stderr]    Compiling minimal-lexical v0.2.1
[INFO] [stderr]    Compiling percent-encoding v2.3.1
[INFO] [stderr]    Compiling thiserror v1.0.69
[INFO] [stderr]    Compiling memchr v2.7.4
[INFO] [stderr]    Compiling unicode_categories v0.1.1
[INFO] [stderr]    Compiling itertools v0.10.5
[INFO] [stderr]    Compiling once_cell v1.20.2
[INFO] [stderr]    Compiling form_urlencoded v1.2.1
[INFO] [stderr]    Compiling log v0.4.22
[INFO] [stderr]    Compiling sql_from_models-parser v0.2.1
[INFO] [stderr]    Compiling nom v7.1.3
[INFO] [stderr]    Compiling quote v1.0.37
[INFO] [stderr]    Compiling syn v2.0.90
[INFO] [stderr]    Compiling sqlformat v0.1.8
[INFO] [stderr]    Compiling sql_from_models-proc-macro v0.1.2
[INFO] [stdout] error[E0658]: use of unstable library feature `proc_macro_totokens`
[INFO] [stdout]   --> /opt/rustwide/cargo-home/registry/src/index.crates.io-6f17d22bba15001f/sql_from_models-proc-macro-0.1.2/src/model/mod.rs:60:5
[INFO] [stdout]    |
[INFO] [stdout] 60 | /     fn to_tokens(&self, tokens: &mut TokenStream2) {
[INFO] [stdout] 61 | |         let name = &self.name;
[INFO] [stdout] 62 | |         let name_lowercase = &self.name_lowercase;
[INFO] [stdout] 63 | |         let columns = &self.get_columns();
[INFO] [stdout] ...  |
[INFO] [stdout] 75 | |         tokens.extend(template);
[INFO] [stdout] 76 | |     }
[INFO] [stdout]    | |_____^
[INFO] [stdout]    |
[INFO] [stdout]    = note: see issue #130977 <https://github.com/rust-lang/rust/issues/130977> for more information
[INFO] [stdout] 
[INFO] [stdout] 
[INFO] [stdout] error[E0658]: use of unstable library feature `proc_macro_totokens`
[INFO] [stdout]   --> /opt/rustwide/cargo-home/registry/src/index.crates.io-6f17d22bba15001f/sql_from_models-proc-macro-0.1.2/src/model/mod.rs:59:6
[INFO] [stdout]    |
[INFO] [stdout] 59 | impl ToTokens for Model {
[INFO] [stdout]    |      ^^^^^^^^
[INFO] [stdout]    |
[INFO] [stdout]    = note: see issue #130977 <https://github.com/rust-lang/rust/issues/130977> for more information
[INFO] [stdout] 
[INFO] [stdout] 
[INFO] [stdout] error[E0658]: use of unstable library feature `proc_macro_totokens`
[INFO] [stdout]   --> /opt/rustwide/cargo-home/registry/src/index.crates.io-6f17d22bba15001f/sql_from_models-proc-macro-0.1.2/src/model/column/mod.rs:13:5
[INFO] [stdout]    |
[INFO] [stdout] 13 | /     fn to_tokens(&self, tokens: &mut TokenStream2) {
[INFO] [stdout] 14 | |         let col_name = &self.name;
[INFO] [stdout] 15 | |         let ty = &self.ty;
[INFO] [stdout] 16 | |         let default = &self.default;
[INFO] [stdout] ...  |
[INFO] [stdout] 37 | |         tokens.extend(temp);
[INFO] [stdout] 38 | |     }
[INFO] [stdout]    | |_____^
[INFO] [stdout]    |
[INFO] [stdout]    = note: see issue #130977 <https://github.com/rust-lang/rust/issues/130977> for more information
[INFO] [stdout] 
[INFO] [stdout] 
[INFO] [stdout] error[E0658]: use of unstable library feature `proc_macro_totokens`
[INFO] [stdout]   --> /opt/rustwide/cargo-home/registry/src/index.crates.io-6f17d22bba15001f/sql_from_models-proc-macro-0.1.2/src/model/column/mod.rs:12:6
[INFO] [stdout]    |
[INFO] [stdout] 12 | impl ToTokens for Column {
[INFO] [stdout]    |      ^^^^^^^^
[INFO] [stdout]    |
[INFO] [stdout]    = note: see issue #130977 <https://github.com/rust-lang/rust/issues/130977> for more information
[INFO] [stdout] 
[INFO] [stdout] 
[INFO] [stdout] error[E0658]: use of unstable library feature `proc_macro_totokens`
[INFO] [stdout]   --> /opt/rustwide/cargo-home/registry/src/index.crates.io-6f17d22bba15001f/sql_from_models-proc-macro-0.1.2/src/model/column/default.rs:10:5
[INFO] [stdout]    |
[INFO] [stdout] 10 | /     fn to_tokens(&self, tokens: &mut TokenStream2) {
[INFO] [stdout] 11 | |         let expr = &self.expr;
[INFO] [stdout] 12 | |         if !self.is_string {
[INFO] [stdout] 13 | |             tokens.extend(quote!(#expr));
[INFO] [stdout] ...  |
[INFO] [stdout] 23 | |         }
[INFO] [stdout] 24 | |     }
[INFO] [stdout]    | |_____^
[INFO] [stdout]    |
[INFO] [stdout]    = note: see issue #130977 <https://github.com/rust-lang/rust/issues/130977> for more information
[INFO] [stdout] 
[INFO] [stdout] 
[INFO] [stdout] error[E0658]: use of unstable library feature `proc_macro_totokens`
[INFO] [stdout]  --> /opt/rustwide/cargo-home/registry/src/index.crates.io-6f17d22bba15001f/sql_from_models-proc-macro-0.1.2/src/model/column/default.rs:9:6
[INFO] [stdout]   |
[INFO] [stdout] 9 | impl ToTokens for DefaultExpr {
[INFO] [stdout]   |      ^^^^^^^^
[INFO] [stdout]   |
[INFO] [stdout]   = note: see issue #130977 <https://github.com/rust-lang/rust/issues/130977> for more information
[INFO] [stdout] 
[INFO] [stdout] 
[INFO] [stdout] error[E0053]: method `to_tokens` has an incompatible type for trait
[INFO] [stdout]   --> /opt/rustwide/cargo-home/registry/src/index.crates.io-6f17d22bba15001f/sql_from_models-proc-macro-0.1.2/src/model/mod.rs:60:33
[INFO] [stdout]    |
[INFO] [stdout] 60 |     fn to_tokens(&self, tokens: &mut TokenStream2) {
[INFO] [stdout]    |                                 ^^^^^^^^^^^^^^^^^ expected `proc_macro::TokenStream`, found `proc_macro2::TokenStream`
[INFO] [stdout]    |
[INFO] [stdout]    = note: expected signature `fn(&model::Model, &mut proc_macro::TokenStream)`
[INFO] [stdout]               found signature `fn(&model::Model, &mut proc_macro2::TokenStream)`
[INFO] [stdout] help: change the parameter type to match the trait
[INFO] [stdout]    |
[INFO] [stdout] 60 |     fn to_tokens(&self, tokens: &mut proc_macro::TokenStream) {
[INFO] [stdout]    |                                 ~~~~~~~~~~~~~~~~~~~~~~~~~~~~
[INFO] [stdout] 
[INFO] [stdout] 
[INFO] [stdout] error[E0053]: method `to_tokens` has an incompatible type for trait
[INFO] [stdout]   --> /opt/rustwide/cargo-home/registry/src/index.crates.io-6f17d22bba15001f/sql_from_models-proc-macro-0.1.2/src/model/column/mod.rs:13:33
[INFO] [stdout]    |
[INFO] [stdout] 13 |     fn to_tokens(&self, tokens: &mut TokenStream2) {
[INFO] [stdout]    |                                 ^^^^^^^^^^^^^^^^^ expected `proc_macro::TokenStream`, found `proc_macro2::TokenStream`
[INFO] [stdout]    |
[INFO] [stdout]    = note: expected signature `fn(&Column, &mut proc_macro::TokenStream)`
[INFO] [stdout]               found signature `fn(&Column, &mut proc_macro2::TokenStream)`
[INFO] [stdout] help: change the parameter type to match the trait
[INFO] [stdout]    |
[INFO] [stdout] 13 |     fn to_tokens(&self, tokens: &mut proc_macro::TokenStream) {
[INFO] [stdout]    |                                 ~~~~~~~~~~~~~~~~~~~~~~~~~~~~
[INFO] [stdout] 
[INFO] [stdout] 
[INFO] [stdout] error[E0053]: method `to_tokens` has an incompatible type for trait
[INFO] [stdout]   --> /opt/rustwide/cargo-home/registry/src/index.crates.io-6f17d22bba15001f/sql_from_models-proc-macro-0.1.2/src/model/column/default.rs:10:33
[INFO] [stdout]    |
[INFO] [stdout] 10 |     fn to_tokens(&self, tokens: &mut TokenStream2) {
[INFO] [stdout]    |                                 ^^^^^^^^^^^^^^^^^ expected `proc_macro::TokenStream`, found `proc_macro2::TokenStream`
[INFO] [stdout]    |
[INFO] [stdout]    = note: expected signature `fn(&column::default::DefaultExpr, &mut proc_macro::TokenStream)`
[INFO] [stdout]               found signature `fn(&column::default::DefaultExpr, &mut proc_macro2::TokenStream)`
[INFO] [stdout] help: change the parameter type to match the trait
[INFO] [stdout]    |
[INFO] [stdout] 10 |     fn to_tokens(&self, tokens: &mut proc_macro::TokenStream) {
[INFO] [stdout]    |                                 ~~~~~~~~~~~~~~~~~~~~~~~~~~~~
[INFO] [stdout] 
[INFO] [stdout] 
[INFO] [stdout] error[E0277]: the trait bound `column::default::DefaultExpr: quote::ToTokens` is not satisfied
[INFO] [stdout]   --> /opt/rustwide/cargo-home/registry/src/index.crates.io-6f17d22bba15001f/sql_from_models-proc-macro-0.1.2/src/model/column/mod.rs:18:13
[INFO] [stdout]    |
[INFO] [stdout] 18 | /             quote! {
[INFO] [stdout] 19 | |                 __models_table.columns.push(
[INFO] [stdout] 20 | |                     ::sql_from_models::private::Column::new_with_default(
[INFO] [stdout] 21 | |                         stringify!(#col_name),
[INFO] [stdout] ...  |
[INFO] [stdout] 25 | |                 ));
[INFO] [stdout] 26 | |             }
[INFO] [stdout]    | |             ^
[INFO] [stdout]    | |             |
[INFO] [stdout]    | |_____________the trait `quote::ToTokens` is not implemented for `column::default::DefaultExpr`
[INFO] [stdout]    |               required by a bound introduced by this call
[INFO] [stdout]    |
[INFO] [stdout]    = help: the following other types implement trait `quote::ToTokens`:
[INFO] [stdout]              &'a T
[INFO] [stdout]              &'a mut T
[INFO] [stdout]              Abstract
[INFO] [stdout]              AndAnd
[INFO] [stdout]              AndEq
[INFO] [stdout]              AngleBracketedGenericArguments
[INFO] [stdout]              Arm
[INFO] [stdout]              As
[INFO] [stdout]            and 310 others
[INFO] [stdout]    = note: required for `&column::default::DefaultExpr` to implement `quote::ToTokens`
[INFO] [stdout]    = note: this error originates in the macro `$crate::quote_token_with_context` which comes from the expansion of the macro `quote` (in Nightly builds, run with -Z macro-backtrace for more info)
[INFO] [stdout] 
[INFO] [stdout] 
[INFO] [stdout] error[E0277]: the trait bound `Column: quote::ToTokens` is not satisfied
[INFO] [stdout]    --> /opt/rustwide/cargo-home/registry/src/index.crates.io-6f17d22bba15001f/sql_from_models-proc-macro-0.1.2/src/model/mod.rs:103:9
[INFO] [stdout]     |
[INFO] [stdout] 103 | /         quote! {
[INFO] [stdout] 104 | |             #(#columns;)*
[INFO] [stdout] 105 | |         }
[INFO] [stdout]     | |         ^
[INFO] [stdout]     | |         |
[INFO] [stdout]     | |_________the trait `quote::ToTokens` is not implemented for `Column`
[INFO] [stdout]     |           required by a bound introduced by this call
[INFO] [stdout]     |
[INFO] [stdout]     = help: the following other types implement trait `quote::ToTokens`:
[INFO] [stdout]               &'a T
[INFO] [stdout]               &'a mut T
[INFO] [stdout]               Abstract
[INFO] [stdout]               AndAnd
[INFO] [stdout]               AndEq
[INFO] [stdout]               AngleBracketedGenericArguments
[INFO] [stdout]               Arm
[INFO] [stdout]               As
[INFO] [stdout]             and 310 others
[INFO] [stdout]     = note: required for `&Column` to implement `quote::ToTokens`
[INFO] [stdout]     = note: 1 redundant requirement hidden
[INFO] [stdout]     = note: required for `RepInterp<&Column>` to implement `quote::ToTokens`
[INFO] [stdout]     = note: this error originates in the macro `$crate::quote_token_with_context` which comes from the expansion of the macro `quote` (in Nightly builds, run with -Z macro-backtrace for more info)
[INFO] [stdout] 
[INFO] [stdout] 
[INFO] [stdout] error[E0277]: the trait bound `model::Model: quote::ToTokens` is not satisfied
[INFO] [stdout]   --> /opt/rustwide/cargo-home/registry/src/index.crates.io-6f17d22bba15001f/sql_from_models-proc-macro-0.1.2/src/lib.rs:14:20
[INFO] [stdout]    |
[INFO] [stdout] 14 |       let template = quote! {
[INFO] [stdout]    |  ____________________^
[INFO] [stdout] 15 | |         #derive
[INFO] [stdout] 16 | |         #migrations
[INFO] [stdout] 17 | |     };
[INFO] [stdout]    | |     ^
[INFO] [stdout]    | |     |
[INFO] [stdout]    | |_____the trait `quote::ToTokens` is not implemented for `model::Model`
[INFO] [stdout]    |       required by a bound introduced by this call
[INFO] [stdout]    |
[INFO] [stdout]    = help: the following other types implement trait `quote::ToTokens`:
[INFO] [stdout]              &'a T
[INFO] [stdout]              &'a mut T
[INFO] [stdout]              Abstract
[INFO] [stdout]              AndAnd
[INFO] [stdout]              AndEq
[INFO] [stdout]              AngleBracketedGenericArguments
[INFO] [stdout]              Arm
[INFO] [stdout]              As
[INFO] [stdout]            and 310 others
[INFO] [stdout]    = note: this error originates in the macro `$crate::quote_token_with_context` which comes from the expansion of the macro `quote` (in Nightly builds, run with -Z macro-backtrace for more info)
[INFO] [stdout] 
[INFO] [stdout] 
[INFO] [stdout] Some errors have detailed explanations: E0053, E0277, E0658.
[INFO] [stdout] 
[INFO] [stdout] For more information about an error, try `rustc --explain E0053`.
[INFO] [stdout] 
[INFO] [stderr] error: could not compile `sql_from_models-proc-macro` (lib) due to 12 previous errors
[INFO] [stderr] warning: build failed, waiting for other jobs to finish...
[INFO] running `Command { std: "docker" "inspect" "a534bd685ea69de8cd3f269c9731bc60a3a206865d2b0e66d9aa6c6c71ec1710", kill_on_drop: false }`
[INFO] running `Command { std: "docker" "rm" "-f" "a534bd685ea69de8cd3f269c9731bc60a3a206865d2b0e66d9aa6c6c71ec1710", kill_on_drop: false }`
[INFO] [stdout] a534bd685ea69de8cd3f269c9731bc60a3a206865d2b0e66d9aa6c6c71ec1710
