[INFO] fetching crate rust-cc 0.6.2...
[INFO] testing rust-cc-0.6.2 against beta-2024-12-08 for beta-1.84.0-4-retry
[INFO] extracting crate rust-cc 0.6.2 into /workspace/builds/worker-3-tc2/source
[INFO] validating manifest of crates.io crate rust-cc 0.6.2 on toolchain beta-2024-12-08
[INFO] running `Command { std: CARGO_HOME="/workspace/cargo-home" RUSTUP_HOME="/workspace/rustup-home" "/workspace/cargo-home/bin/cargo" "+beta-2024-12-08" "metadata" "--manifest-path" "Cargo.toml" "--no-deps", kill_on_drop: false }`
[INFO] started tweaking crates.io crate rust-cc 0.6.2
[INFO] removed 0 missing tests
[INFO] finished tweaking crates.io crate rust-cc 0.6.2
[INFO] tweaked toml for crates.io crate rust-cc 0.6.2 written to /workspace/builds/worker-3-tc2/source/Cargo.toml
[INFO] running `Command { std: CARGO_HOME="/workspace/cargo-home" RUSTUP_HOME="/workspace/rustup-home" "/workspace/cargo-home/bin/cargo" "+beta-2024-12-08" "generate-lockfile" "--manifest-path" "Cargo.toml", kill_on_drop: false }`
[INFO] [stderr]     Updating crates.io index
[INFO] [stderr]      Locking 60 packages to latest compatible versions
[INFO] [stderr]       Adding iai-callgrind v0.12.2 (available: v0.12.3)
[INFO] [stderr]       Adding iai-callgrind-runner v0.12.2 (available: v0.12.3)
[INFO] running `Command { std: CARGO_HOME="/workspace/cargo-home" RUSTUP_HOME="/workspace/rustup-home" "/workspace/cargo-home/bin/cargo" "+beta-2024-12-08" "fetch" "--manifest-path" "Cargo.toml", kill_on_drop: false }`
[INFO] running `Command { std: "docker" "create" "-v" "/var/lib/crater-agent-workspace/builds/worker-3-tc2/target:/opt/rustwide/target:rw,Z" "-v" "/var/lib/crater-agent-workspace/builds/worker-3-tc2/source:/opt/rustwide/workdir:ro,Z" "-v" "/var/lib/crater-agent-workspace/cargo-home:/opt/rustwide/cargo-home:ro,Z" "-v" "/var/lib/crater-agent-workspace/rustup-home:/opt/rustwide/rustup-home:ro,Z" "-e" "SOURCE_DIR=/opt/rustwide/workdir" "-e" "CARGO_TARGET_DIR=/opt/rustwide/target" "-e" "CARGO_HOME=/opt/rustwide/cargo-home" "-e" "RUSTUP_HOME=/opt/rustwide/rustup-home" "-w" "/opt/rustwide/workdir" "-m" "1610612736" "--user" "0:0" "--network" "none" "ghcr.io/rust-lang/crates-build-env/linux@sha256:f3a9d4ad9d972b27faf3965f35b62e55ba32bbce8f20bc8fe909558a86702fde" "/opt/rustwide/cargo-home/bin/cargo" "+beta-2024-12-08" "metadata" "--no-deps" "--format-version=1", kill_on_drop: false }`
[INFO] [stdout] 26c6cdd011fc0f06bfac8135eb469c856b69a75825fb6a910b295e26d3893bef
[INFO] running `Command { std: "docker" "start" "-a" "26c6cdd011fc0f06bfac8135eb469c856b69a75825fb6a910b295e26d3893bef", kill_on_drop: false }`
[INFO] running `Command { std: "docker" "inspect" "26c6cdd011fc0f06bfac8135eb469c856b69a75825fb6a910b295e26d3893bef", kill_on_drop: false }`
[INFO] running `Command { std: "docker" "rm" "-f" "26c6cdd011fc0f06bfac8135eb469c856b69a75825fb6a910b295e26d3893bef", kill_on_drop: false }`
[INFO] [stdout] 26c6cdd011fc0f06bfac8135eb469c856b69a75825fb6a910b295e26d3893bef
[INFO] running `Command { std: "docker" "create" "-v" "/var/lib/crater-agent-workspace/builds/worker-3-tc2/target:/opt/rustwide/target:rw,Z" "-v" "/var/lib/crater-agent-workspace/builds/worker-3-tc2/source:/opt/rustwide/workdir:ro,Z" "-v" "/var/lib/crater-agent-workspace/cargo-home:/opt/rustwide/cargo-home:ro,Z" "-v" "/var/lib/crater-agent-workspace/rustup-home:/opt/rustwide/rustup-home:ro,Z" "-e" "SOURCE_DIR=/opt/rustwide/workdir" "-e" "CARGO_TARGET_DIR=/opt/rustwide/target" "-e" "CARGO_INCREMENTAL=0" "-e" "RUST_BACKTRACE=full" "-e" "RUSTFLAGS=--cap-lints=warn" "-e" "RUSTDOCFLAGS=--cap-lints=warn" "-e" "CARGO_HOME=/opt/rustwide/cargo-home" "-e" "RUSTUP_HOME=/opt/rustwide/rustup-home" "-w" "/opt/rustwide/workdir" "-m" "1610612736" "--user" "0:0" "--network" "none" "ghcr.io/rust-lang/crates-build-env/linux@sha256:f3a9d4ad9d972b27faf3965f35b62e55ba32bbce8f20bc8fe909558a86702fde" "/opt/rustwide/cargo-home/bin/cargo" "+beta-2024-12-08" "build" "--frozen" "--message-format=json", kill_on_drop: false }`
[INFO] [stdout] 16ac369e4181d2c309e685b561de5788f21506fb548aab24d5c0a24241547bf1
[INFO] running `Command { std: "docker" "start" "-a" "16ac369e4181d2c309e685b561de5788f21506fb548aab24d5c0a24241547bf1", kill_on_drop: false }`
[INFO] [stderr]    Compiling proc-macro2 v1.0.92
[INFO] [stderr]    Compiling unicode-ident v1.0.14
[INFO] [stderr]    Compiling version_check v0.9.5
[INFO] [stderr]    Compiling syn v1.0.109
[INFO] [stderr]    Compiling thiserror v2.0.7
[INFO] [stderr]    Compiling proc-macro-error-attr v1.0.4
[INFO] [stderr]    Compiling proc-macro-error v1.0.4
[INFO] [stderr]    Compiling quote v1.0.37
[INFO] [stderr]    Compiling syn v2.0.90
[INFO] [stderr]    Compiling synstructure v0.13.1
[INFO] [stderr]    Compiling thiserror-impl v2.0.7
[INFO] [stderr]    Compiling rust-cc-derive v0.6.2
[INFO] [stderr]    Compiling rust-cc v0.6.2 (/opt/rustwide/workdir)
[INFO] [stderr]     Finished `dev` profile [unoptimized + debuginfo] target(s) in 10.94s
[INFO] running `Command { std: "docker" "inspect" "16ac369e4181d2c309e685b561de5788f21506fb548aab24d5c0a24241547bf1", kill_on_drop: false }`
[INFO] running `Command { std: "docker" "rm" "-f" "16ac369e4181d2c309e685b561de5788f21506fb548aab24d5c0a24241547bf1", kill_on_drop: false }`
[INFO] [stdout] 16ac369e4181d2c309e685b561de5788f21506fb548aab24d5c0a24241547bf1
[INFO] running `Command { std: "docker" "create" "-v" "/var/lib/crater-agent-workspace/builds/worker-3-tc2/target:/opt/rustwide/target:rw,Z" "-v" "/var/lib/crater-agent-workspace/builds/worker-3-tc2/source:/opt/rustwide/workdir:ro,Z" "-v" "/var/lib/crater-agent-workspace/cargo-home:/opt/rustwide/cargo-home:ro,Z" "-v" "/var/lib/crater-agent-workspace/rustup-home:/opt/rustwide/rustup-home:ro,Z" "-e" "SOURCE_DIR=/opt/rustwide/workdir" "-e" "CARGO_TARGET_DIR=/opt/rustwide/target" "-e" "CARGO_INCREMENTAL=0" "-e" "RUST_BACKTRACE=full" "-e" "RUSTFLAGS=--cap-lints=warn" "-e" "RUSTDOCFLAGS=--cap-lints=warn" "-e" "CARGO_HOME=/opt/rustwide/cargo-home" "-e" "RUSTUP_HOME=/opt/rustwide/rustup-home" "-w" "/opt/rustwide/workdir" "-m" "1610612736" "--user" "0:0" "--network" "none" "ghcr.io/rust-lang/crates-build-env/linux@sha256:f3a9d4ad9d972b27faf3965f35b62e55ba32bbce8f20bc8fe909558a86702fde" "/opt/rustwide/cargo-home/bin/cargo" "+beta-2024-12-08" "test" "--frozen" "--no-run" "--message-format=json", kill_on_drop: false }`
[INFO] [stdout] 4a674b20cef2887b4ea50ba768b8d89faf8ec22fc0846a1b840502b758864f96
[INFO] running `Command { std: "docker" "start" "-a" "4a674b20cef2887b4ea50ba768b8d89faf8ec22fc0846a1b840502b758864f96", kill_on_drop: false }`
[INFO] [stderr]    Compiling syn v2.0.90
[INFO] [stderr]    Compiling serde v1.0.216
[INFO] [stderr]    Compiling cfg-if v1.0.0
[INFO] [stderr]    Compiling libc v0.2.168
[INFO] [stderr]    Compiling serde_json v1.0.133
[INFO] [stderr]    Compiling memchr v2.7.4
[INFO] [stderr]    Compiling ryu v1.0.18
[INFO] [stderr]    Compiling byteorder v1.5.0
[INFO] [stderr]    Compiling itoa v1.0.14
[INFO] [stderr]    Compiling hashbrown v0.15.2
[INFO] [stderr]    Compiling equivalent v1.0.1
[INFO] [stderr]    Compiling iai-callgrind-runner v0.12.2
[INFO] [stderr]    Compiling winnow v0.6.20
[INFO] [stderr]    Compiling target-triple v0.1.3
[INFO] [stderr]    Compiling iai-callgrind v0.12.2
[INFO] [stderr]    Compiling termcolor v1.4.1
[INFO] [stderr]    Compiling glob v0.3.1
[INFO] [stderr]    Compiling indexmap v2.7.0
[INFO] [stderr]    Compiling getrandom v0.2.15
[INFO] [stderr]    Compiling rand_core v0.6.4
[INFO] [stderr]    Compiling test-case-core v3.3.1
[INFO] [stderr]    Compiling synstructure v0.13.1
[INFO] [stderr]    Compiling serde_derive v1.0.216
[INFO] [stderr]    Compiling zerocopy-derive v0.7.35
[INFO] [stderr]    Compiling thiserror-impl v2.0.7
[INFO] [stderr]    Compiling rust-cc-derive v0.6.2
[INFO] [stderr]    Compiling test-case-macros v3.3.1
[INFO] [stderr]    Compiling zerocopy v0.7.35
[INFO] [stderr]    Compiling test-case v3.3.1
[INFO] [stderr]    Compiling thiserror v2.0.7
[INFO] [stderr]    Compiling rust-cc v0.6.2 (/opt/rustwide/workdir)
[INFO] [stderr]    Compiling ppv-lite86 v0.2.20
[INFO] [stderr]    Compiling rand_chacha v0.3.1
[INFO] [stderr]    Compiling rand v0.8.5
[INFO] [stderr]    Compiling serde_spanned v0.6.8
[INFO] [stderr]    Compiling toml_datetime v0.6.8
[INFO] [stderr]    Compiling bincode v1.3.3
[INFO] [stderr]    Compiling toml_edit v0.22.22
[INFO] [stderr]    Compiling iai-callgrind-macros v0.3.1
[INFO] [stderr]    Compiling toml v0.8.19
[INFO] [stderr]    Compiling trybuild v1.0.101
[INFO] [stderr]     Finished `test` profile [unoptimized + debuginfo] target(s) in 45.27s
[INFO] running `Command { std: "docker" "inspect" "4a674b20cef2887b4ea50ba768b8d89faf8ec22fc0846a1b840502b758864f96", kill_on_drop: false }`
[INFO] running `Command { std: "docker" "rm" "-f" "4a674b20cef2887b4ea50ba768b8d89faf8ec22fc0846a1b840502b758864f96", kill_on_drop: false }`
[INFO] [stdout] 4a674b20cef2887b4ea50ba768b8d89faf8ec22fc0846a1b840502b758864f96
[INFO] running `Command { std: "docker" "create" "-v" "/var/lib/crater-agent-workspace/builds/worker-3-tc2/target:/opt/rustwide/target:rw,Z" "-v" "/var/lib/crater-agent-workspace/builds/worker-3-tc2/source:/opt/rustwide/workdir:ro,Z" "-v" "/var/lib/crater-agent-workspace/cargo-home:/opt/rustwide/cargo-home:ro,Z" "-v" "/var/lib/crater-agent-workspace/rustup-home:/opt/rustwide/rustup-home:ro,Z" "-e" "SOURCE_DIR=/opt/rustwide/workdir" "-e" "CARGO_TARGET_DIR=/opt/rustwide/target" "-e" "CARGO_INCREMENTAL=0" "-e" "RUST_BACKTRACE=full" "-e" "RUSTFLAGS=--cap-lints=warn" "-e" "RUSTDOCFLAGS=--cap-lints=warn" "-e" "CARGO_HOME=/opt/rustwide/cargo-home" "-e" "RUSTUP_HOME=/opt/rustwide/rustup-home" "-w" "/opt/rustwide/workdir" "-m" "1610612736" "--user" "0:0" "--network" "none" "ghcr.io/rust-lang/crates-build-env/linux@sha256:f3a9d4ad9d972b27faf3965f35b62e55ba32bbce8f20bc8fe909558a86702fde" "/opt/rustwide/cargo-home/bin/cargo" "+beta-2024-12-08" "test" "--frozen", kill_on_drop: false }`
[INFO] [stdout] 4a55b1994704b81908811b9aa6cdd9eb6ea982a4c455ce6264618032841a7b4f
[INFO] running `Command { std: "docker" "start" "-a" "4a55b1994704b81908811b9aa6cdd9eb6ea982a4c455ce6264618032841a7b4f", kill_on_drop: false }`
[INFO] [stderr]     Finished `test` profile [unoptimized + debuginfo] target(s) in 0.13s
[INFO] [stderr]      Running unittests src/lib.rs (/opt/rustwide/target/debug/deps/rust_cc-9f8b8ae67211c4bd)
[INFO] [stdout] 
[INFO] [stdout] running 54 tests
[INFO] [stdout] test state::tests::test_replace_state_field ... ok
[INFO] [stdout] test tests::bench_code::test ... ok
[INFO] [stdout] test tests::cc::cyclic_finalization_ends ... ok
[INFO] [stdout] test tests::cc::finalization_try_unwrap_test ... ok
[INFO] [stdout] test tests::cc::no_cyclic_finalization_ends ... ok
[INFO] [stdout] test tests::cc::test_cc ... ok
[INFO] [stdout] test tests::cc::test_cyclic_finalization_aliasing ... ok
[INFO] [stdout] test tests::cc::test_self_loop_finalization_aliasing ... ok
[INFO] [stdout] test tests::cc::test_less_simple ... ok
[INFO] [stdout] test tests::counter_marker::test_is_to_finalize ... ok
[INFO] [stdout] test tests::cc::test_simple ... ok
[INFO] [stdout] test tests::cc::cyclic_finalization_try_unwrap_test ... ok
[INFO] [stdout] test tests::cc::buffered_objects_count_test ... ok
[INFO] [stdout] test tests::cc::fail_try_unwrap_test ... ok
[INFO] [stdout] test tests::cc::try_unwrap_test ... ok
[INFO] [stdout] test tests::lists::queue::test_add ... ok
[INFO] [stdout] test tests::lists::queue::test_clearing_mark ... ok
[INFO] [stdout] test tests::lists::queue::test_poll ... ok
[INFO] [stdout] test tests::lists::test_add::linkedlist_new_expects ... ok
[INFO] [stdout] test tests::lists::test_add::possiblecycles_new_expects ... ok
[INFO] [stdout] test tests::counter_marker::test_increment_decrement ... ok
[INFO] [stdout] test tests::lists::queue::test_peek ... ok
[INFO] [stdout] test tests::lists::test_list_moving::linkedlist_new_expects ... ok
[INFO] [stdout] test tests::lists::test_list_moving::possiblecycles_new_expects ... ok
[INFO] [stdout] test tests::counter_marker::test_marks ... ok
[INFO] [stdout] test tests::lists::queue::test_new ... ok
[INFO] [stdout] test tests::counter_marker::test_new ... ok
[INFO] [stdout] test tests::lists::test_mark_empty_self_and_append ... ok
[INFO] [stdout] test tests::counter_marker::test_reset_tracing_counter ... ok
[INFO] [stdout] test tests::lists::test_mark_self_and_append ... ok
[INFO] [stdout] test tests::lists::test_mark_empty_self_and_append_empty_list ... ok
[INFO] [stdout] test tests::lists::test_remove::linkedlist_new_1_expects ... ok
[INFO] [stdout] test tests::lists::test_remove::linkedlist_new_2_expects ... ok
[INFO] [stdout] test tests::lists::test_mark_self_and_append_empty_list ... ok
[INFO] [stdout] test tests::lists::test_new::linkedlist_new_expects ... ok
[INFO] [stdout] test tests::lists::test_new::possiblecycles_new_expects ... ok
[INFO] [stdout] test tests::lists::test_remove::linkedlist_new_0_expects ... ok
[INFO] [stdout] test tests::lists::test_remove::possiblecycles_new_1_expects ... ok
[INFO] [stdout] test tests::lists::test_remove::linkedlist_new_3_expects ... ok
[INFO] [stdout] test tests::lists::test_remove_first::linkedlist_new_expects ... ok
[INFO] [stdout] test tests::lists::test_remove::possiblecycles_new_2_expects ... ok
[INFO] [stdout] test tests::lists::test_remove::possiblecycles_new_3_expects ... ok
[INFO] [stdout] test tests::lists::test_swap_list ... ok
[INFO] [stdout] test tests::make_sure_droppable_is_finalizable ... ok
[INFO] [stdout] test tests::lists::test_remove::possiblecycles_new_0_expects ... ok
[INFO] [stdout] test tests::lists::test_remove_first::possiblecycles_new_expects ... ok
[INFO] [stdout] test tests::lists::test_for_each_clearing_panic ... ok
[INFO] [stdout] test tests::panicking::test_panicking_drop_and_finalize - should panic ... ok
[INFO] [stdout] test tests::panicking::test_panicking_drop - should panic ... ok
[INFO] [stdout] test tests::panicking::test_panicking_finalize - should panic ... ok
[INFO] [stdout] test tests::panicking::test_panicking_tracing_counting - should panic ... ok
[INFO] [stdout] test tests::panicking::test_panicking_tracing_drop - should panic ... ok
[INFO] [stdout] test tests::panicking::test_panicking_tracing_resurrecting - should panic ... ok
[INFO] [stdout] test tests::panicking::test_panicking_tracing_root - should panic ... ok
[INFO] [stdout] 
[INFO] [stdout] test result: ok. 54 passed; 0 failed; 0 ignored; 0 measured; 0 filtered out; finished in 0.10s
[INFO] [stdout] 
[INFO] [stderr]      Running tests/auto_collect.rs (/opt/rustwide/target/debug/deps/auto_collect-724fd38689f8e6f6)
[INFO] [stdout] 
[INFO] [stdout] running 3 tests
[INFO] [stderr]      Running tests/cc.rs (/opt/rustwide/target/debug/deps/cc-d0e1c32ca8d3fd8c)
[INFO] [stdout] test test_buffered_threshold_auto_collect ... ok
[INFO] [stdout] test test_auto_collect ... ok
[INFO] [stdout] test test_disable_auto_collect ... ok
[INFO] [stdout] 
[INFO] [stdout] test result: ok. 3 passed; 0 failed; 0 ignored; 0 measured; 0 filtered out; finished in 0.00s
[INFO] [stdout] 
[INFO] [stdout] 
[INFO] [stdout] running 6 tests
[INFO] [stdout] test box_test ... ok
[INFO] [stdout] test alignment_test ... ok
[INFO] [stdout] test test_complex ... ok
[INFO] [stdout] test test_finalization ... ok
[INFO] [stdout] test test_finalize_drop ... ok
[INFO] [stdout] test finalization_test ... ok
[INFO] [stdout] 
[INFO] [stdout] test result: ok. 6 passed; 0 failed; 0 ignored; 0 measured; 0 filtered out; finished in 0.00s
[INFO] [stdout] 
[INFO] [stdout] 
[INFO] [stdout] running 1 test
[INFO] [stderr]      Running tests/macro_tests.rs (/opt/rustwide/target/debug/deps/macro_tests-b3576c2a0c5bc013)
[INFO] [stderr]    Compiling proc-macro2 v1.0.92
[INFO] [stderr]    Compiling unicode-ident v1.0.14
[INFO] [stderr]    Compiling version_check v0.9.5
[INFO] [stderr]    Compiling serde v1.0.216
[INFO] [stderr]    Compiling syn v1.0.109
[INFO] [stderr]    Compiling libc v0.2.168
[INFO] [stderr]    Compiling cfg-if v1.0.0
[INFO] [stderr]    Compiling byteorder v1.5.0
[INFO] [stderr]    Compiling serde_json v1.0.133
[INFO] [stderr]    Compiling iai-callgrind-runner v0.12.2
[INFO] [stderr]    Compiling ryu v1.0.18
[INFO] [stderr]    Compiling memchr v2.7.4
[INFO] [stderr]    Compiling itoa v1.0.14
[INFO] [stderr]    Compiling thiserror v2.0.7
[INFO] [stderr]    Compiling iai-callgrind v0.12.2
[INFO] [stderr]    Compiling proc-macro-error-attr v1.0.4
[INFO] [stderr]    Compiling proc-macro-error v1.0.4
[INFO] [stderr]    Compiling quote v1.0.37
[INFO] [stderr]    Compiling syn v2.0.90
[INFO] [stderr] error: failed to build archive at `/opt/rustwide/target/tests/trybuild/debug/deps/libproc_macro2-221ba1c8afb16461.rlib`: No space left on device (os error 28)
[INFO] [stderr] 
[INFO] [stderr] error: failed to write to `/opt/rustwide/target/tests/trybuild/x86_64-unknown-linux-gnu/debug/deps/rmetaRW3kVB/lib.rmeta`: No space left on device (os error 28)
[INFO] [stderr] 
[INFO] [stderr] error: could not compile `proc-macro2` (lib) due to 1 previous error
[INFO] [stderr] warning: build failed, waiting for other jobs to finish...
[INFO] [stderr] error: could not compile `libc` (lib) due to 1 previous error
[INFO] [stderr] error: failed to build archive at `/opt/rustwide/target/tests/trybuild/debug/deps/libquote-f81b7387350189a8.rlib`: No space left on device (os error 28)
[INFO] [stderr] 
[INFO] [stderr] error: could not compile `quote` (lib) due to 1 previous error
[INFO] [stderr] error: couldn't create a temp dir: No space left on device (os error 28) at path "/opt/rustwide/target/tests/trybuild/debug/deps/rmetaZvahsi"
[INFO] [stderr] 
[INFO] [stderr] error: could not compile `syn` (lib) due to 1 previous error
[INFO] [stderr] error: error writing dependencies to `/opt/rustwide/target/tests/trybuild/debug/deps/syn-15f1653e9c0cdf96.d`: No space left on device (os error 28)
[INFO] [stderr] 
[INFO] [stderr] error: could not compile `syn` (lib) due to 1 previous error
[INFO] [stdout] test macro_tests ... FAILED
[INFO] [stdout] 
[INFO] [stdout] failures:
[INFO] [stdout] 
[INFO] [stdout] ---- macro_tests stdout ----
[INFO] [stdout] thread 'macro_tests' panicked at /opt/rustwide/cargo-home/registry/src/index.crates.io-6f17d22bba15001f/trybuild-1.0.101/src/run.rs:61:13:
[INFO] [stdout] tests failed
[INFO] [stdout] stack backtrace:
[INFO] [stdout]    0:     0x5fd5ffec235a - std::backtrace_rs::backtrace::libunwind::trace::h8810477743020387
[INFO] [stdout]                                at /rustc/202008a1b8de96d2e5b6bc02d379db03a877d34d/library/std/src/../../backtrace/src/backtrace/libunwind.rs:116:5
[INFO] [stdout]    1:     0x5fd5ffec235a - std::backtrace_rs::backtrace::trace_unsynchronized::h3aa55355dd6c54a6
[INFO] [stdout]                                at /rustc/202008a1b8de96d2e5b6bc02d379db03a877d34d/library/std/src/../../backtrace/src/backtrace/mod.rs:66:5
[INFO] [stdout]    2:     0x5fd5ffec235a - std::sys::backtrace::_print_fmt::h8588b0f62410823f
[INFO] [stdout]                                at /rustc/202008a1b8de96d2e5b6bc02d379db03a877d34d/library/std/src/sys/backtrace.rs:66:9
[INFO] [stdout]    3:     0x5fd5ffec235a - <std::sys::backtrace::BacktraceLock::print::DisplayBacktrace as core::fmt::Display>::fmt::h98c26ac25ffe89bb
[INFO] [stdout]                                at /rustc/202008a1b8de96d2e5b6bc02d379db03a877d34d/library/std/src/sys/backtrace.rs:39:26
[INFO] [stdout]    4:     0x5fd5ffeeb693 - core::fmt::rt::Argument::fmt::hf95377f4aebd453b
[INFO] [stdout]                                at /rustc/202008a1b8de96d2e5b6bc02d379db03a877d34d/library/core/src/fmt/rt.rs:177:76
[INFO] [stdout]    5:     0x5fd5ffeeb693 - core::fmt::write::h0dd5f6e2238c7982
[INFO] [stdout]                                at /rustc/202008a1b8de96d2e5b6bc02d379db03a877d34d/library/core/src/fmt/mod.rs:1189:21
[INFO] [stdout]    6:     0x5fd5ffebea03 - std::io::Write::write_fmt::h03bb0ca26e6faf8c
[INFO] [stdout]                                at /rustc/202008a1b8de96d2e5b6bc02d379db03a877d34d/library/std/src/io/mod.rs:1884:15
[INFO] [stdout]    7:     0x5fd5ffec21a2 - std::sys::backtrace::BacktraceLock::print::h5c19c1c038ee186d
[INFO] [stdout]                                at /rustc/202008a1b8de96d2e5b6bc02d379db03a877d34d/library/std/src/sys/backtrace.rs:42:9
[INFO] [stdout]    8:     0x5fd5ffec3ddd - std::panicking::default_hook::{{closure}}::h77172f079a1fcb13
[INFO] [stdout]                                at /rustc/202008a1b8de96d2e5b6bc02d379db03a877d34d/library/std/src/panicking.rs:268:22
[INFO] [stdout]    9:     0x5fd5ffec3be7 - std::panicking::default_hook::he5f8e3b203ccddba
[INFO] [stdout]                                at /rustc/202008a1b8de96d2e5b6bc02d379db03a877d34d/library/std/src/panicking.rs:292:9
[INFO] [stdout]   10:     0x5fd5ffe8a537 - <alloc::boxed::Box<F,A> as core::ops::function::Fn<Args>>::call::h7a3c7b4a1ae77f2f
[INFO] [stdout]                                at /rustc/202008a1b8de96d2e5b6bc02d379db03a877d34d/library/alloc/src/boxed.rs:1986:9
[INFO] [stdout]   11:     0x5fd5ffe8a537 - test::test_main::{{closure}}::hf0d3b69ae9b353d1
[INFO] [stdout]                                at /rustc/202008a1b8de96d2e5b6bc02d379db03a877d34d/library/test/src/lib.rs:134:21
[INFO] [stdout]   12:     0x5fd5ffec4488 - <alloc::boxed::Box<F,A> as core::ops::function::Fn<Args>>::call::h6332e82e7b189abd
[INFO] [stdout]                                at /rustc/202008a1b8de96d2e5b6bc02d379db03a877d34d/library/alloc/src/boxed.rs:1986:9
[INFO] [stdout]   13:     0x5fd5ffec4488 - std::panicking::rust_panic_with_hook::h53863d4e9018df39
[INFO] [stdout]                                at /rustc/202008a1b8de96d2e5b6bc02d379db03a877d34d/library/std/src/panicking.rs:809:13
[INFO] [stdout]   14:     0x5fd5ffec4216 - std::panicking::begin_panic_handler::{{closure}}::h67280e6fa0757873
[INFO] [stdout]                                at /rustc/202008a1b8de96d2e5b6bc02d379db03a877d34d/library/std/src/panicking.rs:667:13
[INFO] [stdout]   15:     0x5fd5ffec2839 - std::sys::backtrace::__rust_end_short_backtrace::h1dac3f54d6fbbeb2
[INFO] [stdout]                                at /rustc/202008a1b8de96d2e5b6bc02d379db03a877d34d/library/std/src/sys/backtrace.rs:170:18
[INFO] [stdout]   16:     0x5fd5ffec3edc - rust_begin_unwind
[INFO] [stdout]                                at /rustc/202008a1b8de96d2e5b6bc02d379db03a877d34d/library/std/src/panicking.rs:665:5
[INFO] [stdout]   17:     0x5fd5ffb97260 - core::panicking::panic_fmt::h6792bd1b2bf01041
[INFO] [stdout]                                at /rustc/202008a1b8de96d2e5b6bc02d379db03a877d34d/library/core/src/panicking.rs:76:14
[INFO] [stdout]   18:     0x5fd5ffc7a023 - trybuild::run::<impl trybuild::Runner>::run::{{closure}}::hb6aa96f5fbb38c42
[INFO] [stdout]                                at /opt/rustwide/cargo-home/registry/src/index.crates.io-6f17d22bba15001f/trybuild-1.0.101/src/run.rs:61:13
[INFO] [stdout]   19:     0x5fd5ffbb5ed9 - core::result::Result<T,E>::unwrap_or_else::h2e9de9bd05ec8c6e
[INFO] [stdout]                                at /rustc/202008a1b8de96d2e5b6bc02d379db03a877d34d/library/core/src/result.rs:1458:23
[INFO] [stdout]   20:     0x5fd5ffbea573 - trybuild::run::<impl trybuild::Runner>::run::hb9b0172f26a95738
[INFO] [stdout]                                at /opt/rustwide/cargo-home/registry/src/index.crates.io-6f17d22bba15001f/trybuild-1.0.101/src/run.rs:53:32
[INFO] [stdout]   21:     0x5fd5ffbf0428 - <trybuild::TestCases as core::ops::drop::Drop>::drop::h255653ac1ebe84d1
[INFO] [stdout]                                at /opt/rustwide/cargo-home/registry/src/index.crates.io-6f17d22bba15001f/trybuild-1.0.101/src/lib.rs:340:13
[INFO] [stdout]   22:     0x5fd5ffb97d87 - core::ptr::drop_in_place<trybuild::TestCases>::hea285831c399a189
[INFO] [stdout]                                at /rustc/202008a1b8de96d2e5b6bc02d379db03a877d34d/library/core/src/ptr/mod.rs:521:1
[INFO] [stdout]   23:     0x5fd5ffb9871e - macro_tests::macro_tests::hd18f5d47cccd5a18
[INFO] [stdout]                                at /opt/rustwide/workdir/tests/macro_tests.rs:20:1
[INFO] [stdout]   24:     0x5fd5ffb985a7 - macro_tests::macro_tests::{{closure}}::h566c01832f695ae8
[INFO] [stdout]                                at /opt/rustwide/workdir/tests/macro_tests.rs:6:17
[INFO] [stdout]   25:     0x5fd5ffb97d36 - core::ops::function::FnOnce::call_once::h830278367efd35a9
[INFO] [stdout]                                at /rustc/202008a1b8de96d2e5b6bc02d379db03a877d34d/library/core/src/ops/function.rs:250:5
[INFO] [stdout]   26:     0x5fd5ffe8f05b - core::ops::function::FnOnce::call_once::h871bf86719ec9aa4
[INFO] [stdout]                                at /rustc/202008a1b8de96d2e5b6bc02d379db03a877d34d/library/core/src/ops/function.rs:250:5
[INFO] [stdout]   27:     0x5fd5ffe8f05b - test::__rust_begin_short_backtrace::h2167df1e2b7d76fd
[INFO] [stdout]                                at /rustc/202008a1b8de96d2e5b6bc02d379db03a877d34d/library/test/src/lib.rs:632:18
[INFO] [stdout]   28:     0x5fd5ffe8ea48 - test::run_test_in_process::{{closure}}::h15d92f75a3adfb79
[INFO] [stdout]                                at /rustc/202008a1b8de96d2e5b6bc02d379db03a877d34d/library/test/src/lib.rs:655:60
[INFO] [stdout]   29:     0x5fd5ffe8ea48 - <core::panic::unwind_safe::AssertUnwindSafe<F> as core::ops::function::FnOnce<()>>::call_once::hb6c8955835a8dbbb
[INFO] [stdout]                                at /rustc/202008a1b8de96d2e5b6bc02d379db03a877d34d/library/core/src/panic/unwind_safe.rs:272:9
[INFO] [stdout]   30:     0x5fd5ffe8ea48 - std::panicking::try::do_call::hc79d0fc888a0bd30
[INFO] [stdout]                                at /rustc/202008a1b8de96d2e5b6bc02d379db03a877d34d/library/std/src/panicking.rs:557:40
[INFO] [stdout]   31:     0x5fd5ffe8ea48 - std::panicking::try::hb8a7878e3a8589d6
[INFO] [stdout]                                at /rustc/202008a1b8de96d2e5b6bc02d379db03a877d34d/library/std/src/panicking.rs:520:19
[INFO] [stdout]   32:     0x5fd5ffe8ea48 - std::panic::catch_unwind::hb8e4600ff0ff5cfa
[INFO] [stdout]                                at /rustc/202008a1b8de96d2e5b6bc02d379db03a877d34d/library/std/src/panic.rs:358:14
[INFO] [stdout]   33:     0x5fd5ffe8ea48 - test::run_test_in_process::hc2900b0b18688dd6
[INFO] [stdout]                                at /rustc/202008a1b8de96d2e5b6bc02d379db03a877d34d/library/test/src/lib.rs:655:27
[INFO] [stdout]   34:     0x5fd5ffe8ea48 - test::run_test::{{closure}}::hac2a9cb07be3d48d
[INFO] [stdout]                                at /rustc/202008a1b8de96d2e5b6bc02d379db03a877d34d/library/test/src/lib.rs:576:43
[INFO] [stdout]   35:     0x5fd5ffe524ea - test::run_test::{{closure}}::h4a5b729e66a38cd8
[INFO] [stdout]                                at /rustc/202008a1b8de96d2e5b6bc02d379db03a877d34d/library/test/src/lib.rs:606:41
[INFO] [stdout]   36:     0x5fd5ffe524ea - std::sys::backtrace::__rust_begin_short_backtrace::h0496fb742492f573
[INFO] [stdout]                                at /rustc/202008a1b8de96d2e5b6bc02d379db03a877d34d/library/std/src/sys/backtrace.rs:154:18
[INFO] [stdout]   37:     0x5fd5ffe55e64 - std::thread::Builder::spawn_unchecked_::{{closure}}::{{closure}}::hbb6d257c550a54bd
[INFO] [stdout]                                at /rustc/202008a1b8de96d2e5b6bc02d379db03a877d34d/library/std/src/thread/mod.rs:561:17
[INFO] [stdout]   38:     0x5fd5ffe55e64 - <core::panic::unwind_safe::AssertUnwindSafe<F> as core::ops::function::FnOnce<()>>::call_once::h46696fe4a6832328
[INFO] [stdout]                                at /rustc/202008a1b8de96d2e5b6bc02d379db03a877d34d/library/core/src/panic/unwind_safe.rs:272:9
[INFO] [stdout]   39:     0x5fd5ffe55e64 - std::panicking::try::do_call::h2625a51b667bfb64
[INFO] [stdout]                                at /rustc/202008a1b8de96d2e5b6bc02d379db03a877d34d/library/std/src/panicking.rs:557:40
[INFO] [stdout]   40:     0x5fd5ffe55e64 - std::panicking::try::hb956a59a1973aa4c
[INFO] [stdout]                                at /rustc/202008a1b8de96d2e5b6bc02d379db03a877d34d/library/std/src/panicking.rs:520:19
[INFO] [stdout]   41:     0x5fd5ffe55e64 - std::panic::catch_unwind::h64f3b9d1067ef6a0
[INFO] [stdout]                                at /rustc/202008a1b8de96d2e5b6bc02d379db03a877d34d/library/std/src/panic.rs:358:14
[INFO] [stdout]   42:     0x5fd5ffe55e64 - std::thread::Builder::spawn_unchecked_::{{closure}}::h42b2841295b6c0b2
[INFO] [stdout]                                at /rustc/202008a1b8de96d2e5b6bc02d379db03a877d34d/library/std/src/thread/mod.rs:559:30
[INFO] [stdout]   43:     0x5fd5ffe55e64 - core::ops::function::FnOnce::call_once{{vtable.shim}}::h6127de71b8124639
[INFO] [stdout]                                at /rustc/202008a1b8de96d2e5b6bc02d379db03a877d34d/library/core/src/ops/function.rs:250:5
[INFO] [stdout]   44:     0x5fd5ffec939b - <alloc::boxed::Box<F,A> as core::ops::function::FnOnce<Args>>::call_once::h42f0ba71002a1b2c
[INFO] [stdout]                                at /rustc/202008a1b8de96d2e5b6bc02d379db03a877d34d/library/alloc/src/boxed.rs:1972:9
[INFO] [stdout]   45:     0x5fd5ffec939b - <alloc::boxed::Box<F,A> as core::ops::function::FnOnce<Args>>::call_once::had9e47d7a3dcecb8
[INFO] [stdout]                                at /rustc/202008a1b8de96d2e5b6bc02d379db03a877d34d/library/alloc/src/boxed.rs:1972:9
[INFO] [stdout]   46:     0x5fd5ffec939b - std::sys::pal::unix::thread::Thread::new::thread_start::h48cf765408f6f5f2
[INFO] [stdout]                                at /rustc/202008a1b8de96d2e5b6bc02d379db03a877d34d/library/std/src/sys/pal/unix/thread.rs:105:17
[INFO] [stdout]   47:     0x78f2f6e13ac3 - <unknown>
[INFO] [stdout]   48:     0x78f2f6ea4a04 - clone
[INFO] [stdout]   49:                0x0 - <unknown>
[INFO] [stdout] 
[INFO] [stdout] 
[INFO] [stdout] failures:
[INFO] [stdout]     macro_tests
[INFO] [stdout] 
[INFO] [stdout] test result: FAILED. 0 passed; 1 failed; 0 ignored; 0 measured; 0 filtered out; finished in 8.15s
[INFO] [stdout] 
[INFO] [stderr] error: test failed, to rerun pass `--test macro_tests`
[INFO] running `Command { std: "docker" "inspect" "4a55b1994704b81908811b9aa6cdd9eb6ea982a4c455ce6264618032841a7b4f", kill_on_drop: false }`
[INFO] running `Command { std: "docker" "rm" "-f" "4a55b1994704b81908811b9aa6cdd9eb6ea982a4c455ce6264618032841a7b4f", kill_on_drop: false }`
[INFO] [stdout] 4a55b1994704b81908811b9aa6cdd9eb6ea982a4c455ce6264618032841a7b4f
