[INFO] fetching crate reloaded-memory-buffers 4.1.0...
[INFO] testing reloaded-memory-buffers-4.1.0 against beta-2024-12-08 for beta-1.84.0-4-retry
[INFO] extracting crate reloaded-memory-buffers 4.1.0 into /workspace/builds/worker-5-tc2/source
[INFO] validating manifest of crates.io crate reloaded-memory-buffers 4.1.0 on toolchain beta-2024-12-08
[INFO] running `Command { std: CARGO_HOME="/workspace/cargo-home" RUSTUP_HOME="/workspace/rustup-home" "/workspace/cargo-home/bin/cargo" "+beta-2024-12-08" "metadata" "--manifest-path" "Cargo.toml" "--no-deps", kill_on_drop: false }`
[INFO] removed /workspace/builds/worker-5-tc2/source/.cargo/config.toml
[INFO] started tweaking crates.io crate reloaded-memory-buffers 4.1.0
[INFO] finished tweaking crates.io crate reloaded-memory-buffers 4.1.0
[INFO] tweaked toml for crates.io crate reloaded-memory-buffers 4.1.0 written to /workspace/builds/worker-5-tc2/source/Cargo.toml
[INFO] running `Command { std: CARGO_HOME="/workspace/cargo-home" RUSTUP_HOME="/workspace/rustup-home" "/workspace/cargo-home/bin/cargo" "+beta-2024-12-08" "generate-lockfile" "--manifest-path" "Cargo.toml", kill_on_drop: false }`
[INFO] [stderr]     Updating crates.io index
[INFO] [stderr]      Locking 171 packages to latest compatible versions
[INFO] [stderr]       Adding pprof v0.13.0 (available: v0.14.0)
[INFO] [stderr]       Adding rstest v0.18.2 (available: v0.23.0)
[INFO] [stderr]       Adding windows-sys v0.52.0 (available: v0.59.0)
[INFO] running `Command { std: CARGO_HOME="/workspace/cargo-home" RUSTUP_HOME="/workspace/rustup-home" "/workspace/cargo-home/bin/cargo" "+beta-2024-12-08" "fetch" "--manifest-path" "Cargo.toml", kill_on_drop: false }`
[INFO] running `Command { std: "docker" "create" "-v" "/var/lib/crater-agent-workspace/builds/worker-5-tc2/target:/opt/rustwide/target:rw,Z" "-v" "/var/lib/crater-agent-workspace/builds/worker-5-tc2/source:/opt/rustwide/workdir:ro,Z" "-v" "/var/lib/crater-agent-workspace/cargo-home:/opt/rustwide/cargo-home:ro,Z" "-v" "/var/lib/crater-agent-workspace/rustup-home:/opt/rustwide/rustup-home:ro,Z" "-e" "SOURCE_DIR=/opt/rustwide/workdir" "-e" "CARGO_TARGET_DIR=/opt/rustwide/target" "-e" "CARGO_HOME=/opt/rustwide/cargo-home" "-e" "RUSTUP_HOME=/opt/rustwide/rustup-home" "-w" "/opt/rustwide/workdir" "-m" "1610612736" "--user" "0:0" "--network" "none" "ghcr.io/rust-lang/crates-build-env/linux@sha256:f3a9d4ad9d972b27faf3965f35b62e55ba32bbce8f20bc8fe909558a86702fde" "/opt/rustwide/cargo-home/bin/cargo" "+beta-2024-12-08" "metadata" "--no-deps" "--format-version=1", kill_on_drop: false }`
[INFO] [stdout] 4960e19acb9f4a04e29e361ee9641fa526058090f37f5c0fff1d5dac93ec96b0
[INFO] running `Command { std: "docker" "start" "-a" "4960e19acb9f4a04e29e361ee9641fa526058090f37f5c0fff1d5dac93ec96b0", kill_on_drop: false }`
[INFO] running `Command { std: "docker" "inspect" "4960e19acb9f4a04e29e361ee9641fa526058090f37f5c0fff1d5dac93ec96b0", kill_on_drop: false }`
[INFO] running `Command { std: "docker" "rm" "-f" "4960e19acb9f4a04e29e361ee9641fa526058090f37f5c0fff1d5dac93ec96b0", kill_on_drop: false }`
[INFO] [stdout] 4960e19acb9f4a04e29e361ee9641fa526058090f37f5c0fff1d5dac93ec96b0
[INFO] running `Command { std: "docker" "create" "-v" "/var/lib/crater-agent-workspace/builds/worker-5-tc2/target:/opt/rustwide/target:rw,Z" "-v" "/var/lib/crater-agent-workspace/builds/worker-5-tc2/source:/opt/rustwide/workdir:ro,Z" "-v" "/var/lib/crater-agent-workspace/cargo-home:/opt/rustwide/cargo-home:ro,Z" "-v" "/var/lib/crater-agent-workspace/rustup-home:/opt/rustwide/rustup-home:ro,Z" "-e" "SOURCE_DIR=/opt/rustwide/workdir" "-e" "CARGO_TARGET_DIR=/opt/rustwide/target" "-e" "CARGO_INCREMENTAL=0" "-e" "RUST_BACKTRACE=full" "-e" "RUSTFLAGS=--cap-lints=warn" "-e" "RUSTDOCFLAGS=--cap-lints=warn" "-e" "CARGO_HOME=/opt/rustwide/cargo-home" "-e" "RUSTUP_HOME=/opt/rustwide/rustup-home" "-w" "/opt/rustwide/workdir" "-m" "1610612736" "--user" "0:0" "--network" "none" "ghcr.io/rust-lang/crates-build-env/linux@sha256:f3a9d4ad9d972b27faf3965f35b62e55ba32bbce8f20bc8fe909558a86702fde" "/opt/rustwide/cargo-home/bin/cargo" "+beta-2024-12-08" "build" "--frozen" "--message-format=json", kill_on_drop: false }`
[INFO] [stdout] bb6f7dcdacb078dc78dd35dec1de310a795974cfd0ac267476a19eea3f4f3202
[INFO] running `Command { std: "docker" "start" "-a" "bb6f7dcdacb078dc78dd35dec1de310a795974cfd0ac267476a19eea3f4f3202", kill_on_drop: false }`
[INFO] [stderr]    Compiling autocfg v1.4.0
[INFO] [stderr]    Compiling proc-macro2 v1.0.92
[INFO] [stderr]    Compiling unicode-ident v1.0.14
[INFO] [stderr]    Compiling libc v0.2.168
[INFO] [stderr]    Compiling thiserror v1.0.69
[INFO] [stderr]    Compiling shlex v1.3.0
[INFO] [stderr]    Compiling same-file v1.0.6
[INFO] [stderr]    Compiling heck v0.5.0
[INFO] [stderr]    Compiling walkdir v2.5.0
[INFO] [stderr]    Compiling pin-utils v0.1.0
[INFO] [stderr]    Compiling cc v1.2.4
[INFO] [stderr]    Compiling scopeguard v1.2.0
[INFO] [stderr]    Compiling option-ext v0.2.0
[INFO] [stderr]    Compiling bytes v1.9.0
[INFO] [stderr]    Compiling bitflags v2.6.0
[INFO] [stderr]    Compiling byteorder v1.5.0
[INFO] [stderr]    Compiling bitflags v1.3.2
[INFO] [stderr]    Compiling memoffset v0.7.1
[INFO] [stderr]    Compiling lock_api v0.4.12
[INFO] [stderr]    Compiling memoffset v0.9.1
[INFO] [stderr]    Compiling cfg-if v1.0.0
[INFO] [stderr]    Compiling memchr v2.7.4
[INFO] [stderr]    Compiling itoa v1.0.14
[INFO] [stderr]    Compiling quote v1.0.37
[INFO] [stderr]    Compiling spin v0.9.8
[INFO] [stderr]    Compiling syn v2.0.90
[INFO] [stderr]    Compiling combine v4.6.7
[INFO] [stderr]    Compiling clf v0.1.9
[INFO] [stderr]    Compiling dirs-sys v0.4.1
[INFO] [stderr]    Compiling nix v0.26.4
[INFO] [stderr]    Compiling errno v0.3.10
[INFO] [stderr]    Compiling dirs v5.0.1
[INFO] [stderr]    Compiling thiserror-impl v1.0.69
[INFO] [stderr]    Compiling enum-as-inner v0.6.1
[INFO] [stderr]    Compiling sysctl v0.5.5
[INFO] [stderr]    Compiling mmap-rs-with-map-from-existing v0.6.0
[INFO] [stderr]    Compiling reloaded-memory-buffers v4.1.0 (/opt/rustwide/workdir)
[INFO] [stdout] warning: unused import: `self`
[INFO] [stdout]  --> src/structs/private_allocation.rs:1:17
[INFO] [stdout]   |
[INFO] [stdout] 1 | use core::ptr::{self, NonNull};
[INFO] [stdout]   |                 ^^^^
[INFO] [stdout]   |
[INFO] [stdout]   = note: `#[warn(unused_imports)]` on by default
[INFO] [stdout] 
[INFO] [stdout] 
[INFO] [stdout] warning: creating a shared reference to mutable static is discouraged
[INFO] [stdout]   --> src/utilities/cached.rs:12:12
[INFO] [stdout]    |
[INFO] [stdout] 12 |         if CACHED.is_some() {
[INFO] [stdout]    |            ^^^^^^^^^^^^^^^^ shared reference to mutable static
[INFO] [stdout]    |
[INFO] [stdout]    = note: for more information, see <https://doc.rust-lang.org/nightly/edition-guide/rust-2024/static-mut-references.html>
[INFO] [stdout]    = note: shared references to mutable statics are dangerous; it's undefined behavior if the static is mutated or if a mutable reference is created for it while the shared reference lives
[INFO] [stdout]    = note: `#[warn(static_mut_refs)]` on by default
[INFO] [stdout] 
[INFO] [stdout] 
[INFO] [stdout] warning: creating a shared reference to mutable static is discouraged
[INFO] [stdout]   --> src/utilities/cached.rs:13:20
[INFO] [stdout]    |
[INFO] [stdout] 13 |             return CACHED.as_ref().unwrap_unchecked();
[INFO] [stdout]    |                    ^^^^^^^^^^^^^^^ shared reference to mutable static
[INFO] [stdout]    |
[INFO] [stdout]    = note: for more information, see <https://doc.rust-lang.org/nightly/edition-guide/rust-2024/static-mut-references.html>
[INFO] [stdout]    = note: shared references to mutable statics are dangerous; it's undefined behavior if the static is mutated or if a mutable reference is created for it while the shared reference lives
[INFO] [stdout] 
[INFO] [stdout] 
[INFO] [stdout] warning: creating a shared reference to mutable static is discouraged
[INFO] [stdout]   --> src/utilities/cached.rs:17:16
[INFO] [stdout]    |
[INFO] [stdout] 17 |         return CACHED.as_ref().unwrap_unchecked();
[INFO] [stdout]    |                ^^^^^^^^^^^^^^^ shared reference to mutable static
[INFO] [stdout]    |
[INFO] [stdout]    = note: for more information, see <https://doc.rust-lang.org/nightly/edition-guide/rust-2024/static-mut-references.html>
[INFO] [stdout]    = note: shared references to mutable statics are dangerous; it's undefined behavior if the static is mutated or if a mutable reference is created for it while the shared reference lives
[INFO] [stdout] 
[INFO] [stdout] 
[INFO] [stderr]     Finished `dev` profile [unoptimized + debuginfo] target(s) in 28.51s
[INFO] running `Command { std: "docker" "inspect" "bb6f7dcdacb078dc78dd35dec1de310a795974cfd0ac267476a19eea3f4f3202", kill_on_drop: false }`
[INFO] running `Command { std: "docker" "rm" "-f" "bb6f7dcdacb078dc78dd35dec1de310a795974cfd0ac267476a19eea3f4f3202", kill_on_drop: false }`
[INFO] [stdout] bb6f7dcdacb078dc78dd35dec1de310a795974cfd0ac267476a19eea3f4f3202
[INFO] running `Command { std: "docker" "create" "-v" "/var/lib/crater-agent-workspace/builds/worker-5-tc2/target:/opt/rustwide/target:rw,Z" "-v" "/var/lib/crater-agent-workspace/builds/worker-5-tc2/source:/opt/rustwide/workdir:ro,Z" "-v" "/var/lib/crater-agent-workspace/cargo-home:/opt/rustwide/cargo-home:ro,Z" "-v" "/var/lib/crater-agent-workspace/rustup-home:/opt/rustwide/rustup-home:ro,Z" "-e" "SOURCE_DIR=/opt/rustwide/workdir" "-e" "CARGO_TARGET_DIR=/opt/rustwide/target" "-e" "CARGO_INCREMENTAL=0" "-e" "RUST_BACKTRACE=full" "-e" "RUSTFLAGS=--cap-lints=warn" "-e" "RUSTDOCFLAGS=--cap-lints=warn" "-e" "CARGO_HOME=/opt/rustwide/cargo-home" "-e" "RUSTUP_HOME=/opt/rustwide/rustup-home" "-w" "/opt/rustwide/workdir" "-m" "1610612736" "--user" "0:0" "--network" "none" "ghcr.io/rust-lang/crates-build-env/linux@sha256:f3a9d4ad9d972b27faf3965f35b62e55ba32bbce8f20bc8fe909558a86702fde" "/opt/rustwide/cargo-home/bin/cargo" "+beta-2024-12-08" "test" "--frozen" "--no-run" "--message-format=json", kill_on_drop: false }`
[INFO] [stdout] 63c32ab219c023e88311144ef4032ebc1ea02113a8f07ece93d92629280f43e8
[INFO] running `Command { std: "docker" "start" "-a" "63c32ab219c023e88311144ef4032ebc1ea02113a8f07ece93d92629280f43e8", kill_on_drop: false }`
[INFO] [stderr]    Compiling memchr v2.7.4
[INFO] [stderr]    Compiling crossbeam-utils v0.8.20
[INFO] [stderr]    Compiling semver v1.0.24
[INFO] [stderr]    Compiling serde v1.0.216
[INFO] [stderr]    Compiling slab v0.4.9
[INFO] [stderr]    Compiling syn v2.0.90
[INFO] [stderr]    Compiling bitflags v2.6.0
[INFO] [stderr]    Compiling num-traits v0.2.19
[INFO] [stderr]    Compiling futures-core v0.3.31
[INFO] [stderr]    Compiling rayon-core v1.12.1
[INFO] [stderr]    Compiling version_check v0.9.5
[INFO] [stderr]    Compiling either v1.13.0
[INFO] [stderr]    Compiling once_cell v1.20.2
[INFO] [stderr]    Compiling futures-sink v0.3.31
[INFO] [stderr]    Compiling serde_json v1.0.133
[INFO] [stderr]    Compiling futures-channel v0.3.31
[INFO] [stderr]    Compiling ahash v0.8.11
[INFO] [stderr]    Compiling rustc_version v0.4.1
[INFO] [stderr]    Compiling crossbeam-epoch v0.9.18
[INFO] [stderr]    Compiling half v2.4.1
[INFO] [stderr]    Compiling uuid v1.11.0
[INFO] [stderr]    Compiling futures-task v0.3.31
[INFO] [stderr]    Compiling crossbeam-deque v0.8.5
[INFO] [stderr]    Compiling aho-corasick v1.1.3
[INFO] [stderr]    Compiling regex-syntax v0.8.5
[INFO] [stderr]    Compiling clap_lex v0.7.4
[INFO] [stderr]    Compiling plotters-backend v0.3.7
[INFO] [stderr]    Compiling ciborium-io v0.2.2
[INFO] [stderr]    Compiling rustix v0.38.42
[INFO] [stderr]    Compiling parking_lot_core v0.9.10
[INFO] [stderr]    Compiling futures-io v0.3.31
[INFO] [stderr]    Compiling pin-project-lite v0.2.15
[INFO] [stderr]    Compiling anstyle v1.0.10
[INFO] [stderr]    Compiling ryu v1.0.18
[INFO] [stderr]    Compiling cpp_demangle v0.4.4
[INFO] [stderr]    Compiling clap_builder v4.5.23
[INFO] [stderr]    Compiling plotters-svg v0.3.7
[INFO] [stderr]    Compiling ciborium-ll v0.2.2
[INFO] [stderr]    Compiling debugid v0.8.0
[INFO] [stderr]    Compiling regex-automata v0.4.9
[INFO] [stderr]    Compiling rstest_macros v0.18.2
[INFO] [stderr]    Compiling itertools v0.10.5
[INFO] [stderr]    Compiling getrandom v0.2.15
[INFO] [stderr]    Compiling is-terminal v0.4.13
[INFO] [stderr]    Compiling memmap2 v0.9.5
[INFO] [stderr]    Compiling findshlibs v0.10.2
[INFO] [stderr]    Compiling linux-raw-sys v0.4.14
[INFO] [stderr]    Compiling stable_deref_trait v1.2.0
[INFO] [stderr]    Compiling zerocopy v0.7.35
[INFO] [stderr]    Compiling equivalent v1.0.1
[INFO] [stderr]    Compiling cast v0.3.0
[INFO] [stderr]    Compiling rustc-demangle v0.1.24
[INFO] [stderr]    Compiling arrayvec v0.7.6
[INFO] [stderr]    Compiling bytemuck v1.20.0
[INFO] [stderr]    Compiling smallvec v1.13.2
[INFO] [stderr]    Compiling symbolic-demangle v12.12.3
[INFO] [stderr]    Compiling hashbrown v0.15.2
[INFO] [stderr]    Compiling gimli v0.31.1
[INFO] [stderr]    Compiling adler2 v2.0.0
[INFO] [stderr]    Compiling miniz_oxide v0.8.0
[INFO] [stderr]    Compiling indexmap v2.7.0
[INFO] [stderr]    Compiling criterion-plot v0.5.0
[INFO] [stderr]    Compiling regex v1.11.1
[INFO] [stderr]    Compiling rgb v0.8.50
[INFO] [stderr]    Compiling num-format v0.4.4
[INFO] [stderr]    Compiling clap v4.5.23
[INFO] [stderr]    Compiling combine v4.6.7
[INFO] [stderr]    Compiling symbolic-common v12.12.3
[INFO] [stderr]    Compiling plotters v0.3.7
[INFO] [stderr]    Compiling rayon v1.10.0
[INFO] [stderr]    Compiling serde_derive v1.0.216
[INFO] [stderr]    Compiling thiserror-impl v1.0.69
[INFO] [stderr]    Compiling futures-macro v0.3.31
[INFO] [stderr]    Compiling enum-as-inner v0.6.1
[INFO] [stderr]    Compiling addr2line v0.24.2
[INFO] [stderr]    Compiling object v0.36.5
[INFO] [stderr]    Compiling futures-util v0.3.31
[INFO] [stderr]    Compiling quick-xml v0.26.0
[INFO] [stderr]    Compiling log v0.4.22
[INFO] [stderr]    Compiling fastrand v2.3.0
[INFO] [stderr]    Compiling thiserror v1.0.69
[INFO] [stderr]    Compiling sysctl v0.5.5
[INFO] [stderr]    Compiling pprof v0.13.0
[INFO] [stderr]    Compiling relative-path v1.9.3
[INFO] [stderr]    Compiling glob v0.3.1
[INFO] [stderr]    Compiling anes v0.1.6
[INFO] [stderr]    Compiling str_stack v0.1.0
[INFO] [stderr]    Compiling oorandom v11.1.4
[INFO] [stderr]    Compiling inferno v0.11.21
[INFO] [stderr]    Compiling mmap-rs-with-map-from-existing v0.6.0
[INFO] [stderr]    Compiling tempfile v3.14.0
[INFO] [stderr]    Compiling parking_lot v0.12.3
[INFO] [stderr]    Compiling futures-timer v3.0.3
[INFO] [stderr]    Compiling backtrace v0.3.74
[INFO] [stderr]    Compiling reloaded-memory-buffers v4.1.0 (/opt/rustwide/workdir)
[INFO] [stdout] warning: unused import: `self`
[INFO] [stdout]  --> src/structs/private_allocation.rs:1:17
[INFO] [stdout]   |
[INFO] [stdout] 1 | use core::ptr::{self, NonNull};
[INFO] [stdout]   |                 ^^^^
[INFO] [stdout]   |
[INFO] [stdout]   = note: `#[warn(unused_imports)]` on by default
[INFO] [stdout] 
[INFO] [stdout] 
[INFO] [stdout] warning: creating a shared reference to mutable static is discouraged
[INFO] [stdout]   --> src/utilities/cached.rs:12:12
[INFO] [stdout]    |
[INFO] [stdout] 12 |         if CACHED.is_some() {
[INFO] [stdout]    |            ^^^^^^^^^^^^^^^^ shared reference to mutable static
[INFO] [stdout]    |
[INFO] [stdout]    = note: for more information, see <https://doc.rust-lang.org/nightly/edition-guide/rust-2024/static-mut-references.html>
[INFO] [stdout]    = note: shared references to mutable statics are dangerous; it's undefined behavior if the static is mutated or if a mutable reference is created for it while the shared reference lives
[INFO] [stdout]    = note: `#[warn(static_mut_refs)]` on by default
[INFO] [stdout] 
[INFO] [stdout] 
[INFO] [stdout] warning: creating a shared reference to mutable static is discouraged
[INFO] [stdout]   --> src/utilities/cached.rs:13:20
[INFO] [stdout]    |
[INFO] [stdout] 13 |             return CACHED.as_ref().unwrap_unchecked();
[INFO] [stdout]    |                    ^^^^^^^^^^^^^^^ shared reference to mutable static
[INFO] [stdout]    |
[INFO] [stdout]    = note: for more information, see <https://doc.rust-lang.org/nightly/edition-guide/rust-2024/static-mut-references.html>
[INFO] [stdout]    = note: shared references to mutable statics are dangerous; it's undefined behavior if the static is mutated or if a mutable reference is created for it while the shared reference lives
[INFO] [stdout] 
[INFO] [stdout] 
[INFO] [stdout] warning: creating a shared reference to mutable static is discouraged
[INFO] [stdout]   --> src/utilities/cached.rs:17:16
[INFO] [stdout]    |
[INFO] [stdout] 17 |         return CACHED.as_ref().unwrap_unchecked();
[INFO] [stdout]    |                ^^^^^^^^^^^^^^^ shared reference to mutable static
[INFO] [stdout]    |
[INFO] [stdout]    = note: for more information, see <https://doc.rust-lang.org/nightly/edition-guide/rust-2024/static-mut-references.html>
[INFO] [stdout]    = note: shared references to mutable statics are dangerous; it's undefined behavior if the static is mutated or if a mutable reference is created for it while the shared reference lives
[INFO] [stdout] 
[INFO] [stdout] 
[INFO] [stderr]    Compiling futures-executor v0.3.31
[INFO] [stderr]    Compiling futures v0.3.31
[INFO] [stderr]    Compiling rstest v0.18.2
[INFO] [stderr]    Compiling ciborium v0.2.2
[INFO] [stderr]    Compiling tinytemplate v1.2.1
[INFO] [stderr]    Compiling criterion v0.5.1
[INFO] [stdout] warning: unused import: `self`
[INFO] [stdout]  --> src/structs/private_allocation.rs:1:17
[INFO] [stdout]   |
[INFO] [stdout] 1 | use core::ptr::{self, NonNull};
[INFO] [stdout]   |                 ^^^^
[INFO] [stdout]   |
[INFO] [stdout]   = note: `#[warn(unused_imports)]` on by default
[INFO] [stdout] 
[INFO] [stdout] 
[INFO] [stdout] warning: creating a shared reference to mutable static is discouraged
[INFO] [stdout]    --> src/internal/locator_header_finder.rs:236:24
[INFO] [stdout]     |
[INFO] [stdout] 236 |             assert_eq!(LAST_FIND_REASON, FindReason::PreviouslyExisted);
[INFO] [stdout]     |                        ^^^^^^^^^^^^^^^^ shared reference to mutable static
[INFO] [stdout]     |
[INFO] [stdout]     = note: for more information, see <https://doc.rust-lang.org/nightly/edition-guide/rust-2024/static-mut-references.html>
[INFO] [stdout]     = note: shared references to mutable statics are dangerous; it's undefined behavior if the static is mutated or if a mutable reference is created for it while the shared reference lives
[INFO] [stdout]     = note: `#[warn(static_mut_refs)]` on by default
[INFO] [stdout] 
[INFO] [stdout] 
[INFO] [stdout] warning: creating a shared reference to mutable static is discouraged
[INFO] [stdout]    --> src/internal/locator_header_finder.rs:248:24
[INFO] [stdout]     |
[INFO] [stdout] 248 |             assert_eq!(LAST_FIND_REASON, FindReason::Created);
[INFO] [stdout]     |                        ^^^^^^^^^^^^^^^^ shared reference to mutable static
[INFO] [stdout]     |
[INFO] [stdout]     = note: for more information, see <https://doc.rust-lang.org/nightly/edition-guide/rust-2024/static-mut-references.html>
[INFO] [stdout]     = note: shared references to mutable statics are dangerous; it's undefined behavior if the static is mutated or if a mutable reference is created for it while the shared reference lives
[INFO] [stdout] 
[INFO] [stdout] 
[INFO] [stdout] warning: creating a shared reference to mutable static is discouraged
[INFO] [stdout]   --> src/utilities/cached.rs:12:12
[INFO] [stdout]    |
[INFO] [stdout] 12 |         if CACHED.is_some() {
[INFO] [stdout]    |            ^^^^^^^^^^^^^^^^ shared reference to mutable static
[INFO] [stdout]    |
[INFO] [stdout]    = note: for more information, see <https://doc.rust-lang.org/nightly/edition-guide/rust-2024/static-mut-references.html>
[INFO] [stdout]    = note: shared references to mutable statics are dangerous; it's undefined behavior if the static is mutated or if a mutable reference is created for it while the shared reference lives
[INFO] [stdout] 
[INFO] [stdout] 
[INFO] [stdout] warning: creating a shared reference to mutable static is discouraged
[INFO] [stdout]   --> src/utilities/cached.rs:13:20
[INFO] [stdout]    |
[INFO] [stdout] 13 |             return CACHED.as_ref().unwrap_unchecked();
[INFO] [stdout]    |                    ^^^^^^^^^^^^^^^ shared reference to mutable static
[INFO] [stdout]    |
[INFO] [stdout]    = note: for more information, see <https://doc.rust-lang.org/nightly/edition-guide/rust-2024/static-mut-references.html>
[INFO] [stdout]    = note: shared references to mutable statics are dangerous; it's undefined behavior if the static is mutated or if a mutable reference is created for it while the shared reference lives
[INFO] [stdout] 
[INFO] [stdout] 
[INFO] [stdout] warning: creating a shared reference to mutable static is discouraged
[INFO] [stdout]   --> src/utilities/cached.rs:17:16
[INFO] [stdout]    |
[INFO] [stdout] 17 |         return CACHED.as_ref().unwrap_unchecked();
[INFO] [stdout]    |                ^^^^^^^^^^^^^^^ shared reference to mutable static
[INFO] [stdout]    |
[INFO] [stdout]    = note: for more information, see <https://doc.rust-lang.org/nightly/edition-guide/rust-2024/static-mut-references.html>
[INFO] [stdout]    = note: shared references to mutable statics are dangerous; it's undefined behavior if the static is mutated or if a mutable reference is created for it while the shared reference lives
[INFO] [stdout] 
[INFO] [stdout] 
[INFO] [stderr]     Finished `test` profile [unoptimized + debuginfo] target(s) in 1m 44s
[INFO] running `Command { std: "docker" "inspect" "63c32ab219c023e88311144ef4032ebc1ea02113a8f07ece93d92629280f43e8", kill_on_drop: false }`
[INFO] running `Command { std: "docker" "rm" "-f" "63c32ab219c023e88311144ef4032ebc1ea02113a8f07ece93d92629280f43e8", kill_on_drop: false }`
[INFO] [stdout] 63c32ab219c023e88311144ef4032ebc1ea02113a8f07ece93d92629280f43e8
[INFO] running `Command { std: "docker" "create" "-v" "/var/lib/crater-agent-workspace/builds/worker-5-tc2/target:/opt/rustwide/target:rw,Z" "-v" "/var/lib/crater-agent-workspace/builds/worker-5-tc2/source:/opt/rustwide/workdir:ro,Z" "-v" "/var/lib/crater-agent-workspace/cargo-home:/opt/rustwide/cargo-home:ro,Z" "-v" "/var/lib/crater-agent-workspace/rustup-home:/opt/rustwide/rustup-home:ro,Z" "-e" "SOURCE_DIR=/opt/rustwide/workdir" "-e" "CARGO_TARGET_DIR=/opt/rustwide/target" "-e" "CARGO_INCREMENTAL=0" "-e" "RUST_BACKTRACE=full" "-e" "RUSTFLAGS=--cap-lints=warn" "-e" "RUSTDOCFLAGS=--cap-lints=warn" "-e" "CARGO_HOME=/opt/rustwide/cargo-home" "-e" "RUSTUP_HOME=/opt/rustwide/rustup-home" "-w" "/opt/rustwide/workdir" "-m" "1610612736" "--user" "0:0" "--network" "none" "ghcr.io/rust-lang/crates-build-env/linux@sha256:f3a9d4ad9d972b27faf3965f35b62e55ba32bbce8f20bc8fe909558a86702fde" "/opt/rustwide/cargo-home/bin/cargo" "+beta-2024-12-08" "test" "--frozen", kill_on_drop: false }`
[INFO] [stdout] 74c4adb5bd89dfe8582b27a61177c07eba07e271612070d5a5e622497ba5b097
[INFO] running `Command { std: "docker" "start" "-a" "74c4adb5bd89dfe8582b27a61177c07eba07e271612070d5a5e622497ba5b097", kill_on_drop: false }`
[INFO] [stderr] warning: unused import: `self`
[INFO] [stderr]  --> src/structs/private_allocation.rs:1:17
[INFO] [stderr]   |
[INFO] [stderr] 1 | use core::ptr::{self, NonNull};
[INFO] [stderr]   |                 ^^^^
[INFO] [stderr]   |
[INFO] [stderr]   = note: `#[warn(unused_imports)]` on by default
[INFO] [stderr] 
[INFO] [stderr] warning: creating a shared reference to mutable static is discouraged
[INFO] [stderr]   --> src/utilities/cached.rs:12:12
[INFO] [stderr]    |
[INFO] [stderr] 12 |         if CACHED.is_some() {
[INFO] [stderr]    |            ^^^^^^^^^^^^^^^^ shared reference to mutable static
[INFO] [stderr]    |
[INFO] [stderr]    = note: for more information, see <https://doc.rust-lang.org/nightly/edition-guide/rust-2024/static-mut-references.html>
[INFO] [stderr]    = note: shared references to mutable statics are dangerous; it's undefined behavior if the static is mutated or if a mutable reference is created for it while the shared reference lives
[INFO] [stderr]    = note: `#[warn(static_mut_refs)]` on by default
[INFO] [stderr] 
[INFO] [stderr] warning: creating a shared reference to mutable static is discouraged
[INFO] [stderr]   --> src/utilities/cached.rs:13:20
[INFO] [stderr]    |
[INFO] [stderr] 13 |             return CACHED.as_ref().unwrap_unchecked();
[INFO] [stderr]    |                    ^^^^^^^^^^^^^^^ shared reference to mutable static
[INFO] [stderr]    |
[INFO] [stderr]    = note: for more information, see <https://doc.rust-lang.org/nightly/edition-guide/rust-2024/static-mut-references.html>
[INFO] [stderr]    = note: shared references to mutable statics are dangerous; it's undefined behavior if the static is mutated or if a mutable reference is created for it while the shared reference lives
[INFO] [stderr] 
[INFO] [stderr] warning: creating a shared reference to mutable static is discouraged
[INFO] [stderr]   --> src/utilities/cached.rs:17:16
[INFO] [stderr]    |
[INFO] [stderr] 17 |         return CACHED.as_ref().unwrap_unchecked();
[INFO] [stderr]    |                ^^^^^^^^^^^^^^^ shared reference to mutable static
[INFO] [stderr]    |
[INFO] [stderr]    = note: for more information, see <https://doc.rust-lang.org/nightly/edition-guide/rust-2024/static-mut-references.html>
[INFO] [stderr]    = note: shared references to mutable statics are dangerous; it's undefined behavior if the static is mutated or if a mutable reference is created for it while the shared reference lives
[INFO] [stderr] 
[INFO] [stderr] warning: `reloaded-memory-buffers` (lib) generated 4 warnings (run `cargo fix --lib -p reloaded-memory-buffers` to apply 1 suggestion)
[INFO] [stderr] warning: creating a shared reference to mutable static is discouraged
[INFO] [stderr]    --> src/internal/locator_header_finder.rs:236:24
[INFO] [stderr]     |
[INFO] [stderr] 236 |             assert_eq!(LAST_FIND_REASON, FindReason::PreviouslyExisted);
[INFO] [stderr]     |                        ^^^^^^^^^^^^^^^^ shared reference to mutable static
[INFO] [stderr]     |
[INFO] [stderr]     = note: for more information, see <https://doc.rust-lang.org/nightly/edition-guide/rust-2024/static-mut-references.html>
[INFO] [stderr]     = note: shared references to mutable statics are dangerous; it's undefined behavior if the static is mutated or if a mutable reference is created for it while the shared reference lives
[INFO] [stderr]     = note: `#[warn(static_mut_refs)]` on by default
[INFO] [stderr] 
[INFO] [stderr] warning: creating a shared reference to mutable static is discouraged
[INFO] [stderr]    --> src/internal/locator_header_finder.rs:248:24
[INFO] [stderr]     |
[INFO] [stderr] 248 |             assert_eq!(LAST_FIND_REASON, FindReason::Created);
[INFO] [stderr]     |                        ^^^^^^^^^^^^^^^^ shared reference to mutable static
[INFO] [stderr]     |
[INFO] [stderr]     = note: for more information, see <https://doc.rust-lang.org/nightly/edition-guide/rust-2024/static-mut-references.html>
[INFO] [stderr]     = note: shared references to mutable statics are dangerous; it's undefined behavior if the static is mutated or if a mutable reference is created for it while the shared reference lives
[INFO] [stderr] 
[INFO] [stderr] warning: creating a shared reference to mutable static is discouraged
[INFO] [stderr]   --> src/utilities/cached.rs:12:12
[INFO] [stderr]    |
[INFO] [stderr] 12 |         if CACHED.is_some() {
[INFO] [stderr]    |            ^^^^^^^^^^^^^^^^ shared reference to mutable static
[INFO] [stderr]    |
[INFO] [stderr]    = note: for more information, see <https://doc.rust-lang.org/nightly/edition-guide/rust-2024/static-mut-references.html>
[INFO] [stderr]    = note: shared references to mutable statics are dangerous; it's undefined behavior if the static is mutated or if a mutable reference is created for it while the shared reference lives
[INFO] [stderr] 
[INFO] [stderr] warning: `reloaded-memory-buffers` (lib test) generated 6 warnings (3 duplicates)
[INFO] [stderr]     Finished `test` profile [unoptimized + debuginfo] target(s) in 0.24s
[INFO] [stderr]      Running unittests src/lib.rs (/opt/rustwide/target/debug/deps/reloaded_memory_buffers-15eea1ffd9f8ff84)
[INFO] [stdout] 
[INFO] [stdout] running 69 tests
[INFO] [stdout] test buffers::tests::allocate_private_memory_up_to_max_address ... ok
[INFO] [stdout] test buffers::tests::get_buffer_aligned_test::case_3 ... ok
[INFO] [stdout] test buffers::tests::allocate_private_memory_in_2gib ... ok
[INFO] [stdout] test buffers::tests::memory_is_executable_x64 ... ok
[INFO] [stdout] test buffers::tests::get_buffer_aligned_test::case_1 ... ok
[INFO] [stdout] test buffers::tests::test_append_unaligned ... ok
[INFO] [stdout] test internal::buffer_allocator::tests::can_allocate_up_to_max_address ... ok
[INFO] [stdout] test internal::buffer_allocator::tests::buffer_size_greater_than_page ... ok
[INFO] [stdout] test buffers::tests::get_buffer_baseline ... ok
[INFO] [stdout] test internal::buffer_allocator::tests::page_does_not_overlap_with_min_max ... ok
[INFO] [stdout] test internal::buffer_allocator::tests::can_allocate_in_2gib ... ok
[INFO] [stdout] test buffers::tests::get_buffer_aligned_test::case_2 ... ok
[INFO] [stdout] test internal::buffer_allocator::tests::round_down_from_ptr_max ... ok
[INFO] [stdout] test internal::buffer_allocator::tests::round_up_from_page_min ... ok
[INFO] [stdout] test internal::locator_header_finder::tests::find_should_return_cached_address_when_called_twice ... ok
[INFO] [stdout] test internal::locator_header_finder::tests::find_should_initialize_correctly_when_created ... ok
[INFO] [stdout] test structs::internal::locator_header::tests::get_first_available_item_locked_should_return_expected_result ... ok
[INFO] [stdout] test internal::memory_mapped_file_unix::tests::test_memory_mapped_file_creation ... ok
[INFO] [stdout] test internal::memory_mapped_file_unix::tests::test_memory_mapped_file_data ... ok
[INFO] [stdout] test internal::buffer_allocator::tests::round_up_from_ptr_min ... ok
[INFO] [stdout] test internal::buffer_allocator::tests::round_down_from_page_max ... ok
[INFO] [stdout] test internal::locator_header_finder::tests::find_should_return_address_when_previously_exists ... ok
[INFO] [stdout] test structs::internal::locator_header::tests::has_correct_max_item_count ... ok
[INFO] [stdout] test structs::internal::locator_header::tests::get_next_locator_should_allocate_when_newly_created ... ok
[INFO] [stdout] test structs::internal::locator_header::tests::get_first_available_item_locked_should_return_null_if_no_available_item_because_size_is_insufficient ... ok
[INFO] [stdout] test structs::internal::locator_header::tests::lock_should_acquire_lock_when_lock_is_available ... ok
[INFO] [stdout] test structs::internal::locator_header::tests::try_allocate_item_should_not_allocate_item_when_header_is_full ... ok
[INFO] [stdout] test structs::internal::locator_header::tests::is_correct_size ... ok
[INFO] [stdout] test structs::internal::locator_header::tests::get_first_available_item_locked_should_return_null_if_no_available_item_because_no_buffer_fits_range ... ok
[INFO] [stdout] test structs::internal::locator_header::tests::try_lock_should_lock_header_when_lock_is_available ... ok
[INFO] [stdout] test structs::internal::locator_header::tests::try_lock_should_not_lock_header_when_lock_is_already_acquired ... ok
[INFO] [stdout] test structs::internal::locator_header::tests::version_should_be_3_bits ... ok
[INFO] [stdout] test structs::internal::locator_item::tests::append_bytes_should_append_data_to_buffer ... ok
[INFO] [stdout] test structs::internal::locator_header::tests::try_allocate_item_should_not_allocate_item_when_outside_address_limits ... ok
[INFO] [stdout] test structs::internal::locator_item::tests::append_copy_should_append_data_to_buffer ... ok
[INFO] [stdout] test structs::internal::locator_header::tests::try_allocate_item_should_allocate_item_when_header_is_not_full_and_within_address_limits ... ok
[INFO] [stdout] test structs::internal::locator_item::tests::lock_should_acquire_lock_when_lock_is_available ... ok
[INFO] [stdout] test structs::internal::locator_header::tests::unlock_should_release_lock_when_header_is_locked ... ok
[INFO] [stdout] test structs::internal::locator_item::tests::can_use_should_return_expected_result ... ok
[INFO] [stdout] test structs::internal::locator_item::tests::is_correct_size ... ok
[INFO] [stdout] test structs::internal::locator_item::tests::max_address_should_return_sum_of_base_address_and_size_when_called ... ok
[INFO] [stdout] test structs::internal::locator_item::tests::min_address_should_return_base_address_when_called ... ok
[INFO] [stdout] test structs::internal::locator_item::tests::try_lock_should_lock_item_when_lock_is_available ... ok
[INFO] [stdout] test structs::internal::locator_item::tests::try_lock_should_not_lock_item_when_lock_is_already_acquired ... ok
[INFO] [stdout] test structs::params::buffer_allocator_settings::tests::test_from_proximity ... ok
[INFO] [stdout] test structs::internal::locator_item::tests::unlock_should_release_lock_when_item_is_locked ... ok
[INFO] [stdout] test structs::params::buffer_allocator_settings::tests::test_sanitize ... ok
[INFO] [stdout] test structs::params::buffer_search_settings::tests::test_default_settings ... ok
[INFO] [stdout] test internal::locator_header_finder::tests::find_should_return_address_when_created ... ok
[INFO] [stdout] test structs::params::buffer_allocator_settings::tests::test_default_settings ... ok
[INFO] [stdout] test structs::params::buffer_search_settings::tests::test_from_proximity ... ok
[INFO] [stdout] test structs::private_allocation::tests::test_private_allocation ... ok
[INFO] [stdout] test utilities::address_range::tests::contains_should_be_true_when_other_range_is_inside ... ok
[INFO] [stdout] test utilities::address_range::tests::overlaps_should_be_true_when_one_range_is_fully_inside_other ... ok
[INFO] [stdout] test utilities::address_range::tests::overlaps_should_be_true_when_other_range_ends_inside_range ... ok
[INFO] [stdout] test utilities::address_range::tests::overlaps_should_be_true_when_ranges_are_adjacent ... ok
[INFO] [stdout] test utilities::address_range::tests::overlaps_should_be_false_when_other_range_does_not_overlap ... ok
[INFO] [stdout] test utilities::address_range::tests::overlaps_should_be_true_when_other_range_overlaps ... ok
[INFO] [stdout] test utilities::address_range::tests::contains_should_be_false_when_other_range_is_not_inside ... ok
[INFO] [stdout] test utilities::address_range::tests::overlaps_should_be_true_when_other_range_starts_inside_range ... ok
[INFO] [stdout] test utilities::linux_map_parser::tests::parse_memory_map_entry_valid_line ... ok
[INFO] [stdout] test utilities::map_parser_utilities::tests::get_free_regions_multiple_gaps ... ok
[INFO] [stdout] test utilities::map_parser_utilities::tests::get_free_regions_single_gap ... ok
[INFO] [stdout] test utilities::address_range::tests::overlaps_should_be_true_when_ranges_are_same ... ok
[INFO] [stdout] test utilities::linux_map_parser::tests::parse_memory_map_valid_lines ... ok
[INFO] [stdout] test utilities::map_parser_utilities::tests::get_free_regions_with_no_gap ... ok
[INFO] [stdout] test buffers::tests::get_buffer_with_proximity ... FAILED
[INFO] [stdout] test structs::internal::locator_header::tests::unlock_should_throw_exception_when_header_is_not_locked - should panic ... ok
[INFO] [stdout] test utilities::linux_map_parser::tests::parse_memory_map_entry_invalid_line - should panic ... ok
[INFO] [stdout] 
[INFO] [stdout] failures:
[INFO] [stdout] 
[INFO] [stdout] ---- buffers::tests::get_buffer_with_proximity stdout ----
[INFO] [stdout] thread 'buffers::tests::get_buffer_with_proximity' panicked at src/structs/internal/locator_header.rs:187:9:
[INFO] [stdout] assertion `left != right` failed: Attempted to unlock a LocatorHeader that wasn't locked
[INFO] [stdout]   left: 0
[INFO] [stdout]  right: 0
[INFO] [stdout] stack backtrace:
[INFO] [stdout]    0:     0x5f55451fa0ca - std::backtrace_rs::backtrace::libunwind::trace::h8810477743020387
[INFO] [stdout]                                at /rustc/202008a1b8de96d2e5b6bc02d379db03a877d34d/library/std/src/../../backtrace/src/backtrace/libunwind.rs:116:5
[INFO] [stdout]    1:     0x5f55451fa0ca - std::backtrace_rs::backtrace::trace_unsynchronized::h3aa55355dd6c54a6
[INFO] [stdout]                                at /rustc/202008a1b8de96d2e5b6bc02d379db03a877d34d/library/std/src/../../backtrace/src/backtrace/mod.rs:66:5
[INFO] [stdout]    2:     0x5f55451fa0ca - std::sys::backtrace::_print_fmt::h8588b0f62410823f
[INFO] [stdout]                                at /rustc/202008a1b8de96d2e5b6bc02d379db03a877d34d/library/std/src/sys/backtrace.rs:66:9
[INFO] [stdout]    3:     0x5f55451fa0ca - <std::sys::backtrace::BacktraceLock::print::DisplayBacktrace as core::fmt::Display>::fmt::h98c26ac25ffe89bb
[INFO] [stdout]                                at /rustc/202008a1b8de96d2e5b6bc02d379db03a877d34d/library/std/src/sys/backtrace.rs:39:26
[INFO] [stdout]    4:     0x5f554521fb73 - core::fmt::rt::Argument::fmt::hf95377f4aebd453b
[INFO] [stdout]                                at /rustc/202008a1b8de96d2e5b6bc02d379db03a877d34d/library/core/src/fmt/rt.rs:177:76
[INFO] [stdout]    5:     0x5f554521fb73 - core::fmt::write::h0dd5f6e2238c7982
[INFO] [stdout]                                at /rustc/202008a1b8de96d2e5b6bc02d379db03a877d34d/library/core/src/fmt/mod.rs:1189:21
[INFO] [stdout]    6:     0x5f55451f7263 - std::io::Write::write_fmt::h03bb0ca26e6faf8c
[INFO] [stdout]                                at /rustc/202008a1b8de96d2e5b6bc02d379db03a877d34d/library/std/src/io/mod.rs:1884:15
[INFO] [stdout]    7:     0x5f55451f9f12 - std::sys::backtrace::BacktraceLock::print::h5c19c1c038ee186d
[INFO] [stdout]                                at /rustc/202008a1b8de96d2e5b6bc02d379db03a877d34d/library/std/src/sys/backtrace.rs:42:9
[INFO] [stdout]    8:     0x5f55451fb54d - std::panicking::default_hook::{{closure}}::h77172f079a1fcb13
[INFO] [stdout]                                at /rustc/202008a1b8de96d2e5b6bc02d379db03a877d34d/library/std/src/panicking.rs:268:22
[INFO] [stdout]    9:     0x5f55451fb357 - std::panicking::default_hook::he5f8e3b203ccddba
[INFO] [stdout]                                at /rustc/202008a1b8de96d2e5b6bc02d379db03a877d34d/library/std/src/panicking.rs:292:9
[INFO] [stdout]   10:     0x5f55451c0677 - <alloc::boxed::Box<F,A> as core::ops::function::Fn<Args>>::call::h7a3c7b4a1ae77f2f
[INFO] [stdout]                                at /rustc/202008a1b8de96d2e5b6bc02d379db03a877d34d/library/alloc/src/boxed.rs:1986:9
[INFO] [stdout]   11:     0x5f55451c0677 - test::test_main::{{closure}}::hf0d3b69ae9b353d1
[INFO] [stdout]                                at /rustc/202008a1b8de96d2e5b6bc02d379db03a877d34d/library/test/src/lib.rs:134:21
[INFO] [stdout]   12:     0x5f55451fbbf8 - <alloc::boxed::Box<F,A> as core::ops::function::Fn<Args>>::call::h6332e82e7b189abd
[INFO] [stdout]                                at /rustc/202008a1b8de96d2e5b6bc02d379db03a877d34d/library/alloc/src/boxed.rs:1986:9
[INFO] [stdout]   13:     0x5f55451fbbf8 - std::panicking::rust_panic_with_hook::h53863d4e9018df39
[INFO] [stdout]                                at /rustc/202008a1b8de96d2e5b6bc02d379db03a877d34d/library/std/src/panicking.rs:809:13
[INFO] [stdout]   14:     0x5f55451fb9ba - std::panicking::begin_panic_handler::{{closure}}::h67280e6fa0757873
[INFO] [stdout]                                at /rustc/202008a1b8de96d2e5b6bc02d379db03a877d34d/library/std/src/panicking.rs:674:13
[INFO] [stdout]   15:     0x5f55451fa5a9 - std::sys::backtrace::__rust_end_short_backtrace::h1dac3f54d6fbbeb2
[INFO] [stdout]                                at /rustc/202008a1b8de96d2e5b6bc02d379db03a877d34d/library/std/src/sys/backtrace.rs:170:18
[INFO] [stdout]   16:     0x5f55451fb64c - rust_begin_unwind
[INFO] [stdout]                                at /rustc/202008a1b8de96d2e5b6bc02d379db03a877d34d/library/std/src/panicking.rs:665:5
[INFO] [stdout]   17:     0x5f554516eab0 - core::panicking::panic_fmt::h6792bd1b2bf01041
[INFO] [stdout]                                at /rustc/202008a1b8de96d2e5b6bc02d379db03a877d34d/library/core/src/panicking.rs:76:14
[INFO] [stdout]   18:     0x5f554516eeb4 - core::panicking::assert_failed_inner::hf2c17e6d30928787
[INFO] [stdout]   19:     0x5f55451ce18c - core::panicking::assert_failed::h5e387f3c79703b32
[INFO] [stdout]                                at /rustc/202008a1b8de96d2e5b6bc02d379db03a877d34d/library/core/src/panicking.rs:373:5
[INFO] [stdout]   20:     0x5f5545185070 - reloaded_memory_buffers::structs::internal::locator_header::LocatorHeader::unlock::hcc5061f00d491727
[INFO] [stdout]                                at /opt/rustwide/workdir/src/structs/internal/locator_header.rs:187:9
[INFO] [stdout]   21:     0x5f5545185463 - reloaded_memory_buffers::structs::internal::locator_header::LocatorHeader::try_allocate_item::h66b21bb04b6b2a40
[INFO] [stdout]                                at /opt/rustwide/workdir/src/structs/internal/locator_header.rs:309:21
[INFO] [stdout]   22:     0x5f5545178370 - reloaded_memory_buffers::buffers::Buffers::get_buffer_recursive::hf2b0912ad18b9f10
[INFO] [stdout]                                at /opt/rustwide/workdir/src/buffers.rs:203:13
[INFO] [stdout]   23:     0x5f554517829f - reloaded_memory_buffers::buffers::Buffers::get_buffer::h5843024e6f4f5b1b
[INFO] [stdout]                                at /opt/rustwide/workdir/src/buffers.rs:117:18
[INFO] [stdout]   24:     0x5f55451804ba - reloaded_memory_buffers::buffers::tests::get_buffer_with_proximity::h9e802df4fb20dc2c
[INFO] [stdout]                                at /opt/rustwide/workdir/src/buffers.rs:421:20
[INFO] [stdout]   25:     0x5f5545180427 - reloaded_memory_buffers::buffers::tests::get_buffer_with_proximity::{{closure}}::hd41dbb9c0b85aea5
[INFO] [stdout]                                at /opt/rustwide/workdir/src/buffers.rs:413:35
[INFO] [stdout]   26:     0x5f5545182186 - core::ops::function::FnOnce::call_once::hf24df6dca62c8759
[INFO] [stdout]                                at /rustc/202008a1b8de96d2e5b6bc02d379db03a877d34d/library/core/src/ops/function.rs:250:5
[INFO] [stdout]   27:     0x5f55451c519b - core::ops::function::FnOnce::call_once::h871bf86719ec9aa4
[INFO] [stdout]                                at /rustc/202008a1b8de96d2e5b6bc02d379db03a877d34d/library/core/src/ops/function.rs:250:5
[INFO] [stdout]   28:     0x5f55451c519b - test::__rust_begin_short_backtrace::h2167df1e2b7d76fd
[INFO] [stdout]                                at /rustc/202008a1b8de96d2e5b6bc02d379db03a877d34d/library/test/src/lib.rs:632:18
[INFO] [stdout]   29:     0x5f55451c4b88 - test::run_test_in_process::{{closure}}::h15d92f75a3adfb79
[INFO] [stdout]                                at /rustc/202008a1b8de96d2e5b6bc02d379db03a877d34d/library/test/src/lib.rs:655:60
[INFO] [stdout]   30:     0x5f55451c4b88 - <core::panic::unwind_safe::AssertUnwindSafe<F> as core::ops::function::FnOnce<()>>::call_once::hb6c8955835a8dbbb
[INFO] [stdout]                                at /rustc/202008a1b8de96d2e5b6bc02d379db03a877d34d/library/core/src/panic/unwind_safe.rs:272:9
[INFO] [stdout]   31:     0x5f55451c4b88 - std::panicking::try::do_call::hc79d0fc888a0bd30
[INFO] [stdout]                                at /rustc/202008a1b8de96d2e5b6bc02d379db03a877d34d/library/std/src/panicking.rs:557:40
[INFO] [stdout]   32:     0x5f55451c4b88 - std::panicking::try::hb8a7878e3a8589d6
[INFO] [stdout]                                at /rustc/202008a1b8de96d2e5b6bc02d379db03a877d34d/library/std/src/panicking.rs:520:19
[INFO] [stdout]   33:     0x5f55451c4b88 - std::panic::catch_unwind::hb8e4600ff0ff5cfa
[INFO] [stdout]                                at /rustc/202008a1b8de96d2e5b6bc02d379db03a877d34d/library/std/src/panic.rs:358:14
[INFO] [stdout]   34:     0x5f55451c4b88 - test::run_test_in_process::hc2900b0b18688dd6
[INFO] [stdout]                                at /rustc/202008a1b8de96d2e5b6bc02d379db03a877d34d/library/test/src/lib.rs:655:27
[INFO] [stdout]   35:     0x5f55451c4b88 - test::run_test::{{closure}}::hac2a9cb07be3d48d
[INFO] [stdout]                                at /rustc/202008a1b8de96d2e5b6bc02d379db03a877d34d/library/test/src/lib.rs:576:43
[INFO] [stdout]   36:     0x5f554518862a - test::run_test::{{closure}}::h4a5b729e66a38cd8
[INFO] [stdout]                                at /rustc/202008a1b8de96d2e5b6bc02d379db03a877d34d/library/test/src/lib.rs:606:41
[INFO] [stdout]   37:     0x5f554518862a - std::sys::backtrace::__rust_begin_short_backtrace::h0496fb742492f573
[INFO] [stdout]                                at /rustc/202008a1b8de96d2e5b6bc02d379db03a877d34d/library/std/src/sys/backtrace.rs:154:18
[INFO] [stdout]   38:     0x5f554518bfa4 - std::thread::Builder::spawn_unchecked_::{{closure}}::{{closure}}::hbb6d257c550a54bd
[INFO] [stdout]                                at /rustc/202008a1b8de96d2e5b6bc02d379db03a877d34d/library/std/src/thread/mod.rs:561:17
[INFO] [stdout]   39:     0x5f554518bfa4 - <core::panic::unwind_safe::AssertUnwindSafe<F> as core::ops::function::FnOnce<()>>::call_once::h46696fe4a6832328
[INFO] [stdout]                                at /rustc/202008a1b8de96d2e5b6bc02d379db03a877d34d/library/core/src/panic/unwind_safe.rs:272:9
[INFO] [stdout]   40:     0x5f554518bfa4 - std::panicking::try::do_call::h2625a51b667bfb64
[INFO] [stdout]                                at /rustc/202008a1b8de96d2e5b6bc02d379db03a877d34d/library/std/src/panicking.rs:557:40
[INFO] [stdout]   41:     0x5f554518bfa4 - std::panicking::try::hb956a59a1973aa4c
[INFO] [stdout]                                at /rustc/202008a1b8de96d2e5b6bc02d379db03a877d34d/library/std/src/panicking.rs:520:19
[INFO] [stdout]   42:     0x5f554518bfa4 - std::panic::catch_unwind::h64f3b9d1067ef6a0
[INFO] [stdout]                                at /rustc/202008a1b8de96d2e5b6bc02d379db03a877d34d/library/std/src/panic.rs:358:14
[INFO] [stdout]   43:     0x5f554518bfa4 - std::thread::Builder::spawn_unchecked_::{{closure}}::h42b2841295b6c0b2
[INFO] [stdout]                                at /rustc/202008a1b8de96d2e5b6bc02d379db03a877d34d/library/std/src/thread/mod.rs:559:30
[INFO] [stdout]   44:     0x5f554518bfa4 - core::ops::function::FnOnce::call_once{{vtable.shim}}::h6127de71b8124639
[INFO] [stdout]                                at /rustc/202008a1b8de96d2e5b6bc02d379db03a877d34d/library/core/src/ops/function.rs:250:5
[INFO] [stdout]   45:     0x5f55451ffb3b - <alloc::boxed::Box<F,A> as core::ops::function::FnOnce<Args>>::call_once::h42f0ba71002a1b2c
[INFO] [stdout]                                at /rustc/202008a1b8de96d2e5b6bc02d379db03a877d34d/library/alloc/src/boxed.rs:1972:9
[INFO] [stdout]   46:     0x5f55451ffb3b - <alloc::boxed::Box<F,A> as core::ops::function::FnOnce<Args>>::call_once::had9e47d7a3dcecb8
[INFO] [stdout]                                at /rustc/202008a1b8de96d2e5b6bc02d379db03a877d34d/library/alloc/src/boxed.rs:1972:9
[INFO] [stdout]   47:     0x5f55451ffb3b - std::sys::pal::unix::thread::Thread::new::thread_start::h48cf765408f6f5f2
[INFO] [stdout]                                at /rustc/202008a1b8de96d2e5b6bc02d379db03a877d34d/library/std/src/sys/pal/unix/thread.rs:105:17
[INFO] [stdout]   48:     0x7a6782eb2ac3 - <unknown>
[INFO] [stdout]   49:     0x7a6782f43a04 - clone
[INFO] [stdout]   50:                0x0 - <unknown>
[INFO] [stdout] 
[INFO] [stdout] 
[INFO] [stdout] failures:
[INFO] [stdout]     buffers::tests::get_buffer_with_proximity
[INFO] [stdout] 
[INFO] [stdout] test result: FAILED. 68 passed; 1 failed; 0 ignored; 0 measured; 0 filtered out; finished in 0.13s
[INFO] [stdout] 
[INFO] [stderr] error: test failed, to rerun pass `--lib`
[INFO] running `Command { std: "docker" "inspect" "74c4adb5bd89dfe8582b27a61177c07eba07e271612070d5a5e622497ba5b097", kill_on_drop: false }`
[INFO] running `Command { std: "docker" "rm" "-f" "74c4adb5bd89dfe8582b27a61177c07eba07e271612070d5a5e622497ba5b097", kill_on_drop: false }`
[INFO] [stdout] 74c4adb5bd89dfe8582b27a61177c07eba07e271612070d5a5e622497ba5b097
