[INFO] fetching crate genetic_algorithms 1.6.0...
[INFO] testing genetic_algorithms-1.6.0 against beta-2024-12-08 for beta-1.84.0-4-retry
[INFO] extracting crate genetic_algorithms 1.6.0 into /workspace/builds/worker-6-tc2/source
[INFO] validating manifest of crates.io crate genetic_algorithms 1.6.0 on toolchain beta-2024-12-08
[INFO] running `Command { std: CARGO_HOME="/workspace/cargo-home" RUSTUP_HOME="/workspace/rustup-home" "/workspace/cargo-home/bin/cargo" "+beta-2024-12-08" "metadata" "--manifest-path" "Cargo.toml" "--no-deps", kill_on_drop: false }`
[INFO] started tweaking crates.io crate genetic_algorithms 1.6.0
[INFO] removed 0 missing tests
[INFO] finished tweaking crates.io crate genetic_algorithms 1.6.0
[INFO] tweaked toml for crates.io crate genetic_algorithms 1.6.0 written to /workspace/builds/worker-6-tc2/source/Cargo.toml
[INFO] running `Command { std: CARGO_HOME="/workspace/cargo-home" RUSTUP_HOME="/workspace/rustup-home" "/workspace/cargo-home/bin/cargo" "+beta-2024-12-08" "generate-lockfile" "--manifest-path" "Cargo.toml", kill_on_drop: false }`
[INFO] [stderr]     Blocking waiting for file lock on package cache
[INFO] [stderr]     Updating crates.io index
[INFO] [stderr]     Blocking waiting for file lock on package cache
[INFO] [stderr]      Locking 141 packages to latest compatible versions
[INFO] [stderr]       Adding pprof v0.13.0 (available: v0.14.0)
[INFO] running `Command { std: CARGO_HOME="/workspace/cargo-home" RUSTUP_HOME="/workspace/rustup-home" "/workspace/cargo-home/bin/cargo" "+beta-2024-12-08" "fetch" "--manifest-path" "Cargo.toml", kill_on_drop: false }`
[INFO] [stderr]     Blocking waiting for file lock on package cache
[INFO] [stderr]     Blocking waiting for file lock on package cache
[INFO] running `Command { std: "docker" "create" "-v" "/var/lib/crater-agent-workspace/builds/worker-6-tc2/target:/opt/rustwide/target:rw,Z" "-v" "/var/lib/crater-agent-workspace/builds/worker-6-tc2/source:/opt/rustwide/workdir:ro,Z" "-v" "/var/lib/crater-agent-workspace/cargo-home:/opt/rustwide/cargo-home:ro,Z" "-v" "/var/lib/crater-agent-workspace/rustup-home:/opt/rustwide/rustup-home:ro,Z" "-e" "SOURCE_DIR=/opt/rustwide/workdir" "-e" "CARGO_TARGET_DIR=/opt/rustwide/target" "-e" "CARGO_HOME=/opt/rustwide/cargo-home" "-e" "RUSTUP_HOME=/opt/rustwide/rustup-home" "-w" "/opt/rustwide/workdir" "-m" "1610612736" "--user" "0:0" "--network" "none" "ghcr.io/rust-lang/crates-build-env/linux@sha256:f3a9d4ad9d972b27faf3965f35b62e55ba32bbce8f20bc8fe909558a86702fde" "/opt/rustwide/cargo-home/bin/cargo" "+beta-2024-12-08" "metadata" "--no-deps" "--format-version=1", kill_on_drop: false }`
[INFO] [stdout] dd4927bb5bdb0c514615658f093c05c00b8f92ec421571ec174efc3336d1090e
[INFO] running `Command { std: "docker" "start" "-a" "dd4927bb5bdb0c514615658f093c05c00b8f92ec421571ec174efc3336d1090e", kill_on_drop: false }`
[INFO] running `Command { std: "docker" "inspect" "dd4927bb5bdb0c514615658f093c05c00b8f92ec421571ec174efc3336d1090e", kill_on_drop: false }`
[INFO] running `Command { std: "docker" "rm" "-f" "dd4927bb5bdb0c514615658f093c05c00b8f92ec421571ec174efc3336d1090e", kill_on_drop: false }`
[INFO] [stdout] dd4927bb5bdb0c514615658f093c05c00b8f92ec421571ec174efc3336d1090e
[INFO] running `Command { std: "docker" "create" "-v" "/var/lib/crater-agent-workspace/builds/worker-6-tc2/target:/opt/rustwide/target:rw,Z" "-v" "/var/lib/crater-agent-workspace/builds/worker-6-tc2/source:/opt/rustwide/workdir:ro,Z" "-v" "/var/lib/crater-agent-workspace/cargo-home:/opt/rustwide/cargo-home:ro,Z" "-v" "/var/lib/crater-agent-workspace/rustup-home:/opt/rustwide/rustup-home:ro,Z" "-e" "SOURCE_DIR=/opt/rustwide/workdir" "-e" "CARGO_TARGET_DIR=/opt/rustwide/target" "-e" "CARGO_INCREMENTAL=0" "-e" "RUST_BACKTRACE=full" "-e" "RUSTFLAGS=--cap-lints=warn" "-e" "RUSTDOCFLAGS=--cap-lints=warn" "-e" "CARGO_HOME=/opt/rustwide/cargo-home" "-e" "RUSTUP_HOME=/opt/rustwide/rustup-home" "-w" "/opt/rustwide/workdir" "-m" "1610612736" "--user" "0:0" "--network" "none" "ghcr.io/rust-lang/crates-build-env/linux@sha256:f3a9d4ad9d972b27faf3965f35b62e55ba32bbce8f20bc8fe909558a86702fde" "/opt/rustwide/cargo-home/bin/cargo" "+beta-2024-12-08" "build" "--frozen" "--message-format=json", kill_on_drop: false }`
[INFO] [stdout] b135c021190311fc6636fb121bfb837e1b269ecb800570bc94637256c7ad1806
[INFO] running `Command { std: "docker" "start" "-a" "b135c021190311fc6636fb121bfb837e1b269ecb800570bc94637256c7ad1806", kill_on_drop: false }`
[INFO] [stderr]    Compiling proc-macro2 v1.0.92
[INFO] [stderr]    Compiling unicode-ident v1.0.14
[INFO] [stderr]    Compiling libc v0.2.168
[INFO] [stderr]    Compiling memchr v2.7.4
[INFO] [stderr]    Compiling serde v1.0.216
[INFO] [stderr]    Compiling cfg-if v1.0.0
[INFO] [stderr]    Compiling regex-syntax v0.8.5
[INFO] [stderr]    Compiling byteorder v1.5.0
[INFO] [stderr]    Compiling utf8parse v0.2.2
[INFO] [stderr]    Compiling value-bag v1.10.0
[INFO] [stderr]    Compiling anstyle-query v1.1.2
[INFO] [stderr]    Compiling colorchoice v1.0.3
[INFO] [stderr]    Compiling is_terminal_polyfill v1.70.1
[INFO] [stderr]    Compiling anstyle v1.0.10
[INFO] [stderr]    Compiling humantime v2.1.0
[INFO] [stderr]    Compiling anstyle-parse v0.2.6
[INFO] [stderr]    Compiling anstream v0.6.18
[INFO] [stderr]    Compiling aho-corasick v1.1.3
[INFO] [stderr]    Compiling quote v1.0.37
[INFO] [stderr]    Compiling syn v2.0.90
[INFO] [stderr]    Compiling getrandom v0.2.15
[INFO] [stderr]    Compiling num_cpus v1.16.0
[INFO] [stderr]    Compiling rand_core v0.6.4
[INFO] [stderr]    Compiling regex-automata v0.4.9
[INFO] [stderr]    Compiling log v0.4.22
[INFO] [stderr]    Compiling zerocopy-derive v0.7.35
[INFO] [stderr]    Compiling zerocopy v0.7.35
[INFO] [stderr]    Compiling ppv-lite86 v0.2.20
[INFO] [stderr]    Compiling regex v1.11.1
[INFO] [stderr]    Compiling rand_chacha v0.3.1
[INFO] [stderr]    Compiling rand v0.8.5
[INFO] [stderr]    Compiling env_filter v0.1.2
[INFO] [stderr]    Compiling env_logger v0.11.5
[INFO] [stderr]    Compiling genetic_algorithms v1.6.0 (/opt/rustwide/workdir)
[INFO] [stderr]     Finished `dev` profile [unoptimized + debuginfo] target(s) in 15.06s
[INFO] running `Command { std: "docker" "inspect" "b135c021190311fc6636fb121bfb837e1b269ecb800570bc94637256c7ad1806", kill_on_drop: false }`
[INFO] running `Command { std: "docker" "rm" "-f" "b135c021190311fc6636fb121bfb837e1b269ecb800570bc94637256c7ad1806", kill_on_drop: false }`
[INFO] [stdout] b135c021190311fc6636fb121bfb837e1b269ecb800570bc94637256c7ad1806
[INFO] running `Command { std: "docker" "create" "-v" "/var/lib/crater-agent-workspace/builds/worker-6-tc2/target:/opt/rustwide/target:rw,Z" "-v" "/var/lib/crater-agent-workspace/builds/worker-6-tc2/source:/opt/rustwide/workdir:ro,Z" "-v" "/var/lib/crater-agent-workspace/cargo-home:/opt/rustwide/cargo-home:ro,Z" "-v" "/var/lib/crater-agent-workspace/rustup-home:/opt/rustwide/rustup-home:ro,Z" "-e" "SOURCE_DIR=/opt/rustwide/workdir" "-e" "CARGO_TARGET_DIR=/opt/rustwide/target" "-e" "CARGO_INCREMENTAL=0" "-e" "RUST_BACKTRACE=full" "-e" "RUSTFLAGS=--cap-lints=warn" "-e" "RUSTDOCFLAGS=--cap-lints=warn" "-e" "CARGO_HOME=/opt/rustwide/cargo-home" "-e" "RUSTUP_HOME=/opt/rustwide/rustup-home" "-w" "/opt/rustwide/workdir" "-m" "1610612736" "--user" "0:0" "--network" "none" "ghcr.io/rust-lang/crates-build-env/linux@sha256:f3a9d4ad9d972b27faf3965f35b62e55ba32bbce8f20bc8fe909558a86702fde" "/opt/rustwide/cargo-home/bin/cargo" "+beta-2024-12-08" "test" "--frozen" "--no-run" "--message-format=json", kill_on_drop: false }`
[INFO] [stdout] f88e0e0b758bfa813dda726059b4d296a874f9c38fc9b8798a01895db59a2ab1
[INFO] running `Command { std: "docker" "start" "-a" "f88e0e0b758bfa813dda726059b4d296a874f9c38fc9b8798a01895db59a2ab1", kill_on_drop: false }`
[INFO] [stderr]    Compiling libc v0.2.168
[INFO] [stderr]    Compiling memchr v2.7.4
[INFO] [stderr]    Compiling serde v1.0.216
[INFO] [stderr]    Compiling autocfg v1.4.0
[INFO] [stderr]    Compiling crossbeam-utils v0.8.20
[INFO] [stderr]    Compiling itoa v1.0.14
[INFO] [stderr]    Compiling either v1.13.0
[INFO] [stderr]    Compiling rayon-core v1.12.1
[INFO] [stderr]    Compiling serde_json v1.0.133
[INFO] [stderr]    Compiling shlex v1.3.0
[INFO] [stderr]    Compiling once_cell v1.20.2
[INFO] [stderr]    Compiling version_check v0.9.5
[INFO] [stderr]    Compiling half v2.4.1
[INFO] [stderr]    Compiling rustix v0.38.42
[INFO] [stderr]    Compiling ryu v1.0.18
[INFO] [stderr]    Compiling serde_derive v1.0.216
[INFO] [stderr]    Compiling cpp_demangle v0.4.4
[INFO] [stderr]    Compiling uuid v1.11.0
[INFO] [stderr]    Compiling ciborium-io v0.2.2
[INFO] [stderr]    Compiling clap_lex v0.7.4
[INFO] [stderr]    Compiling cc v1.2.4
[INFO] [stderr]    Compiling plotters-backend v0.3.7
[INFO] [stderr]    Compiling parking_lot_core v0.9.10
[INFO] [stderr]    Compiling itertools v0.10.5
[INFO] [stderr]    Compiling stable_deref_trait v1.2.0
[INFO] [stderr]    Compiling plotters-svg v0.3.7
[INFO] [stderr]    Compiling same-file v1.0.6
[INFO] [stderr]    Compiling clap_builder v4.5.23
[INFO] [stderr]    Compiling ciborium-ll v0.2.2
[INFO] [stderr]    Compiling num-traits v0.2.19
[INFO] [stderr]    Compiling ahash v0.8.11
[INFO] [stderr]    Compiling lock_api v0.4.12
[INFO] [stderr]    Compiling scopeguard v1.2.0
[INFO] [stderr]    Compiling symbolic-demangle v12.12.3
[INFO] [stderr]    Compiling adler2 v2.0.0
[INFO] [stderr]    Compiling crossbeam-epoch v0.9.18
[INFO] [stderr]    Compiling debugid v0.8.0
[INFO] [stderr]    Compiling linux-raw-sys v0.4.14
[INFO] [stderr]    Compiling crossbeam-deque v0.8.5
[INFO] [stderr]    Compiling cast v0.3.0
[INFO] [stderr]    Compiling equivalent v1.0.1
[INFO] [stderr]    Compiling hashbrown v0.15.2
[INFO] [stderr]    Compiling smallvec v1.13.2
[INFO] [stderr]    Compiling thiserror v1.0.69
[INFO] [stderr]    Compiling bitflags v2.6.0
[INFO] [stderr]    Compiling arrayvec v0.7.6
[INFO] [stderr]    Compiling rustc-demangle v0.1.24
[INFO] [stderr]    Compiling bytemuck v1.20.0
[INFO] [stderr]    Compiling gimli v0.31.1
[INFO] [stderr]    Compiling aho-corasick v1.1.3
[INFO] [stderr]    Compiling indexmap v2.7.0
[INFO] [stderr]    Compiling object v0.36.5
[INFO] [stderr]    Compiling num-format v0.4.4
[INFO] [stderr]    Compiling quick-xml v0.26.0
[INFO] [stderr]    Compiling plotters v0.3.7
[INFO] [stderr]    Compiling rayon v1.10.0
[INFO] [stderr]    Compiling regex-automata v0.4.9
[INFO] [stderr]    Compiling rgb v0.8.50
[INFO] [stderr]    Compiling getrandom v0.2.15
[INFO] [stderr]    Compiling memmap2 v0.9.5
[INFO] [stderr]    Compiling is-terminal v0.4.13
[INFO] [stderr]    Compiling rand_core v0.6.4
[INFO] [stderr]    Compiling symbolic-common v12.12.3
[INFO] [stderr]    Compiling clap v4.5.23
[INFO] [stderr]    Compiling criterion-plot v0.5.0
[INFO] [stderr]    Compiling rand_chacha v0.3.1
[INFO] [stderr]    Compiling findshlibs v0.10.2
[INFO] [stderr]    Compiling miniz_oxide v0.8.0
[INFO] [stderr]    Compiling walkdir v2.5.0
[INFO] [stderr]    Compiling thiserror-impl v1.0.69
[INFO] [stderr]    Compiling anes v0.1.6
[INFO] [stderr]    Compiling pprof v0.13.0
[INFO] [stderr]    Compiling fastrand v2.3.0
[INFO] [stderr]    Compiling oorandom v11.1.4
[INFO] [stderr]    Compiling str_stack v0.1.0
[INFO] [stderr]    Compiling bitflags v1.3.2
[INFO] [stderr]    Compiling parking_lot v0.12.3
[INFO] [stderr]    Compiling nix v0.26.4
[INFO] [stderr]    Compiling rand v0.8.5
[INFO] [stderr]    Compiling num_cpus v1.16.0
[INFO] [stderr]    Compiling tempfile v3.14.0
[INFO] [stderr]    Compiling addr2line v0.24.2
[INFO] [stderr]    Compiling regex v1.11.1
[INFO] [stderr]    Compiling backtrace v0.3.74
[INFO] [stderr]    Compiling log v0.4.22
[INFO] [stderr]    Compiling ciborium v0.2.2
[INFO] [stderr]    Compiling env_filter v0.1.2
[INFO] [stderr]    Compiling inferno v0.11.21
[INFO] [stderr]    Compiling env_logger v0.11.5
[INFO] [stderr]    Compiling genetic_algorithms v1.6.0 (/opt/rustwide/workdir)
[INFO] [stderr]    Compiling tinytemplate v1.2.1
[INFO] [stderr]    Compiling criterion v0.5.1
[INFO] [stderr]     Finished `test` profile [unoptimized + debuginfo] target(s) in 33.21s
[INFO] running `Command { std: "docker" "inspect" "f88e0e0b758bfa813dda726059b4d296a874f9c38fc9b8798a01895db59a2ab1", kill_on_drop: false }`
[INFO] running `Command { std: "docker" "rm" "-f" "f88e0e0b758bfa813dda726059b4d296a874f9c38fc9b8798a01895db59a2ab1", kill_on_drop: false }`
[INFO] [stdout] f88e0e0b758bfa813dda726059b4d296a874f9c38fc9b8798a01895db59a2ab1
[INFO] running `Command { std: "docker" "create" "-v" "/var/lib/crater-agent-workspace/builds/worker-6-tc2/target:/opt/rustwide/target:rw,Z" "-v" "/var/lib/crater-agent-workspace/builds/worker-6-tc2/source:/opt/rustwide/workdir:ro,Z" "-v" "/var/lib/crater-agent-workspace/cargo-home:/opt/rustwide/cargo-home:ro,Z" "-v" "/var/lib/crater-agent-workspace/rustup-home:/opt/rustwide/rustup-home:ro,Z" "-e" "SOURCE_DIR=/opt/rustwide/workdir" "-e" "CARGO_TARGET_DIR=/opt/rustwide/target" "-e" "CARGO_INCREMENTAL=0" "-e" "RUST_BACKTRACE=full" "-e" "RUSTFLAGS=--cap-lints=warn" "-e" "RUSTDOCFLAGS=--cap-lints=warn" "-e" "CARGO_HOME=/opt/rustwide/cargo-home" "-e" "RUSTUP_HOME=/opt/rustwide/rustup-home" "-w" "/opt/rustwide/workdir" "-m" "1610612736" "--user" "0:0" "--network" "none" "ghcr.io/rust-lang/crates-build-env/linux@sha256:f3a9d4ad9d972b27faf3965f35b62e55ba32bbce8f20bc8fe909558a86702fde" "/opt/rustwide/cargo-home/bin/cargo" "+beta-2024-12-08" "test" "--frozen", kill_on_drop: false }`
[INFO] [stdout] 686c70baeefa2eb86c0846bc6728c4110d4c8fc8641369fb9587959b51233548
[INFO] running `Command { std: "docker" "start" "-a" "686c70baeefa2eb86c0846bc6728c4110d4c8fc8641369fb9587959b51233548", kill_on_drop: false }`
[INFO] [stderr]     Finished `test` profile [unoptimized + debuginfo] target(s) in 0.15s
[INFO] [stderr]      Running unittests src/lib.rs (/opt/rustwide/target/debug/deps/genetic_algorithms-cfb7dd7eabed3235)
[INFO] [stderr]      Running tests/structures.rs (/opt/rustwide/target/debug/deps/structures-35c15b398f909e45)
[INFO] [stdout] 
[INFO] [stdout] running 0 tests
[INFO] [stdout] 
[INFO] [stdout] test result: ok. 0 passed; 0 failed; 0 ignored; 0 measured; 0 filtered out; finished in 0.00s
[INFO] [stdout] 
[INFO] [stdout] 
[INFO] [stdout] running 0 tests
[INFO] [stdout] 
[INFO] [stdout] test result: ok. 0 passed; 0 failed; 0 ignored; 0 measured; 0 filtered out; finished in 0.00s
[INFO] [stdout] 
[INFO] [stderr]      Running tests/test_ga.rs (/opt/rustwide/target/debug/deps/test_ga-b71ffe8954513feb)
[INFO] [stdout] 
[INFO] [stdout] running 6 tests
[INFO] [stdout] test test_parent_crossover_repeating_alleles ... ok
[INFO] [stdout] test test_parent_crossover_without_repeating_alleles ... ok
[INFO] [stdout] test test_callback_function ... ok
[INFO] [stdout] test test_ga_start_maximize ... ok
[INFO] [stdout] test test_ga_run_minimize ... ok
[INFO] [stderr]      Running tests/test_helpers.rs (/opt/rustwide/target/debug/deps/test_helpers-e521d8740a076655)
[INFO] [stdout] test test_ga_run ... ok
[INFO] [stdout] 
[INFO] [stdout] test result: ok. 6 passed; 0 failed; 0 ignored; 0 measured; 0 filtered out; finished in 0.61s
[INFO] [stdout] 
[INFO] [stdout] 
[INFO] [stdout] running 2 tests
[INFO] [stdout] test test_initialize_dna_without_repeated_alleles ... ok
[INFO] [stdout] test test_helpers_initialize_dna ... ok
[INFO] [stdout] 
[INFO] [stdout] test result: ok. 2 passed; 0 failed; 0 ignored; 0 measured; 0 filtered out; finished in 0.00s
[INFO] [stdout] 
[INFO] [stderr]      Running tests/test_operations.rs (/opt/rustwide/target/debug/deps/test_operations-7b323f58b55eeb29)
[INFO] [stdout] 
[INFO] [stdout] running 21 tests
[INFO] [stdout] test operations::test_crossover::test_cycle_crossover ... ok
[INFO] [stdout] test operations::test_crossover::test_multipoint_crossover_4_points ... ok
[INFO] [stdout] test operations::test_crossover::test_uniform_crossover ... ok
[INFO] [stdout] test operations::test_crossover::test_xover_aga_probability_over_avg ... ok
[INFO] [stdout] test operations::test_mutation::test_inversion_mutation ... ok
[INFO] [stdout] test operations::test_mutation::test_swap_mutation ... ok
[INFO] [stdout] test operations::test_selection::test_random_even_selection ... ok
[INFO] [stdout] test operations::test_selection::test_random_odd_selection ... ok
[INFO] [stdout] test operations::test_selection::test_stochastic_universal_sampling ... ok
[INFO] [stdout] test operations::test_selection::test_roulette_wheel_selection ... ok
[INFO] [stdout] test operations::test_crossover::test_multipoint_crossover_2_points ... ok
[INFO] [stdout] test operations::test_crossover::test_xover_aga_probability_under_avg ... ok
[INFO] [stdout] test operations::test_selection::test_tournament_multithread ... ok
[INFO] [stdout] test operations::test_mutation::test_mutation_aga_probability_under_avg ... ok
[INFO] [stdout] test operations::test_selection::test_tournament_singlethread ... ok
[INFO] [stdout] test operations::test_mutation::test_mutation_aga_probability_over_avg ... ok
[INFO] [stdout] test operations::test_survivor::test_age_based_survivor ... ok
[INFO] [stdout] test operations::test_survivor::test_fitness_survivor_maximization ... ok
[INFO] [stdout] test operations::test_survivor::test_fitness_survivor_minization ... ok
[INFO] [stdout] test operations::test_survivor::test_survivor_fitness_fixed ... ok
[INFO] [stdout] test operations::test_mutation::test_scramble_mutation ... FAILED
[INFO] [stdout] 
[INFO] [stdout] failures:
[INFO] [stdout] 
[INFO] [stdout] ---- operations::test_mutation::test_scramble_mutation stdout ----
[INFO] [stdout] thread 'operations::test_mutation::test_scramble_mutation' panicked at tests/operations/test_mutation.rs:56:5:
[INFO] [stdout] assertion `left != right` failed
[INFO] [stdout]   left: Genotype { dna: [Gene { id: 1 }, Gene { id: 2 }, Gene { id: 3 }, Gene { id: 4 }, Gene { id: 5 }, Gene { id: 6 }, Gene { id: 7 }, Gene { id: 8 }, Gene { id: 9 }, Gene { id: 10 }, Gene { id: 11 }, Gene { id: 12 }, Gene { id: 13 }, Gene { id: 14 }, Gene { id: 15 }, Gene { id: 16 }, Gene { id: 17 }, Gene { id: 18 }, Gene { id: 19 }, Gene { id: 20 }, Gene { id: 21 }, Gene { id: 22 }, Gene { id: 23 }, Gene { id: 24 }, Gene { id: 25 }, Gene { id: 26 }, Gene { id: 27 }, Gene { id: 28 }, Gene { id: 29 }, Gene { id: 30 }, Gene { id: 31 }, Gene { id: 32 }, Gene { id: 33 }, Gene { id: 34 }, Gene { id: 35 }, Gene { id: 36 }, Gene { id: 37 }, Gene { id: 38 }, Gene { id: 39 }, Gene { id: 40 }, Gene { id: 41 }, Gene { id: 42 }, Gene { id: 43 }, Gene { id: 44 }, Gene { id: 45 }, Gene { id: 46 }, Gene { id: 47 }, Gene { id: 48 }, Gene { id: 49 }, Gene { id: 50 }], fitness: 0.0, age: 0 }
[INFO] [stdout]  right: Genotype { dna: [Gene { id: 1 }, Gene { id: 2 }, Gene { id: 3 }, Gene { id: 4 }, Gene { id: 5 }, Gene { id: 6 }, Gene { id: 7 }, Gene { id: 8 }, Gene { id: 9 }, Gene { id: 10 }, Gene { id: 11 }, Gene { id: 12 }, Gene { id: 13 }, Gene { id: 14 }, Gene { id: 15 }, Gene { id: 16 }, Gene { id: 17 }, Gene { id: 18 }, Gene { id: 19 }, Gene { id: 20 }, Gene { id: 21 }, Gene { id: 22 }, Gene { id: 23 }, Gene { id: 24 }, Gene { id: 25 }, Gene { id: 26 }, Gene { id: 27 }, Gene { id: 28 }, Gene { id: 29 }, Gene { id: 30 }, Gene { id: 31 }, Gene { id: 32 }, Gene { id: 33 }, Gene { id: 34 }, Gene { id: 35 }, Gene { id: 36 }, Gene { id: 37 }, Gene { id: 38 }, Gene { id: 39 }, Gene { id: 40 }, Gene { id: 41 }, Gene { id: 42 }, Gene { id: 43 }, Gene { id: 44 }, Gene { id: 45 }, Gene { id: 46 }, Gene { id: 47 }, Gene { id: 48 }, Gene { id: 49 }, Gene { id: 50 }], fitness: 0.0, age: 0 }
[INFO] [stdout] stack backtrace:
[INFO] [stdout]    0:     0x5df560cbfc8a - std::backtrace_rs::backtrace::libunwind::trace::h8810477743020387
[INFO] [stdout]                                at /rustc/202008a1b8de96d2e5b6bc02d379db03a877d34d/library/std/src/../../backtrace/src/backtrace/libunwind.rs:116:5
[INFO] [stdout]    1:     0x5df560cbfc8a - std::backtrace_rs::backtrace::trace_unsynchronized::h3aa55355dd6c54a6
[INFO] [stdout]                                at /rustc/202008a1b8de96d2e5b6bc02d379db03a877d34d/library/std/src/../../backtrace/src/backtrace/mod.rs:66:5
[INFO] [stdout]    2:     0x5df560cbfc8a - std::sys::backtrace::_print_fmt::h8588b0f62410823f
[INFO] [stdout]                                at /rustc/202008a1b8de96d2e5b6bc02d379db03a877d34d/library/std/src/sys/backtrace.rs:66:9
[INFO] [stdout]    3:     0x5df560cbfc8a - <std::sys::backtrace::BacktraceLock::print::DisplayBacktrace as core::fmt::Display>::fmt::h98c26ac25ffe89bb
[INFO] [stdout]                                at /rustc/202008a1b8de96d2e5b6bc02d379db03a877d34d/library/std/src/sys/backtrace.rs:39:26
[INFO] [stdout]    4:     0x5df560ce5b93 - core::fmt::rt::Argument::fmt::hf95377f4aebd453b
[INFO] [stdout]                                at /rustc/202008a1b8de96d2e5b6bc02d379db03a877d34d/library/core/src/fmt/rt.rs:177:76
[INFO] [stdout]    5:     0x5df560ce5b93 - core::fmt::write::h0dd5f6e2238c7982
[INFO] [stdout]                                at /rustc/202008a1b8de96d2e5b6bc02d379db03a877d34d/library/core/src/fmt/mod.rs:1189:21
[INFO] [stdout]    6:     0x5df560cbce23 - std::io::Write::write_fmt::h03bb0ca26e6faf8c
[INFO] [stdout]                                at /rustc/202008a1b8de96d2e5b6bc02d379db03a877d34d/library/std/src/io/mod.rs:1884:15
[INFO] [stdout]    7:     0x5df560cbfad2 - std::sys::backtrace::BacktraceLock::print::h5c19c1c038ee186d
[INFO] [stdout]                                at /rustc/202008a1b8de96d2e5b6bc02d379db03a877d34d/library/std/src/sys/backtrace.rs:42:9
[INFO] [stdout]    8:     0x5df560cc110d - std::panicking::default_hook::{{closure}}::h77172f079a1fcb13
[INFO] [stdout]                                at /rustc/202008a1b8de96d2e5b6bc02d379db03a877d34d/library/std/src/panicking.rs:268:22
[INFO] [stdout]    9:     0x5df560cc0f17 - std::panicking::default_hook::he5f8e3b203ccddba
[INFO] [stdout]                                at /rustc/202008a1b8de96d2e5b6bc02d379db03a877d34d/library/std/src/panicking.rs:292:9
[INFO] [stdout]   10:     0x5df560c46e27 - <alloc::boxed::Box<F,A> as core::ops::function::Fn<Args>>::call::h7a3c7b4a1ae77f2f
[INFO] [stdout]                                at /rustc/202008a1b8de96d2e5b6bc02d379db03a877d34d/library/alloc/src/boxed.rs:1986:9
[INFO] [stdout]   11:     0x5df560c46e27 - test::test_main::{{closure}}::hf0d3b69ae9b353d1
[INFO] [stdout]                                at /rustc/202008a1b8de96d2e5b6bc02d379db03a877d34d/library/test/src/lib.rs:134:21
[INFO] [stdout]   12:     0x5df560cc17b8 - <alloc::boxed::Box<F,A> as core::ops::function::Fn<Args>>::call::h6332e82e7b189abd
[INFO] [stdout]                                at /rustc/202008a1b8de96d2e5b6bc02d379db03a877d34d/library/alloc/src/boxed.rs:1986:9
[INFO] [stdout]   13:     0x5df560cc17b8 - std::panicking::rust_panic_with_hook::h53863d4e9018df39
[INFO] [stdout]                                at /rustc/202008a1b8de96d2e5b6bc02d379db03a877d34d/library/std/src/panicking.rs:809:13
[INFO] [stdout]   14:     0x5df560cc157a - std::panicking::begin_panic_handler::{{closure}}::h67280e6fa0757873
[INFO] [stdout]                                at /rustc/202008a1b8de96d2e5b6bc02d379db03a877d34d/library/std/src/panicking.rs:674:13
[INFO] [stdout]   15:     0x5df560cc0169 - std::sys::backtrace::__rust_end_short_backtrace::h1dac3f54d6fbbeb2
[INFO] [stdout]                                at /rustc/202008a1b8de96d2e5b6bc02d379db03a877d34d/library/std/src/sys/backtrace.rs:170:18
[INFO] [stdout]   16:     0x5df560cc120c - rust_begin_unwind
[INFO] [stdout]                                at /rustc/202008a1b8de96d2e5b6bc02d379db03a877d34d/library/std/src/panicking.rs:665:5
[INFO] [stdout]   17:     0x5df560bd1070 - core::panicking::panic_fmt::h6792bd1b2bf01041
[INFO] [stdout]                                at /rustc/202008a1b8de96d2e5b6bc02d379db03a877d34d/library/core/src/panicking.rs:76:14
[INFO] [stdout]   18:     0x5df560bd143b - core::panicking::assert_failed_inner::hf2c17e6d30928787
[INFO] [stdout]   19:     0x5df560bdf742 - core::panicking::assert_failed::h847ffc5b199c408c
[INFO] [stdout]                                at /rustc/202008a1b8de96d2e5b6bc02d379db03a877d34d/library/core/src/panicking.rs:373:5
[INFO] [stdout]   20:     0x5df560bd72c8 - test_operations::operations::test_mutation::test_scramble_mutation::hf7de5fbeb402dfa4
[INFO] [stdout]                                at /opt/rustwide/workdir/tests/operations/test_mutation.rs:56:5
[INFO] [stdout]   21:     0x5df560bd6fc7 - test_operations::operations::test_mutation::test_scramble_mutation::{{closure}}::hba8c1f2c9cb9bf70
[INFO] [stdout]                                at /opt/rustwide/workdir/tests/operations/test_mutation.rs:42:28
[INFO] [stdout]   22:     0x5df560be5aa6 - core::ops::function::FnOnce::call_once::ha466f1df35c51c7d
[INFO] [stdout]                                at /rustc/202008a1b8de96d2e5b6bc02d379db03a877d34d/library/core/src/ops/function.rs:250:5
[INFO] [stdout]   23:     0x5df560c4b94b - core::ops::function::FnOnce::call_once::h871bf86719ec9aa4
[INFO] [stdout]                                at /rustc/202008a1b8de96d2e5b6bc02d379db03a877d34d/library/core/src/ops/function.rs:250:5
[INFO] [stdout]   24:     0x5df560c4b94b - test::__rust_begin_short_backtrace::h2167df1e2b7d76fd
[INFO] [stdout]                                at /rustc/202008a1b8de96d2e5b6bc02d379db03a877d34d/library/test/src/lib.rs:632:18
[INFO] [stdout]   25:     0x5df560c4b338 - test::run_test_in_process::{{closure}}::h15d92f75a3adfb79
[INFO] [stdout]                                at /rustc/202008a1b8de96d2e5b6bc02d379db03a877d34d/library/test/src/lib.rs:655:60
[INFO] [stdout]   26:     0x5df560c4b338 - <core::panic::unwind_safe::AssertUnwindSafe<F> as core::ops::function::FnOnce<()>>::call_once::hb6c8955835a8dbbb
[INFO] [stdout]                                at /rustc/202008a1b8de96d2e5b6bc02d379db03a877d34d/library/core/src/panic/unwind_safe.rs:272:9
[INFO] [stdout]   27:     0x5df560c4b338 - std::panicking::try::do_call::hc79d0fc888a0bd30
[INFO] [stdout]                                at /rustc/202008a1b8de96d2e5b6bc02d379db03a877d34d/library/std/src/panicking.rs:557:40
[INFO] [stdout]   28:     0x5df560c4b338 - std::panicking::try::hb8a7878e3a8589d6
[INFO] [stdout]                                at /rustc/202008a1b8de96d2e5b6bc02d379db03a877d34d/library/std/src/panicking.rs:520:19
[INFO] [stdout]   29:     0x5df560c4b338 - std::panic::catch_unwind::hb8e4600ff0ff5cfa
[INFO] [stdout]                                at /rustc/202008a1b8de96d2e5b6bc02d379db03a877d34d/library/std/src/panic.rs:358:14
[INFO] [stdout]   30:     0x5df560c4b338 - test::run_test_in_process::hc2900b0b18688dd6
[INFO] [stdout]                                at /rustc/202008a1b8de96d2e5b6bc02d379db03a877d34d/library/test/src/lib.rs:655:27
[INFO] [stdout]   31:     0x5df560c4b338 - test::run_test::{{closure}}::hac2a9cb07be3d48d
[INFO] [stdout]                                at /rustc/202008a1b8de96d2e5b6bc02d379db03a877d34d/library/test/src/lib.rs:576:43
[INFO] [stdout]   32:     0x5df560c0edda - test::run_test::{{closure}}::h4a5b729e66a38cd8
[INFO] [stdout]                                at /rustc/202008a1b8de96d2e5b6bc02d379db03a877d34d/library/test/src/lib.rs:606:41
[INFO] [stdout]   33:     0x5df560c0edda - std::sys::backtrace::__rust_begin_short_backtrace::h0496fb742492f573
[INFO] [stdout]                                at /rustc/202008a1b8de96d2e5b6bc02d379db03a877d34d/library/std/src/sys/backtrace.rs:154:18
[INFO] [stdout]   34:     0x5df560c12754 - std::thread::Builder::spawn_unchecked_::{{closure}}::{{closure}}::hbb6d257c550a54bd
[INFO] [stdout]                                at /rustc/202008a1b8de96d2e5b6bc02d379db03a877d34d/library/std/src/thread/mod.rs:561:17
[INFO] [stdout]   35:     0x5df560c12754 - <core::panic::unwind_safe::AssertUnwindSafe<F> as core::ops::function::FnOnce<()>>::call_once::h46696fe4a6832328
[INFO] [stdout]                                at /rustc/202008a1b8de96d2e5b6bc02d379db03a877d34d/library/core/src/panic/unwind_safe.rs:272:9
[INFO] [stdout]   36:     0x5df560c12754 - std::panicking::try::do_call::h2625a51b667bfb64
[INFO] [stdout]                                at /rustc/202008a1b8de96d2e5b6bc02d379db03a877d34d/library/std/src/panicking.rs:557:40
[INFO] [stdout]   37:     0x5df560c12754 - std::panicking::try::hb956a59a1973aa4c
[INFO] [stdout]                                at /rustc/202008a1b8de96d2e5b6bc02d379db03a877d34d/library/std/src/panicking.rs:520:19
[INFO] [stdout]   38:     0x5df560c12754 - std::panic::catch_unwind::h64f3b9d1067ef6a0
[INFO] [stdout]                                at /rustc/202008a1b8de96d2e5b6bc02d379db03a877d34d/library/std/src/panic.rs:358:14
[INFO] [stdout]   39:     0x5df560c12754 - std::thread::Builder::spawn_unchecked_::{{closure}}::h42b2841295b6c0b2
[INFO] [stdout]                                at /rustc/202008a1b8de96d2e5b6bc02d379db03a877d34d/library/std/src/thread/mod.rs:559:30
[INFO] [stdout]   40:     0x5df560c12754 - core::ops::function::FnOnce::call_once{{vtable.shim}}::h6127de71b8124639
[INFO] [stdout]                                at /rustc/202008a1b8de96d2e5b6bc02d379db03a877d34d/library/core/src/ops/function.rs:250:5
[INFO] [stdout]   41:     0x5df560cc56fb - <alloc::boxed::Box<F,A> as core::ops::function::FnOnce<Args>>::call_once::h42f0ba71002a1b2c
[INFO] [stdout]                                at /rustc/202008a1b8de96d2e5b6bc02d379db03a877d34d/library/alloc/src/boxed.rs:1972:9
[INFO] [stdout]   42:     0x5df560cc56fb - <alloc::boxed::Box<F,A> as core::ops::function::FnOnce<Args>>::call_once::had9e47d7a3dcecb8
[INFO] [stdout]                                at /rustc/202008a1b8de96d2e5b6bc02d379db03a877d34d/library/alloc/src/boxed.rs:1972:9
[INFO] [stdout]   43:     0x5df560cc56fb - std::sys::pal::unix::thread::Thread::new::thread_start::h48cf765408f6f5f2
[INFO] [stdout]                                at /rustc/202008a1b8de96d2e5b6bc02d379db03a877d34d/library/std/src/sys/pal/unix/thread.rs:105:17
[INFO] [stdout]   44:     0x7e4ce0e38ac3 - <unknown>
[INFO] [stdout]   45:     0x7e4ce0ec9a04 - clone
[INFO] [stdout]   46:                0x0 - <unknown>
[INFO] [stdout] 
[INFO] [stdout] 
[INFO] [stdout] failures:
[INFO] [stdout]     operations::test_mutation::test_scramble_mutation
[INFO] [stdout] 
[INFO] [stdout] test result: FAILED. 20 passed; 1 failed; 0 ignored; 0 measured; 0 filtered out; finished in 0.03s
[INFO] [stdout] 
[INFO] [stderr] error: test failed, to rerun pass `--test test_operations`
[INFO] running `Command { std: "docker" "inspect" "686c70baeefa2eb86c0846bc6728c4110d4c8fc8641369fb9587959b51233548", kill_on_drop: false }`
[INFO] running `Command { std: "docker" "rm" "-f" "686c70baeefa2eb86c0846bc6728c4110d4c8fc8641369fb9587959b51233548", kill_on_drop: false }`
[INFO] [stdout] 686c70baeefa2eb86c0846bc6728c4110d4c8fc8641369fb9587959b51233548
