[INFO] fetching crate external-dns-sdk 0.7.1...
[INFO] testing external-dns-sdk-0.7.1 against beta-2024-12-08 for beta-1.84.0-4-retry
[INFO] extracting crate external-dns-sdk 0.7.1 into /workspace/builds/worker-1-tc2/source
[INFO] validating manifest of crates.io crate external-dns-sdk 0.7.1 on toolchain beta-2024-12-08
[INFO] running `Command { std: CARGO_HOME="/workspace/cargo-home" RUSTUP_HOME="/workspace/rustup-home" "/workspace/cargo-home/bin/cargo" "+beta-2024-12-08" "metadata" "--manifest-path" "Cargo.toml" "--no-deps", kill_on_drop: false }`
[INFO] started tweaking crates.io crate external-dns-sdk 0.7.1
[INFO] removed 0 missing tests
[INFO] finished tweaking crates.io crate external-dns-sdk 0.7.1
[INFO] tweaked toml for crates.io crate external-dns-sdk 0.7.1 written to /workspace/builds/worker-1-tc2/source/Cargo.toml
[INFO] running `Command { std: CARGO_HOME="/workspace/cargo-home" RUSTUP_HOME="/workspace/rustup-home" "/workspace/cargo-home/bin/cargo" "+beta-2024-12-08" "generate-lockfile" "--manifest-path" "Cargo.toml", kill_on_drop: false }`
[INFO] [stderr]     Updating crates.io index
[INFO] [stderr]      Locking 168 packages to latest compatible versions
[INFO] [stderr]       Adding thiserror v1.0.69 (available: v2.0.7)
[INFO] running `Command { std: CARGO_HOME="/workspace/cargo-home" RUSTUP_HOME="/workspace/rustup-home" "/workspace/cargo-home/bin/cargo" "+beta-2024-12-08" "fetch" "--manifest-path" "Cargo.toml", kill_on_drop: false }`
[INFO] running `Command { std: "docker" "create" "-v" "/var/lib/crater-agent-workspace/builds/worker-1-tc2/target:/opt/rustwide/target:rw,Z" "-v" "/var/lib/crater-agent-workspace/builds/worker-1-tc2/source:/opt/rustwide/workdir:ro,Z" "-v" "/var/lib/crater-agent-workspace/cargo-home:/opt/rustwide/cargo-home:ro,Z" "-v" "/var/lib/crater-agent-workspace/rustup-home:/opt/rustwide/rustup-home:ro,Z" "-e" "SOURCE_DIR=/opt/rustwide/workdir" "-e" "CARGO_TARGET_DIR=/opt/rustwide/target" "-e" "CARGO_HOME=/opt/rustwide/cargo-home" "-e" "RUSTUP_HOME=/opt/rustwide/rustup-home" "-w" "/opt/rustwide/workdir" "-m" "1610612736" "--user" "0:0" "--network" "none" "ghcr.io/rust-lang/crates-build-env/linux@sha256:f3a9d4ad9d972b27faf3965f35b62e55ba32bbce8f20bc8fe909558a86702fde" "/opt/rustwide/cargo-home/bin/cargo" "+beta-2024-12-08" "metadata" "--no-deps" "--format-version=1", kill_on_drop: false }`
[INFO] [stdout] d987de0a8cff2d4534117bb7093a2f91efda6ce6883a7408330f02083ed9da29
[INFO] running `Command { std: "docker" "start" "-a" "d987de0a8cff2d4534117bb7093a2f91efda6ce6883a7408330f02083ed9da29", kill_on_drop: false }`
[INFO] running `Command { std: "docker" "inspect" "d987de0a8cff2d4534117bb7093a2f91efda6ce6883a7408330f02083ed9da29", kill_on_drop: false }`
[INFO] running `Command { std: "docker" "rm" "-f" "d987de0a8cff2d4534117bb7093a2f91efda6ce6883a7408330f02083ed9da29", kill_on_drop: false }`
[INFO] [stdout] d987de0a8cff2d4534117bb7093a2f91efda6ce6883a7408330f02083ed9da29
[INFO] running `Command { std: "docker" "create" "-v" "/var/lib/crater-agent-workspace/builds/worker-1-tc2/target:/opt/rustwide/target:rw,Z" "-v" "/var/lib/crater-agent-workspace/builds/worker-1-tc2/source:/opt/rustwide/workdir:ro,Z" "-v" "/var/lib/crater-agent-workspace/cargo-home:/opt/rustwide/cargo-home:ro,Z" "-v" "/var/lib/crater-agent-workspace/rustup-home:/opt/rustwide/rustup-home:ro,Z" "-e" "SOURCE_DIR=/opt/rustwide/workdir" "-e" "CARGO_TARGET_DIR=/opt/rustwide/target" "-e" "CARGO_INCREMENTAL=0" "-e" "RUST_BACKTRACE=full" "-e" "RUSTFLAGS=--cap-lints=warn" "-e" "RUSTDOCFLAGS=--cap-lints=warn" "-e" "CARGO_HOME=/opt/rustwide/cargo-home" "-e" "RUSTUP_HOME=/opt/rustwide/rustup-home" "-w" "/opt/rustwide/workdir" "-m" "1610612736" "--user" "0:0" "--network" "none" "ghcr.io/rust-lang/crates-build-env/linux@sha256:f3a9d4ad9d972b27faf3965f35b62e55ba32bbce8f20bc8fe909558a86702fde" "/opt/rustwide/cargo-home/bin/cargo" "+beta-2024-12-08" "build" "--frozen" "--message-format=json", kill_on_drop: false }`
[INFO] [stdout] 657a935c52512fa749e2483f643782b7545ed7377d30f541a63387fa4755560e
[INFO] running `Command { std: "docker" "start" "-a" "657a935c52512fa749e2483f643782b7545ed7377d30f541a63387fa4755560e", kill_on_drop: false }`
[INFO] [stderr]    Compiling proc-macro2 v1.0.92
[INFO] [stderr]    Compiling unicode-ident v1.0.14
[INFO] [stderr]    Compiling libc v0.2.168
[INFO] [stderr]    Compiling itoa v1.0.14
[INFO] [stderr]    Compiling stable_deref_trait v1.2.0
[INFO] [stderr]    Compiling bytes v1.9.0
[INFO] [stderr]    Compiling pin-project-lite v0.2.15
[INFO] [stderr]    Compiling futures-core v0.3.31
[INFO] [stderr]    Compiling once_cell v1.20.2
[INFO] [stderr]    Compiling shlex v1.3.0
[INFO] [stderr]    Compiling fnv v1.0.7
[INFO] [stderr]    Compiling futures-task v0.3.31
[INFO] [stderr]    Compiling pin-utils v0.1.0
[INFO] [stderr]    Compiling litemap v0.7.4
[INFO] [stderr]    Compiling smallvec v1.13.2
[INFO] [stderr]    Compiling writeable v0.5.5
[INFO] [stderr]    Compiling serde v1.0.216
[INFO] [stderr]    Compiling icu_locid_transform_data v1.5.0
[INFO] [stderr]    Compiling httparse v1.9.5
[INFO] [stderr]    Compiling log v0.4.22
[INFO] [stderr]    Compiling rustls-pki-types v1.10.1
[INFO] [stderr]    Compiling cfg-if v1.0.0
[INFO] [stderr]    Compiling ryu v1.0.18
[INFO] [stderr]    Compiling futures-util v0.3.31
[INFO] [stderr]    Compiling tracing-core v0.1.33
[INFO] [stderr]    Compiling cc v1.2.4
[INFO] [stderr]    Compiling spin v0.9.8
[INFO] [stderr]    Compiling tower-service v0.3.3
[INFO] [stderr]    Compiling try-lock v0.2.5
[INFO] [stderr]    Compiling icu_properties_data v1.5.0
[INFO] [stderr]    Compiling serde_json v1.0.133
[INFO] [stderr]    Compiling untrusted v0.9.0
[INFO] [stderr]    Compiling want v0.3.1
[INFO] [stderr]    Compiling futures-channel v0.3.31
[INFO] [stderr]    Compiling rustls v0.23.20
[INFO] [stderr]    Compiling percent-encoding v2.3.1
[INFO] [stderr]    Compiling utf16_iter v1.0.5
[INFO] [stderr]    Compiling icu_normalizer_data v1.5.0
[INFO] [stderr]    Compiling http v1.2.0
[INFO] [stderr]    Compiling memchr v2.7.4
[INFO] [stderr]    Compiling utf8_iter v1.0.4
[INFO] [stderr]    Compiling httpdate v1.0.3
[INFO] [stderr]    Compiling write16 v1.0.0
[INFO] [stderr]    Compiling sync_wrapper v1.0.2
[INFO] [stderr]    Compiling rustversion v1.0.18
[INFO] [stderr]    Compiling form_urlencoded v1.2.1
[INFO] [stderr]    Compiling zeroize v1.8.1
[INFO] [stderr]    Compiling subtle v2.6.1
[INFO] [stderr]    Compiling tower-layer v0.3.3
[INFO] [stderr]    Compiling schemars v0.8.21
[INFO] [stderr]    Compiling thiserror v1.0.69
[INFO] [stderr]    Compiling mime v0.3.17
[INFO] [stderr]    Compiling webpki-roots v0.26.7
[INFO] [stderr]    Compiling dyn-clone v1.0.17
[INFO] [stderr]    Compiling rustls-pemfile v2.2.0
[INFO] [stderr]    Compiling matchit v0.7.3
[INFO] [stderr]    Compiling base64 v0.22.1
[INFO] [stderr]    Compiling ipnet v2.10.1
[INFO] [stderr]    Compiling quote v1.0.37
[INFO] [stderr]    Compiling syn v2.0.90
[INFO] [stderr]    Compiling mio v1.0.3
[INFO] [stderr]    Compiling signal-hook-registry v1.4.2
[INFO] [stderr]    Compiling socket2 v0.5.8
[INFO] [stderr]    Compiling getrandom v0.2.15
[INFO] [stderr]    Compiling ring v0.17.8
[INFO] [stderr]    Compiling http-body v1.0.1
[INFO] [stderr]    Compiling http-body-util v0.1.2
[INFO] [stderr]    Compiling synstructure v0.13.1
[INFO] [stderr]    Compiling serde_derive_internals v0.29.1
[INFO] [stderr]    Compiling rustls-webpki v0.102.8
[INFO] [stderr]    Compiling zerofrom-derive v0.1.5
[INFO] [stderr]    Compiling yoke-derive v0.7.5
[INFO] [stderr]    Compiling zerovec-derive v0.10.3
[INFO] [stderr]    Compiling displaydoc v0.2.5
[INFO] [stderr]    Compiling icu_provider_macros v1.5.0
[INFO] [stderr]    Compiling serde_derive v1.0.216
[INFO] [stderr]    Compiling tokio-macros v2.4.0
[INFO] [stderr]    Compiling tracing-attributes v0.1.28
[INFO] [stderr]    Compiling thiserror-impl v1.0.69
[INFO] [stderr]    Compiling async-trait v0.1.83
[INFO] [stderr]    Compiling schemars_derive v0.8.21
[INFO] [stderr]    Compiling tokio v1.42.0
[INFO] [stderr]    Compiling tracing v0.1.41
[INFO] [stderr]    Compiling axum-core v0.4.5
[INFO] [stderr]    Compiling zerofrom v0.1.5
[INFO] [stderr]    Compiling yoke v0.7.5
[INFO] [stderr]    Compiling zerovec v0.10.4
[INFO] [stderr]    Compiling tinystr v0.7.6
[INFO] [stderr]    Compiling icu_collections v1.5.0
[INFO] [stderr]    Compiling icu_locid v1.5.0
[INFO] [stderr]    Compiling icu_provider v1.5.0
[INFO] [stderr]    Compiling icu_locid_transform v1.5.0
[INFO] [stderr]    Compiling icu_properties v1.5.1
[INFO] [stderr]    Compiling hyper v1.5.1
[INFO] [stderr]    Compiling tokio-rustls v0.26.1
[INFO] [stderr]    Compiling tower v0.5.2
[INFO] [stderr]    Compiling serde_urlencoded v0.7.1
[INFO] [stderr]    Compiling serde_path_to_error v0.1.16
[INFO] [stderr]    Compiling hyper-util v0.1.10
[INFO] [stderr]    Compiling icu_normalizer v1.5.0
[INFO] [stderr]    Compiling hyper-rustls v0.27.3
[INFO] [stderr]    Compiling axum v0.7.9
[INFO] [stderr]    Compiling idna_adapter v1.2.0
[INFO] [stderr]    Compiling idna v1.0.3
[INFO] [stderr]    Compiling kubizone-common v0.14.6
[INFO] [stderr]    Compiling url v2.5.4
[INFO] [stderr]    Compiling reqwest v0.12.9
[INFO] [stderr]    Compiling external-dns-sdk v0.7.1 (/opt/rustwide/workdir)
[INFO] [stderr]     Finished `dev` profile [unoptimized + debuginfo] target(s) in 29.90s
[INFO] running `Command { std: "docker" "inspect" "657a935c52512fa749e2483f643782b7545ed7377d30f541a63387fa4755560e", kill_on_drop: false }`
[INFO] running `Command { std: "docker" "rm" "-f" "657a935c52512fa749e2483f643782b7545ed7377d30f541a63387fa4755560e", kill_on_drop: false }`
[INFO] [stdout] 657a935c52512fa749e2483f643782b7545ed7377d30f541a63387fa4755560e
[INFO] running `Command { std: "docker" "create" "-v" "/var/lib/crater-agent-workspace/builds/worker-1-tc2/target:/opt/rustwide/target:rw,Z" "-v" "/var/lib/crater-agent-workspace/builds/worker-1-tc2/source:/opt/rustwide/workdir:ro,Z" "-v" "/var/lib/crater-agent-workspace/cargo-home:/opt/rustwide/cargo-home:ro,Z" "-v" "/var/lib/crater-agent-workspace/rustup-home:/opt/rustwide/rustup-home:ro,Z" "-e" "SOURCE_DIR=/opt/rustwide/workdir" "-e" "CARGO_TARGET_DIR=/opt/rustwide/target" "-e" "CARGO_INCREMENTAL=0" "-e" "RUST_BACKTRACE=full" "-e" "RUSTFLAGS=--cap-lints=warn" "-e" "RUSTDOCFLAGS=--cap-lints=warn" "-e" "CARGO_HOME=/opt/rustwide/cargo-home" "-e" "RUSTUP_HOME=/opt/rustwide/rustup-home" "-w" "/opt/rustwide/workdir" "-m" "1610612736" "--user" "0:0" "--network" "none" "ghcr.io/rust-lang/crates-build-env/linux@sha256:f3a9d4ad9d972b27faf3965f35b62e55ba32bbce8f20bc8fe909558a86702fde" "/opt/rustwide/cargo-home/bin/cargo" "+beta-2024-12-08" "test" "--frozen" "--no-run" "--message-format=json", kill_on_drop: false }`
[INFO] [stdout] 83e1253f9f39310428ae50f73da0212c14cb9b266ee656387bcf9e14687c8c5c
[INFO] running `Command { std: "docker" "start" "-a" "83e1253f9f39310428ae50f73da0212c14cb9b266ee656387bcf9e14687c8c5c", kill_on_drop: false }`
[INFO] [stderr]    Compiling tracing-core v0.1.33
[INFO] [stderr]    Compiling log v0.4.22
[INFO] [stderr]    Compiling tokio v1.42.0
[INFO] [stderr]    Compiling overload v0.1.1
[INFO] [stderr]    Compiling lazy_static v1.5.0
[INFO] [stderr]    Compiling thread_local v1.1.8
[INFO] [stderr]    Compiling sharded-slab v0.1.7
[INFO] [stderr]    Compiling nu-ansi-term v0.46.0
[INFO] [stderr]    Compiling tracing v0.1.41
[INFO] [stderr]    Compiling tracing-log v0.2.0
[INFO] [stderr]    Compiling axum-core v0.4.5
[INFO] [stderr]    Compiling tracing-subscriber v0.3.19
[INFO] [stderr]    Compiling hyper v1.5.1
[INFO] [stderr]    Compiling tokio-rustls v0.26.1
[INFO] [stderr]    Compiling tower v0.5.2
[INFO] [stderr]    Compiling hyper-util v0.1.10
[INFO] [stderr]    Compiling hyper-rustls v0.27.3
[INFO] [stderr]    Compiling axum v0.7.9
[INFO] [stderr]    Compiling reqwest v0.12.9
[INFO] [stderr]    Compiling external-dns-sdk v0.7.1 (/opt/rustwide/workdir)
[INFO] [stderr]     Finished `test` profile [unoptimized + debuginfo] target(s) in 25.54s
[INFO] running `Command { std: "docker" "inspect" "83e1253f9f39310428ae50f73da0212c14cb9b266ee656387bcf9e14687c8c5c", kill_on_drop: false }`
[INFO] running `Command { std: "docker" "rm" "-f" "83e1253f9f39310428ae50f73da0212c14cb9b266ee656387bcf9e14687c8c5c", kill_on_drop: false }`
[INFO] [stdout] 83e1253f9f39310428ae50f73da0212c14cb9b266ee656387bcf9e14687c8c5c
[INFO] running `Command { std: "docker" "create" "-v" "/var/lib/crater-agent-workspace/builds/worker-1-tc2/target:/opt/rustwide/target:rw,Z" "-v" "/var/lib/crater-agent-workspace/builds/worker-1-tc2/source:/opt/rustwide/workdir:ro,Z" "-v" "/var/lib/crater-agent-workspace/cargo-home:/opt/rustwide/cargo-home:ro,Z" "-v" "/var/lib/crater-agent-workspace/rustup-home:/opt/rustwide/rustup-home:ro,Z" "-e" "SOURCE_DIR=/opt/rustwide/workdir" "-e" "CARGO_TARGET_DIR=/opt/rustwide/target" "-e" "CARGO_INCREMENTAL=0" "-e" "RUST_BACKTRACE=full" "-e" "RUSTFLAGS=--cap-lints=warn" "-e" "RUSTDOCFLAGS=--cap-lints=warn" "-e" "CARGO_HOME=/opt/rustwide/cargo-home" "-e" "RUSTUP_HOME=/opt/rustwide/rustup-home" "-w" "/opt/rustwide/workdir" "-m" "1610612736" "--user" "0:0" "--network" "none" "ghcr.io/rust-lang/crates-build-env/linux@sha256:f3a9d4ad9d972b27faf3965f35b62e55ba32bbce8f20bc8fe909558a86702fde" "/opt/rustwide/cargo-home/bin/cargo" "+beta-2024-12-08" "test" "--frozen", kill_on_drop: false }`
[INFO] [stdout] 38f64a44ec9dc27c6bf5d8317b665029f6f61c1a945d36a6ffdc443abf9890c2
[INFO] running `Command { std: "docker" "start" "-a" "38f64a44ec9dc27c6bf5d8317b665029f6f61c1a945d36a6ffdc443abf9890c2", kill_on_drop: false }`
[INFO] [stderr]     Finished `test` profile [unoptimized + debuginfo] target(s) in 0.18s
[INFO] [stderr]      Running unittests src/lib.rs (/opt/rustwide/target/debug/deps/external_dns_sdk-452583fdcf6064b7)
[INFO] [stdout] 
[INFO] [stdout] running 1 test
[INFO] [stdout] test difference_calculation ... ok
[INFO] [stdout] 
[INFO] [stdout] test result: ok. 1 passed; 0 failed; 0 ignored; 0 measured; 0 filtered out; finished in 0.00s
[INFO] [stdout] 
[INFO] [stderr]      Running tests/e2e.rs (/opt/rustwide/target/debug/deps/e2e-27a38d026ca64d1d)
[INFO] [stdout] 
[INFO] [stdout] running 1 test
[INFO] [stdout] [2m2024-12-15T04:21:35.319913Z[0m [35mTRACE[0m [1mhealthz[0m[2m:[0m [2mhyper_util::client::legacy::pool[0m[2m:[0m checkout waiting for idle connection: ("http", localhost:12333)
[INFO] [stdout] [2m2024-12-15T04:21:35.320072Z[0m [34mDEBUG[0m [1mhealthz[0m[2m:[0m [2mreqwest::connect[0m[2m:[0m starting new connection: http://localhost:12333/    
[INFO] [stdout] [2m2024-12-15T04:21:35.320157Z[0m [35mTRACE[0m [1mhealthz[0m[2m:[0m [2mhyper_util::client::legacy::connect::http[0m[2m:[0m Http::connect; scheme=Some("http"), host=Some("localhost"), port=Some(Port(12333))
[INFO] [stdout] [2m2024-12-15T04:21:35.321538Z[0m [34mDEBUG[0m [1mhealthz[0m[2m:[0m [2mhyper_util::client::legacy::connect::http[0m[2m:[0m connecting to [::1]:12333
[INFO] [stdout] [2m2024-12-15T04:21:35.321804Z[0m [35mTRACE[0m [1mhealthz[0m[2m:[0m [2mhyper_util::client::legacy::connect::http[0m[2m:[0m connect error for [::1]:12333: ConnectError("tcp connect error", Os { code: 111, kind: ConnectionRefused, message: "Connection refused" })
[INFO] [stdout] [2m2024-12-15T04:21:35.321862Z[0m [34mDEBUG[0m [1mhealthz[0m[2m:[0m [2mhyper_util::client::legacy::connect::http[0m[2m:[0m connecting to 127.0.0.1:12333
[INFO] [stdout] [2m2024-12-15T04:21:35.322052Z[0m [34mDEBUG[0m [1mhealthz[0m[2m:[0m [2mhyper_util::client::legacy::connect::http[0m[2m:[0m connected to 127.0.0.1:12333
[INFO] [stdout] [2m2024-12-15T04:21:35.322172Z[0m [35mTRACE[0m [1mhealthz[0m[2m:[0m [2mhyper_util::client::legacy::client[0m[2m:[0m http1 handshake complete, spawning background dispatcher task
[INFO] [stdout] [2m2024-12-15T04:21:35.322279Z[0m [35mTRACE[0m [2maxum::serve[0m[2m:[0m connection 127.0.0.1:41458 accepted
[INFO] [stdout] [2m2024-12-15T04:21:35.322456Z[0m [35mTRACE[0m [1mhealthz[0m[2m:[0m [2mhyper_util::client::legacy::pool[0m[2m:[0m checkout dropped for ("http", localhost:12333)
[INFO] [stdout] [2m2024-12-15T04:21:35.323241Z[0m [35mTRACE[0m [1mhealthz[0m[2m:[0m [2mhyper_util::client::legacy::pool[0m[2m:[0m put; add idle connection for ("http", localhost:12333)
[INFO] [stdout] [2m2024-12-15T04:21:35.323303Z[0m [34mDEBUG[0m [1mhealthz[0m[2m:[0m [2mhyper_util::client::legacy::pool[0m[2m:[0m pooling idle connection for ("http", localhost:12333)
[INFO] [stdout] [2m2024-12-15T04:21:35.323550Z[0m [35mTRACE[0m [1madjust_endpoints[0m[1m{[0m[3mendpoints[0m[2m=[0m[][1m}[0m[2m:[0m [2mhyper_util::client::legacy::pool[0m[2m:[0m take? ("http", localhost:12333): expiration = Some(90s)
[INFO] [stdout] [2m2024-12-15T04:21:35.323630Z[0m [34mDEBUG[0m [1madjust_endpoints[0m[1m{[0m[3mendpoints[0m[2m=[0m[][1m}[0m[2m:[0m [2mhyper_util::client::legacy::pool[0m[2m:[0m reuse idle connection for ("http", localhost:12333)
[INFO] [stdout] [2m2024-12-15T04:21:35.324016Z[0m [34mDEBUG[0m [1madjust_endpoints[0m[1m{[0m[3mendpoints[0m[2m=[0m[][1m}[0m[2m:[0m [2me2e[0m[2m:[0m []
[INFO] [stdout] [2m2024-12-15T04:21:35.324253Z[0m [35mTRACE[0m [2mhyper_util::client::legacy::pool[0m[2m:[0m idle interval checking for expired
[INFO] [stdout] [2m2024-12-15T04:21:35.324482Z[0m [35mTRACE[0m [1madjust_endpoints[0m[1m{[0m[3mendpoints[0m[2m=[0m[][1m}[0m[2m:[0m [2mhyper_util::client::legacy::pool[0m[2m:[0m put; add idle connection for ("http", localhost:12333)
[INFO] [stdout] [2m2024-12-15T04:21:35.324533Z[0m [34mDEBUG[0m [1madjust_endpoints[0m[1m{[0m[3mendpoints[0m[2m=[0m[][1m}[0m[2m:[0m [2mhyper_util::client::legacy::pool[0m[2m:[0m pooling idle connection for ("http", localhost:12333)
[INFO] [stdout] [2m2024-12-15T04:21:35.324573Z[0m [35mTRACE[0m [1madjust_endpoints[0m[1m{[0m[3mendpoints[0m[2m=[0m[][1m}[0m[2m:[0m [2mexternal_dns_sdk::client[0m[2m:[0m webhook returned status code: 200 OK
[INFO] [stdout] [2m2024-12-15T04:21:35.324661Z[0m [35mTRACE[0m [1madjust_endpoints[0m[1m{[0m[3mendpoints[0m[2m=[0m[][1m}[0m[2m:[0m [2mexternal_dns_sdk::client[0m[2m:[0m api returned response: []
[INFO] [stdout] [2m2024-12-15T04:21:35.324796Z[0m [35mTRACE[0m [1mget_records[0m[2m:[0m [2mhyper_util::client::legacy::pool[0m[2m:[0m take? ("http", localhost:12333): expiration = Some(90s)
[INFO] [stdout] [2m2024-12-15T04:21:35.324848Z[0m [34mDEBUG[0m [1mget_records[0m[2m:[0m [2mhyper_util::client::legacy::pool[0m[2m:[0m reuse idle connection for ("http", localhost:12333)
[INFO] [stdout] [2m2024-12-15T04:21:35.325320Z[0m [35mTRACE[0m [1mget_records[0m[2m:[0m [2mhyper_util::client::legacy::pool[0m[2m:[0m put; add idle connection for ("http", localhost:12333)
[INFO] [stdout] [2m2024-12-15T04:21:35.325367Z[0m [34mDEBUG[0m [1mget_records[0m[2m:[0m [2mhyper_util::client::legacy::pool[0m[2m:[0m pooling idle connection for ("http", localhost:12333)
[INFO] [stdout] [2m2024-12-15T04:21:35.325398Z[0m [35mTRACE[0m [1mget_records[0m[2m:[0m [2mexternal_dns_sdk::client[0m[2m:[0m webhook returned status code: 200 OK
[INFO] [stdout] [2m2024-12-15T04:21:35.325454Z[0m [35mTRACE[0m [1mget_records[0m[2m:[0m [2mexternal_dns_sdk::client[0m[2m:[0m api returned response: []
[INFO] [stdout] [2m2024-12-15T04:21:35.325750Z[0m [35mTRACE[0m [1mset_records[0m[1m{[0m[3mchanges[0m[2m=[0m[Create(Endpoint { identity: EndpointIdent { dns_name: Partial(PartiallyQualifiedDomainName([DomainSegment("delete"), DomainSegment("org")])), record_type: A }, set_identifier: None, targets: ["192.168.0.1"], record_ttl: Some(300), labels: {}, provider_specific: [] }), Create(Endpoint { identity: EndpointIdent { dns_name: Partial(PartiallyQualifiedDomainName([DomainSegment("update"), DomainSegment("org")])), record_type: A }, set_identifier: None, targets: ["192.168.0.1"], record_ttl: Some(300), labels: {}, provider_specific: [] })][1m}[0m[2m:[0m [2mhyper_util::client::legacy::pool[0m[2m:[0m take? ("http", localhost:12333): expiration = Some(90s)
[INFO] [stdout] [2m2024-12-15T04:21:35.325805Z[0m [34mDEBUG[0m [1mset_records[0m[1m{[0m[3mchanges[0m[2m=[0m[Create(Endpoint { identity: EndpointIdent { dns_name: Partial(PartiallyQualifiedDomainName([DomainSegment("delete"), DomainSegment("org")])), record_type: A }, set_identifier: None, targets: ["192.168.0.1"], record_ttl: Some(300), labels: {}, provider_specific: [] }), Create(Endpoint { identity: EndpointIdent { dns_name: Partial(PartiallyQualifiedDomainName([DomainSegment("update"), DomainSegment("org")])), record_type: A }, set_identifier: None, targets: ["192.168.0.1"], record_ttl: Some(300), labels: {}, provider_specific: [] })][1m}[0m[2m:[0m [2mhyper_util::client::legacy::pool[0m[2m:[0m reuse idle connection for ("http", localhost:12333)
[INFO] [stdout] [2m2024-12-15T04:21:35.326249Z[0m [35mTRACE[0m [1mset_records[0m[1m{[0m[3mchanges[0m[2m=[0m[Create(Endpoint { identity: EndpointIdent { dns_name: Partial(PartiallyQualifiedDomainName([DomainSegment("delete"), DomainSegment("org")])), record_type: A }, set_identifier: None, targets: ["192.168.0.1"], record_ttl: Some(300), labels: {}, provider_specific: [] }), Create(Endpoint { identity: EndpointIdent { dns_name: Partial(PartiallyQualifiedDomainName([DomainSegment("update"), DomainSegment("org")])), record_type: A }, set_identifier: None, targets: ["192.168.0.1"], record_ttl: Some(300), labels: {}, provider_specific: [] })][1m}[0m[2m:[0m [2me2e[0m[2m:[0m creating delete.org
[INFO] [stdout] [2m2024-12-15T04:21:35.326293Z[0m [35mTRACE[0m [1mset_records[0m[1m{[0m[3mchanges[0m[2m=[0m[Create(Endpoint { identity: EndpointIdent { dns_name: Partial(PartiallyQualifiedDomainName([DomainSegment("delete"), DomainSegment("org")])), record_type: A }, set_identifier: None, targets: ["192.168.0.1"], record_ttl: Some(300), labels: {}, provider_specific: [] }), Create(Endpoint { identity: EndpointIdent { dns_name: Partial(PartiallyQualifiedDomainName([DomainSegment("update"), DomainSegment("org")])), record_type: A }, set_identifier: None, targets: ["192.168.0.1"], record_ttl: Some(300), labels: {}, provider_specific: [] })][1m}[0m[2m:[0m [2me2e[0m[2m:[0m creating update.org
[INFO] [stdout] [2m2024-12-15T04:21:35.326593Z[0m [35mTRACE[0m [1mset_records[0m[1m{[0m[3mchanges[0m[2m=[0m[Create(Endpoint { identity: EndpointIdent { dns_name: Partial(PartiallyQualifiedDomainName([DomainSegment("delete"), DomainSegment("org")])), record_type: A }, set_identifier: None, targets: ["192.168.0.1"], record_ttl: Some(300), labels: {}, provider_specific: [] }), Create(Endpoint { identity: EndpointIdent { dns_name: Partial(PartiallyQualifiedDomainName([DomainSegment("update"), DomainSegment("org")])), record_type: A }, set_identifier: None, targets: ["192.168.0.1"], record_ttl: Some(300), labels: {}, provider_specific: [] })][1m}[0m[2m:[0m [2mhyper_util::client::legacy::pool[0m[2m:[0m put; add idle connection for ("http", localhost:12333)
[INFO] [stdout] [2m2024-12-15T04:21:35.326662Z[0m [34mDEBUG[0m [1mset_records[0m[1m{[0m[3mchanges[0m[2m=[0m[Create(Endpoint { identity: EndpointIdent { dns_name: Partial(PartiallyQualifiedDomainName([DomainSegment("delete"), DomainSegment("org")])), record_type: A }, set_identifier: None, targets: ["192.168.0.1"], record_ttl: Some(300), labels: {}, provider_specific: [] }), Create(Endpoint { identity: EndpointIdent { dns_name: Partial(PartiallyQualifiedDomainName([DomainSegment("update"), DomainSegment("org")])), record_type: A }, set_identifier: None, targets: ["192.168.0.1"], record_ttl: Some(300), labels: {}, provider_specific: [] })][1m}[0m[2m:[0m [2mhyper_util::client::legacy::pool[0m[2m:[0m pooling idle connection for ("http", localhost:12333)
[INFO] [stdout] [2m2024-12-15T04:21:35.326803Z[0m [35mTRACE[0m [1mget_records[0m[2m:[0m [2mhyper_util::client::legacy::pool[0m[2m:[0m take? ("http", localhost:12333): expiration = Some(90s)
[INFO] [stdout] [2m2024-12-15T04:21:35.326892Z[0m [34mDEBUG[0m [1mget_records[0m[2m:[0m [2mhyper_util::client::legacy::pool[0m[2m:[0m reuse idle connection for ("http", localhost:12333)
[INFO] [stdout] [2m2024-12-15T04:21:35.327428Z[0m [35mTRACE[0m [1mget_records[0m[2m:[0m [2mhyper_util::client::legacy::pool[0m[2m:[0m put; add idle connection for ("http", localhost:12333)
[INFO] [stdout] [2m2024-12-15T04:21:35.327526Z[0m [34mDEBUG[0m [1mget_records[0m[2m:[0m [2mhyper_util::client::legacy::pool[0m[2m:[0m pooling idle connection for ("http", localhost:12333)
[INFO] [stdout] [2m2024-12-15T04:21:35.327589Z[0m [35mTRACE[0m [1mget_records[0m[2m:[0m [2mexternal_dns_sdk::client[0m[2m:[0m webhook returned status code: 200 OK
[INFO] [stdout] [2m2024-12-15T04:21:35.327766Z[0m [35mTRACE[0m [1mget_records[0m[2m:[0m [2mexternal_dns_sdk::client[0m[2m:[0m api returned response: [Endpoint { identity: EndpointIdent { dns_name: Partial(PartiallyQualifiedDomainName([DomainSegment("delete"), DomainSegment("org")])), record_type: A }, set_identifier: None, targets: ["192.168.0.1"], record_ttl: Some(300), labels: {}, provider_specific: [] }, Endpoint { identity: EndpointIdent { dns_name: Partial(PartiallyQualifiedDomainName([DomainSegment("update"), DomainSegment("org")])), record_type: A }, set_identifier: None, targets: ["192.168.0.1"], record_ttl: Some(300), labels: {}, provider_specific: [] }]
[INFO] [stdout] test main ... FAILED
[INFO] [stdout] 
[INFO] [stdout] failures:
[INFO] [stdout] 
[INFO] [stdout] ---- main stdout ----
[INFO] [stdout] thread 'main' panicked at tests/e2e.rs:151:5:
[INFO] [stdout] assertion `left == right` failed
[INFO] [stdout]   left: [Endpoint { identity: EndpointIdent { dns_name: Partial(PartiallyQualifiedDomainName([DomainSegment("delete"), DomainSegment("org")])), record_type: A }, set_identifier: None, targets: ["192.168.0.1"], record_ttl: Some(300), labels: {}, provider_specific: [] }, Endpoint { identity: EndpointIdent { dns_name: Partial(PartiallyQualifiedDomainName([DomainSegment("update"), DomainSegment("org")])), record_type: A }, set_identifier: None, targets: ["192.168.0.1"], record_ttl: Some(300), labels: {}, provider_specific: [] }]
[INFO] [stdout]  right: [Endpoint { identity: EndpointIdent { dns_name: Partial(PartiallyQualifiedDomainName([DomainSegment("update"), DomainSegment("org")])), record_type: A }, set_identifier: None, targets: ["192.168.0.1"], record_ttl: Some(300), labels: {}, provider_specific: [] }, Endpoint { identity: EndpointIdent { dns_name: Partial(PartiallyQualifiedDomainName([DomainSegment("delete"), DomainSegment("org")])), record_type: A }, set_identifier: None, targets: ["192.168.0.1"], record_ttl: Some(300), labels: {}, provider_specific: [] }]
[INFO] [stdout] stack backtrace:
[INFO] [stdout]    0:     0x57dc9fa0dc4a - std::backtrace_rs::backtrace::libunwind::trace::h8810477743020387
[INFO] [stdout]                                at /rustc/202008a1b8de96d2e5b6bc02d379db03a877d34d/library/std/src/../../backtrace/src/backtrace/libunwind.rs:116:5
[INFO] [stdout]    1:     0x57dc9fa0dc4a - std::backtrace_rs::backtrace::trace_unsynchronized::h3aa55355dd6c54a6
[INFO] [stdout]                                at /rustc/202008a1b8de96d2e5b6bc02d379db03a877d34d/library/std/src/../../backtrace/src/backtrace/mod.rs:66:5
[INFO] [stdout]    2:     0x57dc9fa0dc4a - std::sys::backtrace::_print_fmt::h8588b0f62410823f
[INFO] [stdout]                                at /rustc/202008a1b8de96d2e5b6bc02d379db03a877d34d/library/std/src/sys/backtrace.rs:66:9
[INFO] [stdout]    3:     0x57dc9fa0dc4a - <std::sys::backtrace::BacktraceLock::print::DisplayBacktrace as core::fmt::Display>::fmt::h98c26ac25ffe89bb
[INFO] [stdout]                                at /rustc/202008a1b8de96d2e5b6bc02d379db03a877d34d/library/std/src/sys/backtrace.rs:39:26
[INFO] [stdout]    4:     0x57dc9fa36f73 - core::fmt::rt::Argument::fmt::hf95377f4aebd453b
[INFO] [stdout]                                at /rustc/202008a1b8de96d2e5b6bc02d379db03a877d34d/library/core/src/fmt/rt.rs:177:76
[INFO] [stdout]    5:     0x57dc9fa36f73 - core::fmt::write::h0dd5f6e2238c7982
[INFO] [stdout]                                at /rustc/202008a1b8de96d2e5b6bc02d379db03a877d34d/library/core/src/fmt/mod.rs:1189:21
[INFO] [stdout]    6:     0x57dc9fa0a473 - std::io::Write::write_fmt::h03bb0ca26e6faf8c
[INFO] [stdout]                                at /rustc/202008a1b8de96d2e5b6bc02d379db03a877d34d/library/std/src/io/mod.rs:1884:15
[INFO] [stdout]    7:     0x57dc9fa0da92 - std::sys::backtrace::BacktraceLock::print::h5c19c1c038ee186d
[INFO] [stdout]                                at /rustc/202008a1b8de96d2e5b6bc02d379db03a877d34d/library/std/src/sys/backtrace.rs:42:9
[INFO] [stdout]    8:     0x57dc9fa0f0cd - std::panicking::default_hook::{{closure}}::h77172f079a1fcb13
[INFO] [stdout]                                at /rustc/202008a1b8de96d2e5b6bc02d379db03a877d34d/library/std/src/panicking.rs:268:22
[INFO] [stdout]    9:     0x57dc9fa0eed7 - std::panicking::default_hook::he5f8e3b203ccddba
[INFO] [stdout]                                at /rustc/202008a1b8de96d2e5b6bc02d379db03a877d34d/library/std/src/panicking.rs:292:9
[INFO] [stdout]   10:     0x57dc9f4b93a7 - <alloc::boxed::Box<F,A> as core::ops::function::Fn<Args>>::call::h7a3c7b4a1ae77f2f
[INFO] [stdout]                                at /rustc/202008a1b8de96d2e5b6bc02d379db03a877d34d/library/alloc/src/boxed.rs:1986:9
[INFO] [stdout]   11:     0x57dc9f4b93a7 - test::test_main::{{closure}}::hf0d3b69ae9b353d1
[INFO] [stdout]                                at /rustc/202008a1b8de96d2e5b6bc02d379db03a877d34d/library/test/src/lib.rs:134:21
[INFO] [stdout]   12:     0x57dc9fa0f778 - <alloc::boxed::Box<F,A> as core::ops::function::Fn<Args>>::call::h6332e82e7b189abd
[INFO] [stdout]                                at /rustc/202008a1b8de96d2e5b6bc02d379db03a877d34d/library/alloc/src/boxed.rs:1986:9
[INFO] [stdout]   13:     0x57dc9fa0f778 - std::panicking::rust_panic_with_hook::h53863d4e9018df39
[INFO] [stdout]                                at /rustc/202008a1b8de96d2e5b6bc02d379db03a877d34d/library/std/src/panicking.rs:809:13
[INFO] [stdout]   14:     0x57dc9fa0f53a - std::panicking::begin_panic_handler::{{closure}}::h67280e6fa0757873
[INFO] [stdout]                                at /rustc/202008a1b8de96d2e5b6bc02d379db03a877d34d/library/std/src/panicking.rs:674:13
[INFO] [stdout]   15:     0x57dc9fa0e129 - std::sys::backtrace::__rust_end_short_backtrace::h1dac3f54d6fbbeb2
[INFO] [stdout]                                at /rustc/202008a1b8de96d2e5b6bc02d379db03a877d34d/library/std/src/sys/backtrace.rs:170:18
[INFO] [stdout]   16:     0x57dc9fa0f1cc - rust_begin_unwind
[INFO] [stdout]                                at /rustc/202008a1b8de96d2e5b6bc02d379db03a877d34d/library/std/src/panicking.rs:665:5
[INFO] [stdout]   17:     0x57dc9f33d2f0 - core::panicking::panic_fmt::h6792bd1b2bf01041
[INFO] [stdout]                                at /rustc/202008a1b8de96d2e5b6bc02d379db03a877d34d/library/core/src/panicking.rs:76:14
[INFO] [stdout]   18:     0x57dc9f33d755 - core::panicking::assert_failed_inner::hf2c17e6d30928787
[INFO] [stdout]   19:     0x57dc9f36971a - core::panicking::assert_failed::he498e2f34455a430
[INFO] [stdout]                                at /rustc/202008a1b8de96d2e5b6bc02d379db03a877d34d/library/core/src/panicking.rs:373:5
[INFO] [stdout]   20:     0x57dc9f4035de - e2e::main::{{closure}}::hc14b8f5f098402db
[INFO] [stdout]                                at /opt/rustwide/workdir/tests/e2e.rs:151:5
[INFO] [stdout]   21:     0x57dc9f3da302 - <core::pin::Pin<P> as core::future::future::Future>::poll::hfb60c9a4940840e5
[INFO] [stdout]                                at /rustc/202008a1b8de96d2e5b6bc02d379db03a877d34d/library/core/src/future/future.rs:124:9
[INFO] [stdout]   22:     0x57dc9f3d9f1d - <core::pin::Pin<P> as core::future::future::Future>::poll::h89f7e739a2f4b54d
[INFO] [stdout]                                at /rustc/202008a1b8de96d2e5b6bc02d379db03a877d34d/library/core/src/future/future.rs:124:9
[INFO] [stdout]   23:     0x57dc9f3d994f - tokio::runtime::scheduler::current_thread::CoreGuard::block_on::{{closure}}::{{closure}}::{{closure}}::h4e6b7a5a1395b072
[INFO] [stdout]                                at /opt/rustwide/cargo-home/registry/src/index.crates.io-6f17d22bba15001f/tokio-1.42.0/src/runtime/scheduler/current_thread/mod.rs:729:57
[INFO] [stdout]   24:     0x57dc9f3d96d5 - tokio::runtime::coop::with_budget::hdeed17e67fb2c5b9
[INFO] [stdout]                                at /opt/rustwide/cargo-home/registry/src/index.crates.io-6f17d22bba15001f/tokio-1.42.0/src/runtime/coop.rs:107:5
[INFO] [stdout]   25:     0x57dc9f3d96d5 - tokio::runtime::coop::budget::h39a75f4e96087311
[INFO] [stdout]                                at /opt/rustwide/cargo-home/registry/src/index.crates.io-6f17d22bba15001f/tokio-1.42.0/src/runtime/coop.rs:73:5
[INFO] [stdout]   26:     0x57dc9f3d96d5 - tokio::runtime::scheduler::current_thread::CoreGuard::block_on::{{closure}}::{{closure}}::h88a05045c7a3f4d3
[INFO] [stdout]                                at /opt/rustwide/cargo-home/registry/src/index.crates.io-6f17d22bba15001f/tokio-1.42.0/src/runtime/scheduler/current_thread/mod.rs:729:25
[INFO] [stdout]   27:     0x57dc9f3d71a0 - tokio::runtime::scheduler::current_thread::Context::enter::hc69e9a38f37b5875
[INFO] [stdout]                                at /opt/rustwide/cargo-home/registry/src/index.crates.io-6f17d22bba15001f/tokio-1.42.0/src/runtime/scheduler/current_thread/mod.rs:428:19
[INFO] [stdout]   28:     0x57dc9f3d8f3e - tokio::runtime::scheduler::current_thread::CoreGuard::block_on::{{closure}}::ha2632e6b4c117d2b
[INFO] [stdout]                                at /opt/rustwide/cargo-home/registry/src/index.crates.io-6f17d22bba15001f/tokio-1.42.0/src/runtime/scheduler/current_thread/mod.rs:728:36
[INFO] [stdout]   29:     0x57dc9f3d83b4 - tokio::runtime::scheduler::current_thread::CoreGuard::enter::{{closure}}::ha77907c13179c5f8
[INFO] [stdout]                                at /opt/rustwide/cargo-home/registry/src/index.crates.io-6f17d22bba15001f/tokio-1.42.0/src/runtime/scheduler/current_thread/mod.rs:807:68
[INFO] [stdout]   30:     0x57dc9f39347b - tokio::runtime::context::scoped::Scoped<T>::set::h208a49760f6897f3
[INFO] [stdout]                                at /opt/rustwide/cargo-home/registry/src/index.crates.io-6f17d22bba15001f/tokio-1.42.0/src/runtime/context/scoped.rs:40:9
[INFO] [stdout]   31:     0x57dc9f40f5b9 - tokio::runtime::context::set_scheduler::{{closure}}::h9a534b412a1d91e0
[INFO] [stdout]                                at /opt/rustwide/cargo-home/registry/src/index.crates.io-6f17d22bba15001f/tokio-1.42.0/src/runtime/context.rs:180:26
[INFO] [stdout]   32:     0x57dc9f3769bd - std::thread::local::LocalKey<T>::try_with::h147b907598424ef2
[INFO] [stdout]                                at /rustc/202008a1b8de96d2e5b6bc02d379db03a877d34d/library/std/src/thread/local.rs:283:12
[INFO] [stdout]   33:     0x57dc9f3766ea - std::thread::local::LocalKey<T>::with::h9203491d1226b52d
[INFO] [stdout]                                at /rustc/202008a1b8de96d2e5b6bc02d379db03a877d34d/library/std/src/thread/local.rs:260:9
[INFO] [stdout]   34:     0x57dc9f40f52d - tokio::runtime::context::set_scheduler::ha64192b580e29101
[INFO] [stdout]                                at /opt/rustwide/cargo-home/registry/src/index.crates.io-6f17d22bba15001f/tokio-1.42.0/src/runtime/context.rs:180:9
[INFO] [stdout]   35:     0x57dc9f3d7d20 - tokio::runtime::scheduler::current_thread::CoreGuard::enter::h4e020c19c80627b9
[INFO] [stdout]                                at /opt/rustwide/cargo-home/registry/src/index.crates.io-6f17d22bba15001f/tokio-1.42.0/src/runtime/scheduler/current_thread/mod.rs:807:27
[INFO] [stdout]   36:     0x57dc9f3d83d3 - tokio::runtime::scheduler::current_thread::CoreGuard::block_on::h1e527e265c1f3e9b
[INFO] [stdout]                                at /opt/rustwide/cargo-home/registry/src/index.crates.io-6f17d22bba15001f/tokio-1.42.0/src/runtime/scheduler/current_thread/mod.rs:716:19
[INFO] [stdout]   37:     0x57dc9f3d54cf - tokio::runtime::scheduler::current_thread::CurrentThread::block_on::{{closure}}::h87b4b496d3750f05
[INFO] [stdout]                                at /opt/rustwide/cargo-home/registry/src/index.crates.io-6f17d22bba15001f/tokio-1.42.0/src/runtime/scheduler/current_thread/mod.rs:196:28
[INFO] [stdout]   38:     0x57dc9f3d3f36 - tokio::runtime::context::runtime::enter_runtime::h09e570dc2522a95c
[INFO] [stdout]                                at /opt/rustwide/cargo-home/registry/src/index.crates.io-6f17d22bba15001f/tokio-1.42.0/src/runtime/context/runtime.rs:65:16
[INFO] [stdout]   39:     0x57dc9f3d4dc1 - tokio::runtime::scheduler::current_thread::CurrentThread::block_on::h2775d39130d54039
[INFO] [stdout]                                at /opt/rustwide/cargo-home/registry/src/index.crates.io-6f17d22bba15001f/tokio-1.42.0/src/runtime/scheduler/current_thread/mod.rs:184:9
[INFO] [stdout]   40:     0x57dc9f38db83 - tokio::runtime::runtime::Runtime::block_on_inner::h3b78c68288f51092
[INFO] [stdout]                                at /opt/rustwide/cargo-home/registry/src/index.crates.io-6f17d22bba15001f/tokio-1.42.0/src/runtime/runtime.rs:368:47
[INFO] [stdout]   41:     0x57dc9f38de87 - tokio::runtime::runtime::Runtime::block_on::hdef259f8639cfb4d
[INFO] [stdout]                                at /opt/rustwide/cargo-home/registry/src/index.crates.io-6f17d22bba15001f/tokio-1.42.0/src/runtime/runtime.rs:342:13
[INFO] [stdout]   42:     0x57dc9f401611 - e2e::main::hd5851feac393a7d0
[INFO] [stdout]                                at /opt/rustwide/workdir/tests/e2e.rs:242:5
[INFO] [stdout]   43:     0x57dc9f4014b7 - e2e::main::{{closure}}::h9b600e3132586eca
[INFO] [stdout]                                at /opt/rustwide/workdir/tests/e2e.rs:102:16
[INFO] [stdout]   44:     0x57dc9f349bf6 - core::ops::function::FnOnce::call_once::hdbffd93a2ac68f3b
[INFO] [stdout]                                at /rustc/202008a1b8de96d2e5b6bc02d379db03a877d34d/library/core/src/ops/function.rs:250:5
[INFO] [stdout]   45:     0x57dc9f4bdecb - core::ops::function::FnOnce::call_once::h871bf86719ec9aa4
[INFO] [stdout]                                at /rustc/202008a1b8de96d2e5b6bc02d379db03a877d34d/library/core/src/ops/function.rs:250:5
[INFO] [stdout]   46:     0x57dc9f4bdecb - test::__rust_begin_short_backtrace::h2167df1e2b7d76fd
[INFO] [stdout]                                at /rustc/202008a1b8de96d2e5b6bc02d379db03a877d34d/library/test/src/lib.rs:632:18
[INFO] [stdout]   47:     0x57dc9f4bd8b8 - test::run_test_in_process::{{closure}}::h15d92f75a3adfb79
[INFO] [stdout]                                at /rustc/202008a1b8de96d2e5b6bc02d379db03a877d34d/library/test/src/lib.rs:655:60
[INFO] [stdout]   48:     0x57dc9f4bd8b8 - <core::panic::unwind_safe::AssertUnwindSafe<F> as core::ops::function::FnOnce<()>>::call_once::hb6c8955835a8dbbb
[INFO] [stdout]                                at /rustc/202008a1b8de96d2e5b6bc02d379db03a877d34d/library/core/src/panic/unwind_safe.rs:272:9
[INFO] [stdout]   49:     0x57dc9f4bd8b8 - std::panicking::try::do_call::hc79d0fc888a0bd30
[INFO] [stdout]                                at /rustc/202008a1b8de96d2e5b6bc02d379db03a877d34d/library/std/src/panicking.rs:557:40
[INFO] [stdout]   50:     0x57dc9f4bd8b8 - std::panicking::try::hb8a7878e3a8589d6
[INFO] [stdout]                                at /rustc/202008a1b8de96d2e5b6bc02d379db03a877d34d/library/std/src/panicking.rs:520:19
[INFO] [stdout]   51:     0x57dc9f4bd8b8 - std::panic::catch_unwind::hb8e4600ff0ff5cfa
[INFO] [stdout]                                at /rustc/202008a1b8de96d2e5b6bc02d379db03a877d34d/library/std/src/panic.rs:358:14
[INFO] [stdout]   52:     0x57dc9f4bd8b8 - test::run_test_in_process::hc2900b0b18688dd6
[INFO] [stdout]                                at /rustc/202008a1b8de96d2e5b6bc02d379db03a877d34d/library/test/src/lib.rs:655:27
[INFO] [stdout]   53:     0x57dc9f4bd8b8 - test::run_test::{{closure}}::hac2a9cb07be3d48d
[INFO] [stdout]                                at /rustc/202008a1b8de96d2e5b6bc02d379db03a877d34d/library/test/src/lib.rs:576:43
[INFO] [stdout]   54:     0x57dc9f48135a - test::run_test::{{closure}}::h4a5b729e66a38cd8
[INFO] [stdout]                                at /rustc/202008a1b8de96d2e5b6bc02d379db03a877d34d/library/test/src/lib.rs:606:41
[INFO] [stdout]   55:     0x57dc9f48135a - std::sys::backtrace::__rust_begin_short_backtrace::h0496fb742492f573
[INFO] [stdout]                                at /rustc/202008a1b8de96d2e5b6bc02d379db03a877d34d/library/std/src/sys/backtrace.rs:154:18
[INFO] [stdout]   56:     0x57dc9f484cd4 - std::thread::Builder::spawn_unchecked_::{{closure}}::{{closure}}::hbb6d257c550a54bd
[INFO] [stdout]                                at /rustc/202008a1b8de96d2e5b6bc02d379db03a877d34d/library/std/src/thread/mod.rs:561:17
[INFO] [stdout]   57:     0x57dc9f484cd4 - <core::panic::unwind_safe::AssertUnwindSafe<F> as core::ops::function::FnOnce<()>>::call_once::h46696fe4a6832328
[INFO] [stdout]                                at /rustc/202008a1b8de96d2e5b6bc02d379db03a877d34d/library/core/src/panic/unwind_safe.rs:272:9
[INFO] [stdout]   58:     0x57dc9f484cd4 - std::panicking::try::do_call::h2625a51b667bfb64
[INFO] [stdout]                                at /rustc/202008a1b8de96d2e5b6bc02d379db03a877d34d/library/std/src/panicking.rs:557:40
[INFO] [stdout]   59:     0x57dc9f484cd4 - std::panicking::try::hb956a59a1973aa4c
[INFO] [stdout]                                at /rustc/202008a1b8de96d2e5b6bc02d379db03a877d34d/library/std/src/panicking.rs:520:19
[INFO] [stdout]   60:     0x57dc9f484cd4 - std::panic::catch_unwind::h64f3b9d1067ef6a0
[INFO] [stdout]                                at /rustc/202008a1b8de96d2e5b6bc02d379db03a877d34d/library/std/src/panic.rs:358:14
[INFO] [stdout]   61:     0x57dc9f484cd4 - std::thread::Builder::spawn_unchecked_::{{closure}}::h42b2841295b6c0b2
[INFO] [stdout]                                at /rustc/202008a1b8de96d2e5b6bc02d379db03a877d34d/library/std/src/thread/mod.rs:559:30
[INFO] [stdout]   62:     0x57dc9f484cd4 - core::ops::function::FnOnce::call_once{{vtable.shim}}::h6127de71b8124639
[INFO] [stdout]                                at /rustc/202008a1b8de96d2e5b6bc02d379db03a877d34d/library/core/src/ops/function.rs:250:5
[INFO] [stdout]   63:     0x57dc9fa1381b - <alloc::boxed::Box<F,A> as core::ops::function::FnOnce<Args>>::call_once::h42f0ba71002a1b2c
[INFO] [stdout]                                at /rustc/202008a1b8de96d2e5b6bc02d379db03a877d34d/library/alloc/src/boxed.rs:1972:9
[INFO] [stdout]   64:     0x57dc9fa1381b - <alloc::boxed::Box<F,A> as core::ops::function::FnOnce<Args>>::call_once::had9e47d7a3dcecb8
[INFO] [stdout]                                at /rustc/202008a1b8de96d2e5b6bc02d379db03a877d34d/library/alloc/src/boxed.rs:1972:9
[INFO] [stdout]   65:     0x57dc9fa1381b - std::sys::pal::unix::thread::Thread::new::thread_start::h48cf765408f6f5f2
[INFO] [stdout]                                at /rustc/202008a1b8de96d2e5b6bc02d379db03a877d34d/library/std/src/sys/pal/unix/thread.rs:105:17
[INFO] [stdout]   66:     0x75b8b076eac3 - <unknown>
[INFO] [stdout]   67:     0x75b8b07ffa04 - clone
[INFO] [stdout]   68:                0x0 - <unknown>
[INFO] [stdout] 
[INFO] [stdout] 
[INFO] [stdout] failures:
[INFO] [stdout]     main
[INFO] [stdout] 
[INFO] [stdout] test result: FAILED. 0 passed; 1 failed; 0 ignored; 0 measured; 0 filtered out; finished in 0.07s
[INFO] [stdout] 
[INFO] [stderr] error: test failed, to rerun pass `--test e2e`
[INFO] running `Command { std: "docker" "inspect" "38f64a44ec9dc27c6bf5d8317b665029f6f61c1a945d36a6ffdc443abf9890c2", kill_on_drop: false }`
[INFO] running `Command { std: "docker" "rm" "-f" "38f64a44ec9dc27c6bf5d8317b665029f6f61c1a945d36a6ffdc443abf9890c2", kill_on_drop: false }`
[INFO] [stdout] 38f64a44ec9dc27c6bf5d8317b665029f6f61c1a945d36a6ffdc443abf9890c2
