[INFO] cloning repository https://github.com/willhansen/levels-of-relativity
[INFO] running `Command { std: "git" "-c" "credential.helper=" "-c" "credential.helper=/workspace/cargo-home/bin/git-credential-null" "clone" "--bare" "https://github.com/willhansen/levels-of-relativity" "/workspace/cache/git-repos/https%3A%2F%2Fgithub.com%2Fwillhansen%2Flevels-of-relativity", kill_on_drop: false }`
[INFO] [stderr] Cloning into bare repository '/workspace/cache/git-repos/https%3A%2F%2Fgithub.com%2Fwillhansen%2Flevels-of-relativity'...
[INFO] running `Command { std: "git" "rev-parse" "HEAD", kill_on_drop: false }`
[INFO] [stdout] 753f2fbb0c1307f5924299d5e95cacbdb90d8c34
[INFO] testing willhansen/levels-of-relativity against beta-2024-12-08 for beta-1.84.0-4-retry
[INFO] running `Command { std: "git" "clone" "/workspace/cache/git-repos/https%3A%2F%2Fgithub.com%2Fwillhansen%2Flevels-of-relativity" "/workspace/builds/worker-0-tc2/source", kill_on_drop: false }`
[INFO] [stderr] Cloning into '/workspace/builds/worker-0-tc2/source'...
[INFO] [stderr] done.
[INFO] validating manifest of git repo https://github.com/willhansen/levels-of-relativity on toolchain beta-2024-12-08
[INFO] running `Command { std: CARGO_HOME="/workspace/cargo-home" RUSTUP_HOME="/workspace/rustup-home" "/workspace/cargo-home/bin/cargo" "+beta-2024-12-08" "metadata" "--manifest-path" "Cargo.toml" "--no-deps", kill_on_drop: false }`
[INFO] started tweaking git repo https://github.com/willhansen/levels-of-relativity
[INFO] finished tweaking git repo https://github.com/willhansen/levels-of-relativity
[INFO] tweaked toml for git repo https://github.com/willhansen/levels-of-relativity written to /workspace/builds/worker-0-tc2/source/Cargo.toml
[INFO] crate git repo https://github.com/willhansen/levels-of-relativity already has a lockfile, it will not be regenerated
[INFO] running `Command { std: CARGO_HOME="/workspace/cargo-home" RUSTUP_HOME="/workspace/rustup-home" "/workspace/cargo-home/bin/cargo" "+beta-2024-12-08" "fetch" "--manifest-path" "Cargo.toml", kill_on_drop: false }`
[INFO] [stderr] warning: unused manifest key: package.author
[INFO] running `Command { std: "docker" "create" "-v" "/var/lib/crater-agent-workspace/builds/worker-0-tc2/target:/opt/rustwide/target:rw,Z" "-v" "/var/lib/crater-agent-workspace/builds/worker-0-tc2/source:/opt/rustwide/workdir:ro,Z" "-v" "/var/lib/crater-agent-workspace/cargo-home:/opt/rustwide/cargo-home:ro,Z" "-v" "/var/lib/crater-agent-workspace/rustup-home:/opt/rustwide/rustup-home:ro,Z" "-e" "SOURCE_DIR=/opt/rustwide/workdir" "-e" "CARGO_TARGET_DIR=/opt/rustwide/target" "-e" "CARGO_HOME=/opt/rustwide/cargo-home" "-e" "RUSTUP_HOME=/opt/rustwide/rustup-home" "-w" "/opt/rustwide/workdir" "-m" "1610612736" "--user" "0:0" "--network" "none" "ghcr.io/rust-lang/crates-build-env/linux@sha256:f3a9d4ad9d972b27faf3965f35b62e55ba32bbce8f20bc8fe909558a86702fde" "/opt/rustwide/cargo-home/bin/cargo" "+beta-2024-12-08" "metadata" "--no-deps" "--format-version=1", kill_on_drop: false }`
[INFO] [stdout] 58ccb43194dec828781d3082b904200b09652215c0002253bb44ab9a96b06cd1
[INFO] running `Command { std: "docker" "start" "-a" "58ccb43194dec828781d3082b904200b09652215c0002253bb44ab9a96b06cd1", kill_on_drop: false }`
[INFO] running `Command { std: "docker" "inspect" "58ccb43194dec828781d3082b904200b09652215c0002253bb44ab9a96b06cd1", kill_on_drop: false }`
[INFO] running `Command { std: "docker" "rm" "-f" "58ccb43194dec828781d3082b904200b09652215c0002253bb44ab9a96b06cd1", kill_on_drop: false }`
[INFO] [stdout] 58ccb43194dec828781d3082b904200b09652215c0002253bb44ab9a96b06cd1
[INFO] running `Command { std: "docker" "create" "-v" "/var/lib/crater-agent-workspace/builds/worker-0-tc2/target:/opt/rustwide/target:rw,Z" "-v" "/var/lib/crater-agent-workspace/builds/worker-0-tc2/source:/opt/rustwide/workdir:ro,Z" "-v" "/var/lib/crater-agent-workspace/cargo-home:/opt/rustwide/cargo-home:ro,Z" "-v" "/var/lib/crater-agent-workspace/rustup-home:/opt/rustwide/rustup-home:ro,Z" "-e" "SOURCE_DIR=/opt/rustwide/workdir" "-e" "CARGO_TARGET_DIR=/opt/rustwide/target" "-e" "CARGO_INCREMENTAL=0" "-e" "RUST_BACKTRACE=full" "-e" "RUSTFLAGS=--cap-lints=warn" "-e" "RUSTDOCFLAGS=--cap-lints=warn" "-e" "CARGO_HOME=/opt/rustwide/cargo-home" "-e" "RUSTUP_HOME=/opt/rustwide/rustup-home" "-w" "/opt/rustwide/workdir" "-m" "1610612736" "--user" "0:0" "--network" "none" "ghcr.io/rust-lang/crates-build-env/linux@sha256:f3a9d4ad9d972b27faf3965f35b62e55ba32bbce8f20bc8fe909558a86702fde" "/opt/rustwide/cargo-home/bin/cargo" "+beta-2024-12-08" "build" "--frozen" "--message-format=json", kill_on_drop: false }`
[INFO] [stdout] cecf46a8edb6df48ad14fcd892d7428d7ac3904d5415fa6af6187cc4d42655ad
[INFO] running `Command { std: "docker" "start" "-a" "cecf46a8edb6df48ad14fcd892d7428d7ac3904d5415fa6af6187cc4d42655ad", kill_on_drop: false }`
[INFO] [stderr] warning: unused manifest key: package.author
[INFO] [stderr]    Compiling autocfg v1.4.0
[INFO] [stderr]    Compiling serde v1.0.215
[INFO] [stderr]    Compiling proc-macro2 v1.0.92
[INFO] [stderr]    Compiling unicode-ident v1.0.14
[INFO] [stderr]    Compiling equivalent v1.0.1
[INFO] [stderr]    Compiling hashbrown v0.15.2
[INFO] [stderr]    Compiling serde_json v1.0.133
[INFO] [stderr]    Compiling winnow v0.6.20
[INFO] [stderr]    Compiling target-triple v0.1.3
[INFO] [stderr]    Compiling ryu v1.0.18
[INFO] [stderr]    Compiling memchr v2.7.4
[INFO] [stderr]    Compiling typenum v1.17.0
[INFO] [stderr]    Compiling itoa v1.0.14
[INFO] [stderr]    Compiling termcolor v1.4.1
[INFO] [stderr]    Compiling convert_case v0.4.0
[INFO] [stderr]    Compiling glob v0.3.1
[INFO] [stderr]    Compiling num-traits v0.2.19
[INFO] [stderr]    Compiling indexmap v2.7.0
[INFO] [stderr]    Compiling quote v1.0.37
[INFO] [stderr]    Compiling syn v2.0.90
[INFO] [stderr]    Compiling num-integer v0.1.46
[INFO] [stderr]    Compiling num-complex v0.4.6
[INFO] [stderr]    Compiling num-bigint v0.4.6
[INFO] [stderr]    Compiling num-iter v0.1.45
[INFO] [stderr]    Compiling toml_datetime v0.6.8
[INFO] [stderr]    Compiling serde_spanned v0.6.8
[INFO] [stderr]    Compiling toml_edit v0.22.22
[INFO] [stderr]    Compiling num-rational v0.4.2
[INFO] [stderr]    Compiling serde_derive v1.0.215
[INFO] [stderr]    Compiling derive_more v0.99.18
[INFO] [stderr]    Compiling num v0.4.3
[INFO] [stderr]    Compiling toml v0.8.19
[INFO] [stderr]    Compiling trybuild v1.0.101
[INFO] [stderr]    Compiling ladder_types v0.0.0 (/opt/rustwide/workdir)
[INFO] [stdout] warning: unused imports: `R0`, `R1`, `R2`, `R3`, and `R4`
[INFO] [stdout]  --> src/numbers_on_ladders.rs:1:38
[INFO] [stdout]   |
[INFO] [stdout] 1 | use crate::kiss_ladder::{LadderRung, R0, R1, R2, R3, R4};
[INFO] [stdout]   |                                      ^^  ^^  ^^  ^^  ^^
[INFO] [stdout]   |
[INFO] [stdout]   = note: `#[warn(unused_imports)]` on by default
[INFO] [stdout] 
[INFO] [stdout] 
[INFO] [stdout] warning: unused import: `derive_more`
[INFO] [stdout]  --> src/numbers_on_ladders.rs:2:5
[INFO] [stdout]   |
[INFO] [stdout] 2 | use derive_more;
[INFO] [stdout]   |     ^^^^^^^^^^^
[INFO] [stdout] 
[INFO] [stdout] 
[INFO] [stdout] warning: unused import: `num`
[INFO] [stdout]  --> src/numbers_on_ladders.rs:3:5
[INFO] [stdout]   |
[INFO] [stdout] 3 | use num;
[INFO] [stdout]   |     ^^^
[INFO] [stdout] 
[INFO] [stdout] 
[INFO] [stderr]     Finished `dev` profile [unoptimized + debuginfo] target(s) in 25.25s
[INFO] running `Command { std: "docker" "inspect" "cecf46a8edb6df48ad14fcd892d7428d7ac3904d5415fa6af6187cc4d42655ad", kill_on_drop: false }`
[INFO] running `Command { std: "docker" "rm" "-f" "cecf46a8edb6df48ad14fcd892d7428d7ac3904d5415fa6af6187cc4d42655ad", kill_on_drop: false }`
[INFO] [stdout] cecf46a8edb6df48ad14fcd892d7428d7ac3904d5415fa6af6187cc4d42655ad
[INFO] running `Command { std: "docker" "create" "-v" "/var/lib/crater-agent-workspace/builds/worker-0-tc2/target:/opt/rustwide/target:rw,Z" "-v" "/var/lib/crater-agent-workspace/builds/worker-0-tc2/source:/opt/rustwide/workdir:ro,Z" "-v" "/var/lib/crater-agent-workspace/cargo-home:/opt/rustwide/cargo-home:ro,Z" "-v" "/var/lib/crater-agent-workspace/rustup-home:/opt/rustwide/rustup-home:ro,Z" "-e" "SOURCE_DIR=/opt/rustwide/workdir" "-e" "CARGO_TARGET_DIR=/opt/rustwide/target" "-e" "CARGO_INCREMENTAL=0" "-e" "RUST_BACKTRACE=full" "-e" "RUSTFLAGS=--cap-lints=warn" "-e" "RUSTDOCFLAGS=--cap-lints=warn" "-e" "CARGO_HOME=/opt/rustwide/cargo-home" "-e" "RUSTUP_HOME=/opt/rustwide/rustup-home" "-w" "/opt/rustwide/workdir" "-m" "1610612736" "--user" "0:0" "--network" "none" "ghcr.io/rust-lang/crates-build-env/linux@sha256:f3a9d4ad9d972b27faf3965f35b62e55ba32bbce8f20bc8fe909558a86702fde" "/opt/rustwide/cargo-home/bin/cargo" "+beta-2024-12-08" "test" "--frozen" "--no-run" "--message-format=json", kill_on_drop: false }`
[INFO] [stdout] 0fd2b4b8f1fff1352a5558d93a74c65afbb0d78a2b2bc56d3f74d43f76d9ce1e
[INFO] running `Command { std: "docker" "start" "-a" "0fd2b4b8f1fff1352a5558d93a74c65afbb0d78a2b2bc56d3f74d43f76d9ce1e", kill_on_drop: false }`
[INFO] [stderr] warning: unused manifest key: package.author
[INFO] [stderr]    Compiling ladder_types v0.0.0 (/opt/rustwide/workdir)
[INFO] [stdout] warning: unused imports: `R0`, `R1`, `R2`, `R3`, and `R4`
[INFO] [stdout]  --> src/numbers_on_ladders.rs:1:38
[INFO] [stdout]   |
[INFO] [stdout] 1 | use crate::kiss_ladder::{LadderRung, R0, R1, R2, R3, R4};
[INFO] [stdout]   |                                      ^^  ^^  ^^  ^^  ^^
[INFO] [stdout]   |
[INFO] [stdout]   = note: `#[warn(unused_imports)]` on by default
[INFO] [stdout] 
[INFO] [stdout] 
[INFO] [stdout] warning: unused import: `derive_more`
[INFO] [stdout]  --> src/numbers_on_ladders.rs:2:5
[INFO] [stdout]   |
[INFO] [stdout] 2 | use derive_more;
[INFO] [stdout]   |     ^^^^^^^^^^^
[INFO] [stdout] 
[INFO] [stdout] 
[INFO] [stdout] warning: unused import: `num`
[INFO] [stdout]  --> src/numbers_on_ladders.rs:3:5
[INFO] [stdout]   |
[INFO] [stdout] 3 | use num;
[INFO] [stdout]   |     ^^^
[INFO] [stdout] 
[INFO] [stdout] 
[INFO] [stdout] warning: unused imports: `R3` and `R4`
[INFO] [stdout]  --> src/numbers_on_ladders.rs:1:50
[INFO] [stdout]   |
[INFO] [stdout] 1 | use crate::kiss_ladder::{LadderRung, R0, R1, R2, R3, R4};
[INFO] [stdout]   |                                                  ^^  ^^
[INFO] [stdout]   |
[INFO] [stdout]   = note: `#[warn(unused_imports)]` on by default
[INFO] [stdout] 
[INFO] [stdout] 
[INFO] [stdout] warning: unused import: `derive_more`
[INFO] [stdout]  --> src/numbers_on_ladders.rs:2:5
[INFO] [stdout]   |
[INFO] [stdout] 2 | use derive_more;
[INFO] [stdout]   |     ^^^^^^^^^^^
[INFO] [stdout] 
[INFO] [stdout] 
[INFO] [stdout] warning: unused import: `num`
[INFO] [stdout]  --> src/numbers_on_ladders.rs:3:5
[INFO] [stdout]   |
[INFO] [stdout] 3 | use num;
[INFO] [stdout]   |     ^^^
[INFO] [stdout] 
[INFO] [stdout] 
[INFO] [stderr]     Finished `test` profile [unoptimized + debuginfo] target(s) in 1.55s
[INFO] running `Command { std: "docker" "inspect" "0fd2b4b8f1fff1352a5558d93a74c65afbb0d78a2b2bc56d3f74d43f76d9ce1e", kill_on_drop: false }`
[INFO] running `Command { std: "docker" "rm" "-f" "0fd2b4b8f1fff1352a5558d93a74c65afbb0d78a2b2bc56d3f74d43f76d9ce1e", kill_on_drop: false }`
[INFO] [stdout] 0fd2b4b8f1fff1352a5558d93a74c65afbb0d78a2b2bc56d3f74d43f76d9ce1e
[INFO] running `Command { std: "docker" "create" "-v" "/var/lib/crater-agent-workspace/builds/worker-0-tc2/target:/opt/rustwide/target:rw,Z" "-v" "/var/lib/crater-agent-workspace/builds/worker-0-tc2/source:/opt/rustwide/workdir:ro,Z" "-v" "/var/lib/crater-agent-workspace/cargo-home:/opt/rustwide/cargo-home:ro,Z" "-v" "/var/lib/crater-agent-workspace/rustup-home:/opt/rustwide/rustup-home:ro,Z" "-e" "SOURCE_DIR=/opt/rustwide/workdir" "-e" "CARGO_TARGET_DIR=/opt/rustwide/target" "-e" "CARGO_INCREMENTAL=0" "-e" "RUST_BACKTRACE=full" "-e" "RUSTFLAGS=--cap-lints=warn" "-e" "RUSTDOCFLAGS=--cap-lints=warn" "-e" "CARGO_HOME=/opt/rustwide/cargo-home" "-e" "RUSTUP_HOME=/opt/rustwide/rustup-home" "-w" "/opt/rustwide/workdir" "-m" "1610612736" "--user" "0:0" "--network" "none" "ghcr.io/rust-lang/crates-build-env/linux@sha256:f3a9d4ad9d972b27faf3965f35b62e55ba32bbce8f20bc8fe909558a86702fde" "/opt/rustwide/cargo-home/bin/cargo" "+beta-2024-12-08" "test" "--frozen", kill_on_drop: false }`
[INFO] [stdout] 608650d7d1f135176ff49412ada9331933641631bb2e348f1397a69fc81b08c4
[INFO] running `Command { std: "docker" "start" "-a" "608650d7d1f135176ff49412ada9331933641631bb2e348f1397a69fc81b08c4", kill_on_drop: false }`
[INFO] [stderr] warning: unused manifest key: package.author
[INFO] [stderr] warning: unused imports: `R0`, `R1`, `R2`, `R3`, and `R4`
[INFO] [stderr]  --> src/numbers_on_ladders.rs:1:38
[INFO] [stderr]   |
[INFO] [stderr] 1 | use crate::kiss_ladder::{LadderRung, R0, R1, R2, R3, R4};
[INFO] [stderr]   |                                      ^^  ^^  ^^  ^^  ^^
[INFO] [stderr]   |
[INFO] [stderr]   = note: `#[warn(unused_imports)]` on by default
[INFO] [stderr] 
[INFO] [stderr] warning: unused import: `derive_more`
[INFO] [stderr]  --> src/numbers_on_ladders.rs:2:5
[INFO] [stderr]   |
[INFO] [stderr] 2 | use derive_more;
[INFO] [stderr]   |     ^^^^^^^^^^^
[INFO] [stderr] 
[INFO] [stderr] warning: unused import: `num`
[INFO] [stderr]  --> src/numbers_on_ladders.rs:3:5
[INFO] [stderr]   |
[INFO] [stderr] 3 | use num;
[INFO] [stderr]   |     ^^^
[INFO] [stderr] 
[INFO] [stderr] warning: unused imports: `R3` and `R4`
[INFO] [stderr]  --> src/numbers_on_ladders.rs:1:50
[INFO] [stderr]   |
[INFO] [stderr] 1 | use crate::kiss_ladder::{LadderRung, R0, R1, R2, R3, R4};
[INFO] [stderr]   |                                                  ^^  ^^
[INFO] [stderr]   |
[INFO] [stderr]   = note: `#[warn(unused_imports)]` on by default
[INFO] [stderr] 
[INFO] [stderr] warning: `ladder_types` (lib) generated 3 warnings (run `cargo fix --lib -p ladder_types` to apply 3 suggestions)
[INFO] [stderr] warning: `ladder_types` (lib test) generated 3 warnings (2 duplicates) (run `cargo fix --lib -p ladder_types --tests` to apply 1 suggestion)
[INFO] [stderr]     Finished `test` profile [unoptimized + debuginfo] target(s) in 0.05s
[INFO] [stderr]      Running unittests src/lib.rs (/opt/rustwide/target/debug/deps/ladder_types-190bddbf8c1a5f95)
[INFO] [stdout] 
[INFO] [stdout] running 11 tests
[INFO] [stdout] test numbers_on_ladders::test::test_add ... ok
[INFO] [stdout] test kiss_ladder::test::test_sub ... ok
[INFO] [stdout] test numbers_on_ladders::test::test_mul_and_div_and_div_and_div_and_div_and_div_and_div_and_div_and_div_and_div ... ok
[INFO] [stdout] test numbers_on_ladders::test::test_multistage2 ... ok
[INFO] [stdout] test numbers_on_ladders::test::test_multistage ... ok
[INFO] [stdout] test numbers_on_ladders::test::test_sub ... ok
[INFO] [stdout] test typenum_ladder::test::test_add ... ok
[INFO] [stdout] test typenum_ladder::test::test_sub ... ok
[INFO] [stdout] test unary_wrapper_ladder::test::test_sub ... ok
[INFO] [stdout] test unary_wrapper_ladder::test::test_add ... ok
[INFO] [stdout] test kiss_ladder::test::test_add ... ok
[INFO] [stdout] 
[INFO] [stdout] test result: ok. 11 passed; 0 failed; 0 ignored; 0 measured; 0 filtered out; finished in 0.00s
[INFO] [stdout] 
[INFO] [stderr]      Running tests/static_ui_tests.rs (/opt/rustwide/target/debug/deps/static_ui_tests-42b59834563a991c)
[INFO] [stdout] 
[INFO] [stdout] running 1 test
[INFO] [stderr] warning: /opt/rustwide/workdir/Cargo.toml: unused manifest key: package.author
[INFO] [stderr]    Compiling autocfg v1.4.0
[INFO] [stderr]    Compiling serde v1.0.215
[INFO] [stderr]    Compiling proc-macro2 v1.0.92
[INFO] [stderr]    Compiling unicode-ident v1.0.14
[INFO] [stderr]    Compiling equivalent v1.0.1
[INFO] [stderr]    Compiling hashbrown v0.15.2
[INFO] [stderr]    Compiling target-triple v0.1.3
[INFO] [stderr]    Compiling winnow v0.6.20
[INFO] [stderr]    Compiling serde_json v1.0.133
[INFO] [stderr]    Compiling ryu v1.0.18
[INFO] [stderr]    Compiling itoa v1.0.14
[INFO] [stderr]    Compiling memchr v2.7.4
[INFO] [stderr]    Compiling typenum v1.17.0
[INFO] [stderr]    Compiling termcolor v1.4.1
[INFO] [stderr]    Compiling glob v0.3.1
[INFO] [stderr]    Compiling convert_case v0.4.0
[INFO] [stderr]    Compiling num-traits v0.2.19
[INFO] [stderr]    Compiling quote v1.0.37
[INFO] [stderr]    Compiling indexmap v2.7.0
[INFO] [stderr]    Compiling syn v2.0.90
[INFO] [stderr]    Compiling num-integer v0.1.46
[INFO] [stderr]    Compiling num-complex v0.4.6
[INFO] [stderr]    Compiling num-bigint v0.4.6
[INFO] [stderr]    Compiling num-iter v0.1.45
[INFO] [stderr]    Compiling num-rational v0.4.2
[INFO] [stderr]    Compiling toml_datetime v0.6.8
[INFO] [stderr]    Compiling serde_spanned v0.6.8
[INFO] [stderr]    Compiling toml_edit v0.22.22
[INFO] [stderr]    Compiling num v0.4.3
[INFO] [stderr]    Compiling serde_derive v1.0.215
[INFO] [stderr]    Compiling derive_more v0.99.18
[INFO] [stderr]    Compiling toml v0.8.19
[INFO] [stderr]    Compiling trybuild v1.0.101
[INFO] [stderr]    Compiling ladder_types v0.0.0 (/opt/rustwide/workdir)
[INFO] [stderr] warning: unused imports: `R0`, `R1`, `R2`, `R3`, and `R4`
[INFO] [stderr]  --> /opt/rustwide/workdir/src/numbers_on_ladders.rs:1:38
[INFO] [stderr]   |
[INFO] [stderr] 1 | use crate::kiss_ladder::{LadderRung, R0, R1, R2, R3, R4};
[INFO] [stderr]   |                                      ^^  ^^  ^^  ^^  ^^
[INFO] [stderr]   |
[INFO] [stderr]   = note: `#[warn(unused_imports)]` on by default
[INFO] [stderr] 
[INFO] [stderr] warning: unused import: `derive_more`
[INFO] [stderr]  --> /opt/rustwide/workdir/src/numbers_on_ladders.rs:2:5
[INFO] [stderr]   |
[INFO] [stderr] 2 | use derive_more;
[INFO] [stderr]   |     ^^^^^^^^^^^
[INFO] [stderr] 
[INFO] [stderr] warning: unused import: `num`
[INFO] [stderr]  --> /opt/rustwide/workdir/src/numbers_on_ladders.rs:3:5
[INFO] [stderr]   |
[INFO] [stderr] 3 | use num;
[INFO] [stderr]   |     ^^^
[INFO] [stderr] 
[INFO] [stderr] warning: `ladder_types` (lib) generated 3 warnings (run `cargo fix --lib -p ladder_types` to apply 3 suggestions)
[INFO] [stderr]    Compiling ladder_types-tests v0.0.0 (/opt/rustwide/target/tests/trybuild/ladder_types)
[INFO] [stderr]     Finished `dev` profile [unoptimized + debuginfo] target(s) in 22.63s
[INFO] [stderr] 
[INFO] [stderr] 
[INFO] [stderr] test tests/ui/generated/should_fail/test__kiss_ladder__R0_minus_R2.rs [should fail to compile] ... ok
[INFO] [stderr] test tests/ui/generated/should_fail/test__kiss_ladder__R0_minus_R3.rs [should fail to compile] ... ok
[INFO] [stderr] test tests/ui/generated/should_fail/test__kiss_ladder__R0_plus_R0.rs [should fail to compile] ... ok
[INFO] [stderr] test tests/ui/generated/should_fail/test__kiss_ladder__R0_plus_R2.rs [should fail to compile] ... ok
[INFO] [stderr] test tests/ui/generated/should_fail/test__kiss_ladder__R0_plus_R3.rs [should fail to compile] ... ok
[INFO] [stderr] test tests/ui/generated/should_fail/test__kiss_ladder__R1_minus_R0.rs [should fail to compile] ... ok
[INFO] [stderr] test tests/ui/generated/should_fail/test__kiss_ladder__R1_minus_R3.rs [should fail to compile] ... ok
[INFO] [stderr] test tests/ui/generated/should_fail/test__kiss_ladder__R1_plus_R0.rs [should fail to compile] ... ok
[INFO] [stderr] test tests/ui/generated/should_fail/test__kiss_ladder__R1_plus_R1.rs [should fail to compile] ... ok
[INFO] [stderr] test tests/ui/generated/should_fail/test__kiss_ladder__R1_plus_R3.rs [should fail to compile] ... ok
[INFO] [stderr] test tests/ui/generated/should_fail/test__kiss_ladder__R2_minus_R0.rs [should fail to compile] ... ok
[INFO] [stderr] test tests/ui/generated/should_fail/test__kiss_ladder__R2_minus_R1.rs [should fail to compile] ... ok
[INFO] [stderr] test tests/ui/generated/should_fail/test__kiss_ladder__R2_plus_R0.rs [should fail to compile] ... ok
[INFO] [stderr] test tests/ui/generated/should_fail/test__kiss_ladder__R2_plus_R1.rs [should fail to compile] ... ok
[INFO] [stderr] test tests/ui/generated/should_fail/test__kiss_ladder__R2_plus_R2.rs [should fail to compile] ... ok
[INFO] [stderr] test tests/ui/generated/should_fail/test__kiss_ladder__R3_minus_R0.rs [should fail to compile] ... ok
[INFO] [stderr] test tests/ui/generated/should_fail/test__kiss_ladder__R3_minus_R1.rs [should fail to compile] ... ok
[INFO] [stderr] test tests/ui/generated/should_fail/test__kiss_ladder__R3_minus_R2.rs [should fail to compile] ... ok
[INFO] [stderr] test tests/ui/generated/should_fail/test__kiss_ladder__R3_plus_R0.rs [should fail to compile] ... ok
[INFO] [stderr] test tests/ui/generated/should_fail/test__kiss_ladder__R3_plus_R1.rs [should fail to compile] ... ok
[INFO] [stderr] test tests/ui/generated/should_fail/test__kiss_ladder__R3_plus_R2.rs [should fail to compile] ... ok
[INFO] [stderr] test tests/ui/generated/should_fail/test__kiss_ladder__R3_plus_R3.rs [should fail to compile] ... ok
[INFO] [stderr] test tests/ui/generated/should_fail/test__typenum_ladder__R0_minus_R2.rs [should fail to compile] ... mismatch
[INFO] [stderr] 
[INFO] [stderr] EXPECTED:
[INFO] [stderr] ┈┈┈┈┈┈┈┈┈┈┈┈┈┈┈┈┈┈┈┈┈┈┈┈┈┈┈┈┈┈┈┈┈┈┈┈┈┈┈┈┈┈┈┈┈┈┈┈┈┈┈┈┈┈┈┈┈┈┈┈
[INFO] [stderr] error[E0277]: the trait bound `typenum::uint::UTerm: SubWithLevelDiff<typenum::uint::UInt<typenum::uint::UInt<typenum::uint::UTerm, typenum::bit::B1>, typenum::bit::B0>>` is not satisfied
[INFO] [stderr]  --> tests/ui/generated/should_fail/test__typenum_ladder__R0_minus_R2.rs:5:22
[INFO] [stderr]   |
[INFO] [stderr] 5 |    let _ = R0::new() - R2::new();
[INFO] [stderr]   |                      ^ the trait `SubWithLevelDiff<typenum::uint::UInt<typenum::uint::UInt<typenum::uint::UTerm, typenum::bit::B1>, typenum::bit::B0>>` is not implemented for `typenum::uint::UTerm`, which is required by `ladder_types::typenum_ladder::LadderRung<typenum::uint::UTerm>: Sub<_>`
[INFO] [stderr]   |
[INFO] [stderr]   = note: required for `ladder_types::typenum_ladder::LadderRung<typenum::uint::UTerm>` to implement `Sub<ladder_types::typenum_ladder::LadderRung<typenum::uint::UInt<typenum::uint::UInt<typenum::uint::UTerm, typenum::bit::B1>, typenum::bit::B0>>>`
[INFO] [stderr] ┈┈┈┈┈┈┈┈┈┈┈┈┈┈┈┈┈┈┈┈┈┈┈┈┈┈┈┈┈┈┈┈┈┈┈┈┈┈┈┈┈┈┈┈┈┈┈┈┈┈┈┈┈┈┈┈┈┈┈┈
[INFO] [stderr] 
[INFO] [stderr] ACTUAL OUTPUT:
[INFO] [stderr] ┈┈┈┈┈┈┈┈┈┈┈┈┈┈┈┈┈┈┈┈┈┈┈┈┈┈┈┈┈┈┈┈┈┈┈┈┈┈┈┈┈┈┈┈┈┈┈┈┈┈┈┈┈┈┈┈┈┈┈┈
[INFO] [stderr] error[E0277]: the trait bound `typenum::uint::UTerm: SubWithLevelDiff<typenum::uint::UInt<typenum::uint::UInt<typenum::uint::UTerm, typenum::bit::B1>, typenum::bit::B0>>` is not satisfied
[INFO] [stderr]  --> tests/ui/generated/should_fail/test__typenum_ladder__R0_minus_R2.rs:5:22
[INFO] [stderr]   |
[INFO] [stderr] 5 |    let _ = R0::new() - R2::new();
[INFO] [stderr]   |                      ^ unsatisfied trait bound
[INFO] [stderr]   |
[INFO] [stderr]   = help: the trait `SubWithLevelDiff<typenum::uint::UInt<typenum::uint::UInt<typenum::uint::UTerm, typenum::bit::B1>, typenum::bit::B0>>` is not implemented for `typenum::uint::UTerm`
[INFO] [stderr]   = note: required for `ladder_types::typenum_ladder::LadderRung<typenum::uint::UTerm>` to implement `Sub<ladder_types::typenum_ladder::LadderRung<typenum::uint::UInt<typenum::uint::UInt<typenum::uint::UTerm, typenum::bit::B1>, typenum::bit::B0>>>`
[INFO] [stderr] ┈┈┈┈┈┈┈┈┈┈┈┈┈┈┈┈┈┈┈┈┈┈┈┈┈┈┈┈┈┈┈┈┈┈┈┈┈┈┈┈┈┈┈┈┈┈┈┈┈┈┈┈┈┈┈┈┈┈┈┈
[INFO] [stderr] note: If the actual output is the correct output you can bless it by rerunning
[INFO] [stderr]       your test with the environment variable TRYBUILD=overwrite
[INFO] [stderr] 
[INFO] [stderr] test tests/ui/generated/should_fail/test__typenum_ladder__R0_minus_R3.rs [should fail to compile] ... mismatch
[INFO] [stderr] 
[INFO] [stderr] EXPECTED:
[INFO] [stderr] ┈┈┈┈┈┈┈┈┈┈┈┈┈┈┈┈┈┈┈┈┈┈┈┈┈┈┈┈┈┈┈┈┈┈┈┈┈┈┈┈┈┈┈┈┈┈┈┈┈┈┈┈┈┈┈┈┈┈┈┈
[INFO] [stderr] error[E0277]: the trait bound `typenum::uint::UTerm: SubWithLevelDiff<typenum::uint::UInt<typenum::uint::UInt<typenum::uint::UTerm, typenum::bit::B1>, typenum::bit::B1>>` is not satisfied
[INFO] [stderr]  --> tests/ui/generated/should_fail/test__typenum_ladder__R0_minus_R3.rs:5:22
[INFO] [stderr]   |
[INFO] [stderr] 5 |    let _ = R0::new() - R3::new();
[INFO] [stderr]   |                      ^ the trait `SubWithLevelDiff<typenum::uint::UInt<typenum::uint::UInt<typenum::uint::UTerm, typenum::bit::B1>, typenum::bit::B1>>` is not implemented for `typenum::uint::UTerm`, which is required by `ladder_types::typenum_ladder::LadderRung<typenum::uint::UTerm>: Sub<_>`
[INFO] [stderr]   |
[INFO] [stderr]   = note: required for `ladder_types::typenum_ladder::LadderRung<typenum::uint::UTerm>` to implement `Sub<ladder_types::typenum_ladder::LadderRung<typenum::uint::UInt<typenum::uint::UInt<typenum::uint::UTerm, typenum::bit::B1>, typenum::bit::B1>>>`
[INFO] [stderr] ┈┈┈┈┈┈┈┈┈┈┈┈┈┈┈┈┈┈┈┈┈┈┈┈┈┈┈┈┈┈┈┈┈┈┈┈┈┈┈┈┈┈┈┈┈┈┈┈┈┈┈┈┈┈┈┈┈┈┈┈
[INFO] [stderr] 
[INFO] [stderr] ACTUAL OUTPUT:
[INFO] [stderr] ┈┈┈┈┈┈┈┈┈┈┈┈┈┈┈┈┈┈┈┈┈┈┈┈┈┈┈┈┈┈┈┈┈┈┈┈┈┈┈┈┈┈┈┈┈┈┈┈┈┈┈┈┈┈┈┈┈┈┈┈
[INFO] [stderr] error[E0277]: the trait bound `typenum::uint::UTerm: SubWithLevelDiff<typenum::uint::UInt<typenum::uint::UInt<typenum::uint::UTerm, typenum::bit::B1>, typenum::bit::B1>>` is not satisfied
[INFO] [stderr]  --> tests/ui/generated/should_fail/test__typenum_ladder__R0_minus_R3.rs:5:22
[INFO] [stderr]   |
[INFO] [stderr] 5 |    let _ = R0::new() - R3::new();
[INFO] [stderr]   |                      ^ unsatisfied trait bound
[INFO] [stderr]   |
[INFO] [stderr]   = help: the trait `SubWithLevelDiff<typenum::uint::UInt<typenum::uint::UInt<typenum::uint::UTerm, typenum::bit::B1>, typenum::bit::B1>>` is not implemented for `typenum::uint::UTerm`
[INFO] [stderr]   = note: required for `ladder_types::typenum_ladder::LadderRung<typenum::uint::UTerm>` to implement `Sub<ladder_types::typenum_ladder::LadderRung<typenum::uint::UInt<typenum::uint::UInt<typenum::uint::UTerm, typenum::bit::B1>, typenum::bit::B1>>>`
[INFO] [stderr] ┈┈┈┈┈┈┈┈┈┈┈┈┈┈┈┈┈┈┈┈┈┈┈┈┈┈┈┈┈┈┈┈┈┈┈┈┈┈┈┈┈┈┈┈┈┈┈┈┈┈┈┈┈┈┈┈┈┈┈┈
[INFO] [stderr] note: If the actual output is the correct output you can bless it by rerunning
[INFO] [stderr]       your test with the environment variable TRYBUILD=overwrite
[INFO] [stderr] 
[INFO] [stderr] test tests/ui/generated/should_fail/test__typenum_ladder__R0_plus_R0.rs [should fail to compile] ... ok
[INFO] [stderr] test tests/ui/generated/should_fail/test__typenum_ladder__R0_plus_R2.rs [should fail to compile] ... ok
[INFO] [stderr] test tests/ui/generated/should_fail/test__typenum_ladder__R0_plus_R3.rs [should fail to compile] ... ok
[INFO] [stderr] test tests/ui/generated/should_fail/test__typenum_ladder__R1_minus_R0.rs [should fail to compile] ... mismatch
[INFO] [stderr] 
[INFO] [stderr] EXPECTED:
[INFO] [stderr] ┈┈┈┈┈┈┈┈┈┈┈┈┈┈┈┈┈┈┈┈┈┈┈┈┈┈┈┈┈┈┈┈┈┈┈┈┈┈┈┈┈┈┈┈┈┈┈┈┈┈┈┈┈┈┈┈┈┈┈┈
[INFO] [stderr] error[E0277]: cannot subtract `typenum::uint::UInt<typenum::uint::UTerm, typenum::bit::B1>` from `typenum::uint::UTerm`
[INFO] [stderr]  --> tests/ui/generated/should_fail/test__typenum_ladder__R1_minus_R0.rs:5:22
[INFO] [stderr]   |
[INFO] [stderr] 5 |    let _ = R1::new() - R0::new();
[INFO] [stderr]   |                      ^ no implementation for `typenum::uint::UTerm - typenum::uint::UInt<typenum::uint::UTerm, typenum::bit::B1>`
[INFO] [stderr]   |
[INFO] [stderr]   = help: the trait `Sub<typenum::uint::UInt<typenum::uint::UTerm, typenum::bit::B1>>` is not implemented for `typenum::uint::UTerm`, which is required by `ladder_types::typenum_ladder::LadderRung<typenum::uint::UInt<typenum::uint::UTerm, typenum::bit::B1>>: Sub<_>`
[INFO] [stderr]   = help: the following other types implement trait `Sub<Rhs>`:
[INFO] [stderr]             `typenum::uint::UTerm` implements `Sub<typenum::bit::B0>`
[INFO] [stderr]             `typenum::uint::UTerm` implements `Sub`
[INFO] [stderr]   = note: required for `ladder_types::typenum_ladder::LadderRung<typenum::uint::UInt<typenum::uint::UTerm, typenum::bit::B1>>` to implement `Sub<ladder_types::typenum_ladder::LadderRung<typenum::uint::UTerm>>`
[INFO] [stderr] ┈┈┈┈┈┈┈┈┈┈┈┈┈┈┈┈┈┈┈┈┈┈┈┈┈┈┈┈┈┈┈┈┈┈┈┈┈┈┈┈┈┈┈┈┈┈┈┈┈┈┈┈┈┈┈┈┈┈┈┈
[INFO] [stderr] 
[INFO] [stderr] ACTUAL OUTPUT:
[INFO] [stderr] ┈┈┈┈┈┈┈┈┈┈┈┈┈┈┈┈┈┈┈┈┈┈┈┈┈┈┈┈┈┈┈┈┈┈┈┈┈┈┈┈┈┈┈┈┈┈┈┈┈┈┈┈┈┈┈┈┈┈┈┈
[INFO] [stderr] error[E0277]: cannot subtract `typenum::uint::UInt<typenum::uint::UTerm, typenum::bit::B1>` from `typenum::uint::UTerm`
[INFO] [stderr]  --> tests/ui/generated/should_fail/test__typenum_ladder__R1_minus_R0.rs:5:22
[INFO] [stderr]   |
[INFO] [stderr] 5 |    let _ = R1::new() - R0::new();
[INFO] [stderr]   |                      ^ no implementation for `typenum::uint::UTerm - typenum::uint::UInt<typenum::uint::UTerm, typenum::bit::B1>`
[INFO] [stderr]   |
[INFO] [stderr]   = help: the trait `Sub<typenum::uint::UInt<typenum::uint::UTerm, typenum::bit::B1>>` is not implemented for `typenum::uint::UTerm`
[INFO] [stderr]   = help: the following other types implement trait `Sub<Rhs>`:
[INFO] [stderr]             `typenum::uint::UTerm` implements `Sub<typenum::bit::B0>`
[INFO] [stderr]             `typenum::uint::UTerm` implements `Sub`
[INFO] [stderr]   = note: required for `ladder_types::typenum_ladder::LadderRung<typenum::uint::UInt<typenum::uint::UTerm, typenum::bit::B1>>` to implement `Sub<ladder_types::typenum_ladder::LadderRung<typenum::uint::UTerm>>`
[INFO] [stderr] ┈┈┈┈┈┈┈┈┈┈┈┈┈┈┈┈┈┈┈┈┈┈┈┈┈┈┈┈┈┈┈┈┈┈┈┈┈┈┈┈┈┈┈┈┈┈┈┈┈┈┈┈┈┈┈┈┈┈┈┈
[INFO] [stderr] note: If the actual output is the correct output you can bless it by rerunning
[INFO] [stderr]       your test with the environment variable TRYBUILD=overwrite
[INFO] [stderr] 
[INFO] [stderr] test tests/ui/generated/should_fail/test__typenum_ladder__R1_minus_R3.rs [should fail to compile] ... mismatch
[INFO] [stderr] 
[INFO] [stderr] EXPECTED:
[INFO] [stderr] ┈┈┈┈┈┈┈┈┈┈┈┈┈┈┈┈┈┈┈┈┈┈┈┈┈┈┈┈┈┈┈┈┈┈┈┈┈┈┈┈┈┈┈┈┈┈┈┈┈┈┈┈┈┈┈┈┈┈┈┈
[INFO] [stderr] error[E0277]: the trait bound `typenum::uint::UInt<typenum::uint::UTerm, typenum::bit::B1>: SubWithLevelDiff<typenum::uint::UInt<typenum::uint::UInt<typenum::uint::UTerm, typenum::bit::B1>, typenum::bit::B0>>` is not satisfied
[INFO] [stderr]  --> tests/ui/generated/should_fail/test__typenum_ladder__R1_minus_R3.rs:5:22
[INFO] [stderr]   |
[INFO] [stderr] 5 |    let _ = R1::new() - R3::new();
[INFO] [stderr]   |                      ^ the trait `SubWithLevelDiff<typenum::uint::UInt<typenum::uint::UInt<typenum::uint::UTerm, typenum::bit::B1>, typenum::bit::B0>>` is not implemented for `typenum::uint::UInt<typenum::uint::UTerm, typenum::bit::B1>`, which is required by `ladder_types::typenum_ladder::LadderRung<typenum::uint::UInt<typenum::uint::UTerm, typenum::bit::B1>>: Sub<_>`
[INFO] [stderr]   |
[INFO] [stderr]   = note: required for `ladder_types::typenum_ladder::LadderRung<typenum::uint::UInt<typenum::uint::UTerm, typenum::bit::B1>>` to implement `Sub<ladder_types::typenum_ladder::LadderRung<typenum::uint::UInt<typenum::uint::UInt<typenum::uint::UTerm, typenum::bit::B1>, typenum::bit::B1>>>`
[INFO] [stderr] ┈┈┈┈┈┈┈┈┈┈┈┈┈┈┈┈┈┈┈┈┈┈┈┈┈┈┈┈┈┈┈┈┈┈┈┈┈┈┈┈┈┈┈┈┈┈┈┈┈┈┈┈┈┈┈┈┈┈┈┈
[INFO] [stderr] 
[INFO] [stderr] ACTUAL OUTPUT:
[INFO] [stderr] ┈┈┈┈┈┈┈┈┈┈┈┈┈┈┈┈┈┈┈┈┈┈┈┈┈┈┈┈┈┈┈┈┈┈┈┈┈┈┈┈┈┈┈┈┈┈┈┈┈┈┈┈┈┈┈┈┈┈┈┈
[INFO] [stderr] error[E0277]: the trait bound `typenum::uint::UInt<typenum::uint::UTerm, typenum::bit::B1>: SubWithLevelDiff<typenum::uint::UInt<typenum::uint::UInt<typenum::uint::UTerm, typenum::bit::B1>, typenum::bit::B0>>` is not satisfied
[INFO] [stderr]  --> tests/ui/generated/should_fail/test__typenum_ladder__R1_minus_R3.rs:5:22
[INFO] [stderr]   |
[INFO] [stderr] 5 |    let _ = R1::new() - R3::new();
[INFO] [stderr]   |                      ^ unsatisfied trait bound
[INFO] [stderr]   |
[INFO] [stderr]   = help: the trait `SubWithLevelDiff<typenum::uint::UInt<typenum::uint::UInt<typenum::uint::UTerm, typenum::bit::B1>, typenum::bit::B0>>` is not implemented for `typenum::uint::UInt<typenum::uint::UTerm, typenum::bit::B1>`
[INFO] [stderr]   = note: required for `ladder_types::typenum_ladder::LadderRung<typenum::uint::UInt<typenum::uint::UTerm, typenum::bit::B1>>` to implement `Sub<ladder_types::typenum_ladder::LadderRung<typenum::uint::UInt<typenum::uint::UInt<typenum::uint::UTerm, typenum::bit::B1>, typenum::bit::B1>>>`
[INFO] [stderr] ┈┈┈┈┈┈┈┈┈┈┈┈┈┈┈┈┈┈┈┈┈┈┈┈┈┈┈┈┈┈┈┈┈┈┈┈┈┈┈┈┈┈┈┈┈┈┈┈┈┈┈┈┈┈┈┈┈┈┈┈
[INFO] [stderr] note: If the actual output is the correct output you can bless it by rerunning
[INFO] [stderr]       your test with the environment variable TRYBUILD=overwrite
[INFO] [stderr] 
[INFO] [stderr] test tests/ui/generated/should_fail/test__typenum_ladder__R1_plus_R0.rs [should fail to compile] ... ok
[INFO] [stderr] test tests/ui/generated/should_fail/test__typenum_ladder__R1_plus_R1.rs [should fail to compile] ... ok
[INFO] [stderr] test tests/ui/generated/should_fail/test__typenum_ladder__R1_plus_R3.rs [should fail to compile] ... ok
[INFO] [stderr] test tests/ui/generated/should_fail/test__typenum_ladder__R2_minus_R0.rs [should fail to compile] ... mismatch
[INFO] [stderr] 
[INFO] [stderr] EXPECTED:
[INFO] [stderr] ┈┈┈┈┈┈┈┈┈┈┈┈┈┈┈┈┈┈┈┈┈┈┈┈┈┈┈┈┈┈┈┈┈┈┈┈┈┈┈┈┈┈┈┈┈┈┈┈┈┈┈┈┈┈┈┈┈┈┈┈
[INFO] [stderr] error[E0277]: cannot subtract `typenum::uint::UInt<typenum::uint::UInt<typenum::uint::UTerm, typenum::bit::B1>, typenum::bit::B0>` from `typenum::uint::UTerm`
[INFO] [stderr]  --> tests/ui/generated/should_fail/test__typenum_ladder__R2_minus_R0.rs:5:22
[INFO] [stderr]   |
[INFO] [stderr] 5 |    let _ = R2::new() - R0::new();
[INFO] [stderr]   |                      ^ no implementation for `typenum::uint::UTerm - typenum::uint::UInt<typenum::uint::UInt<typenum::uint::UTerm, typenum::bit::B1>, typenum::bit::B0>`
[INFO] [stderr]   |
[INFO] [stderr]   = help: the trait `Sub<typenum::uint::UInt<typenum::uint::UInt<typenum::uint::UTerm, typenum::bit::B1>, typenum::bit::B0>>` is not implemented for `typenum::uint::UTerm`, which is required by `ladder_types::typenum_ladder::LadderRung<typenum::uint::UInt<typenum::uint::UInt<typenum::uint::UTerm, typenum::bit::B1>, typenum::bit::B0>>: Sub<_>`
[INFO] [stderr]   = help: the following other types implement trait `Sub<Rhs>`:
[INFO] [stderr]             `typenum::uint::UTerm` implements `Sub<typenum::bit::B0>`
[INFO] [stderr]             `typenum::uint::UTerm` implements `Sub`
[INFO] [stderr]   = note: required for `ladder_types::typenum_ladder::LadderRung<typenum::uint::UInt<typenum::uint::UInt<typenum::uint::UTerm, typenum::bit::B1>, typenum::bit::B0>>` to implement `Sub<ladder_types::typenum_ladder::LadderRung<typenum::uint::UTerm>>`
[INFO] [stderr] ┈┈┈┈┈┈┈┈┈┈┈┈┈┈┈┈┈┈┈┈┈┈┈┈┈┈┈┈┈┈┈┈┈┈┈┈┈┈┈┈┈┈┈┈┈┈┈┈┈┈┈┈┈┈┈┈┈┈┈┈
[INFO] [stderr] 
[INFO] [stderr] ACTUAL OUTPUT:
[INFO] [stderr] ┈┈┈┈┈┈┈┈┈┈┈┈┈┈┈┈┈┈┈┈┈┈┈┈┈┈┈┈┈┈┈┈┈┈┈┈┈┈┈┈┈┈┈┈┈┈┈┈┈┈┈┈┈┈┈┈┈┈┈┈
[INFO] [stderr] error[E0277]: cannot subtract `typenum::uint::UInt<typenum::uint::UInt<typenum::uint::UTerm, typenum::bit::B1>, typenum::bit::B0>` from `typenum::uint::UTerm`
[INFO] [stderr]  --> tests/ui/generated/should_fail/test__typenum_ladder__R2_minus_R0.rs:5:22
[INFO] [stderr]   |
[INFO] [stderr] 5 |    let _ = R2::new() - R0::new();
[INFO] [stderr]   |                      ^ no implementation for `typenum::uint::UTerm - typenum::uint::UInt<typenum::uint::UInt<typenum::uint::UTerm, typenum::bit::B1>, typenum::bit::B0>`
[INFO] [stderr]   |
[INFO] [stderr]   = help: the trait `Sub<typenum::uint::UInt<typenum::uint::UInt<typenum::uint::UTerm, typenum::bit::B1>, typenum::bit::B0>>` is not implemented for `typenum::uint::UTerm`
[INFO] [stderr]   = help: the following other types implement trait `Sub<Rhs>`:
[INFO] [stderr]             `typenum::uint::UTerm` implements `Sub<typenum::bit::B0>`
[INFO] [stderr]             `typenum::uint::UTerm` implements `Sub`
[INFO] [stderr]   = note: required for `ladder_types::typenum_ladder::LadderRung<typenum::uint::UInt<typenum::uint::UInt<typenum::uint::UTerm, typenum::bit::B1>, typenum::bit::B0>>` to implement `Sub<ladder_types::typenum_ladder::LadderRung<typenum::uint::UTerm>>`
[INFO] [stderr] ┈┈┈┈┈┈┈┈┈┈┈┈┈┈┈┈┈┈┈┈┈┈┈┈┈┈┈┈┈┈┈┈┈┈┈┈┈┈┈┈┈┈┈┈┈┈┈┈┈┈┈┈┈┈┈┈┈┈┈┈
[INFO] [stderr] note: If the actual output is the correct output you can bless it by rerunning
[INFO] [stderr]       your test with the environment variable TRYBUILD=overwrite
[INFO] [stderr] 
[INFO] [stderr] test tests/ui/generated/should_fail/test__typenum_ladder__R2_minus_R1.rs [should fail to compile] ... mismatch
[INFO] [stderr] 
[INFO] [stderr] EXPECTED:
[INFO] [stderr] ┈┈┈┈┈┈┈┈┈┈┈┈┈┈┈┈┈┈┈┈┈┈┈┈┈┈┈┈┈┈┈┈┈┈┈┈┈┈┈┈┈┈┈┈┈┈┈┈┈┈┈┈┈┈┈┈┈┈┈┈
[INFO] [stderr] error[E0277]: the trait bound `typenum::uint::UTerm: typenum::private::PrivateSub<typenum::uint::UInt<typenum::uint::UTerm, typenum::bit::B1>>` is not satisfied
[INFO] [stderr]  --> tests/ui/generated/should_fail/test__typenum_ladder__R2_minus_R1.rs:5:22
[INFO] [stderr]   |
[INFO] [stderr] 5 |    let _ = R2::new() - R1::new();
[INFO] [stderr]   |                      ^ the trait `typenum::private::PrivateSub<typenum::uint::UInt<typenum::uint::UTerm, typenum::bit::B1>>` is not implemented for `typenum::uint::UTerm`, which is required by `ladder_types::typenum_ladder::LadderRung<typenum::uint::UInt<typenum::uint::UInt<typenum::uint::UTerm, typenum::bit::B1>, typenum::bit::B0>>: Sub<_>`
[INFO] [stderr]   |
[INFO] [stderr]   = help: the following other types implement trait `typenum::private::PrivateSub<Rhs>`:
[INFO] [stderr]             `typenum::uint::UInt<Ul, typenum::bit::B0>` implements `typenum::private::PrivateSub<typenum::uint::UInt<Ur, typenum::bit::B0>>`
[INFO] [stderr]             `typenum::uint::UInt<Ul, typenum::bit::B0>` implements `typenum::private::PrivateSub<typenum::uint::UInt<Ur, typenum::bit::B1>>`
[INFO] [stderr]             `typenum::uint::UInt<Ul, typenum::bit::B1>` implements `typenum::private::PrivateSub<typenum::uint::UInt<Ur, typenum::bit::B0>>`
[INFO] [stderr]             `typenum::uint::UInt<Ul, typenum::bit::B1>` implements `typenum::private::PrivateSub<typenum::uint::UInt<Ur, typenum::bit::B1>>`
[INFO] [stderr]   = note: required for `typenum::uint::UInt<typenum::uint::UTerm, typenum::bit::B1>` to implement `typenum::private::PrivateSub<typenum::uint::UInt<typenum::uint::UInt<typenum::uint::UTerm, typenum::bit::B1>, typenum::bit::B0>>`
[INFO] [stderr]   = note: required for `typenum::uint::UInt<typenum::uint::UTerm, typenum::bit::B1>` to implement `Sub<typenum::uint::UInt<typenum::uint::UInt<typenum::uint::UTerm, typenum::bit::B1>, typenum::bit::B0>>`
[INFO] [stderr]   = note: 1 redundant requirement hidden
[INFO] [stderr]   = note: required for `ladder_types::typenum_ladder::LadderRung<typenum::uint::UInt<typenum::uint::UInt<typenum::uint::UTerm, typenum::bit::B1>, typenum::bit::B0>>` to implement `Sub<ladder_types::typenum_ladder::LadderRung<typenum::uint::UInt<typenum::uint::UTerm, typenum::bit::B1>>>`
[INFO] [stderr] ┈┈┈┈┈┈┈┈┈┈┈┈┈┈┈┈┈┈┈┈┈┈┈┈┈┈┈┈┈┈┈┈┈┈┈┈┈┈┈┈┈┈┈┈┈┈┈┈┈┈┈┈┈┈┈┈┈┈┈┈
[INFO] [stderr] 
[INFO] [stderr] ACTUAL OUTPUT:
[INFO] [stderr] ┈┈┈┈┈┈┈┈┈┈┈┈┈┈┈┈┈┈┈┈┈┈┈┈┈┈┈┈┈┈┈┈┈┈┈┈┈┈┈┈┈┈┈┈┈┈┈┈┈┈┈┈┈┈┈┈┈┈┈┈
[INFO] [stderr] error[E0277]: the trait bound `typenum::uint::UTerm: typenum::private::PrivateSub<typenum::uint::UInt<typenum::uint::UTerm, typenum::bit::B1>>` is not satisfied
[INFO] [stderr]  --> tests/ui/generated/should_fail/test__typenum_ladder__R2_minus_R1.rs:5:22
[INFO] [stderr]   |
[INFO] [stderr] 5 |    let _ = R2::new() - R1::new();
[INFO] [stderr]   |                      ^ unsatisfied trait bound
[INFO] [stderr]   |
[INFO] [stderr]   = help: the trait `typenum::private::PrivateSub<typenum::uint::UInt<typenum::uint::UTerm, typenum::bit::B1>>` is not implemented for `typenum::uint::UTerm`
[INFO] [stderr]   = help: the following other types implement trait `typenum::private::PrivateSub<Rhs>`:
[INFO] [stderr]             `typenum::uint::UInt<Ul, typenum::bit::B0>` implements `typenum::private::PrivateSub<typenum::uint::UInt<Ur, typenum::bit::B0>>`
[INFO] [stderr]             `typenum::uint::UInt<Ul, typenum::bit::B0>` implements `typenum::private::PrivateSub<typenum::uint::UInt<Ur, typenum::bit::B1>>`
[INFO] [stderr]             `typenum::uint::UInt<Ul, typenum::bit::B1>` implements `typenum::private::PrivateSub<typenum::uint::UInt<Ur, typenum::bit::B0>>`
[INFO] [stderr]             `typenum::uint::UInt<Ul, typenum::bit::B1>` implements `typenum::private::PrivateSub<typenum::uint::UInt<Ur, typenum::bit::B1>>`
[INFO] [stderr]   = note: required for `typenum::uint::UInt<typenum::uint::UTerm, typenum::bit::B1>` to implement `typenum::private::PrivateSub<typenum::uint::UInt<typenum::uint::UInt<typenum::uint::UTerm, typenum::bit::B1>, typenum::bit::B0>>`
[INFO] [stderr]   = note: required for `typenum::uint::UInt<typenum::uint::UTerm, typenum::bit::B1>` to implement `Sub<typenum::uint::UInt<typenum::uint::UInt<typenum::uint::UTerm, typenum::bit::B1>, typenum::bit::B0>>`
[INFO] [stderr]   = note: 1 redundant requirement hidden
[INFO] [stderr]   = note: required for `ladder_types::typenum_ladder::LadderRung<typenum::uint::UInt<typenum::uint::UInt<typenum::uint::UTerm, typenum::bit::B1>, typenum::bit::B0>>` to implement `Sub<ladder_types::typenum_ladder::LadderRung<typenum::uint::UInt<typenum::uint::UTerm, typenum::bit::B1>>>`
[INFO] [stderr] ┈┈┈┈┈┈┈┈┈┈┈┈┈┈┈┈┈┈┈┈┈┈┈┈┈┈┈┈┈┈┈┈┈┈┈┈┈┈┈┈┈┈┈┈┈┈┈┈┈┈┈┈┈┈┈┈┈┈┈┈
[INFO] [stderr] note: If the actual output is the correct output you can bless it by rerunning
[INFO] [stderr]       your test with the environment variable TRYBUILD=overwrite
[INFO] [stderr] 
[INFO] [stderr] test tests/ui/generated/should_fail/test__typenum_ladder__R2_plus_R0.rs [should fail to compile] ... ok
[INFO] [stderr] test tests/ui/generated/should_fail/test__typenum_ladder__R2_plus_R1.rs [should fail to compile] ... ok
[INFO] [stderr] test tests/ui/generated/should_fail/test__typenum_ladder__R2_plus_R2.rs [should fail to compile] ... ok
[INFO] [stderr] test tests/ui/generated/should_fail/test__typenum_ladder__R3_minus_R0.rs [should fail to compile] ... mismatch
[INFO] [stderr] 
[INFO] [stderr] EXPECTED:
[INFO] [stderr] ┈┈┈┈┈┈┈┈┈┈┈┈┈┈┈┈┈┈┈┈┈┈┈┈┈┈┈┈┈┈┈┈┈┈┈┈┈┈┈┈┈┈┈┈┈┈┈┈┈┈┈┈┈┈┈┈┈┈┈┈
[INFO] [stderr] error[E0277]: cannot subtract `typenum::uint::UInt<typenum::uint::UInt<typenum::uint::UTerm, typenum::bit::B1>, typenum::bit::B1>` from `typenum::uint::UTerm`
[INFO] [stderr]  --> tests/ui/generated/should_fail/test__typenum_ladder__R3_minus_R0.rs:5:22
[INFO] [stderr]   |
[INFO] [stderr] 5 |    let _ = R3::new() - R0::new();
[INFO] [stderr]   |                      ^ no implementation for `typenum::uint::UTerm - typenum::uint::UInt<typenum::uint::UInt<typenum::uint::UTerm, typenum::bit::B1>, typenum::bit::B1>`
[INFO] [stderr]   |
[INFO] [stderr]   = help: the trait `Sub<typenum::uint::UInt<typenum::uint::UInt<typenum::uint::UTerm, typenum::bit::B1>, typenum::bit::B1>>` is not implemented for `typenum::uint::UTerm`, which is required by `ladder_types::typenum_ladder::LadderRung<typenum::uint::UInt<typenum::uint::UInt<typenum::uint::UTerm, typenum::bit::B1>, typenum::bit::B1>>: Sub<_>`
[INFO] [stderr]   = help: the following other types implement trait `Sub<Rhs>`:
[INFO] [stderr]             `typenum::uint::UTerm` implements `Sub<typenum::bit::B0>`
[INFO] [stderr]             `typenum::uint::UTerm` implements `Sub`
[INFO] [stderr]   = note: required for `ladder_types::typenum_ladder::LadderRung<typenum::uint::UInt<typenum::uint::UInt<typenum::uint::UTerm, typenum::bit::B1>, typenum::bit::B1>>` to implement `Sub<ladder_types::typenum_ladder::LadderRung<typenum::uint::UTerm>>`
[INFO] [stderr] ┈┈┈┈┈┈┈┈┈┈┈┈┈┈┈┈┈┈┈┈┈┈┈┈┈┈┈┈┈┈┈┈┈┈┈┈┈┈┈┈┈┈┈┈┈┈┈┈┈┈┈┈┈┈┈┈┈┈┈┈
[INFO] [stderr] 
[INFO] [stderr] ACTUAL OUTPUT:
[INFO] [stderr] ┈┈┈┈┈┈┈┈┈┈┈┈┈┈┈┈┈┈┈┈┈┈┈┈┈┈┈┈┈┈┈┈┈┈┈┈┈┈┈┈┈┈┈┈┈┈┈┈┈┈┈┈┈┈┈┈┈┈┈┈
[INFO] [stderr] error[E0277]: cannot subtract `typenum::uint::UInt<typenum::uint::UInt<typenum::uint::UTerm, typenum::bit::B1>, typenum::bit::B1>` from `typenum::uint::UTerm`
[INFO] [stderr]  --> tests/ui/generated/should_fail/test__typenum_ladder__R3_minus_R0.rs:5:22
[INFO] [stderr]   |
[INFO] [stderr] 5 |    let _ = R3::new() - R0::new();
[INFO] [stderr]   |                      ^ no implementation for `typenum::uint::UTerm - typenum::uint::UInt<typenum::uint::UInt<typenum::uint::UTerm, typenum::bit::B1>, typenum::bit::B1>`
[INFO] [stderr]   |
[INFO] [stderr]   = help: the trait `Sub<typenum::uint::UInt<typenum::uint::UInt<typenum::uint::UTerm, typenum::bit::B1>, typenum::bit::B1>>` is not implemented for `typenum::uint::UTerm`
[INFO] [stderr]   = help: the following other types implement trait `Sub<Rhs>`:
[INFO] [stderr]             `typenum::uint::UTerm` implements `Sub<typenum::bit::B0>`
[INFO] [stderr]             `typenum::uint::UTerm` implements `Sub`
[INFO] [stderr]   = note: required for `ladder_types::typenum_ladder::LadderRung<typenum::uint::UInt<typenum::uint::UInt<typenum::uint::UTerm, typenum::bit::B1>, typenum::bit::B1>>` to implement `Sub<ladder_types::typenum_ladder::LadderRung<typenum::uint::UTerm>>`
[INFO] [stderr] ┈┈┈┈┈┈┈┈┈┈┈┈┈┈┈┈┈┈┈┈┈┈┈┈┈┈┈┈┈┈┈┈┈┈┈┈┈┈┈┈┈┈┈┈┈┈┈┈┈┈┈┈┈┈┈┈┈┈┈┈
[INFO] [stderr] note: If the actual output is the correct output you can bless it by rerunning
[INFO] [stderr]       your test with the environment variable TRYBUILD=overwrite
[INFO] [stderr] 
[INFO] [stderr] test tests/ui/generated/should_fail/test__typenum_ladder__R3_minus_R1.rs [should fail to compile] ... mismatch
[INFO] [stderr] 
[INFO] [stderr] EXPECTED:
[INFO] [stderr] ┈┈┈┈┈┈┈┈┈┈┈┈┈┈┈┈┈┈┈┈┈┈┈┈┈┈┈┈┈┈┈┈┈┈┈┈┈┈┈┈┈┈┈┈┈┈┈┈┈┈┈┈┈┈┈┈┈┈┈┈
[INFO] [stderr] error[E0277]: the trait bound `typenum::uint::UTerm: typenum::private::PrivateSub<typenum::uint::UInt<typenum::uint::UTerm, typenum::bit::B1>>` is not satisfied
[INFO] [stderr]  --> tests/ui/generated/should_fail/test__typenum_ladder__R3_minus_R1.rs:5:22
[INFO] [stderr]   |
[INFO] [stderr] 5 |    let _ = R3::new() - R1::new();
[INFO] [stderr]   |                      ^ the trait `typenum::private::PrivateSub<typenum::uint::UInt<typenum::uint::UTerm, typenum::bit::B1>>` is not implemented for `typenum::uint::UTerm`, which is required by `ladder_types::typenum_ladder::LadderRung<typenum::uint::UInt<typenum::uint::UInt<typenum::uint::UTerm, typenum::bit::B1>, typenum::bit::B1>>: Sub<_>`
[INFO] [stderr]   |
[INFO] [stderr]   = help: the following other types implement trait `typenum::private::PrivateSub<Rhs>`:
[INFO] [stderr]             `typenum::uint::UInt<Ul, typenum::bit::B0>` implements `typenum::private::PrivateSub<typenum::uint::UInt<Ur, typenum::bit::B0>>`
[INFO] [stderr]             `typenum::uint::UInt<Ul, typenum::bit::B0>` implements `typenum::private::PrivateSub<typenum::uint::UInt<Ur, typenum::bit::B1>>`
[INFO] [stderr]             `typenum::uint::UInt<Ul, typenum::bit::B1>` implements `typenum::private::PrivateSub<typenum::uint::UInt<Ur, typenum::bit::B0>>`
[INFO] [stderr]             `typenum::uint::UInt<Ul, typenum::bit::B1>` implements `typenum::private::PrivateSub<typenum::uint::UInt<Ur, typenum::bit::B1>>`
[INFO] [stderr]   = note: required for `typenum::uint::UInt<typenum::uint::UTerm, typenum::bit::B1>` to implement `typenum::private::PrivateSub<typenum::uint::UInt<typenum::uint::UInt<typenum::uint::UTerm, typenum::bit::B1>, typenum::bit::B1>>`
[INFO] [stderr]   = note: required for `typenum::uint::UInt<typenum::uint::UTerm, typenum::bit::B1>` to implement `Sub<typenum::uint::UInt<typenum::uint::UInt<typenum::uint::UTerm, typenum::bit::B1>, typenum::bit::B1>>`
[INFO] [stderr]   = note: 1 redundant requirement hidden
[INFO] [stderr]   = note: required for `ladder_types::typenum_ladder::LadderRung<typenum::uint::UInt<typenum::uint::UInt<typenum::uint::UTerm, typenum::bit::B1>, typenum::bit::B1>>` to implement `Sub<ladder_types::typenum_ladder::LadderRung<typenum::uint::UInt<typenum::uint::UTerm, typenum::bit::B1>>>`
[INFO] [stderr] ┈┈┈┈┈┈┈┈┈┈┈┈┈┈┈┈┈┈┈┈┈┈┈┈┈┈┈┈┈┈┈┈┈┈┈┈┈┈┈┈┈┈┈┈┈┈┈┈┈┈┈┈┈┈┈┈┈┈┈┈
[INFO] [stderr] 
[INFO] [stderr] ACTUAL OUTPUT:
[INFO] [stderr] ┈┈┈┈┈┈┈┈┈┈┈┈┈┈┈┈┈┈┈┈┈┈┈┈┈┈┈┈┈┈┈┈┈┈┈┈┈┈┈┈┈┈┈┈┈┈┈┈┈┈┈┈┈┈┈┈┈┈┈┈
[INFO] [stderr] error[E0277]: the trait bound `typenum::uint::UTerm: typenum::private::PrivateSub<typenum::uint::UInt<typenum::uint::UTerm, typenum::bit::B1>>` is not satisfied
[INFO] [stderr]  --> tests/ui/generated/should_fail/test__typenum_ladder__R3_minus_R1.rs:5:22
[INFO] [stderr]   |
[INFO] [stderr] 5 |    let _ = R3::new() - R1::new();
[INFO] [stderr]   |                      ^ unsatisfied trait bound
[INFO] [stderr]   |
[INFO] [stderr]   = help: the trait `typenum::private::PrivateSub<typenum::uint::UInt<typenum::uint::UTerm, typenum::bit::B1>>` is not implemented for `typenum::uint::UTerm`
[INFO] [stderr]   = help: the following other types implement trait `typenum::private::PrivateSub<Rhs>`:
[INFO] [stderr]             `typenum::uint::UInt<Ul, typenum::bit::B0>` implements `typenum::private::PrivateSub<typenum::uint::UInt<Ur, typenum::bit::B0>>`
[INFO] [stderr]             `typenum::uint::UInt<Ul, typenum::bit::B0>` implements `typenum::private::PrivateSub<typenum::uint::UInt<Ur, typenum::bit::B1>>`
[INFO] [stderr]             `typenum::uint::UInt<Ul, typenum::bit::B1>` implements `typenum::private::PrivateSub<typenum::uint::UInt<Ur, typenum::bit::B0>>`
[INFO] [stderr]             `typenum::uint::UInt<Ul, typenum::bit::B1>` implements `typenum::private::PrivateSub<typenum::uint::UInt<Ur, typenum::bit::B1>>`
[INFO] [stderr]   = note: required for `typenum::uint::UInt<typenum::uint::UTerm, typenum::bit::B1>` to implement `typenum::private::PrivateSub<typenum::uint::UInt<typenum::uint::UInt<typenum::uint::UTerm, typenum::bit::B1>, typenum::bit::B1>>`
[INFO] [stderr]   = note: required for `typenum::uint::UInt<typenum::uint::UTerm, typenum::bit::B1>` to implement `Sub<typenum::uint::UInt<typenum::uint::UInt<typenum::uint::UTerm, typenum::bit::B1>, typenum::bit::B1>>`
[INFO] [stderr]   = note: 1 redundant requirement hidden
[INFO] [stderr]   = note: required for `ladder_types::typenum_ladder::LadderRung<typenum::uint::UInt<typenum::uint::UInt<typenum::uint::UTerm, typenum::bit::B1>, typenum::bit::B1>>` to implement `Sub<ladder_types::typenum_ladder::LadderRung<typenum::uint::UInt<typenum::uint::UTerm, typenum::bit::B1>>>`
[INFO] [stderr] ┈┈┈┈┈┈┈┈┈┈┈┈┈┈┈┈┈┈┈┈┈┈┈┈┈┈┈┈┈┈┈┈┈┈┈┈┈┈┈┈┈┈┈┈┈┈┈┈┈┈┈┈┈┈┈┈┈┈┈┈
[INFO] [stderr] note: If the actual output is the correct output you can bless it by rerunning
[INFO] [stderr]       your test with the environment variable TRYBUILD=overwrite
[INFO] [stderr] 
[INFO] [stderr] test tests/ui/generated/should_fail/test__typenum_ladder__R3_minus_R2.rs [should fail to compile] ... mismatch
[INFO] [stderr] 
[INFO] [stderr] EXPECTED:
[INFO] [stderr] ┈┈┈┈┈┈┈┈┈┈┈┈┈┈┈┈┈┈┈┈┈┈┈┈┈┈┈┈┈┈┈┈┈┈┈┈┈┈┈┈┈┈┈┈┈┈┈┈┈┈┈┈┈┈┈┈┈┈┈┈
[INFO] [stderr] error[E0277]: cannot subtract `typenum::bit::B1` from `typenum::uint::UInt<typenum::uint::UTerm, typenum::bit::B0>`
[INFO] [stderr]  --> tests/ui/generated/should_fail/test__typenum_ladder__R3_minus_R2.rs:5:22
[INFO] [stderr]   |
[INFO] [stderr] 5 |    let _ = R3::new() - R2::new();
[INFO] [stderr]   |                      ^ no implementation for `typenum::uint::UInt<typenum::uint::UTerm, typenum::bit::B0> - typenum::bit::B1`
[INFO] [stderr]   |
[INFO] [stderr]   = help: the trait `Sub<typenum::bit::B1>` is not implemented for `typenum::uint::UInt<typenum::uint::UTerm, typenum::bit::B0>`, which is required by `ladder_types::typenum_ladder::LadderRung<typenum::uint::UInt<typenum::uint::UInt<typenum::uint::UTerm, typenum::bit::B1>, typenum::bit::B1>>: Sub<_>`
[INFO] [stderr]   = help: the following other types implement trait `Sub<Rhs>`:
[INFO] [stderr]             `typenum::uint::UInt<U, B>` implements `Sub<typenum::bit::B0>`
[INFO] [stderr]             `typenum::uint::UInt<U, typenum::bit::B0>` implements `Sub<typenum::bit::B1>`
[INFO] [stderr]             `typenum::uint::UInt<Ul, Bl>` implements `Sub<Ur>`
[INFO] [stderr]             `typenum::uint::UInt<typenum::uint::UInt<U, B>, typenum::bit::B1>` implements `Sub<typenum::bit::B1>`
[INFO] [stderr]             `typenum::uint::UInt<typenum::uint::UTerm, typenum::bit::B1>` implements `Sub<typenum::bit::B1>`
[INFO] [stderr]   = note: required for `typenum::uint::UInt<typenum::uint::UInt<typenum::uint::UTerm, typenum::bit::B1>, typenum::bit::B0>` to implement `typenum::private::PrivateSub<typenum::uint::UInt<typenum::uint::UInt<typenum::uint::UTerm, typenum::bit::B1>, typenum::bit::B1>>`
[INFO] [stderr]   = note: required for `typenum::uint::UInt<typenum::uint::UInt<typenum::uint::UTerm, typenum::bit::B1>, typenum::bit::B0>` to implement `Sub<typenum::uint::UInt<typenum::uint::UInt<typenum::uint::UTerm, typenum::bit::B1>, typenum::bit::B1>>`
[INFO] [stderr]   = note: 1 redundant requirement hidden
[INFO] [stderr]   = note: required for `ladder_types::typenum_ladder::LadderRung<typenum::uint::UInt<typenum::uint::UInt<typenum::uint::UTerm, typenum::bit::B1>, typenum::bit::B1>>` to implement `Sub<ladder_types::typenum_ladder::LadderRung<typenum::uint::UInt<typenum::uint::UInt<typenum::uint::UTerm, typenum::bit::B1>, typenum::bit::B0>>>`
[INFO] [stderr] ┈┈┈┈┈┈┈┈┈┈┈┈┈┈┈┈┈┈┈┈┈┈┈┈┈┈┈┈┈┈┈┈┈┈┈┈┈┈┈┈┈┈┈┈┈┈┈┈┈┈┈┈┈┈┈┈┈┈┈┈
[INFO] [stderr] 
[INFO] [stderr] ACTUAL OUTPUT:
[INFO] [stderr] ┈┈┈┈┈┈┈┈┈┈┈┈┈┈┈┈┈┈┈┈┈┈┈┈┈┈┈┈┈┈┈┈┈┈┈┈┈┈┈┈┈┈┈┈┈┈┈┈┈┈┈┈┈┈┈┈┈┈┈┈
[INFO] [stderr] error[E0277]: cannot subtract `typenum::bit::B1` from `typenum::uint::UInt<typenum::uint::UTerm, typenum::bit::B0>`
[INFO] [stderr]  --> tests/ui/generated/should_fail/test__typenum_ladder__R3_minus_R2.rs:5:22
[INFO] [stderr]   |
[INFO] [stderr] 5 |    let _ = R3::new() - R2::new();
[INFO] [stderr]   |                      ^ no implementation for `typenum::uint::UInt<typenum::uint::UTerm, typenum::bit::B0> - typenum::bit::B1`
[INFO] [stderr]   |
[INFO] [stderr]   = help: the trait `Sub<typenum::bit::B1>` is not implemented for `typenum::uint::UInt<typenum::uint::UTerm, typenum::bit::B0>`
[INFO] [stderr]   = help: the following other types implement trait `Sub<Rhs>`:
[INFO] [stderr]             `typenum::uint::UInt<U, B>` implements `Sub<typenum::bit::B0>`
[INFO] [stderr]             `typenum::uint::UInt<U, typenum::bit::B0>` implements `Sub<typenum::bit::B1>`
[INFO] [stderr]             `typenum::uint::UInt<Ul, Bl>` implements `Sub<Ur>`
[INFO] [stderr]             `typenum::uint::UInt<typenum::uint::UInt<U, B>, typenum::bit::B1>` implements `Sub<typenum::bit::B1>`
[INFO] [stderr]             `typenum::uint::UInt<typenum::uint::UTerm, typenum::bit::B1>` implements `Sub<typenum::bit::B1>`
[INFO] [stderr]   = note: required for `typenum::uint::UInt<typenum::uint::UInt<typenum::uint::UTerm, typenum::bit::B1>, typenum::bit::B0>` to implement `typenum::private::PrivateSub<typenum::uint::UInt<typenum::uint::UInt<typenum::uint::UTerm, typenum::bit::B1>, typenum::bit::B1>>`
[INFO] [stderr]   = note: required for `typenum::uint::UInt<typenum::uint::UInt<typenum::uint::UTerm, typenum::bit::B1>, typenum::bit::B0>` to implement `Sub<typenum::uint::UInt<typenum::uint::UInt<typenum::uint::UTerm, typenum::bit::B1>, typenum::bit::B1>>`
[INFO] [stderr]   = note: 1 redundant requirement hidden
[INFO] [stderr]   = note: required for `ladder_types::typenum_ladder::LadderRung<typenum::uint::UInt<typenum::uint::UInt<typenum::uint::UTerm, typenum::bit::B1>, typenum::bit::B1>>` to implement `Sub<ladder_types::typenum_ladder::LadderRung<typenum::uint::UInt<typenum::uint::UInt<typenum::uint::UTerm, typenum::bit::B1>, typenum::bit::B0>>>`
[INFO] [stderr] ┈┈┈┈┈┈┈┈┈┈┈┈┈┈┈┈┈┈┈┈┈┈┈┈┈┈┈┈┈┈┈┈┈┈┈┈┈┈┈┈┈┈┈┈┈┈┈┈┈┈┈┈┈┈┈┈┈┈┈┈
[INFO] [stderr] note: If the actual output is the correct output you can bless it by rerunning
[INFO] [stderr]       your test with the environment variable TRYBUILD=overwrite
[INFO] [stderr] 
[INFO] [stderr] test tests/ui/generated/should_fail/test__typenum_ladder__R3_plus_R0.rs [should fail to compile] ... ok
[INFO] [stderr] test tests/ui/generated/should_fail/test__typenum_ladder__R3_plus_R1.rs [should fail to compile] ... ok
[INFO] [stderr] test tests/ui/generated/should_fail/test__typenum_ladder__R3_plus_R2.rs [should fail to compile] ... ok
[INFO] [stderr] test tests/ui/generated/should_fail/test__typenum_ladder__R3_plus_R3.rs [should fail to compile] ... ok
[INFO] [stderr] test tests/ui/generated/should_fail/test__unary_wrapper_ladder__R0_minus_R2.rs [should fail to compile] ... ok
[INFO] [stderr] test tests/ui/generated/should_fail/test__unary_wrapper_ladder__R0_minus_R3.rs [should fail to compile] ... ok
[INFO] [stderr] test tests/ui/generated/should_fail/test__unary_wrapper_ladder__R0_plus_R0.rs [should fail to compile] ... ok
[INFO] [stderr] test tests/ui/generated/should_fail/test__unary_wrapper_ladder__R0_plus_R2.rs [should fail to compile] ... ok
[INFO] [stderr] test tests/ui/generated/should_fail/test__unary_wrapper_ladder__R0_plus_R3.rs [should fail to compile] ... ok
[INFO] [stderr] test tests/ui/generated/should_fail/test__unary_wrapper_ladder__R1_minus_R0.rs [should fail to compile] ... ok
[INFO] [stderr] test tests/ui/generated/should_fail/test__unary_wrapper_ladder__R1_minus_R3.rs [should fail to compile] ... ok
[INFO] [stderr] test tests/ui/generated/should_fail/test__unary_wrapper_ladder__R1_plus_R0.rs [should fail to compile] ... ok
[INFO] [stderr] test tests/ui/generated/should_fail/test__unary_wrapper_ladder__R1_plus_R1.rs [should fail to compile] ... ok
[INFO] [stderr] test tests/ui/generated/should_fail/test__unary_wrapper_ladder__R1_plus_R3.rs [should fail to compile] ... ok
[INFO] [stderr] test tests/ui/generated/should_fail/test__unary_wrapper_ladder__R2_minus_R0.rs [should fail to compile] ... ok
[INFO] [stderr] test tests/ui/generated/should_fail/test__unary_wrapper_ladder__R2_minus_R1.rs [should fail to compile] ... ok
[INFO] [stderr] test tests/ui/generated/should_fail/test__unary_wrapper_ladder__R2_plus_R0.rs [should fail to compile] ... ok
[INFO] [stderr] test tests/ui/generated/should_fail/test__unary_wrapper_ladder__R2_plus_R1.rs [should fail to compile] ... ok
[INFO] [stderr] test tests/ui/generated/should_fail/test__unary_wrapper_ladder__R2_plus_R2.rs [should fail to compile] ... ok
[INFO] [stderr] test tests/ui/generated/should_fail/test__unary_wrapper_ladder__R3_minus_R0.rs [should fail to compile] ... ok
[INFO] [stderr] test tests/ui/generated/should_fail/test__unary_wrapper_ladder__R3_minus_R1.rs [should fail to compile] ... ok
[INFO] [stderr] test tests/ui/generated/should_fail/test__unary_wrapper_ladder__R3_minus_R2.rs [should fail to compile] ... ok
[INFO] [stderr] test tests/ui/generated/should_fail/test__unary_wrapper_ladder__R3_plus_R0.rs [should fail to compile] ... ok
[INFO] [stderr] test tests/ui/generated/should_fail/test__unary_wrapper_ladder__R3_plus_R1.rs [should fail to compile] ... ok
[INFO] [stderr] test tests/ui/generated/should_fail/test__unary_wrapper_ladder__R3_plus_R2.rs [should fail to compile] ... ok
[INFO] [stderr] test tests/ui/generated/should_fail/test__unary_wrapper_ladder__R3_plus_R3.rs [should fail to compile] ... ok
[INFO] [stderr] test tests/ui/generated/should_pass/test__kiss_ladder__R0_minus_R0.rs [should pass] ... ok
[INFO] [stderr] 
[INFO] [stderr] STDERR:
[INFO] [stderr] ┈┈┈┈┈┈┈┈┈┈┈┈┈┈┈┈┈┈┈┈┈┈┈┈┈┈┈┈┈┈┈┈┈┈┈┈┈┈┈┈┈┈┈┈┈┈┈┈┈┈┈┈┈┈┈┈┈┈┈┈
[INFO] [stderr] warning: unused imports: `R0`, `R1`, `R2`, `R3`, and `R4`
[INFO] [stderr]  --> /opt/rustwide/workdir/src/numbers_on_ladders.rs:1:38
[INFO] [stderr]   |
[INFO] [stderr] 1 | use crate::kiss_ladder::{LadderRung, R0, R1, R2, R3, R4};
[INFO] [stderr]   |                                      ^^  ^^  ^^  ^^  ^^
[INFO] [stderr]   |
[INFO] [stderr]   = note: `#[warn(unused_imports)]` on by default
[INFO] [stderr] 
[INFO] [stderr] warning: unused import: `derive_more`
[INFO] [stderr]  --> /opt/rustwide/workdir/src/numbers_on_ladders.rs:2:5
[INFO] [stderr]   |
[INFO] [stderr] 2 | use derive_more;
[INFO] [stderr]   |     ^^^^^^^^^^^
[INFO] [stderr] 
[INFO] [stderr] warning: unused import: `num`
[INFO] [stderr]  --> /opt/rustwide/workdir/src/numbers_on_ladders.rs:3:5
[INFO] [stderr]   |
[INFO] [stderr] 3 | use num;
[INFO] [stderr]   |     ^^^
[INFO] [stderr] ┈┈┈┈┈┈┈┈┈┈┈┈┈┈┈┈┈┈┈┈┈┈┈┈┈┈┈┈┈┈┈┈┈┈┈┈┈┈┈┈┈┈┈┈┈┈┈┈┈┈┈┈┈┈┈┈┈┈┈┈
[INFO] [stderr] 
[INFO] [stderr] test tests/ui/generated/should_pass/test__kiss_ladder__R0_minus_R1.rs [should pass] ... ok
[INFO] [stderr] 
[INFO] [stderr] STDERR:
[INFO] [stderr] ┈┈┈┈┈┈┈┈┈┈┈┈┈┈┈┈┈┈┈┈┈┈┈┈┈┈┈┈┈┈┈┈┈┈┈┈┈┈┈┈┈┈┈┈┈┈┈┈┈┈┈┈┈┈┈┈┈┈┈┈
[INFO] [stderr] warning: unused imports: `R0`, `R1`, `R2`, `R3`, and `R4`
[INFO] [stderr]  --> /opt/rustwide/workdir/src/numbers_on_ladders.rs:1:38
[INFO] [stderr]   |
[INFO] [stderr] 1 | use crate::kiss_ladder::{LadderRung, R0, R1, R2, R3, R4};
[INFO] [stderr]   |                                      ^^  ^^  ^^  ^^  ^^
[INFO] [stderr]   |
[INFO] [stderr]   = note: `#[warn(unused_imports)]` on by default
[INFO] [stderr] 
[INFO] [stderr] warning: unused import: `derive_more`
[INFO] [stderr]  --> /opt/rustwide/workdir/src/numbers_on_ladders.rs:2:5
[INFO] [stderr]   |
[INFO] [stderr] 2 | use derive_more;
[INFO] [stderr]   |     ^^^^^^^^^^^
[INFO] [stderr] 
[INFO] [stderr] warning: unused import: `num`
[INFO] [stderr]  --> /opt/rustwide/workdir/src/numbers_on_ladders.rs:3:5
[INFO] [stderr]   |
[INFO] [stderr] 3 | use num;
[INFO] [stderr]   |     ^^^
[INFO] [stderr] ┈┈┈┈┈┈┈┈┈┈┈┈┈┈┈┈┈┈┈┈┈┈┈┈┈┈┈┈┈┈┈┈┈┈┈┈┈┈┈┈┈┈┈┈┈┈┈┈┈┈┈┈┈┈┈┈┈┈┈┈
[INFO] [stderr] 
[INFO] [stderr] test tests/ui/generated/should_pass/test__kiss_ladder__R0_plus_R1.rs [should pass] ... ok
[INFO] [stderr] 
[INFO] [stderr] STDERR:
[INFO] [stderr] ┈┈┈┈┈┈┈┈┈┈┈┈┈┈┈┈┈┈┈┈┈┈┈┈┈┈┈┈┈┈┈┈┈┈┈┈┈┈┈┈┈┈┈┈┈┈┈┈┈┈┈┈┈┈┈┈┈┈┈┈
[INFO] [stderr] warning: unused imports: `R0`, `R1`, `R2`, `R3`, and `R4`
[INFO] [stderr]  --> /opt/rustwide/workdir/src/numbers_on_ladders.rs:1:38
[INFO] [stderr]   |
[INFO] [stderr] 1 | use crate::kiss_ladder::{LadderRung, R0, R1, R2, R3, R4};
[INFO] [stderr]   |                                      ^^  ^^  ^^  ^^  ^^
[INFO] [stderr]   |
[INFO] [stderr]   = note: `#[warn(unused_imports)]` on by default
[INFO] [stderr] 
[INFO] [stderr] warning: unused import: `derive_more`
[INFO] [stderr]  --> /opt/rustwide/workdir/src/numbers_on_ladders.rs:2:5
[INFO] [stderr]   |
[INFO] [stderr] 2 | use derive_more;
[INFO] [stderr]   |     ^^^^^^^^^^^
[INFO] [stderr] 
[INFO] [stderr] warning: unused import: `num`
[INFO] [stderr]  --> /opt/rustwide/workdir/src/numbers_on_ladders.rs:3:5
[INFO] [stderr]   |
[INFO] [stderr] 3 | use num;
[INFO] [stderr]   |     ^^^
[INFO] [stderr] ┈┈┈┈┈┈┈┈┈┈┈┈┈┈┈┈┈┈┈┈┈┈┈┈┈┈┈┈┈┈┈┈┈┈┈┈┈┈┈┈┈┈┈┈┈┈┈┈┈┈┈┈┈┈┈┈┈┈┈┈
[INFO] [stderr] 
[INFO] [stderr] test tests/ui/generated/should_pass/test__kiss_ladder__R1_minus_R1.rs [should pass] ... ok
[INFO] [stderr] 
[INFO] [stderr] STDERR:
[INFO] [stderr] ┈┈┈┈┈┈┈┈┈┈┈┈┈┈┈┈┈┈┈┈┈┈┈┈┈┈┈┈┈┈┈┈┈┈┈┈┈┈┈┈┈┈┈┈┈┈┈┈┈┈┈┈┈┈┈┈┈┈┈┈
[INFO] [stderr] warning: unused imports: `R0`, `R1`, `R2`, `R3`, and `R4`
[INFO] [stderr]  --> /opt/rustwide/workdir/src/numbers_on_ladders.rs:1:38
[INFO] [stderr]   |
[INFO] [stderr] 1 | use crate::kiss_ladder::{LadderRung, R0, R1, R2, R3, R4};
[INFO] [stderr]   |                                      ^^  ^^  ^^  ^^  ^^
[INFO] [stderr]   |
[INFO] [stderr]   = note: `#[warn(unused_imports)]` on by default
[INFO] [stderr] 
[INFO] [stderr] warning: unused import: `derive_more`
[INFO] [stderr]  --> /opt/rustwide/workdir/src/numbers_on_ladders.rs:2:5
[INFO] [stderr]   |
[INFO] [stderr] 2 | use derive_more;
[INFO] [stderr]   |     ^^^^^^^^^^^
[INFO] [stderr] 
[INFO] [stderr] warning: unused import: `num`
[INFO] [stderr]  --> /opt/rustwide/workdir/src/numbers_on_ladders.rs:3:5
[INFO] [stderr]   |
[INFO] [stderr] 3 | use num;
[INFO] [stderr]   |     ^^^
[INFO] [stderr] ┈┈┈┈┈┈┈┈┈┈┈┈┈┈┈┈┈┈┈┈┈┈┈┈┈┈┈┈┈┈┈┈┈┈┈┈┈┈┈┈┈┈┈┈┈┈┈┈┈┈┈┈┈┈┈┈┈┈┈┈
[INFO] [stderr] 
[INFO] [stderr] test tests/ui/generated/should_pass/test__kiss_ladder__R1_minus_R2.rs [should pass] ... ok
[INFO] [stderr] 
[INFO] [stderr] STDERR:
[INFO] [stderr] ┈┈┈┈┈┈┈┈┈┈┈┈┈┈┈┈┈┈┈┈┈┈┈┈┈┈┈┈┈┈┈┈┈┈┈┈┈┈┈┈┈┈┈┈┈┈┈┈┈┈┈┈┈┈┈┈┈┈┈┈
[INFO] [stderr] warning: unused imports: `R0`, `R1`, `R2`, `R3`, and `R4`
[INFO] [stderr]  --> /opt/rustwide/workdir/src/numbers_on_ladders.rs:1:38
[INFO] [stderr]   |
[INFO] [stderr] 1 | use crate::kiss_ladder::{LadderRung, R0, R1, R2, R3, R4};
[INFO] [stderr]   |                                      ^^  ^^  ^^  ^^  ^^
[INFO] [stderr]   |
[INFO] [stderr]   = note: `#[warn(unused_imports)]` on by default
[INFO] [stderr] 
[INFO] [stderr] warning: unused import: `derive_more`
[INFO] [stderr]  --> /opt/rustwide/workdir/src/numbers_on_ladders.rs:2:5
[INFO] [stderr]   |
[INFO] [stderr] 2 | use derive_more;
[INFO] [stderr]   |     ^^^^^^^^^^^
[INFO] [stderr] 
[INFO] [stderr] warning: unused import: `num`
[INFO] [stderr]  --> /opt/rustwide/workdir/src/numbers_on_ladders.rs:3:5
[INFO] [stderr]   |
[INFO] [stderr] 3 | use num;
[INFO] [stderr]   |     ^^^
[INFO] [stderr] ┈┈┈┈┈┈┈┈┈┈┈┈┈┈┈┈┈┈┈┈┈┈┈┈┈┈┈┈┈┈┈┈┈┈┈┈┈┈┈┈┈┈┈┈┈┈┈┈┈┈┈┈┈┈┈┈┈┈┈┈
[INFO] [stderr] 
[INFO] [stderr] test tests/ui/generated/should_pass/test__kiss_ladder__R1_plus_R2.rs [should pass] ... ok
[INFO] [stderr] 
[INFO] [stderr] STDERR:
[INFO] [stderr] ┈┈┈┈┈┈┈┈┈┈┈┈┈┈┈┈┈┈┈┈┈┈┈┈┈┈┈┈┈┈┈┈┈┈┈┈┈┈┈┈┈┈┈┈┈┈┈┈┈┈┈┈┈┈┈┈┈┈┈┈
[INFO] [stderr] warning: unused imports: `R0`, `R1`, `R2`, `R3`, and `R4`
[INFO] [stderr]  --> /opt/rustwide/workdir/src/numbers_on_ladders.rs:1:38
[INFO] [stderr]   |
[INFO] [stderr] 1 | use crate::kiss_ladder::{LadderRung, R0, R1, R2, R3, R4};
[INFO] [stderr]   |                                      ^^  ^^  ^^  ^^  ^^
[INFO] [stderr]   |
[INFO] [stderr]   = note: `#[warn(unused_imports)]` on by default
[INFO] [stderr] 
[INFO] [stderr] warning: unused import: `derive_more`
[INFO] [stderr]  --> /opt/rustwide/workdir/src/numbers_on_ladders.rs:2:5
[INFO] [stderr]   |
[INFO] [stderr] 2 | use derive_more;
[INFO] [stderr]   |     ^^^^^^^^^^^
[INFO] [stderr] 
[INFO] [stderr] warning: unused import: `num`
[INFO] [stderr]  --> /opt/rustwide/workdir/src/numbers_on_ladders.rs:3:5
[INFO] [stderr]   |
[INFO] [stderr] 3 | use num;
[INFO] [stderr]   |     ^^^
[INFO] [stderr] ┈┈┈┈┈┈┈┈┈┈┈┈┈┈┈┈┈┈┈┈┈┈┈┈┈┈┈┈┈┈┈┈┈┈┈┈┈┈┈┈┈┈┈┈┈┈┈┈┈┈┈┈┈┈┈┈┈┈┈┈
[INFO] [stderr] 
[INFO] [stderr] test tests/ui/generated/should_pass/test__kiss_ladder__R2_minus_R2.rs [should pass] ... ok
[INFO] [stderr] 
[INFO] [stderr] STDERR:
[INFO] [stderr] ┈┈┈┈┈┈┈┈┈┈┈┈┈┈┈┈┈┈┈┈┈┈┈┈┈┈┈┈┈┈┈┈┈┈┈┈┈┈┈┈┈┈┈┈┈┈┈┈┈┈┈┈┈┈┈┈┈┈┈┈
[INFO] [stderr] warning: unused imports: `R0`, `R1`, `R2`, `R3`, and `R4`
[INFO] [stderr]  --> /opt/rustwide/workdir/src/numbers_on_ladders.rs:1:38
[INFO] [stderr]   |
[INFO] [stderr] 1 | use crate::kiss_ladder::{LadderRung, R0, R1, R2, R3, R4};
[INFO] [stderr]   |                                      ^^  ^^  ^^  ^^  ^^
[INFO] [stderr]   |
[INFO] [stderr]   = note: `#[warn(unused_imports)]` on by default
[INFO] [stderr] 
[INFO] [stderr] warning: unused import: `derive_more`
[INFO] [stderr]  --> /opt/rustwide/workdir/src/numbers_on_ladders.rs:2:5
[INFO] [stderr]   |
[INFO] [stderr] 2 | use derive_more;
[INFO] [stderr]   |     ^^^^^^^^^^^
[INFO] [stderr] 
[INFO] [stderr] warning: unused import: `num`
[INFO] [stderr]  --> /opt/rustwide/workdir/src/numbers_on_ladders.rs:3:5
[INFO] [stderr]   |
[INFO] [stderr] 3 | use num;
[INFO] [stderr]   |     ^^^
[INFO] [stderr] ┈┈┈┈┈┈┈┈┈┈┈┈┈┈┈┈┈┈┈┈┈┈┈┈┈┈┈┈┈┈┈┈┈┈┈┈┈┈┈┈┈┈┈┈┈┈┈┈┈┈┈┈┈┈┈┈┈┈┈┈
[INFO] [stderr] 
[INFO] [stderr] test tests/ui/generated/should_pass/test__kiss_ladder__R2_minus_R3.rs [should pass] ... ok
[INFO] [stderr] 
[INFO] [stderr] STDERR:
[INFO] [stderr] ┈┈┈┈┈┈┈┈┈┈┈┈┈┈┈┈┈┈┈┈┈┈┈┈┈┈┈┈┈┈┈┈┈┈┈┈┈┈┈┈┈┈┈┈┈┈┈┈┈┈┈┈┈┈┈┈┈┈┈┈
[INFO] [stderr] warning: unused imports: `R0`, `R1`, `R2`, `R3`, and `R4`
[INFO] [stderr]  --> /opt/rustwide/workdir/src/numbers_on_ladders.rs:1:38
[INFO] [stderr]   |
[INFO] [stderr] 1 | use crate::kiss_ladder::{LadderRung, R0, R1, R2, R3, R4};
[INFO] [stderr]   |                                      ^^  ^^  ^^  ^^  ^^
[INFO] [stderr]   |
[INFO] [stderr]   = note: `#[warn(unused_imports)]` on by default
[INFO] [stderr] 
[INFO] [stderr] warning: unused import: `derive_more`
[INFO] [stderr]  --> /opt/rustwide/workdir/src/numbers_on_ladders.rs:2:5
[INFO] [stderr]   |
[INFO] [stderr] 2 | use derive_more;
[INFO] [stderr]   |     ^^^^^^^^^^^
[INFO] [stderr] 
[INFO] [stderr] warning: unused import: `num`
[INFO] [stderr]  --> /opt/rustwide/workdir/src/numbers_on_ladders.rs:3:5
[INFO] [stderr]   |
[INFO] [stderr] 3 | use num;
[INFO] [stderr]   |     ^^^
[INFO] [stderr] ┈┈┈┈┈┈┈┈┈┈┈┈┈┈┈┈┈┈┈┈┈┈┈┈┈┈┈┈┈┈┈┈┈┈┈┈┈┈┈┈┈┈┈┈┈┈┈┈┈┈┈┈┈┈┈┈┈┈┈┈
[INFO] [stderr] 
[INFO] [stderr] test tests/ui/generated/should_pass/test__kiss_ladder__R2_plus_R3.rs [should pass] ... ok
[INFO] [stderr] 
[INFO] [stderr] STDERR:
[INFO] [stderr] ┈┈┈┈┈┈┈┈┈┈┈┈┈┈┈┈┈┈┈┈┈┈┈┈┈┈┈┈┈┈┈┈┈┈┈┈┈┈┈┈┈┈┈┈┈┈┈┈┈┈┈┈┈┈┈┈┈┈┈┈
[INFO] [stderr] warning: unused imports: `R0`, `R1`, `R2`, `R3`, and `R4`
[INFO] [stderr]  --> /opt/rustwide/workdir/src/numbers_on_ladders.rs:1:38
[INFO] [stderr]   |
[INFO] [stderr] 1 | use crate::kiss_ladder::{LadderRung, R0, R1, R2, R3, R4};
[INFO] [stderr]   |                                      ^^  ^^  ^^  ^^  ^^
[INFO] [stderr]   |
[INFO] [stderr]   = note: `#[warn(unused_imports)]` on by default
[INFO] [stderr] 
[INFO] [stderr] warning: unused import: `derive_more`
[INFO] [stderr]  --> /opt/rustwide/workdir/src/numbers_on_ladders.rs:2:5
[INFO] [stderr]   |
[INFO] [stderr] 2 | use derive_more;
[INFO] [stderr]   |     ^^^^^^^^^^^
[INFO] [stderr] 
[INFO] [stderr] warning: unused import: `num`
[INFO] [stderr]  --> /opt/rustwide/workdir/src/numbers_on_ladders.rs:3:5
[INFO] [stderr]   |
[INFO] [stderr] 3 | use num;
[INFO] [stderr]   |     ^^^
[INFO] [stderr] ┈┈┈┈┈┈┈┈┈┈┈┈┈┈┈┈┈┈┈┈┈┈┈┈┈┈┈┈┈┈┈┈┈┈┈┈┈┈┈┈┈┈┈┈┈┈┈┈┈┈┈┈┈┈┈┈┈┈┈┈
[INFO] [stderr] 
[INFO] [stderr] test tests/ui/generated/should_pass/test__kiss_ladder__R3_minus_R3.rs [should pass] ... ok
[INFO] [stderr] 
[INFO] [stderr] STDERR:
[INFO] [stderr] ┈┈┈┈┈┈┈┈┈┈┈┈┈┈┈┈┈┈┈┈┈┈┈┈┈┈┈┈┈┈┈┈┈┈┈┈┈┈┈┈┈┈┈┈┈┈┈┈┈┈┈┈┈┈┈┈┈┈┈┈
[INFO] [stderr] warning: unused imports: `R0`, `R1`, `R2`, `R3`, and `R4`
[INFO] [stderr]  --> /opt/rustwide/workdir/src/numbers_on_ladders.rs:1:38
[INFO] [stderr]   |
[INFO] [stderr] 1 | use crate::kiss_ladder::{LadderRung, R0, R1, R2, R3, R4};
[INFO] [stderr]   |                                      ^^  ^^  ^^  ^^  ^^
[INFO] [stderr]   |
[INFO] [stderr]   = note: `#[warn(unused_imports)]` on by default
[INFO] [stderr] 
[INFO] [stderr] warning: unused import: `derive_more`
[INFO] [stderr]  --> /opt/rustwide/workdir/src/numbers_on_ladders.rs:2:5
[INFO] [stderr]   |
[INFO] [stderr] 2 | use derive_more;
[INFO] [stderr]   |     ^^^^^^^^^^^
[INFO] [stderr] 
[INFO] [stderr] warning: unused import: `num`
[INFO] [stderr]  --> /opt/rustwide/workdir/src/numbers_on_ladders.rs:3:5
[INFO] [stderr]   |
[INFO] [stderr] 3 | use num;
[INFO] [stderr]   |     ^^^
[INFO] [stderr] ┈┈┈┈┈┈┈┈┈┈┈┈┈┈┈┈┈┈┈┈┈┈┈┈┈┈┈┈┈┈┈┈┈┈┈┈┈┈┈┈┈┈┈┈┈┈┈┈┈┈┈┈┈┈┈┈┈┈┈┈
[INFO] [stderr] 
[INFO] [stderr] test tests/ui/generated/should_pass/test__typenum_ladder__R0_minus_R0.rs [should pass] ... ok
[INFO] [stderr] 
[INFO] [stderr] STDERR:
[INFO] [stderr] ┈┈┈┈┈┈┈┈┈┈┈┈┈┈┈┈┈┈┈┈┈┈┈┈┈┈┈┈┈┈┈┈┈┈┈┈┈┈┈┈┈┈┈┈┈┈┈┈┈┈┈┈┈┈┈┈┈┈┈┈
[INFO] [stderr] warning: unused imports: `R0`, `R1`, `R2`, `R3`, and `R4`
[INFO] [stderr]  --> /opt/rustwide/workdir/src/numbers_on_ladders.rs:1:38
[INFO] [stderr]   |
[INFO] [stderr] 1 | use crate::kiss_ladder::{LadderRung, R0, R1, R2, R3, R4};
[INFO] [stderr]   |                                      ^^  ^^  ^^  ^^  ^^
[INFO] [stderr]   |
[INFO] [stderr]   = note: `#[warn(unused_imports)]` on by default
[INFO] [stderr] 
[INFO] [stderr] warning: unused import: `derive_more`
[INFO] [stderr]  --> /opt/rustwide/workdir/src/numbers_on_ladders.rs:2:5
[INFO] [stderr]   |
[INFO] [stderr] 2 | use derive_more;
[INFO] [stderr]   |     ^^^^^^^^^^^
[INFO] [stderr] 
[INFO] [stderr] warning: unused import: `num`
[INFO] [stderr]  --> /opt/rustwide/workdir/src/numbers_on_ladders.rs:3:5
[INFO] [stderr]   |
[INFO] [stderr] 3 | use num;
[INFO] [stderr]   |     ^^^
[INFO] [stderr] ┈┈┈┈┈┈┈┈┈┈┈┈┈┈┈┈┈┈┈┈┈┈┈┈┈┈┈┈┈┈┈┈┈┈┈┈┈┈┈┈┈┈┈┈┈┈┈┈┈┈┈┈┈┈┈┈┈┈┈┈
[INFO] [stderr] 
[INFO] [stderr] test tests/ui/generated/should_pass/test__typenum_ladder__R0_minus_R1.rs [should pass] ... ok
[INFO] [stderr] 
[INFO] [stderr] STDERR:
[INFO] [stderr] ┈┈┈┈┈┈┈┈┈┈┈┈┈┈┈┈┈┈┈┈┈┈┈┈┈┈┈┈┈┈┈┈┈┈┈┈┈┈┈┈┈┈┈┈┈┈┈┈┈┈┈┈┈┈┈┈┈┈┈┈
[INFO] [stderr] warning: unused imports: `R0`, `R1`, `R2`, `R3`, and `R4`
[INFO] [stderr]  --> /opt/rustwide/workdir/src/numbers_on_ladders.rs:1:38
[INFO] [stderr]   |
[INFO] [stderr] 1 | use crate::kiss_ladder::{LadderRung, R0, R1, R2, R3, R4};
[INFO] [stderr]   |                                      ^^  ^^  ^^  ^^  ^^
[INFO] [stderr]   |
[INFO] [stderr]   = note: `#[warn(unused_imports)]` on by default
[INFO] [stderr] 
[INFO] [stderr] warning: unused import: `derive_more`
[INFO] [stderr]  --> /opt/rustwide/workdir/src/numbers_on_ladders.rs:2:5
[INFO] [stderr]   |
[INFO] [stderr] 2 | use derive_more;
[INFO] [stderr]   |     ^^^^^^^^^^^
[INFO] [stderr] 
[INFO] [stderr] warning: unused import: `num`
[INFO] [stderr]  --> /opt/rustwide/workdir/src/numbers_on_ladders.rs:3:5
[INFO] [stderr]   |
[INFO] [stderr] 3 | use num;
[INFO] [stderr]   |     ^^^
[INFO] [stderr] ┈┈┈┈┈┈┈┈┈┈┈┈┈┈┈┈┈┈┈┈┈┈┈┈┈┈┈┈┈┈┈┈┈┈┈┈┈┈┈┈┈┈┈┈┈┈┈┈┈┈┈┈┈┈┈┈┈┈┈┈
[INFO] [stderr] 
[INFO] [stderr] test tests/ui/generated/should_pass/test__typenum_ladder__R0_plus_R1.rs [should pass] ... ok
[INFO] [stderr] 
[INFO] [stderr] STDERR:
[INFO] [stderr] ┈┈┈┈┈┈┈┈┈┈┈┈┈┈┈┈┈┈┈┈┈┈┈┈┈┈┈┈┈┈┈┈┈┈┈┈┈┈┈┈┈┈┈┈┈┈┈┈┈┈┈┈┈┈┈┈┈┈┈┈
[INFO] [stderr] warning: unused imports: `R0`, `R1`, `R2`, `R3`, and `R4`
[INFO] [stderr]  --> /opt/rustwide/workdir/src/numbers_on_ladders.rs:1:38
[INFO] [stderr]   |
[INFO] [stderr] 1 | use crate::kiss_ladder::{LadderRung, R0, R1, R2, R3, R4};
[INFO] [stderr]   |                                      ^^  ^^  ^^  ^^  ^^
[INFO] [stderr]   |
[INFO] [stderr]   = note: `#[warn(unused_imports)]` on by default
[INFO] [stderr] 
[INFO] [stderr] warning: unused import: `derive_more`
[INFO] [stderr]  --> /opt/rustwide/workdir/src/numbers_on_ladders.rs:2:5
[INFO] [stderr]   |
[INFO] [stderr] 2 | use derive_more;
[INFO] [stderr]   |     ^^^^^^^^^^^
[INFO] [stderr] 
[INFO] [stderr] warning: unused import: `num`
[INFO] [stderr]  --> /opt/rustwide/workdir/src/numbers_on_ladders.rs:3:5
[INFO] [stderr]   |
[INFO] [stderr] 3 | use num;
[INFO] [stderr]   |     ^^^
[INFO] [stderr] ┈┈┈┈┈┈┈┈┈┈┈┈┈┈┈┈┈┈┈┈┈┈┈┈┈┈┈┈┈┈┈┈┈┈┈┈┈┈┈┈┈┈┈┈┈┈┈┈┈┈┈┈┈┈┈┈┈┈┈┈
[INFO] [stderr] 
[INFO] [stderr] test tests/ui/generated/should_pass/test__typenum_ladder__R1_minus_R1.rs [should pass] ... ok
[INFO] [stderr] 
[INFO] [stderr] STDERR:
[INFO] [stderr] ┈┈┈┈┈┈┈┈┈┈┈┈┈┈┈┈┈┈┈┈┈┈┈┈┈┈┈┈┈┈┈┈┈┈┈┈┈┈┈┈┈┈┈┈┈┈┈┈┈┈┈┈┈┈┈┈┈┈┈┈
[INFO] [stderr] warning: unused imports: `R0`, `R1`, `R2`, `R3`, and `R4`
[INFO] [stderr]  --> /opt/rustwide/workdir/src/numbers_on_ladders.rs:1:38
[INFO] [stderr]   |
[INFO] [stderr] 1 | use crate::kiss_ladder::{LadderRung, R0, R1, R2, R3, R4};
[INFO] [stderr]   |                                      ^^  ^^  ^^  ^^  ^^
[INFO] [stderr]   |
[INFO] [stderr]   = note: `#[warn(unused_imports)]` on by default
[INFO] [stderr] 
[INFO] [stderr] warning: unused import: `derive_more`
[INFO] [stderr]  --> /opt/rustwide/workdir/src/numbers_on_ladders.rs:2:5
[INFO] [stderr]   |
[INFO] [stderr] 2 | use derive_more;
[INFO] [stderr]   |     ^^^^^^^^^^^
[INFO] [stderr] 
[INFO] [stderr] warning: unused import: `num`
[INFO] [stderr]  --> /opt/rustwide/workdir/src/numbers_on_ladders.rs:3:5
[INFO] [stderr]   |
[INFO] [stderr] 3 | use num;
[INFO] [stderr]   |     ^^^
[INFO] [stderr] ┈┈┈┈┈┈┈┈┈┈┈┈┈┈┈┈┈┈┈┈┈┈┈┈┈┈┈┈┈┈┈┈┈┈┈┈┈┈┈┈┈┈┈┈┈┈┈┈┈┈┈┈┈┈┈┈┈┈┈┈
[INFO] [stderr] 
[INFO] [stderr] test tests/ui/generated/should_pass/test__typenum_ladder__R1_minus_R2.rs [should pass] ... ok
[INFO] [stderr] 
[INFO] [stderr] STDERR:
[INFO] [stderr] ┈┈┈┈┈┈┈┈┈┈┈┈┈┈┈┈┈┈┈┈┈┈┈┈┈┈┈┈┈┈┈┈┈┈┈┈┈┈┈┈┈┈┈┈┈┈┈┈┈┈┈┈┈┈┈┈┈┈┈┈
[INFO] [stderr] warning: unused imports: `R0`, `R1`, `R2`, `R3`, and `R4`
[INFO] [stderr]  --> /opt/rustwide/workdir/src/numbers_on_ladders.rs:1:38
[INFO] [stderr]   |
[INFO] [stderr] 1 | use crate::kiss_ladder::{LadderRung, R0, R1, R2, R3, R4};
[INFO] [stderr]   |                                      ^^  ^^  ^^  ^^  ^^
[INFO] [stderr]   |
[INFO] [stderr]   = note: `#[warn(unused_imports)]` on by default
[INFO] [stderr] 
[INFO] [stderr] warning: unused import: `derive_more`
[INFO] [stderr]  --> /opt/rustwide/workdir/src/numbers_on_ladders.rs:2:5
[INFO] [stderr]   |
[INFO] [stderr] 2 | use derive_more;
[INFO] [stderr]   |     ^^^^^^^^^^^
[INFO] [stderr] 
[INFO] [stderr] warning: unused import: `num`
[INFO] [stderr]  --> /opt/rustwide/workdir/src/numbers_on_ladders.rs:3:5
[INFO] [stderr]   |
[INFO] [stderr] 3 | use num;
[INFO] [stderr]   |     ^^^
[INFO] [stderr] ┈┈┈┈┈┈┈┈┈┈┈┈┈┈┈┈┈┈┈┈┈┈┈┈┈┈┈┈┈┈┈┈┈┈┈┈┈┈┈┈┈┈┈┈┈┈┈┈┈┈┈┈┈┈┈┈┈┈┈┈
[INFO] [stderr] 
[INFO] [stderr] test tests/ui/generated/should_pass/test__typenum_ladder__R1_plus_R2.rs [should pass] ... ok
[INFO] [stderr] 
[INFO] [stderr] STDERR:
[INFO] [stderr] ┈┈┈┈┈┈┈┈┈┈┈┈┈┈┈┈┈┈┈┈┈┈┈┈┈┈┈┈┈┈┈┈┈┈┈┈┈┈┈┈┈┈┈┈┈┈┈┈┈┈┈┈┈┈┈┈┈┈┈┈
[INFO] [stderr] warning: unused imports: `R0`, `R1`, `R2`, `R3`, and `R4`
[INFO] [stderr]  --> /opt/rustwide/workdir/src/numbers_on_ladders.rs:1:38
[INFO] [stderr]   |
[INFO] [stderr] 1 | use crate::kiss_ladder::{LadderRung, R0, R1, R2, R3, R4};
[INFO] [stderr]   |                                      ^^  ^^  ^^  ^^  ^^
[INFO] [stderr]   |
[INFO] [stderr]   = note: `#[warn(unused_imports)]` on by default
[INFO] [stderr] 
[INFO] [stderr] warning: unused import: `derive_more`
[INFO] [stderr]  --> /opt/rustwide/workdir/src/numbers_on_ladders.rs:2:5
[INFO] [stderr]   |
[INFO] [stderr] 2 | use derive_more;
[INFO] [stderr]   |     ^^^^^^^^^^^
[INFO] [stderr] 
[INFO] [stderr] warning: unused import: `num`
[INFO] [stderr]  --> /opt/rustwide/workdir/src/numbers_on_ladders.rs:3:5
[INFO] [stderr]   |
[INFO] [stderr] 3 | use num;
[INFO] [stderr]   |     ^^^
[INFO] [stderr] ┈┈┈┈┈┈┈┈┈┈┈┈┈┈┈┈┈┈┈┈┈┈┈┈┈┈┈┈┈┈┈┈┈┈┈┈┈┈┈┈┈┈┈┈┈┈┈┈┈┈┈┈┈┈┈┈┈┈┈┈
[INFO] [stderr] 
[INFO] [stderr] test tests/ui/generated/should_pass/test__typenum_ladder__R2_minus_R2.rs [should pass] ... ok
[INFO] [stderr] 
[INFO] [stderr] STDERR:
[INFO] [stderr] ┈┈┈┈┈┈┈┈┈┈┈┈┈┈┈┈┈┈┈┈┈┈┈┈┈┈┈┈┈┈┈┈┈┈┈┈┈┈┈┈┈┈┈┈┈┈┈┈┈┈┈┈┈┈┈┈┈┈┈┈
[INFO] [stderr] warning: unused imports: `R0`, `R1`, `R2`, `R3`, and `R4`
[INFO] [stderr]  --> /opt/rustwide/workdir/src/numbers_on_ladders.rs:1:38
[INFO] [stderr]   |
[INFO] [stderr] 1 | use crate::kiss_ladder::{LadderRung, R0, R1, R2, R3, R4};
[INFO] [stderr]   |                                      ^^  ^^  ^^  ^^  ^^
[INFO] [stderr]   |
[INFO] [stderr]   = note: `#[warn(unused_imports)]` on by default
[INFO] [stderr] 
[INFO] [stderr] warning: unused import: `derive_more`
[INFO] [stderr]  --> /opt/rustwide/workdir/src/numbers_on_ladders.rs:2:5
[INFO] [stderr]   |
[INFO] [stderr] 2 | use derive_more;
[INFO] [stderr]   |     ^^^^^^^^^^^
[INFO] [stderr] 
[INFO] [stderr] warning: unused import: `num`
[INFO] [stderr]  --> /opt/rustwide/workdir/src/numbers_on_ladders.rs:3:5
[INFO] [stderr]   |
[INFO] [stderr] 3 | use num;
[INFO] [stderr]   |     ^^^
[INFO] [stderr] ┈┈┈┈┈┈┈┈┈┈┈┈┈┈┈┈┈┈┈┈┈┈┈┈┈┈┈┈┈┈┈┈┈┈┈┈┈┈┈┈┈┈┈┈┈┈┈┈┈┈┈┈┈┈┈┈┈┈┈┈
[INFO] [stderr] 
[INFO] [stderr] test tests/ui/generated/should_pass/test__typenum_ladder__R2_minus_R3.rs [should pass] ... ok
[INFO] [stderr] 
[INFO] [stderr] STDERR:
[INFO] [stderr] ┈┈┈┈┈┈┈┈┈┈┈┈┈┈┈┈┈┈┈┈┈┈┈┈┈┈┈┈┈┈┈┈┈┈┈┈┈┈┈┈┈┈┈┈┈┈┈┈┈┈┈┈┈┈┈┈┈┈┈┈
[INFO] [stderr] warning: unused imports: `R0`, `R1`, `R2`, `R3`, and `R4`
[INFO] [stderr]  --> /opt/rustwide/workdir/src/numbers_on_ladders.rs:1:38
[INFO] [stderr]   |
[INFO] [stderr] 1 | use crate::kiss_ladder::{LadderRung, R0, R1, R2, R3, R4};
[INFO] [stderr]   |                                      ^^  ^^  ^^  ^^  ^^
[INFO] [stderr]   |
[INFO] [stderr]   = note: `#[warn(unused_imports)]` on by default
[INFO] [stderr] 
[INFO] [stderr] warning: unused import: `derive_more`
[INFO] [stderr]  --> /opt/rustwide/workdir/src/numbers_on_ladders.rs:2:5
[INFO] [stderr]   |
[INFO] [stderr] 2 | use derive_more;
[INFO] [stderr]   |     ^^^^^^^^^^^
[INFO] [stderr] 
[INFO] [stderr] warning: unused import: `num`
[INFO] [stderr]  --> /opt/rustwide/workdir/src/numbers_on_ladders.rs:3:5
[INFO] [stderr]   |
[INFO] [stderr] 3 | use num;
[INFO] [stderr]   |     ^^^
[INFO] [stderr] ┈┈┈┈┈┈┈┈┈┈┈┈┈┈┈┈┈┈┈┈┈┈┈┈┈┈┈┈┈┈┈┈┈┈┈┈┈┈┈┈┈┈┈┈┈┈┈┈┈┈┈┈┈┈┈┈┈┈┈┈
[INFO] [stderr] 
[INFO] [stderr] test tests/ui/generated/should_pass/test__typenum_ladder__R2_plus_R3.rs [should pass] ... ok
[INFO] [stderr] 
[INFO] [stderr] STDERR:
[INFO] [stderr] ┈┈┈┈┈┈┈┈┈┈┈┈┈┈┈┈┈┈┈┈┈┈┈┈┈┈┈┈┈┈┈┈┈┈┈┈┈┈┈┈┈┈┈┈┈┈┈┈┈┈┈┈┈┈┈┈┈┈┈┈
[INFO] [stderr] warning: unused imports: `R0`, `R1`, `R2`, `R3`, and `R4`
[INFO] [stderr]  --> /opt/rustwide/workdir/src/numbers_on_ladders.rs:1:38
[INFO] [stderr]   |
[INFO] [stderr] 1 | use crate::kiss_ladder::{LadderRung, R0, R1, R2, R3, R4};
[INFO] [stderr]   |                                      ^^  ^^  ^^  ^^  ^^
[INFO] [stderr]   |
[INFO] [stderr]   = note: `#[warn(unused_imports)]` on by default
[INFO] [stderr] 
[INFO] [stderr] warning: unused import: `derive_more`
[INFO] [stderr]  --> /opt/rustwide/workdir/src/numbers_on_ladders.rs:2:5
[INFO] [stderr]   |
[INFO] [stderr] 2 | use derive_more;
[INFO] [stderr]   |     ^^^^^^^^^^^
[INFO] [stderr] 
[INFO] [stderr] warning: unused import: `num`
[INFO] [stderr]  --> /opt/rustwide/workdir/src/numbers_on_ladders.rs:3:5
[INFO] [stderr]   |
[INFO] [stderr] 3 | use num;
[INFO] [stderr]   |     ^^^
[INFO] [stderr] ┈┈┈┈┈┈┈┈┈┈┈┈┈┈┈┈┈┈┈┈┈┈┈┈┈┈┈┈┈┈┈┈┈┈┈┈┈┈┈┈┈┈┈┈┈┈┈┈┈┈┈┈┈┈┈┈┈┈┈┈
[INFO] [stderr] 
[INFO] [stderr] test tests/ui/generated/should_pass/test__typenum_ladder__R3_minus_R3.rs [should pass] ... ok
[INFO] [stderr] 
[INFO] [stderr] STDERR:
[INFO] [stderr] ┈┈┈┈┈┈┈┈┈┈┈┈┈┈┈┈┈┈┈┈┈┈┈┈┈┈┈┈┈┈┈┈┈┈┈┈┈┈┈┈┈┈┈┈┈┈┈┈┈┈┈┈┈┈┈┈┈┈┈┈
[INFO] [stderr] warning: unused imports: `R0`, `R1`, `R2`, `R3`, and `R4`
[INFO] [stderr]  --> /opt/rustwide/workdir/src/numbers_on_ladders.rs:1:38
[INFO] [stderr]   |
[INFO] [stderr] 1 | use crate::kiss_ladder::{LadderRung, R0, R1, R2, R3, R4};
[INFO] [stderr]   |                                      ^^  ^^  ^^  ^^  ^^
[INFO] [stderr]   |
[INFO] [stderr]   = note: `#[warn(unused_imports)]` on by default
[INFO] [stderr] 
[INFO] [stderr] warning: unused import: `derive_more`
[INFO] [stderr]  --> /opt/rustwide/workdir/src/numbers_on_ladders.rs:2:5
[INFO] [stderr]   |
[INFO] [stderr] 2 | use derive_more;
[INFO] [stderr]   |     ^^^^^^^^^^^
[INFO] [stderr] 
[INFO] [stderr] warning: unused import: `num`
[INFO] [stderr]  --> /opt/rustwide/workdir/src/numbers_on_ladders.rs:3:5
[INFO] [stderr]   |
[INFO] [stderr] 3 | use num;
[INFO] [stderr]   |     ^^^
[INFO] [stderr] ┈┈┈┈┈┈┈┈┈┈┈┈┈┈┈┈┈┈┈┈┈┈┈┈┈┈┈┈┈┈┈┈┈┈┈┈┈┈┈┈┈┈┈┈┈┈┈┈┈┈┈┈┈┈┈┈┈┈┈┈
[INFO] [stderr] 
[INFO] [stderr] test tests/ui/generated/should_pass/test__unary_wrapper_ladder__R0_minus_R0.rs [should pass] ... ok
[INFO] [stderr] 
[INFO] [stderr] STDERR:
[INFO] [stderr] ┈┈┈┈┈┈┈┈┈┈┈┈┈┈┈┈┈┈┈┈┈┈┈┈┈┈┈┈┈┈┈┈┈┈┈┈┈┈┈┈┈┈┈┈┈┈┈┈┈┈┈┈┈┈┈┈┈┈┈┈
[INFO] [stderr] warning: unused imports: `R0`, `R1`, `R2`, `R3`, and `R4`
[INFO] [stderr]  --> /opt/rustwide/workdir/src/numbers_on_ladders.rs:1:38
[INFO] [stderr]   |
[INFO] [stderr] 1 | use crate::kiss_ladder::{LadderRung, R0, R1, R2, R3, R4};
[INFO] [stderr]   |                                      ^^  ^^  ^^  ^^  ^^
[INFO] [stderr]   |
[INFO] [stderr]   = note: `#[warn(unused_imports)]` on by default
[INFO] [stderr] 
[INFO] [stderr] warning: unused import: `derive_more`
[INFO] [stderr]  --> /opt/rustwide/workdir/src/numbers_on_ladders.rs:2:5
[INFO] [stderr]   |
[INFO] [stderr] 2 | use derive_more;
[INFO] [stderr]   |     ^^^^^^^^^^^
[INFO] [stderr] 
[INFO] [stderr] warning: unused import: `num`
[INFO] [stderr]  --> /opt/rustwide/workdir/src/numbers_on_ladders.rs:3:5
[INFO] [stderr]   |
[INFO] [stderr] 3 | use num;
[INFO] [stderr]   |     ^^^
[INFO] [stderr] ┈┈┈┈┈┈┈┈┈┈┈┈┈┈┈┈┈┈┈┈┈┈┈┈┈┈┈┈┈┈┈┈┈┈┈┈┈┈┈┈┈┈┈┈┈┈┈┈┈┈┈┈┈┈┈┈┈┈┈┈
[INFO] [stderr] 
[INFO] [stderr] test tests/ui/generated/should_pass/test__unary_wrapper_ladder__R0_minus_R1.rs [should pass] ... ok
[INFO] [stderr] 
[INFO] [stderr] STDERR:
[INFO] [stderr] ┈┈┈┈┈┈┈┈┈┈┈┈┈┈┈┈┈┈┈┈┈┈┈┈┈┈┈┈┈┈┈┈┈┈┈┈┈┈┈┈┈┈┈┈┈┈┈┈┈┈┈┈┈┈┈┈┈┈┈┈
[INFO] [stderr] warning: unused imports: `R0`, `R1`, `R2`, `R3`, and `R4`
[INFO] [stderr]  --> /opt/rustwide/workdir/src/numbers_on_ladders.rs:1:38
[INFO] [stderr]   |
[INFO] [stderr] 1 | use crate::kiss_ladder::{LadderRung, R0, R1, R2, R3, R4};
[INFO] [stderr]   |                                      ^^  ^^  ^^  ^^  ^^
[INFO] [stderr]   |
[INFO] [stderr]   = note: `#[warn(unused_imports)]` on by default
[INFO] [stderr] 
[INFO] [stderr] warning: unused import: `derive_more`
[INFO] [stderr]  --> /opt/rustwide/workdir/src/numbers_on_ladders.rs:2:5
[INFO] [stderr]   |
[INFO] [stderr] 2 | use derive_more;
[INFO] [stderr]   |     ^^^^^^^^^^^
[INFO] [stderr] 
[INFO] [stderr] warning: unused import: `num`
[INFO] [stderr]  --> /opt/rustwide/workdir/src/numbers_on_ladders.rs:3:5
[INFO] [stderr]   |
[INFO] [stderr] 3 | use num;
[INFO] [stderr]   |     ^^^
[INFO] [stderr] ┈┈┈┈┈┈┈┈┈┈┈┈┈┈┈┈┈┈┈┈┈┈┈┈┈┈┈┈┈┈┈┈┈┈┈┈┈┈┈┈┈┈┈┈┈┈┈┈┈┈┈┈┈┈┈┈┈┈┈┈
[INFO] [stderr] 
[INFO] [stderr] test tests/ui/generated/should_pass/test__unary_wrapper_ladder__R0_plus_R1.rs [should pass] ... ok
[INFO] [stderr] 
[INFO] [stderr] STDERR:
[INFO] [stderr] ┈┈┈┈┈┈┈┈┈┈┈┈┈┈┈┈┈┈┈┈┈┈┈┈┈┈┈┈┈┈┈┈┈┈┈┈┈┈┈┈┈┈┈┈┈┈┈┈┈┈┈┈┈┈┈┈┈┈┈┈
[INFO] [stderr] warning: unused imports: `R0`, `R1`, `R2`, `R3`, and `R4`
[INFO] [stderr]  --> /opt/rustwide/workdir/src/numbers_on_ladders.rs:1:38
[INFO] [stderr]   |
[INFO] [stderr] 1 | use crate::kiss_ladder::{LadderRung, R0, R1, R2, R3, R4};
[INFO] [stderr]   |                                      ^^  ^^  ^^  ^^  ^^
[INFO] [stderr]   |
[INFO] [stderr]   = note: `#[warn(unused_imports)]` on by default
[INFO] [stderr] 
[INFO] [stderr] warning: unused import: `derive_more`
[INFO] [stderr]  --> /opt/rustwide/workdir/src/numbers_on_ladders.rs:2:5
[INFO] [stderr]   |
[INFO] [stderr] 2 | use derive_more;
[INFO] [stderr]   |     ^^^^^^^^^^^
[INFO] [stderr] 
[INFO] [stderr] warning: unused import: `num`
[INFO] [stderr]  --> /opt/rustwide/workdir/src/numbers_on_ladders.rs:3:5
[INFO] [stderr]   |
[INFO] [stderr] 3 | use num;
[INFO] [stderr]   |     ^^^
[INFO] [stderr] ┈┈┈┈┈┈┈┈┈┈┈┈┈┈┈┈┈┈┈┈┈┈┈┈┈┈┈┈┈┈┈┈┈┈┈┈┈┈┈┈┈┈┈┈┈┈┈┈┈┈┈┈┈┈┈┈┈┈┈┈
[INFO] [stderr] 
[INFO] [stderr] test tests/ui/generated/should_pass/test__unary_wrapper_ladder__R1_minus_R1.rs [should pass] ... ok
[INFO] [stderr] 
[INFO] [stderr] STDERR:
[INFO] [stderr] ┈┈┈┈┈┈┈┈┈┈┈┈┈┈┈┈┈┈┈┈┈┈┈┈┈┈┈┈┈┈┈┈┈┈┈┈┈┈┈┈┈┈┈┈┈┈┈┈┈┈┈┈┈┈┈┈┈┈┈┈
[INFO] [stderr] warning: unused imports: `R0`, `R1`, `R2`, `R3`, and `R4`
[INFO] [stderr]  --> /opt/rustwide/workdir/src/numbers_on_ladders.rs:1:38
[INFO] [stderr]   |
[INFO] [stderr] 1 | use crate::kiss_ladder::{LadderRung, R0, R1, R2, R3, R4};
[INFO] [stderr]   |                                      ^^  ^^  ^^  ^^  ^^
[INFO] [stderr]   |
[INFO] [stderr]   = note: `#[warn(unused_imports)]` on by default
[INFO] [stderr] 
[INFO] [stderr] warning: unused import: `derive_more`
[INFO] [stderr]  --> /opt/rustwide/workdir/src/numbers_on_ladders.rs:2:5
[INFO] [stderr]   |
[INFO] [stderr] 2 | use derive_more;
[INFO] [stderr]   |     ^^^^^^^^^^^
[INFO] [stderr] 
[INFO] [stderr] warning: unused import: `num`
[INFO] [stderr]  --> /opt/rustwide/workdir/src/numbers_on_ladders.rs:3:5
[INFO] [stderr]   |
[INFO] [stderr] 3 | use num;
[INFO] [stderr]   |     ^^^
[INFO] [stderr] ┈┈┈┈┈┈┈┈┈┈┈┈┈┈┈┈┈┈┈┈┈┈┈┈┈┈┈┈┈┈┈┈┈┈┈┈┈┈┈┈┈┈┈┈┈┈┈┈┈┈┈┈┈┈┈┈┈┈┈┈
[INFO] [stderr] 
[INFO] [stdout] test add has been running for over 60 seconds
[INFO] [stderr] test tests/ui/generated/should_pass/test__unary_wrapper_ladder__R1_minus_R2.rs [should pass] ... ok
[INFO] [stderr] 
[INFO] [stderr] STDERR:
[INFO] [stderr] ┈┈┈┈┈┈┈┈┈┈┈┈┈┈┈┈┈┈┈┈┈┈┈┈┈┈┈┈┈┈┈┈┈┈┈┈┈┈┈┈┈┈┈┈┈┈┈┈┈┈┈┈┈┈┈┈┈┈┈┈
[INFO] [stderr] warning: unused imports: `R0`, `R1`, `R2`, `R3`, and `R4`
[INFO] [stderr]  --> /opt/rustwide/workdir/src/numbers_on_ladders.rs:1:38
[INFO] [stderr]   |
[INFO] [stderr] 1 | use crate::kiss_ladder::{LadderRung, R0, R1, R2, R3, R4};
[INFO] [stderr]   |                                      ^^  ^^  ^^  ^^  ^^
[INFO] [stderr]   |
[INFO] [stderr]   = note: `#[warn(unused_imports)]` on by default
[INFO] [stderr] 
[INFO] [stderr] warning: unused import: `derive_more`
[INFO] [stderr]  --> /opt/rustwide/workdir/src/numbers_on_ladders.rs:2:5
[INFO] [stderr]   |
[INFO] [stderr] 2 | use derive_more;
[INFO] [stderr]   |     ^^^^^^^^^^^
[INFO] [stderr] 
[INFO] [stderr] warning: unused import: `num`
[INFO] [stderr]  --> /opt/rustwide/workdir/src/numbers_on_ladders.rs:3:5
[INFO] [stderr]   |
[INFO] [stderr] 3 | use num;
[INFO] [stderr]   |     ^^^
[INFO] [stderr] ┈┈┈┈┈┈┈┈┈┈┈┈┈┈┈┈┈┈┈┈┈┈┈┈┈┈┈┈┈┈┈┈┈┈┈┈┈┈┈┈┈┈┈┈┈┈┈┈┈┈┈┈┈┈┈┈┈┈┈┈
[INFO] [stderr] 
[INFO] [stderr] test tests/ui/generated/should_pass/test__unary_wrapper_ladder__R1_plus_R2.rs [should pass] ... ok
[INFO] [stderr] 
[INFO] [stderr] STDERR:
[INFO] [stderr] ┈┈┈┈┈┈┈┈┈┈┈┈┈┈┈┈┈┈┈┈┈┈┈┈┈┈┈┈┈┈┈┈┈┈┈┈┈┈┈┈┈┈┈┈┈┈┈┈┈┈┈┈┈┈┈┈┈┈┈┈
[INFO] [stderr] warning: unused imports: `R0`, `R1`, `R2`, `R3`, and `R4`
[INFO] [stderr]  --> /opt/rustwide/workdir/src/numbers_on_ladders.rs:1:38
[INFO] [stderr]   |
[INFO] [stderr] 1 | use crate::kiss_ladder::{LadderRung, R0, R1, R2, R3, R4};
[INFO] [stderr]   |                                      ^^  ^^  ^^  ^^  ^^
[INFO] [stderr]   |
[INFO] [stderr]   = note: `#[warn(unused_imports)]` on by default
[INFO] [stderr] 
[INFO] [stderr] warning: unused import: `derive_more`
[INFO] [stderr]  --> /opt/rustwide/workdir/src/numbers_on_ladders.rs:2:5
[INFO] [stderr]   |
[INFO] [stderr] 2 | use derive_more;
[INFO] [stderr]   |     ^^^^^^^^^^^
[INFO] [stderr] 
[INFO] [stderr] warning: unused import: `num`
[INFO] [stderr]  --> /opt/rustwide/workdir/src/numbers_on_ladders.rs:3:5
[INFO] [stderr]   |
[INFO] [stderr] 3 | use num;
[INFO] [stderr]   |     ^^^
[INFO] [stderr] ┈┈┈┈┈┈┈┈┈┈┈┈┈┈┈┈┈┈┈┈┈┈┈┈┈┈┈┈┈┈┈┈┈┈┈┈┈┈┈┈┈┈┈┈┈┈┈┈┈┈┈┈┈┈┈┈┈┈┈┈
[INFO] [stderr] 
[INFO] [stderr] test tests/ui/generated/should_pass/test__unary_wrapper_ladder__R2_minus_R2.rs [should pass] ... ok
[INFO] [stderr] 
[INFO] [stderr] STDERR:
[INFO] [stderr] ┈┈┈┈┈┈┈┈┈┈┈┈┈┈┈┈┈┈┈┈┈┈┈┈┈┈┈┈┈┈┈┈┈┈┈┈┈┈┈┈┈┈┈┈┈┈┈┈┈┈┈┈┈┈┈┈┈┈┈┈
[INFO] [stderr] warning: unused imports: `R0`, `R1`, `R2`, `R3`, and `R4`
[INFO] [stderr]  --> /opt/rustwide/workdir/src/numbers_on_ladders.rs:1:38
[INFO] [stderr]   |
[INFO] [stderr] 1 | use crate::kiss_ladder::{LadderRung, R0, R1, R2, R3, R4};
[INFO] [stderr]   |                                      ^^  ^^  ^^  ^^  ^^
[INFO] [stderr]   |
[INFO] [stderr]   = note: `#[warn(unused_imports)]` on by default
[INFO] [stderr] 
[INFO] [stderr] warning: unused import: `derive_more`
[INFO] [stderr]  --> /opt/rustwide/workdir/src/numbers_on_ladders.rs:2:5
[INFO] [stderr]   |
[INFO] [stderr] 2 | use derive_more;
[INFO] [stderr]   |     ^^^^^^^^^^^
[INFO] [stderr] 
[INFO] [stderr] warning: unused import: `num`
[INFO] [stderr]  --> /opt/rustwide/workdir/src/numbers_on_ladders.rs:3:5
[INFO] [stderr]   |
[INFO] [stderr] 3 | use num;
[INFO] [stderr]   |     ^^^
[INFO] [stderr] ┈┈┈┈┈┈┈┈┈┈┈┈┈┈┈┈┈┈┈┈┈┈┈┈┈┈┈┈┈┈┈┈┈┈┈┈┈┈┈┈┈┈┈┈┈┈┈┈┈┈┈┈┈┈┈┈┈┈┈┈
[INFO] [stderr] 
[INFO] [stderr] test tests/ui/generated/should_pass/test__unary_wrapper_ladder__R2_minus_R3.rs [should pass] ... ok
[INFO] [stderr] 
[INFO] [stderr] STDERR:
[INFO] [stderr] ┈┈┈┈┈┈┈┈┈┈┈┈┈┈┈┈┈┈┈┈┈┈┈┈┈┈┈┈┈┈┈┈┈┈┈┈┈┈┈┈┈┈┈┈┈┈┈┈┈┈┈┈┈┈┈┈┈┈┈┈
[INFO] [stderr] warning: unused imports: `R0`, `R1`, `R2`, `R3`, and `R4`
[INFO] [stderr]  --> /opt/rustwide/workdir/src/numbers_on_ladders.rs:1:38
[INFO] [stderr]   |
[INFO] [stderr] 1 | use crate::kiss_ladder::{LadderRung, R0, R1, R2, R3, R4};
[INFO] [stderr]   |                                      ^^  ^^  ^^  ^^  ^^
[INFO] [stderr]   |
[INFO] [stderr]   = note: `#[warn(unused_imports)]` on by default
[INFO] [stderr] 
[INFO] [stderr] warning: unused import: `derive_more`
[INFO] [stderr]  --> /opt/rustwide/workdir/src/numbers_on_ladders.rs:2:5
[INFO] [stderr]   |
[INFO] [stderr] 2 | use derive_more;
[INFO] [stderr]   |     ^^^^^^^^^^^
[INFO] [stderr] 
[INFO] [stderr] warning: unused import: `num`
[INFO] [stderr]  --> /opt/rustwide/workdir/src/numbers_on_ladders.rs:3:5
[INFO] [stderr]   |
[INFO] [stderr] 3 | use num;
[INFO] [stderr]   |     ^^^
[INFO] [stderr] ┈┈┈┈┈┈┈┈┈┈┈┈┈┈┈┈┈┈┈┈┈┈┈┈┈┈┈┈┈┈┈┈┈┈┈┈┈┈┈┈┈┈┈┈┈┈┈┈┈┈┈┈┈┈┈┈┈┈┈┈
[INFO] [stderr] 
[INFO] [stderr] test tests/ui/generated/should_pass/test__unary_wrapper_ladder__R2_plus_R3.rs [should pass] ... ok
[INFO] [stderr] 
[INFO] [stderr] STDERR:
[INFO] [stderr] ┈┈┈┈┈┈┈┈┈┈┈┈┈┈┈┈┈┈┈┈┈┈┈┈┈┈┈┈┈┈┈┈┈┈┈┈┈┈┈┈┈┈┈┈┈┈┈┈┈┈┈┈┈┈┈┈┈┈┈┈
[INFO] [stderr] warning: unused imports: `R0`, `R1`, `R2`, `R3`, and `R4`
[INFO] [stderr]  --> /opt/rustwide/workdir/src/numbers_on_ladders.rs:1:38
[INFO] [stderr]   |
[INFO] [stderr] 1 | use crate::kiss_ladder::{LadderRung, R0, R1, R2, R3, R4};
[INFO] [stderr]   |                                      ^^  ^^  ^^  ^^  ^^
[INFO] [stderr]   |
[INFO] [stderr]   = note: `#[warn(unused_imports)]` on by default
[INFO] [stderr] 
[INFO] [stderr] warning: unused import: `derive_more`
[INFO] [stderr]  --> /opt/rustwide/workdir/src/numbers_on_ladders.rs:2:5
[INFO] [stderr]   |
[INFO] [stderr] 2 | use derive_more;
[INFO] [stderr]   |     ^^^^^^^^^^^
[INFO] [stderr] 
[INFO] [stderr] warning: unused import: `num`
[INFO] [stderr]  --> /opt/rustwide/workdir/src/numbers_on_ladders.rs:3:5
[INFO] [stderr]   |
[INFO] [stderr] 3 | use num;
[INFO] [stderr]   |     ^^^
[INFO] [stderr] ┈┈┈┈┈┈┈┈┈┈┈┈┈┈┈┈┈┈┈┈┈┈┈┈┈┈┈┈┈┈┈┈┈┈┈┈┈┈┈┈┈┈┈┈┈┈┈┈┈┈┈┈┈┈┈┈┈┈┈┈
[INFO] [stderr] 
[INFO] [stderr] test tests/ui/generated/should_pass/test__unary_wrapper_ladder__R3_minus_R3.rs [should pass] ... ok
[INFO] [stderr] 
[INFO] [stderr] STDERR:
[INFO] [stderr] ┈┈┈┈┈┈┈┈┈┈┈┈┈┈┈┈┈┈┈┈┈┈┈┈┈┈┈┈┈┈┈┈┈┈┈┈┈┈┈┈┈┈┈┈┈┈┈┈┈┈┈┈┈┈┈┈┈┈┈┈
[INFO] [stderr] warning: unused imports: `R0`, `R1`, `R2`, `R3`, and `R4`
[INFO] [stderr]  --> /opt/rustwide/workdir/src/numbers_on_ladders.rs:1:38
[INFO] [stderr]   |
[INFO] [stderr] 1 | use crate::kiss_ladder::{LadderRung, R0, R1, R2, R3, R4};
[INFO] [stderr]   |                                      ^^  ^^  ^^  ^^  ^^
[INFO] [stderr]   |
[INFO] [stderr]   = note: `#[warn(unused_imports)]` on by default
[INFO] [stderr] 
[INFO] [stderr] warning: unused import: `derive_more`
[INFO] [stderr]  --> /opt/rustwide/workdir/src/numbers_on_ladders.rs:2:5
[INFO] [stderr]   |
[INFO] [stderr] 2 | use derive_more;
[INFO] [stderr]   |     ^^^^^^^^^^^
[INFO] [stderr] 
[INFO] [stderr] warning: unused import: `num`
[INFO] [stderr]  --> /opt/rustwide/workdir/src/numbers_on_ladders.rs:3:5
[INFO] [stderr]   |
[INFO] [stderr] 3 | use num;
[INFO] [stderr]   |     ^^^
[INFO] [stderr] ┈┈┈┈┈┈┈┈┈┈┈┈┈┈┈┈┈┈┈┈┈┈┈┈┈┈┈┈┈┈┈┈┈┈┈┈┈┈┈┈┈┈┈┈┈┈┈┈┈┈┈┈┈┈┈┈┈┈┈┈
[INFO] [stderr] 
[INFO] [stderr] 
[INFO] [stderr] 
[INFO] [stdout] test add ... FAILED
[INFO] [stdout] 
[INFO] [stdout] failures:
[INFO] [stdout] 
[INFO] [stdout] ---- add stdout ----
[INFO] [stdout] thread 'add' panicked at /opt/rustwide/cargo-home/registry/src/index.crates.io-6f17d22bba15001f/trybuild-1.0.101/src/run.rs:101:13:
[INFO] [stdout] 9 of 96 tests failed
[INFO] [stdout] stack backtrace:
[INFO] [stdout]    0:     0x63477f68681a - std::backtrace_rs::backtrace::libunwind::trace::h8810477743020387
[INFO] [stdout]                                at /rustc/202008a1b8de96d2e5b6bc02d379db03a877d34d/library/std/src/../../backtrace/src/backtrace/libunwind.rs:116:5
[INFO] [stdout]    1:     0x63477f68681a - std::backtrace_rs::backtrace::trace_unsynchronized::h3aa55355dd6c54a6
[INFO] [stdout]                                at /rustc/202008a1b8de96d2e5b6bc02d379db03a877d34d/library/std/src/../../backtrace/src/backtrace/mod.rs:66:5
[INFO] [stdout]    2:     0x63477f68681a - std::sys::backtrace::_print_fmt::h8588b0f62410823f
[INFO] [stdout]                                at /rustc/202008a1b8de96d2e5b6bc02d379db03a877d34d/library/std/src/sys/backtrace.rs:66:9
[INFO] [stdout]    3:     0x63477f68681a - <std::sys::backtrace::BacktraceLock::print::DisplayBacktrace as core::fmt::Display>::fmt::h98c26ac25ffe89bb
[INFO] [stdout]                                at /rustc/202008a1b8de96d2e5b6bc02d379db03a877d34d/library/std/src/sys/backtrace.rs:39:26
[INFO] [stdout]    4:     0x63477f6afb53 - core::fmt::rt::Argument::fmt::hf95377f4aebd453b
[INFO] [stdout]                                at /rustc/202008a1b8de96d2e5b6bc02d379db03a877d34d/library/core/src/fmt/rt.rs:177:76
[INFO] [stdout]    5:     0x63477f6afb53 - core::fmt::write::h0dd5f6e2238c7982
[INFO] [stdout]                                at /rustc/202008a1b8de96d2e5b6bc02d379db03a877d34d/library/core/src/fmt/mod.rs:1189:21
[INFO] [stdout]    6:     0x63477f682ec3 - std::io::Write::write_fmt::h03bb0ca26e6faf8c
[INFO] [stdout]                                at /rustc/202008a1b8de96d2e5b6bc02d379db03a877d34d/library/std/src/io/mod.rs:1884:15
[INFO] [stdout]    7:     0x63477f686662 - std::sys::backtrace::BacktraceLock::print::h5c19c1c038ee186d
[INFO] [stdout]                                at /rustc/202008a1b8de96d2e5b6bc02d379db03a877d34d/library/std/src/sys/backtrace.rs:42:9
[INFO] [stdout]    8:     0x63477f68829d - std::panicking::default_hook::{{closure}}::h77172f079a1fcb13
[INFO] [stdout]                                at /rustc/202008a1b8de96d2e5b6bc02d379db03a877d34d/library/std/src/panicking.rs:268:22
[INFO] [stdout]    9:     0x63477f6880a7 - std::panicking::default_hook::he5f8e3b203ccddba
[INFO] [stdout]                                at /rustc/202008a1b8de96d2e5b6bc02d379db03a877d34d/library/std/src/panicking.rs:292:9
[INFO] [stdout]   10:     0x63477f397ef7 - <alloc::boxed::Box<F,A> as core::ops::function::Fn<Args>>::call::h7a3c7b4a1ae77f2f
[INFO] [stdout]                                at /rustc/202008a1b8de96d2e5b6bc02d379db03a877d34d/library/alloc/src/boxed.rs:1986:9
[INFO] [stdout]   11:     0x63477f397ef7 - test::test_main::{{closure}}::hf0d3b69ae9b353d1
[INFO] [stdout]                                at /rustc/202008a1b8de96d2e5b6bc02d379db03a877d34d/library/test/src/lib.rs:134:21
[INFO] [stdout]   12:     0x63477f688948 - <alloc::boxed::Box<F,A> as core::ops::function::Fn<Args>>::call::h6332e82e7b189abd
[INFO] [stdout]                                at /rustc/202008a1b8de96d2e5b6bc02d379db03a877d34d/library/alloc/src/boxed.rs:1986:9
[INFO] [stdout]   13:     0x63477f688948 - std::panicking::rust_panic_with_hook::h53863d4e9018df39
[INFO] [stdout]                                at /rustc/202008a1b8de96d2e5b6bc02d379db03a877d34d/library/std/src/panicking.rs:809:13
[INFO] [stdout]   14:     0x63477f68870a - std::panicking::begin_panic_handler::{{closure}}::h67280e6fa0757873
[INFO] [stdout]                                at /rustc/202008a1b8de96d2e5b6bc02d379db03a877d34d/library/std/src/panicking.rs:674:13
[INFO] [stdout]   15:     0x63477f686cf9 - std::sys::backtrace::__rust_end_short_backtrace::h1dac3f54d6fbbeb2
[INFO] [stdout]                                at /rustc/202008a1b8de96d2e5b6bc02d379db03a877d34d/library/std/src/sys/backtrace.rs:170:18
[INFO] [stdout]   16:     0x63477f68839c - rust_begin_unwind
[INFO] [stdout]                                at /rustc/202008a1b8de96d2e5b6bc02d379db03a877d34d/library/std/src/panicking.rs:665:5
[INFO] [stdout]   17:     0x63477f35d260 - core::panicking::panic_fmt::h6792bd1b2bf01041
[INFO] [stdout]                                at /rustc/202008a1b8de96d2e5b6bc02d379db03a877d34d/library/core/src/panicking.rs:76:14
[INFO] [stdout]   18:     0x63477f3b27cf - trybuild::run::<impl trybuild::Runner>::run::h41ba91329475417c
[INFO] [stdout]                                at /opt/rustwide/cargo-home/registry/src/index.crates.io-6f17d22bba15001f/trybuild-1.0.101/src/run.rs:101:13
[INFO] [stdout]   19:     0x63477f3b7ce8 - <trybuild::TestCases as core::ops::drop::Drop>::drop::h5c948a6d22b09b72
[INFO] [stdout]                                at /opt/rustwide/cargo-home/registry/src/index.crates.io-6f17d22bba15001f/trybuild-1.0.101/src/lib.rs:340:13
[INFO] [stdout]   20:     0x63477f35dd87 - core::ptr::drop_in_place<trybuild::TestCases>::hb8d4251508fcf0b4
[INFO] [stdout]                                at /rustc/202008a1b8de96d2e5b6bc02d379db03a877d34d/library/core/src/ptr/mod.rs:521:1
[INFO] [stdout]   21:     0x63477f35e62b - static_ui_tests::add::h80d18e54e8d61859
[INFO] [stdout]                                at /opt/rustwide/workdir/tests/static_ui_tests.rs:9:1
[INFO] [stdout]   22:     0x63477f35e5a7 - static_ui_tests::add::{{closure}}::hc7be4170b491d779
[INFO] [stdout]                                at /opt/rustwide/workdir/tests/static_ui_tests.rs:5:9
[INFO] [stdout]   23:     0x63477f35dd36 - core::ops::function::FnOnce::call_once::hd84046a0c56d384c
[INFO] [stdout]                                at /rustc/202008a1b8de96d2e5b6bc02d379db03a877d34d/library/core/src/ops/function.rs:250:5
[INFO] [stdout]   24:     0x63477f39ca1b - core::ops::function::FnOnce::call_once::h871bf86719ec9aa4
[INFO] [stdout]                                at /rustc/202008a1b8de96d2e5b6bc02d379db03a877d34d/library/core/src/ops/function.rs:250:5
[INFO] [stdout]   25:     0x63477f39ca1b - test::__rust_begin_short_backtrace::h2167df1e2b7d76fd
[INFO] [stdout]                                at /rustc/202008a1b8de96d2e5b6bc02d379db03a877d34d/library/test/src/lib.rs:632:18
[INFO] [stdout]   26:     0x63477f39c408 - test::run_test_in_process::{{closure}}::h15d92f75a3adfb79
[INFO] [stdout]                                at /rustc/202008a1b8de96d2e5b6bc02d379db03a877d34d/library/test/src/lib.rs:655:60
[INFO] [stdout]   27:     0x63477f39c408 - <core::panic::unwind_safe::AssertUnwindSafe<F> as core::ops::function::FnOnce<()>>::call_once::hb6c8955835a8dbbb
[INFO] [stdout]                                at /rustc/202008a1b8de96d2e5b6bc02d379db03a877d34d/library/core/src/panic/unwind_safe.rs:272:9
[INFO] [stdout]   28:     0x63477f39c408 - std::panicking::try::do_call::hc79d0fc888a0bd30
[INFO] [stdout]                                at /rustc/202008a1b8de96d2e5b6bc02d379db03a877d34d/library/std/src/panicking.rs:557:40
[INFO] [stdout]   29:     0x63477f39c408 - std::panicking::try::hb8a7878e3a8589d6
[INFO] [stdout]                                at /rustc/202008a1b8de96d2e5b6bc02d379db03a877d34d/library/std/src/panicking.rs:520:19
[INFO] [stdout]   30:     0x63477f39c408 - std::panic::catch_unwind::hb8e4600ff0ff5cfa
[INFO] [stdout]                                at /rustc/202008a1b8de96d2e5b6bc02d379db03a877d34d/library/std/src/panic.rs:358:14
[INFO] [stdout]   31:     0x63477f39c408 - test::run_test_in_process::hc2900b0b18688dd6
[INFO] [stdout]                                at /rustc/202008a1b8de96d2e5b6bc02d379db03a877d34d/library/test/src/lib.rs:655:27
[INFO] [stdout]   32:     0x63477f39c408 - test::run_test::{{closure}}::hac2a9cb07be3d48d
[INFO] [stdout]                                at /rustc/202008a1b8de96d2e5b6bc02d379db03a877d34d/library/test/src/lib.rs:576:43
[INFO] [stdout]   33:     0x63477f35feaa - test::run_test::{{closure}}::h4a5b729e66a38cd8
[INFO] [stdout]                                at /rustc/202008a1b8de96d2e5b6bc02d379db03a877d34d/library/test/src/lib.rs:606:41
[INFO] [stdout]   34:     0x63477f35feaa - std::sys::backtrace::__rust_begin_short_backtrace::h0496fb742492f573
[INFO] [stdout]                                at /rustc/202008a1b8de96d2e5b6bc02d379db03a877d34d/library/std/src/sys/backtrace.rs:154:18
[INFO] [stdout]   35:     0x63477f363824 - std::thread::Builder::spawn_unchecked_::{{closure}}::{{closure}}::hbb6d257c550a54bd
[INFO] [stdout]                                at /rustc/202008a1b8de96d2e5b6bc02d379db03a877d34d/library/std/src/thread/mod.rs:561:17
[INFO] [stdout]   36:     0x63477f363824 - <core::panic::unwind_safe::AssertUnwindSafe<F> as core::ops::function::FnOnce<()>>::call_once::h46696fe4a6832328
[INFO] [stdout]                                at /rustc/202008a1b8de96d2e5b6bc02d379db03a877d34d/library/core/src/panic/unwind_safe.rs:272:9
[INFO] [stdout]   37:     0x63477f363824 - std::panicking::try::do_call::h2625a51b667bfb64
[INFO] [stdout]                                at /rustc/202008a1b8de96d2e5b6bc02d379db03a877d34d/library/std/src/panicking.rs:557:40
[INFO] [stdout]   38:     0x63477f363824 - std::panicking::try::hb956a59a1973aa4c
[INFO] [stdout]                                at /rustc/202008a1b8de96d2e5b6bc02d379db03a877d34d/library/std/src/panicking.rs:520:19
[INFO] [stdout]   39:     0x63477f363824 - std::panic::catch_unwind::h64f3b9d1067ef6a0
[INFO] [stdout]                                at /rustc/202008a1b8de96d2e5b6bc02d379db03a877d34d/library/std/src/panic.rs:358:14
[INFO] [stdout]   40:     0x63477f363824 - std::thread::Builder::spawn_unchecked_::{{closure}}::h42b2841295b6c0b2
[INFO] [stdout]                                at /rustc/202008a1b8de96d2e5b6bc02d379db03a877d34d/library/std/src/thread/mod.rs:559:30
[INFO] [stderr] error: test failed, to rerun pass `--test static_ui_tests`
[INFO] [stdout]   41:     0x63477f363824 - core::ops::function::FnOnce::call_once{{vtable.shim}}::h6127de71b8124639
[INFO] [stdout]                                at /rustc/202008a1b8de96d2e5b6bc02d379db03a877d34d/library/core/src/ops/function.rs:250:5
[INFO] [stdout]   42:     0x63477f68d85b - <alloc::boxed::Box<F,A> as core::ops::function::FnOnce<Args>>::call_once::h42f0ba71002a1b2c
[INFO] [stdout]                                at /rustc/202008a1b8de96d2e5b6bc02d379db03a877d34d/library/alloc/src/boxed.rs:1972:9
[INFO] [stdout]   43:     0x63477f68d85b - <alloc::boxed::Box<F,A> as core::ops::function::FnOnce<Args>>::call_once::had9e47d7a3dcecb8
[INFO] [stdout]                                at /rustc/202008a1b8de96d2e5b6bc02d379db03a877d34d/library/alloc/src/boxed.rs:1972:9
[INFO] [stdout]   44:     0x63477f68d85b - std::sys::pal::unix::thread::Thread::new::thread_start::h48cf765408f6f5f2
[INFO] [stdout]                                at /rustc/202008a1b8de96d2e5b6bc02d379db03a877d34d/library/std/src/sys/pal/unix/thread.rs:105:17
[INFO] [stdout]   45:     0x71463a489ac3 - <unknown>
[INFO] [stdout]   46:     0x71463a51aa04 - clone
[INFO] [stdout]   47:                0x0 - <unknown>
[INFO] [stdout] 
[INFO] [stdout] 
[INFO] [stdout] failures:
[INFO] [stdout]     add
[INFO] [stdout] 
[INFO] [stdout] test result: FAILED. 0 passed; 1 failed; 0 ignored; 0 measured; 0 filtered out; finished in 63.32s
[INFO] [stdout] 
[INFO] running `Command { std: "docker" "inspect" "608650d7d1f135176ff49412ada9331933641631bb2e348f1397a69fc81b08c4", kill_on_drop: false }`
[INFO] running `Command { std: "docker" "rm" "-f" "608650d7d1f135176ff49412ada9331933641631bb2e348f1397a69fc81b08c4", kill_on_drop: false }`
[INFO] [stdout] 608650d7d1f135176ff49412ada9331933641631bb2e348f1397a69fc81b08c4
