[INFO] cloning repository https://github.com/jonataslaw/server_nano
[INFO] running `Command { std: "git" "-c" "credential.helper=" "-c" "credential.helper=/workspace/cargo-home/bin/git-credential-null" "clone" "--bare" "https://github.com/jonataslaw/server_nano" "/workspace/cache/git-repos/https%3A%2F%2Fgithub.com%2Fjonataslaw%2Fserver_nano", kill_on_drop: false }`
[INFO] [stderr] Cloning into bare repository '/workspace/cache/git-repos/https%3A%2F%2Fgithub.com%2Fjonataslaw%2Fserver_nano'...
[INFO] running `Command { std: "git" "rev-parse" "HEAD", kill_on_drop: false }`
[INFO] [stdout] 65237b838fd43197905f67b0338447481dd58da3
[INFO] testing jonataslaw/server_nano against beta-2024-12-08 for beta-1.84.0-4-retry
[INFO] running `Command { std: "git" "clone" "/workspace/cache/git-repos/https%3A%2F%2Fgithub.com%2Fjonataslaw%2Fserver_nano" "/workspace/builds/worker-2-tc2/source", kill_on_drop: false }`
[INFO] [stderr] Cloning into '/workspace/builds/worker-2-tc2/source'...
[INFO] [stderr] done.
[INFO] validating manifest of git repo https://github.com/jonataslaw/server_nano on toolchain beta-2024-12-08
[INFO] running `Command { std: CARGO_HOME="/workspace/cargo-home" RUSTUP_HOME="/workspace/rustup-home" "/workspace/cargo-home/bin/cargo" "+beta-2024-12-08" "metadata" "--manifest-path" "Cargo.toml" "--no-deps", kill_on_drop: false }`
[INFO] started tweaking git repo https://github.com/jonataslaw/server_nano
[INFO] finished tweaking git repo https://github.com/jonataslaw/server_nano
[INFO] tweaked toml for git repo https://github.com/jonataslaw/server_nano written to /workspace/builds/worker-2-tc2/source/Cargo.toml
[INFO] crate git repo https://github.com/jonataslaw/server_nano already has a lockfile, it will not be regenerated
[INFO] running `Command { std: CARGO_HOME="/workspace/cargo-home" RUSTUP_HOME="/workspace/rustup-home" "/workspace/cargo-home/bin/cargo" "+beta-2024-12-08" "fetch" "--manifest-path" "Cargo.toml", kill_on_drop: false }`
[INFO] running `Command { std: "docker" "create" "-v" "/var/lib/crater-agent-workspace/builds/worker-2-tc2/target:/opt/rustwide/target:rw,Z" "-v" "/var/lib/crater-agent-workspace/builds/worker-2-tc2/source:/opt/rustwide/workdir:ro,Z" "-v" "/var/lib/crater-agent-workspace/cargo-home:/opt/rustwide/cargo-home:ro,Z" "-v" "/var/lib/crater-agent-workspace/rustup-home:/opt/rustwide/rustup-home:ro,Z" "-e" "SOURCE_DIR=/opt/rustwide/workdir" "-e" "CARGO_TARGET_DIR=/opt/rustwide/target" "-e" "CARGO_HOME=/opt/rustwide/cargo-home" "-e" "RUSTUP_HOME=/opt/rustwide/rustup-home" "-w" "/opt/rustwide/workdir" "-m" "1610612736" "--user" "0:0" "--network" "none" "ghcr.io/rust-lang/crates-build-env/linux@sha256:f3a9d4ad9d972b27faf3965f35b62e55ba32bbce8f20bc8fe909558a86702fde" "/opt/rustwide/cargo-home/bin/cargo" "+beta-2024-12-08" "metadata" "--no-deps" "--format-version=1", kill_on_drop: false }`
[INFO] [stdout] 450b618ec068b9489ef566fbbf441f1b927ddb8ca06421e1c3a49df1b593619b
[INFO] running `Command { std: "docker" "start" "-a" "450b618ec068b9489ef566fbbf441f1b927ddb8ca06421e1c3a49df1b593619b", kill_on_drop: false }`
[INFO] running `Command { std: "docker" "inspect" "450b618ec068b9489ef566fbbf441f1b927ddb8ca06421e1c3a49df1b593619b", kill_on_drop: false }`
[INFO] running `Command { std: "docker" "rm" "-f" "450b618ec068b9489ef566fbbf441f1b927ddb8ca06421e1c3a49df1b593619b", kill_on_drop: false }`
[INFO] [stdout] 450b618ec068b9489ef566fbbf441f1b927ddb8ca06421e1c3a49df1b593619b
[INFO] running `Command { std: "docker" "create" "-v" "/var/lib/crater-agent-workspace/builds/worker-2-tc2/target:/opt/rustwide/target:rw,Z" "-v" "/var/lib/crater-agent-workspace/builds/worker-2-tc2/source:/opt/rustwide/workdir:ro,Z" "-v" "/var/lib/crater-agent-workspace/cargo-home:/opt/rustwide/cargo-home:ro,Z" "-v" "/var/lib/crater-agent-workspace/rustup-home:/opt/rustwide/rustup-home:ro,Z" "-e" "SOURCE_DIR=/opt/rustwide/workdir" "-e" "CARGO_TARGET_DIR=/opt/rustwide/target" "-e" "CARGO_INCREMENTAL=0" "-e" "RUST_BACKTRACE=full" "-e" "RUSTFLAGS=--cap-lints=warn" "-e" "RUSTDOCFLAGS=--cap-lints=warn" "-e" "CARGO_HOME=/opt/rustwide/cargo-home" "-e" "RUSTUP_HOME=/opt/rustwide/rustup-home" "-w" "/opt/rustwide/workdir" "-m" "1610612736" "--user" "0:0" "--network" "none" "ghcr.io/rust-lang/crates-build-env/linux@sha256:f3a9d4ad9d972b27faf3965f35b62e55ba32bbce8f20bc8fe909558a86702fde" "/opt/rustwide/cargo-home/bin/cargo" "+beta-2024-12-08" "build" "--frozen" "--message-format=json", kill_on_drop: false }`
[INFO] [stdout] f89a643913b83c6e3b3216ca44066fc8b9dd1cd3ba370f4627ca014db9c3c27e
[INFO] running `Command { std: "docker" "start" "-a" "f89a643913b83c6e3b3216ca44066fc8b9dd1cd3ba370f4627ca014db9c3c27e", kill_on_drop: false }`
[INFO] [stderr]    Compiling autocfg v1.1.0
[INFO] [stderr]    Compiling cfg-if v1.0.0
[INFO] [stderr]    Compiling libc v0.2.153
[INFO] [stderr]    Compiling crossbeam-utils v0.8.15
[INFO] [stderr]    Compiling rustversion v1.0.12
[INFO] [stderr]    Compiling scopeguard v1.1.0
[INFO] [stderr]    Compiling cfg_aliases v0.1.1
[INFO] [stderr]    Compiling log v0.4.17
[INFO] [stderr]    Compiling parking_lot_core v0.9.7
[INFO] [stderr]    Compiling crossbeam-queue v0.3.8
[INFO] [stderr]    Compiling smallvec v1.10.0
[INFO] [stderr]    Compiling serde v1.0.160
[INFO] [stderr]    Compiling serde_json v1.0.95
[INFO] [stderr]    Compiling httparse v1.8.0
[INFO] [stderr]    Compiling bitflags v2.5.0
[INFO] [stderr]    Compiling ryu v1.0.13
[INFO] [stderr]    Compiling itoa v1.0.6
[INFO] [stderr]    Compiling nix v0.28.0
[INFO] [stderr]    Compiling lazy_static v1.4.0
[INFO] [stderr]    Compiling bytes v1.4.0
[INFO] [stderr]    Compiling httpdate v1.0.2
[INFO] [stderr]    Compiling once_cell v1.17.1
[INFO] [stderr]    Compiling memoffset v0.8.0
[INFO] [stderr]    Compiling crossbeam-epoch v0.9.14
[INFO] [stderr]    Compiling memoffset v0.9.1
[INFO] [stderr]    Compiling lock_api v0.4.9
[INFO] [stderr]    Compiling crossbeam-channel v0.5.8
[INFO] [stderr]    Compiling may_queue v0.1.21
[INFO] [stderr]    Compiling may v0.3.45
[INFO] [stderr]    Compiling crossbeam-deque v0.8.3
[INFO] [stderr]    Compiling crossbeam v0.8.2
[INFO] [stderr]    Compiling num_cpus v1.15.0
[INFO] [stderr]    Compiling socket2 v0.5.2
[INFO] [stderr]    Compiling generator v0.8.1
[INFO] [stderr]    Compiling parking_lot v0.12.1
[INFO] [stderr]    Compiling core_affinity v0.8.0
[INFO] [stdout] error[E0080]: evaluation of constant value failed
[INFO] [stdout]   --> /opt/rustwide/cargo-home/registry/src/index.crates.io-6f17d22bba15001f/may-0.3.45/src/sync/spsc.rs:72:15
[INFO] [stdout]    |
[INFO] [stdout] 72 | const _: () = assert!(std::mem::size_of::<Thread>() == std::mem::size_of::<usize>());
[INFO] [stdout]    |               ^^^^^^^^^^^^^^^^^^^^^^^^^^^^^^^^^^^^^^^^^^^^^^^^^^^^^^^^^^^^^^^^^^^^^^ the evaluated program panicked at 'assertion failed: std::mem::size_of::<Thread>() == std::mem::size_of::<usize>()', /opt/rustwide/cargo-home/registry/src/index.crates.io-6f17d22bba15001f/may-0.3.45/src/sync/spsc.rs:72:15
[INFO] [stdout]    |
[INFO] [stdout]    = note: this error originates in the macro `assert` (in Nightly builds, run with -Z macro-backtrace for more info)
[INFO] [stdout] 
[INFO] [stdout] 
[INFO] [stdout] error[E0512]: cannot transmute between types of different sizes, or dependently-sized types
[INFO] [stdout]   --> /opt/rustwide/cargo-home/registry/src/index.crates.io-6f17d22bba15001f/may-0.3.45/src/sync/spsc.rs:86:35
[INFO] [stdout]    |
[INFO] [stdout] 86 |         let mut handle = unsafe { std::mem::transmute(thread) };
[INFO] [stdout]    |                                   ^^^^^^^^^^^^^^^^^^^
[INFO] [stdout]    |
[INFO] [stdout]    = note: source type: `Thread` (128 bits)
[INFO] [stdout]    = note: target type: `NonZero<usize>` (64 bits)
[INFO] [stdout] 
[INFO] [stdout] 
[INFO] [stdout] error[E0512]: cannot transmute between types of different sizes, or dependently-sized types
[INFO] [stdout]    --> /opt/rustwide/cargo-home/registry/src/index.crates.io-6f17d22bba15001f/may-0.3.45/src/sync/spsc.rs:100:31
[INFO] [stdout]     |
[INFO] [stdout] 100 |         let thread = unsafe { std::mem::transmute(self.handle.get() & !1) };
[INFO] [stdout]     |                               ^^^^^^^^^^^^^^^^^^^
[INFO] [stdout]     |
[INFO] [stdout]     = note: source type: `usize` (64 bits)
[INFO] [stdout]     = note: target type: `Thread` (128 bits)
[INFO] [stdout] 
[INFO] [stdout] 
[INFO] [stdout] error[E0512]: cannot transmute between types of different sizes, or dependently-sized types
[INFO] [stdout]    --> /opt/rustwide/cargo-home/registry/src/index.crates.io-6f17d22bba15001f/may-0.3.45/src/sync/spsc.rs:123:44
[INFO] [stdout]     |
[INFO] [stdout] 123 |             let _thread: Thread = unsafe { std::mem::transmute(self.handle.get() & !1) };
[INFO] [stdout]     |                                            ^^^^^^^^^^^^^^^^^^^
[INFO] [stdout]     |
[INFO] [stdout]     = note: source type: `usize` (64 bits)
[INFO] [stdout]     = note: target type: `Thread` (128 bits)
[INFO] [stdout] 
[INFO] [stdout] 
[INFO] [stdout] Some errors have detailed explanations: E0080, E0512.
[INFO] [stdout] 
[INFO] [stdout] For more information about an error, try `rustc --explain E0080`.
[INFO] [stdout] 
[INFO] [stderr] error: could not compile `may` (lib) due to 4 previous errors
[INFO] [stderr] warning: build failed, waiting for other jobs to finish...
[INFO] running `Command { std: "docker" "inspect" "f89a643913b83c6e3b3216ca44066fc8b9dd1cd3ba370f4627ca014db9c3c27e", kill_on_drop: false }`
[INFO] running `Command { std: "docker" "rm" "-f" "f89a643913b83c6e3b3216ca44066fc8b9dd1cd3ba370f4627ca014db9c3c27e", kill_on_drop: false }`
[INFO] [stdout] f89a643913b83c6e3b3216ca44066fc8b9dd1cd3ba370f4627ca014db9c3c27e
