[INFO] cloning repository https://github.com/PoorRican/sensd
[INFO] running `Command { std: "git" "-c" "credential.helper=" "-c" "credential.helper=/workspace/cargo-home/bin/git-credential-null" "clone" "--bare" "https://github.com/PoorRican/sensd" "/workspace/cache/git-repos/https%3A%2F%2Fgithub.com%2FPoorRican%2Fsensd", kill_on_drop: false }`
[INFO] [stderr] Cloning into bare repository '/workspace/cache/git-repos/https%3A%2F%2Fgithub.com%2FPoorRican%2Fsensd'...
[INFO] running `Command { std: "git" "rev-parse" "HEAD", kill_on_drop: false }`
[INFO] [stdout] ef6545f9b29343e6adc18c0fbbc0cf2f9d72aa9d
[INFO] testing PoorRican/sensd against beta-2024-12-08 for beta-1.84.0-4-retry
[INFO] running `Command { std: "git" "clone" "/workspace/cache/git-repos/https%3A%2F%2Fgithub.com%2FPoorRican%2Fsensd" "/workspace/builds/worker-1-tc2/source", kill_on_drop: false }`
[INFO] [stderr] Cloning into '/workspace/builds/worker-1-tc2/source'...
[INFO] [stderr] done.
[INFO] validating manifest of git repo https://github.com/PoorRican/sensd on toolchain beta-2024-12-08
[INFO] running `Command { std: CARGO_HOME="/workspace/cargo-home" RUSTUP_HOME="/workspace/rustup-home" "/workspace/cargo-home/bin/cargo" "+beta-2024-12-08" "metadata" "--manifest-path" "Cargo.toml" "--no-deps", kill_on_drop: false }`
[INFO] started tweaking git repo https://github.com/PoorRican/sensd
[INFO] finished tweaking git repo https://github.com/PoorRican/sensd
[INFO] tweaked toml for git repo https://github.com/PoorRican/sensd written to /workspace/builds/worker-1-tc2/source/Cargo.toml
[INFO] crate git repo https://github.com/PoorRican/sensd already has a lockfile, it will not be regenerated
[INFO] running `Command { std: CARGO_HOME="/workspace/cargo-home" RUSTUP_HOME="/workspace/rustup-home" "/workspace/cargo-home/bin/cargo" "+beta-2024-12-08" "fetch" "--manifest-path" "Cargo.toml", kill_on_drop: false }`
[INFO] running `Command { std: "docker" "create" "-v" "/var/lib/crater-agent-workspace/builds/worker-1-tc2/target:/opt/rustwide/target:rw,Z" "-v" "/var/lib/crater-agent-workspace/builds/worker-1-tc2/source:/opt/rustwide/workdir:ro,Z" "-v" "/var/lib/crater-agent-workspace/cargo-home:/opt/rustwide/cargo-home:ro,Z" "-v" "/var/lib/crater-agent-workspace/rustup-home:/opt/rustwide/rustup-home:ro,Z" "-e" "SOURCE_DIR=/opt/rustwide/workdir" "-e" "CARGO_TARGET_DIR=/opt/rustwide/target" "-e" "CARGO_HOME=/opt/rustwide/cargo-home" "-e" "RUSTUP_HOME=/opt/rustwide/rustup-home" "-w" "/opt/rustwide/workdir" "-m" "1610612736" "--user" "0:0" "--network" "none" "ghcr.io/rust-lang/crates-build-env/linux@sha256:f3a9d4ad9d972b27faf3965f35b62e55ba32bbce8f20bc8fe909558a86702fde" "/opt/rustwide/cargo-home/bin/cargo" "+beta-2024-12-08" "metadata" "--no-deps" "--format-version=1", kill_on_drop: false }`
[INFO] [stdout] 166daecda167526c58a94986aa33bea7bceb8248cbbc7527ca8a8873ed3ca977
[INFO] running `Command { std: "docker" "start" "-a" "166daecda167526c58a94986aa33bea7bceb8248cbbc7527ca8a8873ed3ca977", kill_on_drop: false }`
[INFO] running `Command { std: "docker" "inspect" "166daecda167526c58a94986aa33bea7bceb8248cbbc7527ca8a8873ed3ca977", kill_on_drop: false }`
[INFO] running `Command { std: "docker" "rm" "-f" "166daecda167526c58a94986aa33bea7bceb8248cbbc7527ca8a8873ed3ca977", kill_on_drop: false }`
[INFO] [stdout] 166daecda167526c58a94986aa33bea7bceb8248cbbc7527ca8a8873ed3ca977
[INFO] running `Command { std: "docker" "create" "-v" "/var/lib/crater-agent-workspace/builds/worker-1-tc2/target:/opt/rustwide/target:rw,Z" "-v" "/var/lib/crater-agent-workspace/builds/worker-1-tc2/source:/opt/rustwide/workdir:ro,Z" "-v" "/var/lib/crater-agent-workspace/cargo-home:/opt/rustwide/cargo-home:ro,Z" "-v" "/var/lib/crater-agent-workspace/rustup-home:/opt/rustwide/rustup-home:ro,Z" "-e" "SOURCE_DIR=/opt/rustwide/workdir" "-e" "CARGO_TARGET_DIR=/opt/rustwide/target" "-e" "CARGO_INCREMENTAL=0" "-e" "RUST_BACKTRACE=full" "-e" "RUSTFLAGS=--cap-lints=warn" "-e" "RUSTDOCFLAGS=--cap-lints=warn" "-e" "CARGO_HOME=/opt/rustwide/cargo-home" "-e" "RUSTUP_HOME=/opt/rustwide/rustup-home" "-w" "/opt/rustwide/workdir" "-m" "1610612736" "--user" "0:0" "--network" "none" "ghcr.io/rust-lang/crates-build-env/linux@sha256:f3a9d4ad9d972b27faf3965f35b62e55ba32bbce8f20bc8fe909558a86702fde" "/opt/rustwide/cargo-home/bin/cargo" "+beta-2024-12-08" "build" "--frozen" "--message-format=json", kill_on_drop: false }`
[INFO] [stdout] bfef15c88dab84f59752e33e7a9cac8e32fd64bf1f5fafc229cd648545c5752d
[INFO] running `Command { std: "docker" "start" "-a" "bfef15c88dab84f59752e33e7a9cac8e32fd64bf1f5fafc229cd648545c5752d", kill_on_drop: false }`
[INFO] [stderr]    Compiling proc-macro2 v1.0.56
[INFO] [stderr]    Compiling quote v1.0.27
[INFO] [stderr]    Compiling unicode-ident v1.0.8
[INFO] [stderr]    Compiling num-traits v0.2.15
[INFO] [stderr]    Compiling libc v0.2.144
[INFO] [stderr]    Compiling serde v1.0.163
[INFO] [stderr]    Compiling num-integer v0.1.45
[INFO] [stderr]    Compiling serde_json v1.0.96
[INFO] [stderr]    Compiling iana-time-zone v0.1.56
[INFO] [stderr]    Compiling dotenv v0.15.0
[INFO] [stderr]    Compiling custom_error v1.9.2
[INFO] [stderr]    Compiling time v0.1.45
[INFO] [stderr]    Compiling float-cmp v0.9.0
[INFO] [stderr]    Compiling pid v4.0.0
[INFO] [stderr]    Compiling syn v2.0.15
[INFO] [stderr]    Compiling serde_derive v1.0.163
[INFO] [stderr]    Compiling chrono v0.4.24
[INFO] [stderr]    Compiling sensd v0.0.7-beta (/opt/rustwide/workdir)
[INFO] [stdout] warning: call to `.clone()` on a reference in this situation does nothing
[INFO] [stdout]   --> src/io/dev/output.rs:86:43
[INFO] [stdout]    |
[INFO] [stdout] 86 |         self.dir = Some(PathBuf::from(path.clone()));
[INFO] [stdout]    |                                           ^^^^^^^^
[INFO] [stdout]    |
[INFO] [stdout]    = note: the type `Path` does not implement `Clone`, so calling `clone` on `&Path` copies the reference, which does not do anything and can be removed
[INFO] [stdout]    = note: `#[warn(noop_method_call)]` on by default
[INFO] [stdout] help: remove this redundant call
[INFO] [stdout]    |
[INFO] [stdout] 86 -         self.dir = Some(PathBuf::from(path.clone()));
[INFO] [stdout] 86 +         self.dir = Some(PathBuf::from(path));
[INFO] [stdout]    |
[INFO] [stdout] 
[INFO] [stdout] 
[INFO] [stderr]     Finished `dev` profile [unoptimized + debuginfo] target(s) in 22.80s
[INFO] running `Command { std: "docker" "inspect" "bfef15c88dab84f59752e33e7a9cac8e32fd64bf1f5fafc229cd648545c5752d", kill_on_drop: false }`
[INFO] running `Command { std: "docker" "rm" "-f" "bfef15c88dab84f59752e33e7a9cac8e32fd64bf1f5fafc229cd648545c5752d", kill_on_drop: false }`
[INFO] [stdout] bfef15c88dab84f59752e33e7a9cac8e32fd64bf1f5fafc229cd648545c5752d
[INFO] running `Command { std: "docker" "create" "-v" "/var/lib/crater-agent-workspace/builds/worker-1-tc2/target:/opt/rustwide/target:rw,Z" "-v" "/var/lib/crater-agent-workspace/builds/worker-1-tc2/source:/opt/rustwide/workdir:ro,Z" "-v" "/var/lib/crater-agent-workspace/cargo-home:/opt/rustwide/cargo-home:ro,Z" "-v" "/var/lib/crater-agent-workspace/rustup-home:/opt/rustwide/rustup-home:ro,Z" "-e" "SOURCE_DIR=/opt/rustwide/workdir" "-e" "CARGO_TARGET_DIR=/opt/rustwide/target" "-e" "CARGO_INCREMENTAL=0" "-e" "RUST_BACKTRACE=full" "-e" "RUSTFLAGS=--cap-lints=warn" "-e" "RUSTDOCFLAGS=--cap-lints=warn" "-e" "CARGO_HOME=/opt/rustwide/cargo-home" "-e" "RUSTUP_HOME=/opt/rustwide/rustup-home" "-w" "/opt/rustwide/workdir" "-m" "1610612736" "--user" "0:0" "--network" "none" "ghcr.io/rust-lang/crates-build-env/linux@sha256:f3a9d4ad9d972b27faf3965f35b62e55ba32bbce8f20bc8fe909558a86702fde" "/opt/rustwide/cargo-home/bin/cargo" "+beta-2024-12-08" "test" "--frozen" "--no-run" "--message-format=json", kill_on_drop: false }`
[INFO] [stdout] 9201dfe28e2ed8a756657c516a7c5eb86a7606057bcf8cb7ea80455509aeeffd
[INFO] running `Command { std: "docker" "start" "-a" "9201dfe28e2ed8a756657c516a7c5eb86a7606057bcf8cb7ea80455509aeeffd", kill_on_drop: false }`
[INFO] [stderr]    Compiling sensd v0.0.7-beta (/opt/rustwide/workdir)
[INFO] [stdout] warning: call to `.clone()` on a reference in this situation does nothing
[INFO] [stdout]   --> src/io/dev/output.rs:86:43
[INFO] [stdout]    |
[INFO] [stdout] 86 |         self.dir = Some(PathBuf::from(path.clone()));
[INFO] [stdout]    |                                           ^^^^^^^^
[INFO] [stdout]    |
[INFO] [stdout]    = note: the type `Path` does not implement `Clone`, so calling `clone` on `&Path` copies the reference, which does not do anything and can be removed
[INFO] [stdout]    = note: `#[warn(noop_method_call)]` on by default
[INFO] [stdout] help: remove this redundant call
[INFO] [stdout]    |
[INFO] [stdout] 86 -         self.dir = Some(PathBuf::from(path.clone()));
[INFO] [stdout] 86 +         self.dir = Some(PathBuf::from(path));
[INFO] [stdout]    |
[INFO] [stdout] 
[INFO] [stdout] 
[INFO] [stdout] warning: call to `.clone()` on a reference in this situation does nothing
[INFO] [stdout]   --> examples/blink.rs:34:32
[INFO] [stdout]    |
[INFO] [stdout] 34 |     let group = Group::new(name.clone());
[INFO] [stdout]    |                                ^^^^^^^^ help: remove this redundant call
[INFO] [stdout]    |
[INFO] [stdout]    = note: the type `str` does not implement `Clone`, so calling `clone` on `&str` copies the reference, which does not do anything and can be removed
[INFO] [stdout]    = note: `#[warn(noop_method_call)]` on by default
[INFO] [stdout] 
[INFO] [stdout] 
[INFO] [stdout] warning: call to `.clone()` on a reference in this situation does nothing
[INFO] [stdout]   --> examples/thermostat.rs:49:32
[INFO] [stdout]    |
[INFO] [stdout] 49 |     let group = Group::new(name.clone());
[INFO] [stdout]    |                                ^^^^^^^^ help: remove this redundant call
[INFO] [stdout]    |
[INFO] [stdout]    = note: the type `str` does not implement `Clone`, so calling `clone` on `&str` copies the reference, which does not do anything and can be removed
[INFO] [stdout]    = note: `#[warn(noop_method_call)]` on by default
[INFO] [stdout] 
[INFO] [stdout] 
[INFO] [stdout] warning: call to `.clone()` on a reference in this situation does nothing
[INFO] [stdout]   --> examples/simple.rs:46:32
[INFO] [stdout]    |
[INFO] [stdout] 46 |     let group = Group::new(name.clone());
[INFO] [stdout]    |                                ^^^^^^^^ help: remove this redundant call
[INFO] [stdout]    |
[INFO] [stdout]    = note: the type `str` does not implement `Clone`, so calling `clone` on `&str` copies the reference, which does not do anything and can be removed
[INFO] [stdout]    = note: `#[warn(noop_method_call)]` on by default
[INFO] [stdout] 
[INFO] [stdout] 
[INFO] [stdout] warning: creating a shared reference to mutable static is discouraged
[INFO] [stdout]    --> src/action/routine.rs:182:24
[INFO] [stdout]     |
[INFO] [stdout] 182 |             assert_ne!(REGISTER, value);
[INFO] [stdout]     |                        ^^^^^^^^ shared reference to mutable static
[INFO] [stdout]     |
[INFO] [stdout]     = note: for more information, see <https://doc.rust-lang.org/nightly/edition-guide/rust-2024/static-mut-references.html>
[INFO] [stdout]     = note: shared references to mutable statics are dangerous; it's undefined behavior if the static is mutated or if a mutable reference is created for it while the shared reference lives
[INFO] [stdout]     = note: `#[warn(static_mut_refs)]` on by default
[INFO] [stdout] 
[INFO] [stdout] 
[INFO] [stdout] warning: creating a shared reference to mutable static is discouraged
[INFO] [stdout]    --> src/action/routine.rs:191:24
[INFO] [stdout]     |
[INFO] [stdout] 191 |             assert_eq!(REGISTER, value);
[INFO] [stdout]     |                        ^^^^^^^^ shared reference to mutable static
[INFO] [stdout]     |
[INFO] [stdout]     = note: for more information, see <https://doc.rust-lang.org/nightly/edition-guide/rust-2024/static-mut-references.html>
[INFO] [stdout]     = note: shared references to mutable statics are dangerous; it's undefined behavior if the static is mutated or if a mutable reference is created for it while the shared reference lives
[INFO] [stdout] 
[INFO] [stdout] 
[INFO] [stdout] warning: call to `.clone()` on a reference in this situation does nothing
[INFO] [stdout]   --> src/io/dev/output.rs:86:43
[INFO] [stdout]    |
[INFO] [stdout] 86 |         self.dir = Some(PathBuf::from(path.clone()));
[INFO] [stdout]    |                                           ^^^^^^^^
[INFO] [stdout]    |
[INFO] [stdout]    = note: the type `Path` does not implement `Clone`, so calling `clone` on `&Path` copies the reference, which does not do anything and can be removed
[INFO] [stdout]    = note: `#[warn(noop_method_call)]` on by default
[INFO] [stdout] help: remove this redundant call
[INFO] [stdout]    |
[INFO] [stdout] 86 -         self.dir = Some(PathBuf::from(path.clone()));
[INFO] [stdout] 86 +         self.dir = Some(PathBuf::from(path));
[INFO] [stdout]    |
[INFO] [stdout] 
[INFO] [stdout] 
[INFO] [stderr]     Finished `test` profile [unoptimized + debuginfo] target(s) in 4.24s
[INFO] running `Command { std: "docker" "inspect" "9201dfe28e2ed8a756657c516a7c5eb86a7606057bcf8cb7ea80455509aeeffd", kill_on_drop: false }`
[INFO] running `Command { std: "docker" "rm" "-f" "9201dfe28e2ed8a756657c516a7c5eb86a7606057bcf8cb7ea80455509aeeffd", kill_on_drop: false }`
[INFO] [stdout] 9201dfe28e2ed8a756657c516a7c5eb86a7606057bcf8cb7ea80455509aeeffd
[INFO] running `Command { std: "docker" "create" "-v" "/var/lib/crater-agent-workspace/builds/worker-1-tc2/target:/opt/rustwide/target:rw,Z" "-v" "/var/lib/crater-agent-workspace/builds/worker-1-tc2/source:/opt/rustwide/workdir:ro,Z" "-v" "/var/lib/crater-agent-workspace/cargo-home:/opt/rustwide/cargo-home:ro,Z" "-v" "/var/lib/crater-agent-workspace/rustup-home:/opt/rustwide/rustup-home:ro,Z" "-e" "SOURCE_DIR=/opt/rustwide/workdir" "-e" "CARGO_TARGET_DIR=/opt/rustwide/target" "-e" "CARGO_INCREMENTAL=0" "-e" "RUST_BACKTRACE=full" "-e" "RUSTFLAGS=--cap-lints=warn" "-e" "RUSTDOCFLAGS=--cap-lints=warn" "-e" "CARGO_HOME=/opt/rustwide/cargo-home" "-e" "RUSTUP_HOME=/opt/rustwide/rustup-home" "-w" "/opt/rustwide/workdir" "-m" "1610612736" "--user" "0:0" "--network" "none" "ghcr.io/rust-lang/crates-build-env/linux@sha256:f3a9d4ad9d972b27faf3965f35b62e55ba32bbce8f20bc8fe909558a86702fde" "/opt/rustwide/cargo-home/bin/cargo" "+beta-2024-12-08" "test" "--frozen", kill_on_drop: false }`
[INFO] [stdout] 3ec5077f5236bdd40ac9f2eff263e249ff01f5ecd52636e87dcf6aacbbd55695
[INFO] running `Command { std: "docker" "start" "-a" "3ec5077f5236bdd40ac9f2eff263e249ff01f5ecd52636e87dcf6aacbbd55695", kill_on_drop: false }`
[INFO] [stderr] warning: call to `.clone()` on a reference in this situation does nothing
[INFO] [stderr]   --> src/io/dev/output.rs:86:43
[INFO] [stderr]    |
[INFO] [stderr] 86 |         self.dir = Some(PathBuf::from(path.clone()));
[INFO] [stderr]    |                                           ^^^^^^^^
[INFO] [stderr]    |
[INFO] [stderr]    = note: the type `Path` does not implement `Clone`, so calling `clone` on `&Path` copies the reference, which does not do anything and can be removed
[INFO] [stderr]    = note: `#[warn(noop_method_call)]` on by default
[INFO] [stderr] help: remove this redundant call
[INFO] [stderr]    |
[INFO] [stderr] 86 -         self.dir = Some(PathBuf::from(path.clone()));
[INFO] [stderr] 86 +         self.dir = Some(PathBuf::from(path));
[INFO] [stderr]    |
[INFO] [stderr] 
[INFO] [stderr] warning: `sensd` (lib) generated 1 warning (run `cargo fix --lib -p sensd` to apply 1 suggestion)
[INFO] [stderr] warning: call to `.clone()` on a reference in this situation does nothing
[INFO] [stderr]   --> examples/thermostat.rs:49:32
[INFO] [stderr]    |
[INFO] [stderr] 49 |     let group = Group::new(name.clone());
[INFO] [stderr]    |                                ^^^^^^^^ help: remove this redundant call
[INFO] [stderr]    |
[INFO] [stderr]    = note: the type `str` does not implement `Clone`, so calling `clone` on `&str` copies the reference, which does not do anything and can be removed
[INFO] [stderr]    = note: `#[warn(noop_method_call)]` on by default
[INFO] [stderr] 
[INFO] [stderr] warning: `sensd` (example "thermostat") generated 1 warning (run `cargo fix --example "thermostat"` to apply 1 suggestion)
[INFO] [stderr] warning: call to `.clone()` on a reference in this situation does nothing
[INFO] [stderr]   --> examples/simple.rs:46:32
[INFO] [stderr]    |
[INFO] [stderr] 46 |     let group = Group::new(name.clone());
[INFO] [stderr]    |                                ^^^^^^^^ help: remove this redundant call
[INFO] [stderr]    |
[INFO] [stderr]    = note: the type `str` does not implement `Clone`, so calling `clone` on `&str` copies the reference, which does not do anything and can be removed
[INFO] [stderr]    = note: `#[warn(noop_method_call)]` on by default
[INFO] [stderr] 
[INFO] [stderr] warning: `sensd` (example "simple") generated 1 warning (run `cargo fix --example "simple"` to apply 1 suggestion)
[INFO] [stderr] warning: call to `.clone()` on a reference in this situation does nothing
[INFO] [stderr]   --> examples/blink.rs:34:32
[INFO] [stderr]    |
[INFO] [stderr] 34 |     let group = Group::new(name.clone());
[INFO] [stderr]    |                                ^^^^^^^^ help: remove this redundant call
[INFO] [stderr]    |
[INFO] [stderr]    = note: the type `str` does not implement `Clone`, so calling `clone` on `&str` copies the reference, which does not do anything and can be removed
[INFO] [stderr]    = note: `#[warn(noop_method_call)]` on by default
[INFO] [stderr] 
[INFO] [stderr] warning: `sensd` (example "blink") generated 1 warning (run `cargo fix --example "blink"` to apply 1 suggestion)
[INFO] [stderr] warning: creating a shared reference to mutable static is discouraged
[INFO] [stderr]    --> src/action/routine.rs:182:24
[INFO] [stderr]     |
[INFO] [stderr] 182 |             assert_ne!(REGISTER, value);
[INFO] [stderr]     |                        ^^^^^^^^ shared reference to mutable static
[INFO] [stderr]     |
[INFO] [stderr]     = note: for more information, see <https://doc.rust-lang.org/nightly/edition-guide/rust-2024/static-mut-references.html>
[INFO] [stderr]     = note: shared references to mutable statics are dangerous; it's undefined behavior if the static is mutated or if a mutable reference is created for it while the shared reference lives
[INFO] [stderr]     = note: `#[warn(static_mut_refs)]` on by default
[INFO] [stderr] 
[INFO] [stderr] warning: creating a shared reference to mutable static is discouraged
[INFO] [stderr]    --> src/action/routine.rs:191:24
[INFO] [stderr]     |
[INFO] [stderr] 191 |             assert_eq!(REGISTER, value);
[INFO] [stderr]     |                        ^^^^^^^^ shared reference to mutable static
[INFO] [stderr]     |
[INFO] [stderr]     = note: for more information, see <https://doc.rust-lang.org/nightly/edition-guide/rust-2024/static-mut-references.html>
[INFO] [stderr]     = note: shared references to mutable statics are dangerous; it's undefined behavior if the static is mutated or if a mutable reference is created for it while the shared reference lives
[INFO] [stderr] 
[INFO] [stderr] warning: `sensd` (lib test) generated 3 warnings (1 duplicate)
[INFO] [stderr]     Finished `test` profile [unoptimized + debuginfo] target(s) in 0.08s
[INFO] [stderr]      Running unittests src/lib.rs (/opt/rustwide/target/debug/deps/sensd-2d1e9c9257a91376)
[INFO] [stdout] 
[INFO] [stdout] running 58 tests
[INFO] [stdout] test action::actions::threshold::tests::new_name_parameter ... ok
[INFO] [stdout] test action::io::tests::test_agrees ... ok
[INFO] [stdout] test action::handler::tests::test_attempt ... ok
[INFO] [stdout] test action::io::tests::test_default ... ok
[INFO] [stdout] test action::actions::threshold::tests::with_output_name_parameter ... ok
[INFO] [stdout] test action::trigger::tests::gt ... ok
[INFO] [stdout] test action::trigger::tests::lt ... ok
[INFO] [stdout] test action::handler::tests::test_push ... ok
[INFO] [stdout] test action::routine::meta_tests::test_constructor_w_log ... ok
[INFO] [stdout] test action::trigger::tests::gte ... ok
[INFO] [stdout] test io::dev::container::tests::insert_input ... ok
[INFO] [stdout] test io::dev::container::tests::insert_output ... ok
[INFO] [stdout] test io::dev::container::tests::set_root ... ok
[INFO] [stdout] test io::dev::input::tests::new_kind_parameter ... ok
[INFO] [stdout] test io::dev::input::tests::new_name_parameter ... ok
[INFO] [stdout] test action::routine::meta_tests::test_constructor_w_none ... ok
[INFO] [stdout] test io::dev::input::tests::test_init_publisher ... ok
[INFO] [stdout] test io::dev::input::tests::set_dir_changes_log_dir ... ok
[INFO] [stdout] test io::dev::input::tests::test_init_log ... ok
[INFO] [stdout] test io::dev::output::tests::new_name_parameter ... ok
[INFO] [stdout] test io::dev::input::tests::test_read ... ok
[INFO] [stdout] test io::dev::output::tests::new_kind_parameter ... ok
[INFO] [stdout] test io::dev::output::tests::set_dir ... ok
[INFO] [stdout] test io::dev::output::tests::set_dir_changes_log_dir ... ok
[INFO] [stdout] test io::dev::input::tests::test_rx ... ok
[INFO] [stdout] test io::dev::output::tests::test_init_log ... ok
[INFO] [stdout] test io::dev::output::tests::test_write ... ok
[INFO] [stdout] test io::types::raw::tests::test_rawvalue_add ... ok
[INFO] [stdout] test io::types::raw::tests::test_rawvalue_div ... ok
[INFO] [stdout] test action::trigger::tests::lte ... ok
[INFO] [stdout] test io::dev::output::tests::test_tx ... ok
[INFO] [stdout] test io::metadata::tests::new_name_parameter ... ok
[INFO] [stdout] test io::types::raw::tests::test_rawvalue_mul ... ok
[INFO] [stdout] test io::types::raw::tests::test_rawvalue_sub ... ok
[INFO] [stdout] test settings::tests::set_root_into ... ok
[INFO] [stdout] test action::io::tests::test_output_fails_wo_value - should panic ... ok
[INFO] [stdout] test action::routine::functionality_tests::test_attempt ... FAILED
[INFO] [stdout] test action::routine::meta_tests::validate_command - should panic ... ok
[INFO] [stdout] test io::types::raw::tests::test_rawvalue_add_mismatched - should panic ... ok
[INFO] [stdout] test storage::group::tests::push_input_changes_dir ... ok
[INFO] [stdout] test storage::group::tests::new_name_parameter ... ok
[INFO] [stdout] test storage::group::tests::push_output ... ok
[INFO] [stdout] test storage::group::tests::push_output_changes_dir ... ok
[INFO] [stdout] test storage::group::tests::test_dir ... ok
[INFO] [stdout] test storage::group::tests::push_input ... ok
[INFO] [stdout] test storage::group::tests::test_init_root ... ok
[INFO] [stdout] test storage::group::tests::with_interval ... ok
[INFO] [stdout] test storage::group::tests::with_root ... ok
[INFO] [stdout] test storage::logging::log::tests::set_dir ... ok
[INFO] [stdout] test io::types::raw::tests::test_rawvalue_div_mismatched - should panic ... ok
[INFO] [stdout] test storage::logging::log::tests::test_load_save ... ok
[INFO] [stdout] test io::types::raw::tests::test_rawvalue_sub_mismatched - should panic ... ok
[INFO] [stdout] test storage::logging::types::test_event_collection::test_extendability ... ok
[INFO] [stdout] test io::types::raw::tests::test_rawvalue_mul_mismatched - should panic ... ok
[INFO] [stdout] test settings::tests::set_root_panics - should panic ... ok
[INFO] [stdout] test storage::group::tests::push_input_panics - should panic ... ok
[INFO] [stdout] test storage::group::tests::push_output_panics - should panic ... ok
[INFO] [stdout] test storage::logging::log::tests::test_extend ... ok
[INFO] [stdout] 
[INFO] [stdout] failures:
[INFO] [stdout] 
[INFO] [stdout] ---- action::routine::functionality_tests::test_attempt stdout ----
[INFO] [stdout] thread 'action::routine::functionality_tests::test_attempt' panicked at src/action/routine.rs:186:13:
[INFO] [stdout] assertion `left == right` failed
[INFO] [stdout]   left: false
[INFO] [stdout]  right: true
[INFO] [stdout] stack backtrace:
[INFO] [stdout]    0:     0x632752c04c4a - std::backtrace_rs::backtrace::libunwind::trace::h8810477743020387
[INFO] [stdout]                                at /rustc/202008a1b8de96d2e5b6bc02d379db03a877d34d/library/std/src/../../backtrace/src/backtrace/libunwind.rs:116:5
[INFO] [stdout]    1:     0x632752c04c4a - std::backtrace_rs::backtrace::trace_unsynchronized::h3aa55355dd6c54a6
[INFO] [stdout]                                at /rustc/202008a1b8de96d2e5b6bc02d379db03a877d34d/library/std/src/../../backtrace/src/backtrace/mod.rs:66:5
[INFO] [stdout]    2:     0x632752c04c4a - std::sys::backtrace::_print_fmt::h8588b0f62410823f
[INFO] [stdout]                                at /rustc/202008a1b8de96d2e5b6bc02d379db03a877d34d/library/std/src/sys/backtrace.rs:66:9
[INFO] [stdout]    3:     0x632752c04c4a - <std::sys::backtrace::BacktraceLock::print::DisplayBacktrace as core::fmt::Display>::fmt::h98c26ac25ffe89bb
[INFO] [stdout]                                at /rustc/202008a1b8de96d2e5b6bc02d379db03a877d34d/library/std/src/sys/backtrace.rs:39:26
[INFO] [stdout]    4:     0x632752c2bdd3 - core::fmt::rt::Argument::fmt::hf95377f4aebd453b
[INFO] [stdout]                                at /rustc/202008a1b8de96d2e5b6bc02d379db03a877d34d/library/core/src/fmt/rt.rs:177:76
[INFO] [stdout]    5:     0x632752c2bdd3 - core::fmt::write::h0dd5f6e2238c7982
[INFO] [stdout]                                at /rustc/202008a1b8de96d2e5b6bc02d379db03a877d34d/library/core/src/fmt/mod.rs:1189:21
[INFO] [stdout]    6:     0x632752c01b93 - std::io::Write::write_fmt::h03bb0ca26e6faf8c
[INFO] [stdout]                                at /rustc/202008a1b8de96d2e5b6bc02d379db03a877d34d/library/std/src/io/mod.rs:1884:15
[INFO] [stdout]    7:     0x632752c04a92 - std::sys::backtrace::BacktraceLock::print::h5c19c1c038ee186d
[INFO] [stdout]                                at /rustc/202008a1b8de96d2e5b6bc02d379db03a877d34d/library/std/src/sys/backtrace.rs:42:9
[INFO] [stdout]    8:     0x632752c060cd - std::panicking::default_hook::{{closure}}::h77172f079a1fcb13
[INFO] [stdout]                                at /rustc/202008a1b8de96d2e5b6bc02d379db03a877d34d/library/std/src/panicking.rs:268:22
[INFO] [stdout]    9:     0x632752c05ed7 - std::panicking::default_hook::he5f8e3b203ccddba
[INFO] [stdout]                                at /rustc/202008a1b8de96d2e5b6bc02d379db03a877d34d/library/std/src/panicking.rs:292:9
[INFO] [stdout]   10:     0x632752ba8847 - <alloc::boxed::Box<F,A> as core::ops::function::Fn<Args>>::call::h7a3c7b4a1ae77f2f
[INFO] [stdout]                                at /rustc/202008a1b8de96d2e5b6bc02d379db03a877d34d/library/alloc/src/boxed.rs:1986:9
[INFO] [stdout]   11:     0x632752ba8847 - test::test_main::{{closure}}::hf0d3b69ae9b353d1
[INFO] [stdout]                                at /rustc/202008a1b8de96d2e5b6bc02d379db03a877d34d/library/test/src/lib.rs:134:21
[INFO] [stdout]   12:     0x632752c06778 - <alloc::boxed::Box<F,A> as core::ops::function::Fn<Args>>::call::h6332e82e7b189abd
[INFO] [stdout]                                at /rustc/202008a1b8de96d2e5b6bc02d379db03a877d34d/library/alloc/src/boxed.rs:1986:9
[INFO] [stdout]   13:     0x632752c06778 - std::panicking::rust_panic_with_hook::h53863d4e9018df39
[INFO] [stdout]                                at /rustc/202008a1b8de96d2e5b6bc02d379db03a877d34d/library/std/src/panicking.rs:809:13
[INFO] [stdout]   14:     0x632752c0653a - std::panicking::begin_panic_handler::{{closure}}::h67280e6fa0757873
[INFO] [stdout]                                at /rustc/202008a1b8de96d2e5b6bc02d379db03a877d34d/library/std/src/panicking.rs:674:13
[INFO] [stdout]   15:     0x632752c05129 - std::sys::backtrace::__rust_end_short_backtrace::h1dac3f54d6fbbeb2
[INFO] [stdout]                                at /rustc/202008a1b8de96d2e5b6bc02d379db03a877d34d/library/std/src/sys/backtrace.rs:170:18
[INFO] [stdout]   16:     0x632752c061cc - rust_begin_unwind
[INFO] [stdout]                                at /rustc/202008a1b8de96d2e5b6bc02d379db03a877d34d/library/std/src/panicking.rs:665:5
[INFO] [stdout]   17:     0x632752b0db60 - core::panicking::panic_fmt::h6792bd1b2bf01041
[INFO] [stdout]                                at /rustc/202008a1b8de96d2e5b6bc02d379db03a877d34d/library/core/src/panicking.rs:76:14
[INFO] [stdout]   18:     0x632752b0df2b - core::panicking::assert_failed_inner::hf2c17e6d30928787
[INFO] [stdout]   19:     0x632752b52950 - core::panicking::assert_failed::hef3fb1b89aea10ad
[INFO] [stdout]                                at /rustc/202008a1b8de96d2e5b6bc02d379db03a877d34d/library/core/src/panicking.rs:373:5
[INFO] [stdout]   20:     0x632752b303a9 - sensd::action::routine::functionality_tests::test_attempt::hdc341cfef970102f
[INFO] [stdout]                                at /opt/rustwide/workdir/src/action/routine.rs:186:13
[INFO] [stdout]   21:     0x632752b2fda7 - sensd::action::routine::functionality_tests::test_attempt::{{closure}}::headd51db39457be5
[INFO] [stdout]                                at /opt/rustwide/workdir/src/action/routine.rs:164:22
[INFO] [stdout]   22:     0x632752b35216 - core::ops::function::FnOnce::call_once::hce648e83e11481d4
[INFO] [stdout]                                at /rustc/202008a1b8de96d2e5b6bc02d379db03a877d34d/library/core/src/ops/function.rs:250:5
[INFO] [stdout]   23:     0x632752bad36b - core::ops::function::FnOnce::call_once::h871bf86719ec9aa4
[INFO] [stdout]                                at /rustc/202008a1b8de96d2e5b6bc02d379db03a877d34d/library/core/src/ops/function.rs:250:5
[INFO] [stdout]   24:     0x632752bad36b - test::__rust_begin_short_backtrace::h2167df1e2b7d76fd
[INFO] [stdout]                                at /rustc/202008a1b8de96d2e5b6bc02d379db03a877d34d/library/test/src/lib.rs:632:18
[INFO] [stdout]   25:     0x632752bacd58 - test::run_test_in_process::{{closure}}::h15d92f75a3adfb79
[INFO] [stdout]                                at /rustc/202008a1b8de96d2e5b6bc02d379db03a877d34d/library/test/src/lib.rs:655:60
[INFO] [stdout]   26:     0x632752bacd58 - <core::panic::unwind_safe::AssertUnwindSafe<F> as core::ops::function::FnOnce<()>>::call_once::hb6c8955835a8dbbb
[INFO] [stdout]                                at /rustc/202008a1b8de96d2e5b6bc02d379db03a877d34d/library/core/src/panic/unwind_safe.rs:272:9
[INFO] [stdout]   27:     0x632752bacd58 - std::panicking::try::do_call::hc79d0fc888a0bd30
[INFO] [stdout]                                at /rustc/202008a1b8de96d2e5b6bc02d379db03a877d34d/library/std/src/panicking.rs:557:40
[INFO] [stdout]   28:     0x632752bacd58 - std::panicking::try::hb8a7878e3a8589d6
[INFO] [stdout]                                at /rustc/202008a1b8de96d2e5b6bc02d379db03a877d34d/library/std/src/panicking.rs:520:19
[INFO] [stdout]   29:     0x632752bacd58 - std::panic::catch_unwind::hb8e4600ff0ff5cfa
[INFO] [stdout]                                at /rustc/202008a1b8de96d2e5b6bc02d379db03a877d34d/library/std/src/panic.rs:358:14
[INFO] [stdout]   30:     0x632752bacd58 - test::run_test_in_process::hc2900b0b18688dd6
[INFO] [stdout]                                at /rustc/202008a1b8de96d2e5b6bc02d379db03a877d34d/library/test/src/lib.rs:655:27
[INFO] [stdout]   31:     0x632752bacd58 - test::run_test::{{closure}}::hac2a9cb07be3d48d
[INFO] [stdout]                                at /rustc/202008a1b8de96d2e5b6bc02d379db03a877d34d/library/test/src/lib.rs:576:43
[INFO] [stdout]   32:     0x632752b707fa - test::run_test::{{closure}}::h4a5b729e66a38cd8
[INFO] [stdout]                                at /rustc/202008a1b8de96d2e5b6bc02d379db03a877d34d/library/test/src/lib.rs:606:41
[INFO] [stdout]   33:     0x632752b707fa - std::sys::backtrace::__rust_begin_short_backtrace::h0496fb742492f573
[INFO] [stdout]                                at /rustc/202008a1b8de96d2e5b6bc02d379db03a877d34d/library/std/src/sys/backtrace.rs:154:18
[INFO] [stdout]   34:     0x632752b74174 - std::thread::Builder::spawn_unchecked_::{{closure}}::{{closure}}::hbb6d257c550a54bd
[INFO] [stdout]                                at /rustc/202008a1b8de96d2e5b6bc02d379db03a877d34d/library/std/src/thread/mod.rs:561:17
[INFO] [stdout]   35:     0x632752b74174 - <core::panic::unwind_safe::AssertUnwindSafe<F> as core::ops::function::FnOnce<()>>::call_once::h46696fe4a6832328
[INFO] [stdout]                                at /rustc/202008a1b8de96d2e5b6bc02d379db03a877d34d/library/core/src/panic/unwind_safe.rs:272:9
[INFO] [stdout]   36:     0x632752b74174 - std::panicking::try::do_call::h2625a51b667bfb64
[INFO] [stdout]                                at /rustc/202008a1b8de96d2e5b6bc02d379db03a877d34d/library/std/src/panicking.rs:557:40
[INFO] [stdout]   37:     0x632752b74174 - std::panicking::try::hb956a59a1973aa4c
[INFO] [stdout]                                at /rustc/202008a1b8de96d2e5b6bc02d379db03a877d34d/library/std/src/panicking.rs:520:19
[INFO] [stdout]   38:     0x632752b74174 - std::panic::catch_unwind::h64f3b9d1067ef6a0
[INFO] [stdout]                                at /rustc/202008a1b8de96d2e5b6bc02d379db03a877d34d/library/std/src/panic.rs:358:14
[INFO] [stdout]   39:     0x632752b74174 - std::thread::Builder::spawn_unchecked_::{{closure}}::h42b2841295b6c0b2
[INFO] [stdout]                                at /rustc/202008a1b8de96d2e5b6bc02d379db03a877d34d/library/std/src/thread/mod.rs:559:30
[INFO] [stdout]   40:     0x632752b74174 - core::ops::function::FnOnce::call_once{{vtable.shim}}::h6127de71b8124639
[INFO] [stdout]                                at /rustc/202008a1b8de96d2e5b6bc02d379db03a877d34d/library/core/src/ops/function.rs:250:5
[INFO] [stdout]   41:     0x632752c0b20b - <alloc::boxed::Box<F,A> as core::ops::function::FnOnce<Args>>::call_once::h42f0ba71002a1b2c
[INFO] [stdout]                                at /rustc/202008a1b8de96d2e5b6bc02d379db03a877d34d/library/alloc/src/boxed.rs:1972:9
[INFO] [stdout]   42:     0x632752c0b20b - <alloc::boxed::Box<F,A> as core::ops::function::FnOnce<Args>>::call_once::had9e47d7a3dcecb8
[INFO] [stdout]                                at /rustc/202008a1b8de96d2e5b6bc02d379db03a877d34d/library/alloc/src/boxed.rs:1972:9
[INFO] [stdout]   43:     0x632752c0b20b - std::sys::pal::unix::thread::Thread::new::thread_start::h48cf765408f6f5f2
[INFO] [stdout]                                at /rustc/202008a1b8de96d2e5b6bc02d379db03a877d34d/library/std/src/sys/pal/unix/thread.rs:105:17
[INFO] [stdout]   44:     0x7b4683592ac3 - <unknown>
[INFO] [stdout]   45:     0x7b4683623a04 - clone
[INFO] [stdout]   46:                0x0 - <unknown>
[INFO] [stdout] 
[INFO] [stdout] 
[INFO] [stdout] failures:
[INFO] [stdout]     action::routine::functionality_tests::test_attempt
[INFO] [stdout] 
[INFO] [stdout] test result: FAILED. 57 passed; 1 failed; 0 ignored; 0 measured; 0 filtered out; finished in 0.09s
[INFO] [stdout] 
[INFO] [stderr] error: test failed, to rerun pass `--lib`
[INFO] running `Command { std: "docker" "inspect" "3ec5077f5236bdd40ac9f2eff263e249ff01f5ecd52636e87dcf6aacbbd55695", kill_on_drop: false }`
[INFO] running `Command { std: "docker" "rm" "-f" "3ec5077f5236bdd40ac9f2eff263e249ff01f5ecd52636e87dcf6aacbbd55695", kill_on_drop: false }`
[INFO] [stdout] 3ec5077f5236bdd40ac9f2eff263e249ff01f5ecd52636e87dcf6aacbbd55695
