[INFO] cloning repository https://github.com/LanJian/aoc-2023
[INFO] running `Command { std: "git" "-c" "credential.helper=" "-c" "credential.helper=/workspace/cargo-home/bin/git-credential-null" "clone" "--bare" "https://github.com/LanJian/aoc-2023" "/workspace/cache/git-repos/https%3A%2F%2Fgithub.com%2FLanJian%2Faoc-2023", kill_on_drop: false }`
[INFO] [stderr] Cloning into bare repository '/workspace/cache/git-repos/https%3A%2F%2Fgithub.com%2FLanJian%2Faoc-2023'...
[INFO] running `Command { std: "git" "rev-parse" "HEAD", kill_on_drop: false }`
[INFO] [stdout] d876008fa027ea28e151cc2b93c33e33a44b11dc
[INFO] testing LanJian/aoc-2023 against beta-2024-12-08 for beta-1.84.0-4-retry
[INFO] running `Command { std: "git" "clone" "/workspace/cache/git-repos/https%3A%2F%2Fgithub.com%2FLanJian%2Faoc-2023" "/workspace/builds/worker-3-tc2/source", kill_on_drop: false }`
[INFO] [stderr] Cloning into '/workspace/builds/worker-3-tc2/source'...
[INFO] [stderr] done.
[INFO] validating manifest of git repo https://github.com/LanJian/aoc-2023 on toolchain beta-2024-12-08
[INFO] running `Command { std: CARGO_HOME="/workspace/cargo-home" RUSTUP_HOME="/workspace/rustup-home" "/workspace/cargo-home/bin/cargo" "+beta-2024-12-08" "metadata" "--manifest-path" "Cargo.toml" "--no-deps", kill_on_drop: false }`
[INFO] started tweaking git repo https://github.com/LanJian/aoc-2023
[INFO] finished tweaking git repo https://github.com/LanJian/aoc-2023
[INFO] tweaked toml for git repo https://github.com/LanJian/aoc-2023 written to /workspace/builds/worker-3-tc2/source/Cargo.toml
[INFO] crate git repo https://github.com/LanJian/aoc-2023 already has a lockfile, it will not be regenerated
[INFO] running `Command { std: CARGO_HOME="/workspace/cargo-home" RUSTUP_HOME="/workspace/rustup-home" "/workspace/cargo-home/bin/cargo" "+beta-2024-12-08" "fetch" "--manifest-path" "Cargo.toml", kill_on_drop: false }`
[INFO] running `Command { std: "docker" "create" "-v" "/var/lib/crater-agent-workspace/builds/worker-3-tc2/target:/opt/rustwide/target:rw,Z" "-v" "/var/lib/crater-agent-workspace/builds/worker-3-tc2/source:/opt/rustwide/workdir:ro,Z" "-v" "/var/lib/crater-agent-workspace/cargo-home:/opt/rustwide/cargo-home:ro,Z" "-v" "/var/lib/crater-agent-workspace/rustup-home:/opt/rustwide/rustup-home:ro,Z" "-e" "SOURCE_DIR=/opt/rustwide/workdir" "-e" "CARGO_TARGET_DIR=/opt/rustwide/target" "-e" "CARGO_HOME=/opt/rustwide/cargo-home" "-e" "RUSTUP_HOME=/opt/rustwide/rustup-home" "-w" "/opt/rustwide/workdir" "-m" "1610612736" "--user" "0:0" "--network" "none" "ghcr.io/rust-lang/crates-build-env/linux@sha256:f3a9d4ad9d972b27faf3965f35b62e55ba32bbce8f20bc8fe909558a86702fde" "/opt/rustwide/cargo-home/bin/cargo" "+beta-2024-12-08" "metadata" "--no-deps" "--format-version=1", kill_on_drop: false }`
[INFO] [stdout] 1d887e44985d65cefdb20da9a16e60f980fe4df41947287e41bc9da5e2e45d5b
[INFO] running `Command { std: "docker" "start" "-a" "1d887e44985d65cefdb20da9a16e60f980fe4df41947287e41bc9da5e2e45d5b", kill_on_drop: false }`
[INFO] running `Command { std: "docker" "inspect" "1d887e44985d65cefdb20da9a16e60f980fe4df41947287e41bc9da5e2e45d5b", kill_on_drop: false }`
[INFO] running `Command { std: "docker" "rm" "-f" "1d887e44985d65cefdb20da9a16e60f980fe4df41947287e41bc9da5e2e45d5b", kill_on_drop: false }`
[INFO] [stdout] 1d887e44985d65cefdb20da9a16e60f980fe4df41947287e41bc9da5e2e45d5b
[INFO] running `Command { std: "docker" "create" "-v" "/var/lib/crater-agent-workspace/builds/worker-3-tc2/target:/opt/rustwide/target:rw,Z" "-v" "/var/lib/crater-agent-workspace/builds/worker-3-tc2/source:/opt/rustwide/workdir:ro,Z" "-v" "/var/lib/crater-agent-workspace/cargo-home:/opt/rustwide/cargo-home:ro,Z" "-v" "/var/lib/crater-agent-workspace/rustup-home:/opt/rustwide/rustup-home:ro,Z" "-e" "SOURCE_DIR=/opt/rustwide/workdir" "-e" "CARGO_TARGET_DIR=/opt/rustwide/target" "-e" "CARGO_INCREMENTAL=0" "-e" "RUST_BACKTRACE=full" "-e" "RUSTFLAGS=--cap-lints=warn" "-e" "RUSTDOCFLAGS=--cap-lints=warn" "-e" "CARGO_HOME=/opt/rustwide/cargo-home" "-e" "RUSTUP_HOME=/opt/rustwide/rustup-home" "-w" "/opt/rustwide/workdir" "-m" "1610612736" "--user" "0:0" "--network" "none" "ghcr.io/rust-lang/crates-build-env/linux@sha256:f3a9d4ad9d972b27faf3965f35b62e55ba32bbce8f20bc8fe909558a86702fde" "/opt/rustwide/cargo-home/bin/cargo" "+beta-2024-12-08" "build" "--frozen" "--message-format=json", kill_on_drop: false }`
[INFO] [stdout] fbb105c9cb730625aaca954edc442337b4a1e8cb20dd4ed39a0803ee6363d606
[INFO] running `Command { std: "docker" "start" "-a" "fbb105c9cb730625aaca954edc442337b4a1e8cb20dd4ed39a0803ee6363d606", kill_on_drop: false }`
[INFO] [stderr]    Compiling autocfg v1.1.0
[INFO] [stderr]    Compiling proc-macro2 v1.0.70
[INFO] [stderr]    Compiling unicode-ident v1.0.12
[INFO] [stderr]    Compiling serde v1.0.193
[INFO] [stderr]    Compiling serde_json v1.0.108
[INFO] [stderr]    Compiling itoa v1.0.9
[INFO] [stderr]    Compiling ryu v1.0.15
[INFO] [stderr]    Compiling anyhow v1.0.75
[INFO] [stderr]    Compiling memchr v2.6.4
[INFO] [stderr]    Compiling minimal-lexical v0.2.1
[INFO] [stderr]    Compiling rustc-hash v1.1.0
[INFO] [stderr]    Compiling cfg-if v1.0.0
[INFO] [stderr]    Compiling crossbeam-utils v0.8.16
[INFO] [stderr]    Compiling scopeguard v1.2.0
[INFO] [stderr]    Compiling rayon-core v1.12.0
[INFO] [stderr]    Compiling either v1.9.0
[INFO] [stderr]    Compiling libc v0.2.150
[INFO] [stderr]    Compiling bytemuck v1.14.0
[INFO] [stderr]    Compiling paste v1.0.14
[INFO] [stderr]    Compiling rustix v0.38.25
[INFO] [stderr]    Compiling syn v1.0.109
[INFO] [stderr]    Compiling safe_arch v0.7.1
[INFO] [stderr]    Compiling utf8parse v0.2.1
[INFO] [stderr]    Compiling linux-raw-sys v0.4.11
[INFO] [stderr]    Compiling typenum v1.17.0
[INFO] [stderr]    Compiling bitflags v2.4.1
[INFO] [stderr]    Compiling anstyle-parse v0.2.2
[INFO] [stderr]    Compiling num-traits v0.2.17
[INFO] [stderr]    Compiling num-integer v0.1.45
[INFO] [stderr]    Compiling num-bigint v0.4.4
[INFO] [stderr]    Compiling num-rational v0.4.1
[INFO] [stderr]    Compiling num-iter v0.1.43
[INFO] [stderr]    Compiling memoffset v0.9.0
[INFO] [stderr]    Compiling crossbeam-epoch v0.9.15
[INFO] [stderr]    Compiling matrixmultiply v0.3.8
[INFO] [stderr]    Compiling wide v0.7.13
[INFO] [stderr]    Compiling ppv-lite86 v0.2.17
[INFO] [stderr]    Compiling anstyle v1.0.4
[INFO] [stderr]    Compiling anstyle-query v1.0.0
[INFO] [stderr]    Compiling quote v1.0.33
[INFO] [stderr]    Compiling rawpointer v0.2.1
[INFO] [stderr]    Compiling colorchoice v1.0.0
[INFO] [stderr]    Compiling anstream v0.6.4
[INFO] [stderr]    Compiling clap_lex v0.6.0
[INFO] [stderr]    Compiling strsim v0.10.0
[INFO] [stderr]    Compiling heck v0.4.1
[INFO] [stderr]    Compiling nom v7.1.3
[INFO] [stderr]    Compiling syn v2.0.39
[INFO] [stderr]    Compiling getrandom v0.2.12
[INFO] [stderr]    Compiling rand_core v0.6.4
[INFO] [stderr]    Compiling crossbeam-deque v0.8.3
[INFO] [stderr]    Compiling terminal_size v0.3.0
[INFO] [stderr]    Compiling clap_builder v4.4.9
[INFO] [stderr]    Compiling rand_chacha v0.3.1
[INFO] [stderr]    Compiling num-complex v0.4.4
[INFO] [stderr]    Compiling approx v0.5.1
[INFO] [stderr]    Compiling rand v0.8.5
[INFO] [stderr]    Compiling rayon v1.8.0
[INFO] [stderr]    Compiling simba v0.8.1
[INFO] [stderr]    Compiling num v0.4.1
[INFO] [stderr]    Compiling aoc-common v0.1.0 (/opt/rustwide/workdir/aoc-common)
[INFO] [stderr]    Compiling serde_derive v1.0.193
[INFO] [stderr]    Compiling clap_derive v4.4.7
[INFO] [stderr]    Compiling nalgebra-macros v0.2.1
[INFO] [stderr]    Compiling clap v4.4.10
[INFO] [stderr]    Compiling clap_complete v4.4.4
[INFO] [stderr]    Compiling nalgebra v0.32.3
[INFO] [stderr]    Compiling aoc-plumbing v0.1.0 (/opt/rustwide/workdir/aoc-plumbing)
[INFO] [stderr]    Compiling haunted-wasteland v0.1.0 (/opt/rustwide/workdir/day-008-haunted-wasteland)
[INFO] [stderr]    Compiling snowverload v0.1.0 (/opt/rustwide/workdir/day-025-snowverload)
[INFO] [stderr]    Compiling pipe-maze v0.1.0 (/opt/rustwide/workdir/day-010-pipe-maze)
[INFO] [stderr]    Compiling trebuchet v0.1.0 (/opt/rustwide/workdir/day-001-trebuchet)
[INFO] [stderr]    Compiling if-you-give-a-seed-a-fertilizer v0.1.0 (/opt/rustwide/workdir/day-005-if-you-give-a-seed-a-fertilizer)
[INFO] [stderr]    Compiling lavaduct-lagoon v0.1.0 (/opt/rustwide/workdir/day-018-lavaduct-lagoon)
[INFO] [stderr]    Compiling lens-library v0.1.0 (/opt/rustwide/workdir/day-015-lens-library)
[INFO] [stderr]    Compiling mirage-maintenance v0.1.0 (/opt/rustwide/workdir/day-009-mirage-maintenance)
[INFO] [stderr]    Compiling wait-for-it v0.1.0 (/opt/rustwide/workdir/day-006-wait-for-it)
[INFO] [stderr]    Compiling gear-ratios v0.1.0 (/opt/rustwide/workdir/day-003-gear-ratios)
[INFO] [stderr]    Compiling point-of-incidence v0.1.0 (/opt/rustwide/workdir/day-013-point-of-incidence)
[INFO] [stderr]    Compiling pulse-propagation v0.1.0 (/opt/rustwide/workdir/day-020-pulse-propagation)
[INFO] [stderr]    Compiling step-counter v0.1.0 (/opt/rustwide/workdir/day-021-step-counter)
[INFO] [stderr]    Compiling sand-slabs v0.1.0 (/opt/rustwide/workdir/day-022-sand-slabs)
[INFO] [stderr]    Compiling camel-cards v0.1.0 (/opt/rustwide/workdir/day-007-camel-cards)
[INFO] [stderr]    Compiling scratchcards v0.1.0 (/opt/rustwide/workdir/day-004-scratchcards)
[INFO] [stderr]    Compiling cube-conundrum v0.1.0 (/opt/rustwide/workdir/day-002-cube-conundrum)
[INFO] [stderr]    Compiling the-floor-will-be-lava v0.1.0 (/opt/rustwide/workdir/day-016-the-floor-will-be-lava)
[INFO] [stderr]    Compiling aplenty v0.1.0 (/opt/rustwide/workdir/day-019-aplenty)
[INFO] [stderr]    Compiling cosmic-expansion v0.1.0 (/opt/rustwide/workdir/day-011-cosmic-expansion)
[INFO] [stderr]    Compiling clumsy-crucible v0.1.0 (/opt/rustwide/workdir/day-017-clumsy-crucible)
[INFO] [stderr]    Compiling hot-springs v0.1.0 (/opt/rustwide/workdir/day-012-hot-springs)
[INFO] [stderr]    Compiling parabolic-reflector-dish v0.1.0 (/opt/rustwide/workdir/day-014-parabolic-reflector-dish)
[INFO] [stderr]    Compiling a-long-walk v0.1.0 (/opt/rustwide/workdir/day-023-a-long-walk)
[INFO] [stderr]    Compiling never-tell-me-the-odds v0.1.0 (/opt/rustwide/workdir/day-024-never-tell-me-the-odds)
[INFO] [stderr]    Compiling aoc-benchmarking v0.1.0 (/opt/rustwide/workdir/aoc-benchmarking)
[INFO] [stderr]    Compiling aoc-cli v0.1.0 (/opt/rustwide/workdir/aoc-cli)
[INFO] [stderr]     Finished `dev` profile [unoptimized + debuginfo] target(s) in 32.32s
[INFO] running `Command { std: "docker" "inspect" "fbb105c9cb730625aaca954edc442337b4a1e8cb20dd4ed39a0803ee6363d606", kill_on_drop: false }`
[INFO] running `Command { std: "docker" "rm" "-f" "fbb105c9cb730625aaca954edc442337b4a1e8cb20dd4ed39a0803ee6363d606", kill_on_drop: false }`
[INFO] [stdout] fbb105c9cb730625aaca954edc442337b4a1e8cb20dd4ed39a0803ee6363d606
[INFO] running `Command { std: "docker" "create" "-v" "/var/lib/crater-agent-workspace/builds/worker-3-tc2/target:/opt/rustwide/target:rw,Z" "-v" "/var/lib/crater-agent-workspace/builds/worker-3-tc2/source:/opt/rustwide/workdir:ro,Z" "-v" "/var/lib/crater-agent-workspace/cargo-home:/opt/rustwide/cargo-home:ro,Z" "-v" "/var/lib/crater-agent-workspace/rustup-home:/opt/rustwide/rustup-home:ro,Z" "-e" "SOURCE_DIR=/opt/rustwide/workdir" "-e" "CARGO_TARGET_DIR=/opt/rustwide/target" "-e" "CARGO_INCREMENTAL=0" "-e" "RUST_BACKTRACE=full" "-e" "RUSTFLAGS=--cap-lints=warn" "-e" "RUSTDOCFLAGS=--cap-lints=warn" "-e" "CARGO_HOME=/opt/rustwide/cargo-home" "-e" "RUSTUP_HOME=/opt/rustwide/rustup-home" "-w" "/opt/rustwide/workdir" "-m" "1610612736" "--user" "0:0" "--network" "none" "ghcr.io/rust-lang/crates-build-env/linux@sha256:f3a9d4ad9d972b27faf3965f35b62e55ba32bbce8f20bc8fe909558a86702fde" "/opt/rustwide/cargo-home/bin/cargo" "+beta-2024-12-08" "test" "--frozen" "--no-run" "--message-format=json", kill_on_drop: false }`
[INFO] [stdout] d3c5e3343e6730442cf8f63dd628a66f13a738e630327826763c0a86a3d4ec00
[INFO] running `Command { std: "docker" "start" "-a" "d3c5e3343e6730442cf8f63dd628a66f13a738e630327826763c0a86a3d4ec00", kill_on_drop: false }`
[INFO] [stderr]    Compiling num-traits v0.2.17
[INFO] [stderr]    Compiling serde v1.0.193
[INFO] [stderr]    Compiling either v1.9.0
[INFO] [stderr]    Compiling regex-syntax v0.8.2
[INFO] [stderr]    Compiling half v1.8.2
[INFO] [stderr]    Compiling plotters-backend v0.3.5
[INFO] [stderr]    Compiling ciborium-io v0.2.1
[INFO] [stderr]    Compiling same-file v1.0.6
[INFO] [stderr]    Compiling cast v0.3.0
[INFO] [stderr]    Compiling is-terminal v0.4.9
[INFO] [stderr]    Compiling anes v0.1.6
[INFO] [stderr]    Compiling oorandom v11.1.3
[INFO] [stderr]    Compiling once_cell v1.18.0
[INFO] [stderr]    Compiling walkdir v2.4.0
[INFO] [stderr]    Compiling rayon v1.8.0
[INFO] [stderr]    Compiling itertools v0.10.5
[INFO] [stderr]    Compiling plotters-svg v0.3.5
[INFO] [stderr]    Compiling ciborium-ll v0.2.1
[INFO] [stderr]    Compiling num-integer v0.1.45
[INFO] [stderr]    Compiling num-complex v0.4.4
[INFO] [stderr]    Compiling approx v0.5.1
[INFO] [stderr]    Compiling plotters v0.3.5
[INFO] [stderr]    Compiling regex-automata v0.4.3
[INFO] [stderr]    Compiling num-bigint v0.4.4
[INFO] [stderr]    Compiling num-iter v0.1.43
[INFO] [stderr]    Compiling simba v0.8.1
[INFO] [stderr]    Compiling criterion-plot v0.5.0
[INFO] [stderr]    Compiling num-rational v0.4.1
[INFO] [stderr]    Compiling regex v1.10.2
[INFO] [stderr]    Compiling serde_json v1.0.108
[INFO] [stderr]    Compiling ciborium v0.2.1
[INFO] [stderr]    Compiling num v0.4.1
[INFO] [stderr]    Compiling aoc-common v0.1.0 (/opt/rustwide/workdir/aoc-common)
[INFO] [stderr]    Compiling aoc-plumbing v0.1.0 (/opt/rustwide/workdir/aoc-plumbing)
[INFO] [stderr]    Compiling tinytemplate v1.2.1
[INFO] [stderr]    Compiling cube-conundrum v0.1.0 (/opt/rustwide/workdir/day-002-cube-conundrum)
[INFO] [stderr]    Compiling lavaduct-lagoon v0.1.0 (/opt/rustwide/workdir/day-018-lavaduct-lagoon)
[INFO] [stderr]    Compiling scratchcards v0.1.0 (/opt/rustwide/workdir/day-004-scratchcards)
[INFO] [stderr]    Compiling step-counter v0.1.0 (/opt/rustwide/workdir/day-021-step-counter)
[INFO] [stderr]    Compiling clumsy-crucible v0.1.0 (/opt/rustwide/workdir/day-017-clumsy-crucible)
[INFO] [stderr]    Compiling snowverload v0.1.0 (/opt/rustwide/workdir/day-025-snowverload)
[INFO] [stderr]    Compiling gear-ratios v0.1.0 (/opt/rustwide/workdir/day-003-gear-ratios)
[INFO] [stderr]    Compiling if-you-give-a-seed-a-fertilizer v0.1.0 (/opt/rustwide/workdir/day-005-if-you-give-a-seed-a-fertilizer)
[INFO] [stderr]    Compiling a-long-walk v0.1.0 (/opt/rustwide/workdir/day-023-a-long-walk)
[INFO] [stderr]    Compiling sand-slabs v0.1.0 (/opt/rustwide/workdir/day-022-sand-slabs)
[INFO] [stderr]    Compiling trebuchet v0.1.0 (/opt/rustwide/workdir/day-001-trebuchet)
[INFO] [stderr]    Compiling parabolic-reflector-dish v0.1.0 (/opt/rustwide/workdir/day-014-parabolic-reflector-dish)
[INFO] [stderr]    Compiling mirage-maintenance v0.1.0 (/opt/rustwide/workdir/day-009-mirage-maintenance)
[INFO] [stderr]    Compiling pipe-maze v0.1.0 (/opt/rustwide/workdir/day-010-pipe-maze)
[INFO] [stderr]    Compiling pulse-propagation v0.1.0 (/opt/rustwide/workdir/day-020-pulse-propagation)
[INFO] [stderr]    Compiling the-floor-will-be-lava v0.1.0 (/opt/rustwide/workdir/day-016-the-floor-will-be-lava)
[INFO] [stderr]    Compiling lens-library v0.1.0 (/opt/rustwide/workdir/day-015-lens-library)
[INFO] [stderr]    Compiling wait-for-it v0.1.0 (/opt/rustwide/workdir/day-006-wait-for-it)
[INFO] [stderr]    Compiling aplenty v0.1.0 (/opt/rustwide/workdir/day-019-aplenty)
[INFO] [stderr]    Compiling cosmic-expansion v0.1.0 (/opt/rustwide/workdir/day-011-cosmic-expansion)
[INFO] [stderr]    Compiling haunted-wasteland v0.1.0 (/opt/rustwide/workdir/day-008-haunted-wasteland)
[INFO] [stderr]    Compiling hot-springs v0.1.0 (/opt/rustwide/workdir/day-012-hot-springs)
[INFO] [stderr]    Compiling point-of-incidence v0.1.0 (/opt/rustwide/workdir/day-013-point-of-incidence)
[INFO] [stderr]    Compiling camel-cards v0.1.0 (/opt/rustwide/workdir/day-007-camel-cards)
[INFO] [stderr]    Compiling criterion v0.5.1
[INFO] [stderr]    Compiling nalgebra v0.32.3
[INFO] [stderr]    Compiling never-tell-me-the-odds v0.1.0 (/opt/rustwide/workdir/day-024-never-tell-me-the-odds)
[INFO] [stderr]    Compiling aoc-benchmarking v0.1.0 (/opt/rustwide/workdir/aoc-benchmarking)
[INFO] [stderr]    Compiling aoc-cli v0.1.0 (/opt/rustwide/workdir/aoc-cli)
[INFO] [stderr]     Finished `test` profile [unoptimized + debuginfo] target(s) in 31.48s
[INFO] running `Command { std: "docker" "inspect" "d3c5e3343e6730442cf8f63dd628a66f13a738e630327826763c0a86a3d4ec00", kill_on_drop: false }`
[INFO] running `Command { std: "docker" "rm" "-f" "d3c5e3343e6730442cf8f63dd628a66f13a738e630327826763c0a86a3d4ec00", kill_on_drop: false }`
[INFO] [stdout] d3c5e3343e6730442cf8f63dd628a66f13a738e630327826763c0a86a3d4ec00
[INFO] running `Command { std: "docker" "create" "-v" "/var/lib/crater-agent-workspace/builds/worker-3-tc2/target:/opt/rustwide/target:rw,Z" "-v" "/var/lib/crater-agent-workspace/builds/worker-3-tc2/source:/opt/rustwide/workdir:ro,Z" "-v" "/var/lib/crater-agent-workspace/cargo-home:/opt/rustwide/cargo-home:ro,Z" "-v" "/var/lib/crater-agent-workspace/rustup-home:/opt/rustwide/rustup-home:ro,Z" "-e" "SOURCE_DIR=/opt/rustwide/workdir" "-e" "CARGO_TARGET_DIR=/opt/rustwide/target" "-e" "CARGO_INCREMENTAL=0" "-e" "RUST_BACKTRACE=full" "-e" "RUSTFLAGS=--cap-lints=warn" "-e" "RUSTDOCFLAGS=--cap-lints=warn" "-e" "CARGO_HOME=/opt/rustwide/cargo-home" "-e" "RUSTUP_HOME=/opt/rustwide/rustup-home" "-w" "/opt/rustwide/workdir" "-m" "1610612736" "--user" "0:0" "--network" "none" "ghcr.io/rust-lang/crates-build-env/linux@sha256:f3a9d4ad9d972b27faf3965f35b62e55ba32bbce8f20bc8fe909558a86702fde" "/opt/rustwide/cargo-home/bin/cargo" "+beta-2024-12-08" "test" "--frozen", kill_on_drop: false }`
[INFO] [stdout] b2ac46a12a58863a9d551b6a5ed88160bac03e66354b4223e9315718f0bd42ba
[INFO] running `Command { std: "docker" "start" "-a" "b2ac46a12a58863a9d551b6a5ed88160bac03e66354b4223e9315718f0bd42ba", kill_on_drop: false }`
[INFO] [stderr]     Finished `test` profile [unoptimized + debuginfo] target(s) in 0.34s
[INFO] [stderr]      Running unittests src/lib.rs (/opt/rustwide/target/debug/deps/a_long_walk-ad811d976e286cfc)
[INFO] [stdout] 
[INFO] [stdout] running 2 tests
[INFO] [stdout] test tests::full_dataset ... ignored
[INFO] [stdout] test tests::example ... ok
[INFO] [stdout] 
[INFO] [stdout] test result: ok. 1 passed; 0 failed; 1 ignored; 0 measured; 0 filtered out; finished in 0.01s
[INFO] [stdout] 
[INFO] [stderr]      Running unittests src/lib.rs (/opt/rustwide/target/debug/deps/aoc_benchmarking-b28e2d773acfa105)
[INFO] [stdout] 
[INFO] [stdout] running 0 tests
[INFO] [stdout] 
[INFO] [stdout] test result: ok. 0 passed; 0 failed; 0 ignored; 0 measured; 0 filtered out; finished in 0.00s
[INFO] [stdout] 
[INFO] [stdout] 
[INFO] [stdout] running 0 tests
[INFO] [stdout] 
[INFO] [stdout] test result: ok. 0 passed; 0 failed; 0 ignored; 0 measured; 0 filtered out; finished in 0.00s
[INFO] [stdout] 
[INFO] [stderr]      Running unittests src/main.rs (/opt/rustwide/target/debug/deps/aoc-080510e1b554d476)
[INFO] [stderr]      Running unittests src/lib.rs (/opt/rustwide/target/debug/deps/aoc_common-cf2e042e3b8f53d5)
[INFO] [stdout] 
[INFO] [stdout] running 16 tests
[INFO] [stdout] test algebra::ray::tests::distance_to ... ok
[INFO] [stdout] test algebra::point::tests::point_add_vector ... ok
[INFO] [stdout] test algebra::ray::tests::intersection_test ... ok
[INFO] [stdout] test algebra::point::tests::point_times_scalar ... ok
[INFO] [stdout] test interval::tests::interval_intersection_test ... ok
[INFO] [stdout] test algebra::vector::tests::negate ... ok
[INFO] [stdout] test algebra::vector::tests::vector_times_scalar ... ok
[INFO] [stdout] test algebra::vector::tests::div_by_zero ... ok
[INFO] [stdout] test algebra::point::tests::negate ... ok
[INFO] [stdout] test algebra::vector::tests::subtract ... ok
[INFO] [stdout] test algebra::vector::tests::add ... ok
[INFO] [stdout] test algebra::vector::tests::vector_div_scalar ... ok
[INFO] [stdout] test algebra::point::tests::point_subtract_point ... ok
[INFO] [stdout] test interval::tests::interval_split_test ... ok
[INFO] [stdout] test interval::tests::intervals_add_test ... ok
[INFO] [stdout] test interval::tests::intervals_split_test ... ok
[INFO] [stderr]      Running unittests src/lib.rs (/opt/rustwide/target/debug/deps/aoc_plumbing-3b09c87f6c0d79f6)
[INFO] [stdout] 
[INFO] [stdout] test result: ok. 16 passed; 0 failed; 0 ignored; 0 measured; 0 filtered out; finished in 0.02s
[INFO] [stdout] 
[INFO] [stdout] 
[INFO] [stdout] running 0 tests
[INFO] [stdout] 
[INFO] [stdout] test result: ok. 0 passed; 0 failed; 0 ignored; 0 measured; 0 filtered out; finished in 0.00s
[INFO] [stdout] 
[INFO] [stderr]      Running unittests src/lib.rs (/opt/rustwide/target/debug/deps/aplenty-2acf12f48b8aa714)
[INFO] [stdout] 
[INFO] [stdout] running 2 tests
[INFO] [stdout] test tests::full_dataset ... ignored
[INFO] [stdout] test tests::example ... ok
[INFO] [stdout] 
[INFO] [stdout] test result: ok. 1 passed; 0 failed; 1 ignored; 0 measured; 0 filtered out; finished in 0.00s
[INFO] [stdout] 
[INFO] [stderr]      Running unittests src/lib.rs (/opt/rustwide/target/debug/deps/camel_cards-d21d839dc189ad13)
[INFO] [stdout] 
[INFO] [stdout] running 3 tests
[INFO] [stdout] test tests::full_dataset ... ignored
[INFO] [stdout] test tests::order_test ... ok
[INFO] [stdout] test tests::example ... ok
[INFO] [stdout] 
[INFO] [stdout] test result: ok. 2 passed; 0 failed; 1 ignored; 0 measured; 0 filtered out; finished in 0.01s
[INFO] [stdout] 
[INFO] [stderr]      Running unittests src/lib.rs (/opt/rustwide/target/debug/deps/clumsy_crucible-062120a062d3af7b)
[INFO] [stdout] 
[INFO] [stdout] running 2 tests
[INFO] [stdout] test tests::full_dataset ... ignored
[INFO] [stderr]      Running unittests src/lib.rs (/opt/rustwide/target/debug/deps/cosmic_expansion-78c58b5e8234097c)
[INFO] [stdout] test tests::example ... ok
[INFO] [stdout] 
[INFO] [stdout] test result: ok. 1 passed; 0 failed; 1 ignored; 0 measured; 0 filtered out; finished in 0.01s
[INFO] [stdout] 
[INFO] [stderr]      Running unittests src/lib.rs (/opt/rustwide/target/debug/deps/cube_conundrum-a3eadb4104e1421b)
[INFO] [stdout] 
[INFO] [stdout] running 2 tests
[INFO] [stdout] test tests::full_dataset ... ignored
[INFO] [stdout] test tests::example ... ok
[INFO] [stdout] 
[INFO] [stdout] test result: ok. 1 passed; 0 failed; 1 ignored; 0 measured; 0 filtered out; finished in 0.00s
[INFO] [stdout] 
[INFO] [stdout] 
[INFO] [stdout] running 2 tests
[INFO] [stdout] test tests::example ... ok
[INFO] [stdout] test tests::full_dataset ... ok
[INFO] [stdout] 
[INFO] [stdout] test result: ok. 2 passed; 0 failed; 0 ignored; 0 measured; 0 filtered out; finished in 0.00s
[INFO] [stdout] 
[INFO] [stderr]      Running unittests src/lib.rs (/opt/rustwide/target/debug/deps/gear_ratios-79f769fa66b39fab)
[INFO] [stdout] 
[INFO] [stdout] running 3 tests
[INFO] [stdout] test tests::full_dataset ... ignored
[INFO] [stdout] test tests::example_two ... ok
[INFO] [stdout] test tests::example ... ok
[INFO] [stdout] 
[INFO] [stdout] test result: ok. 2 passed; 0 failed; 1 ignored; 0 measured; 0 filtered out; finished in 0.00s
[INFO] [stdout] 
[INFO] [stdout] 
[INFO] [stdout] running 7 tests
[INFO] [stderr]      Running unittests src/lib.rs (/opt/rustwide/target/debug/deps/haunted_wasteland-ee35044577a53026)
[INFO] [stdout] test tests::full_dataset ... ignored
[INFO] [stdout] test tests::gcd_test ... ok
[INFO] [stdout] test tests::lcm_test ... ok
[INFO] [stdout] test tests::ends_with_test ... ok
[INFO] [stdout] test tests::example ... ok
[INFO] [stdout] test tests::example_two ... ok
[INFO] [stdout] test tests::example_part_two ... ok
[INFO] [stdout] 
[INFO] [stdout] test result: ok. 6 passed; 0 failed; 1 ignored; 0 measured; 0 filtered out; finished in 0.03s
[INFO] [stdout] 
[INFO] [stderr]      Running unittests src/lib.rs (/opt/rustwide/target/debug/deps/hot_springs-597544101da205cd)
[INFO] [stdout] 
[INFO] [stdout] running 3 tests
[INFO] [stdout] test tests::full_dataset ... ignored
[INFO] [stdout] test tests::arrangements_test ... ok
[INFO] [stdout] test tests::example ... ok
[INFO] [stdout] 
[INFO] [stdout] test result: ok. 2 passed; 0 failed; 1 ignored; 0 measured; 0 filtered out; finished in 0.02s
[INFO] [stdout] 
[INFO] [stderr]      Running unittests src/lib.rs (/opt/rustwide/target/debug/deps/if_you_give_a_seed_a_fertilizer-6f287439bccd86e1)
[INFO] [stdout] 
[INFO] [stdout] running 2 tests
[INFO] [stdout] test tests::full_dataset ... ignored
[INFO] [stderr]      Running unittests src/lib.rs (/opt/rustwide/target/debug/deps/lavaduct_lagoon-4a01ea9c7615a8a8)
[INFO] [stdout] test tests::example ... ok
[INFO] [stdout] 
[INFO] [stdout] test result: ok. 1 passed; 0 failed; 1 ignored; 0 measured; 0 filtered out; finished in 0.00s
[INFO] [stdout] 
[INFO] [stdout] 
[INFO] [stdout] running 2 tests
[INFO] [stdout] test tests::full_dataset ... ignored
[INFO] [stdout] test tests::example ... ok
[INFO] [stderr]      Running unittests src/lib.rs (/opt/rustwide/target/debug/deps/lens_library-f20345592c5dbcd5)
[INFO] [stdout] 
[INFO] [stdout] test result: ok. 1 passed; 0 failed; 1 ignored; 0 measured; 0 filtered out; finished in 0.14s
[INFO] [stdout] 
[INFO] [stdout] 
[INFO] [stdout] running 2 tests
[INFO] [stdout] test tests::full_dataset ... ignored
[INFO] [stdout] test tests::example ... ok
[INFO] [stdout] 
[INFO] [stdout] test result: ok. 1 passed; 0 failed; 1 ignored; 0 measured; 0 filtered out; finished in 0.00s
[INFO] [stdout] 
[INFO] [stderr]      Running unittests src/lib.rs (/opt/rustwide/target/debug/deps/mirage_maintenance-26fd94a525a68e38)
[INFO] [stdout] 
[INFO] [stdout] running 2 tests
[INFO] [stdout] test tests::full_dataset ... ignored
[INFO] [stdout] test tests::example ... ok
[INFO] [stdout] 
[INFO] [stdout] test result: ok. 1 passed; 0 failed; 1 ignored; 0 measured; 0 filtered out; finished in 0.01s
[INFO] [stdout] 
[INFO] [stderr]      Running unittests src/lib.rs (/opt/rustwide/target/debug/deps/never_tell_me_the_odds-2f34fd621a73d900)
[INFO] [stdout] 
[INFO] [stdout] running 2 tests
[INFO] [stdout] test tests::full_dataset ... ignored
[INFO] [stdout] test tests::example ... ok
[INFO] [stdout] 
[INFO] [stdout] test result: ok. 1 passed; 0 failed; 1 ignored; 0 measured; 0 filtered out; finished in 0.00s
[INFO] [stdout] 
[INFO] [stderr]      Running unittests src/lib.rs (/opt/rustwide/target/debug/deps/parabolic_reflector_dish-c5706812a4ce89dd)
[INFO] [stdout] 
[INFO] [stdout] running 2 tests
[INFO] [stdout] test tests::full_dataset ... ignored
[INFO] [stdout] test tests::example ... ok
[INFO] [stdout] 
[INFO] [stdout] test result: ok. 1 passed; 0 failed; 1 ignored; 0 measured; 0 filtered out; finished in 0.00s
[INFO] [stdout] 
[INFO] [stderr]      Running unittests src/lib.rs (/opt/rustwide/target/debug/deps/pipe_maze-a51521cda3a6d3d1)
[INFO] [stdout] 
[INFO] [stdout] running 3 tests
[INFO] [stdout] test tests::full_dataset ... ignored
[INFO] [stdout] test tests::example ... ok
[INFO] [stdout] test tests::example_two ... ok
[INFO] [stdout] 
[INFO] [stdout] test result: ok. 2 passed; 0 failed; 1 ignored; 0 measured; 0 filtered out; finished in 0.00s
[INFO] [stdout] 
[INFO] [stderr]      Running unittests src/lib.rs (/opt/rustwide/target/debug/deps/point_of_incidence-3b0f59eda08806e1)
[INFO] [stdout] 
[INFO] [stdout] running 4 tests
[INFO] [stdout] test tests::full_dataset ... ignored
[INFO] [stdout] test tests::example ... ok
[INFO] [stdout] test tests::example_two ... ok
[INFO] [stdout] test tests::example_three ... ok
[INFO] [stdout] 
[INFO] [stdout] test result: ok. 3 passed; 0 failed; 1 ignored; 0 measured; 0 filtered out; finished in 0.01s
[INFO] [stdout] 
[INFO] [stderr]      Running unittests src/lib.rs (/opt/rustwide/target/debug/deps/pulse_propagation-4a10723a70c337b0)
[INFO] [stdout] 
[INFO] [stdout] running 3 tests
[INFO] [stdout] test tests::full_dataset ... ignored
[INFO] [stdout] test tests::example_two ... ok
[INFO] [stderr]      Running unittests src/lib.rs (/opt/rustwide/target/debug/deps/sand_slabs-0666f696ffe6a449)
[INFO] [stdout] test tests::example ... ok
[INFO] [stdout] 
[INFO] [stdout] test result: ok. 2 passed; 0 failed; 1 ignored; 0 measured; 0 filtered out; finished in 0.01s
[INFO] [stdout] 
[INFO] [stdout] 
[INFO] [stdout] running 2 tests
[INFO] [stdout] test tests::full_dataset ... ignored
[INFO] [stdout] test tests::example ... ok
[INFO] [stdout] 
[INFO] [stdout] test result: ok. 1 passed; 0 failed; 1 ignored; 0 measured; 0 filtered out; finished in 0.01s
[INFO] [stdout] 
[INFO] [stderr]      Running unittests src/lib.rs (/opt/rustwide/target/debug/deps/scratchcards-66b4049f27855306)
[INFO] [stdout] 
[INFO] [stdout] running 2 tests
[INFO] [stdout] test tests::full_dataset ... ignored
[INFO] [stderr]      Running unittests src/lib.rs (/opt/rustwide/target/debug/deps/snowverload-64e7eae41b115b11)
[INFO] [stdout] test tests::example ... ok
[INFO] [stdout] 
[INFO] [stdout] test result: ok. 1 passed; 0 failed; 1 ignored; 0 measured; 0 filtered out; finished in 0.01s
[INFO] [stdout] 
[INFO] [stdout] 
[INFO] [stdout] running 2 tests
[INFO] [stdout] test tests::full_dataset ... ignored
[INFO] [stdout] test tests::example ... FAILED
[INFO] [stdout] 
[INFO] [stdout] failures:
[INFO] [stdout] 
[INFO] [stdout] ---- tests::example stdout ----
[INFO] [stdout] thread 'tests::example' panicked at day-025-snowverload/src/lib.rs:183:9:
[INFO] [stdout] assertion `left == right` failed
[INFO] [stdout]   left: Solution { part_one: 56, part_two: 0 }
[INFO] [stdout]  right: Solution { part_one: 54, part_two: 0 }
[INFO] [stdout] stack backtrace:
[INFO] [stdout]    0:     0x654b11b69bca - std::backtrace_rs::backtrace::libunwind::trace::h8810477743020387
[INFO] [stdout]                                at /rustc/202008a1b8de96d2e5b6bc02d379db03a877d34d/library/std/src/../../backtrace/src/backtrace/libunwind.rs:116:5
[INFO] [stdout]    1:     0x654b11b69bca - std::backtrace_rs::backtrace::trace_unsynchronized::h3aa55355dd6c54a6
[INFO] [stdout]                                at /rustc/202008a1b8de96d2e5b6bc02d379db03a877d34d/library/std/src/../../backtrace/src/backtrace/mod.rs:66:5
[INFO] [stdout]    2:     0x654b11b69bca - std::sys::backtrace::_print_fmt::h8588b0f62410823f
[INFO] [stdout]                                at /rustc/202008a1b8de96d2e5b6bc02d379db03a877d34d/library/std/src/sys/backtrace.rs:66:9
[INFO] [stdout]    3:     0x654b11b69bca - <std::sys::backtrace::BacktraceLock::print::DisplayBacktrace as core::fmt::Display>::fmt::h98c26ac25ffe89bb
[INFO] [stdout]                                at /rustc/202008a1b8de96d2e5b6bc02d379db03a877d34d/library/std/src/sys/backtrace.rs:39:26
[INFO] [stdout]    4:     0x654b11b8f743 - core::fmt::rt::Argument::fmt::hf95377f4aebd453b
[INFO] [stdout]                                at /rustc/202008a1b8de96d2e5b6bc02d379db03a877d34d/library/core/src/fmt/rt.rs:177:76
[INFO] [stdout]    5:     0x654b11b8f743 - core::fmt::write::h0dd5f6e2238c7982
[INFO] [stdout]                                at /rustc/202008a1b8de96d2e5b6bc02d379db03a877d34d/library/core/src/fmt/mod.rs:1189:21
[INFO] [stdout]    6:     0x654b11b66d63 - std::io::Write::write_fmt::h03bb0ca26e6faf8c
[INFO] [stdout]                                at /rustc/202008a1b8de96d2e5b6bc02d379db03a877d34d/library/std/src/io/mod.rs:1884:15
[INFO] [stdout]    7:     0x654b11b69a12 - std::sys::backtrace::BacktraceLock::print::h5c19c1c038ee186d
[INFO] [stdout]                                at /rustc/202008a1b8de96d2e5b6bc02d379db03a877d34d/library/std/src/sys/backtrace.rs:42:9
[INFO] [stdout]    8:     0x654b11b6b04d - std::panicking::default_hook::{{closure}}::h77172f079a1fcb13
[INFO] [stdout]                                at /rustc/202008a1b8de96d2e5b6bc02d379db03a877d34d/library/std/src/panicking.rs:268:22
[INFO] [stdout]    9:     0x654b11b6ae57 - std::panicking::default_hook::he5f8e3b203ccddba
[INFO] [stdout]                                at /rustc/202008a1b8de96d2e5b6bc02d379db03a877d34d/library/std/src/panicking.rs:292:9
[INFO] [stdout]   10:     0x654b11af58c7 - <alloc::boxed::Box<F,A> as core::ops::function::Fn<Args>>::call::h7a3c7b4a1ae77f2f
[INFO] [stdout]                                at /rustc/202008a1b8de96d2e5b6bc02d379db03a877d34d/library/alloc/src/boxed.rs:1986:9
[INFO] [stdout]   11:     0x654b11af58c7 - test::test_main::{{closure}}::hf0d3b69ae9b353d1
[INFO] [stdout]                                at /rustc/202008a1b8de96d2e5b6bc02d379db03a877d34d/library/test/src/lib.rs:134:21
[INFO] [stdout]   12:     0x654b11b6b6f8 - <alloc::boxed::Box<F,A> as core::ops::function::Fn<Args>>::call::h6332e82e7b189abd
[INFO] [stdout]                                at /rustc/202008a1b8de96d2e5b6bc02d379db03a877d34d/library/alloc/src/boxed.rs:1986:9
[INFO] [stdout]   13:     0x654b11b6b6f8 - std::panicking::rust_panic_with_hook::h53863d4e9018df39
[INFO] [stdout]                                at /rustc/202008a1b8de96d2e5b6bc02d379db03a877d34d/library/std/src/panicking.rs:809:13
[INFO] [stdout]   14:     0x654b11b6b4ba - std::panicking::begin_panic_handler::{{closure}}::h67280e6fa0757873
[INFO] [stdout]                                at /rustc/202008a1b8de96d2e5b6bc02d379db03a877d34d/library/std/src/panicking.rs:674:13
[INFO] [stdout]   15:     0x654b11b6a0a9 - std::sys::backtrace::__rust_end_short_backtrace::h1dac3f54d6fbbeb2
[INFO] [stdout]                                at /rustc/202008a1b8de96d2e5b6bc02d379db03a877d34d/library/std/src/sys/backtrace.rs:170:18
[INFO] [stdout]   16:     0x654b11b6b14c - rust_begin_unwind
[INFO] [stdout]                                at /rustc/202008a1b8de96d2e5b6bc02d379db03a877d34d/library/std/src/panicking.rs:665:5
[INFO] [stdout]   17:     0x654b11a9a090 - core::panicking::panic_fmt::h6792bd1b2bf01041
[INFO] [stdout]                                at /rustc/202008a1b8de96d2e5b6bc02d379db03a877d34d/library/core/src/panicking.rs:76:14
[INFO] [stdout]   18:     0x654b11a9a45b - core::panicking::assert_failed_inner::hf2c17e6d30928787
[INFO] [stdout]   19:     0x654b11aa8c9f - core::panicking::assert_failed::h86d3b205e235f4e7
[INFO] [stdout]                                at /rustc/202008a1b8de96d2e5b6bc02d379db03a877d34d/library/core/src/panicking.rs:373:5
[INFO] [stdout]   20:     0x654b11aacd79 - snowverload::tests::example::h7c5ccbbe0ec7d19e
[INFO] [stdout]                                at /opt/rustwide/workdir/day-025-snowverload/src/lib.rs:183:9
[INFO] [stdout]   21:     0x654b11aacb27 - snowverload::tests::example::{{closure}}::h751491892d690123
[INFO] [stdout]                                at /opt/rustwide/workdir/day-025-snowverload/src/lib.rs:180:17
[INFO] [stdout]   22:     0x654b11aae7d6 - core::ops::function::FnOnce::call_once::ha1196002f83ae66c
[INFO] [stdout]                                at /rustc/202008a1b8de96d2e5b6bc02d379db03a877d34d/library/core/src/ops/function.rs:250:5
[INFO] [stdout]   23:     0x654b11afa3eb - core::ops::function::FnOnce::call_once::h871bf86719ec9aa4
[INFO] [stdout]                                at /rustc/202008a1b8de96d2e5b6bc02d379db03a877d34d/library/core/src/ops/function.rs:250:5
[INFO] [stdout]   24:     0x654b11afa3eb - test::__rust_begin_short_backtrace::h2167df1e2b7d76fd
[INFO] [stdout]                                at /rustc/202008a1b8de96d2e5b6bc02d379db03a877d34d/library/test/src/lib.rs:632:18
[INFO] [stdout]   25:     0x654b11af9dd8 - test::run_test_in_process::{{closure}}::h15d92f75a3adfb79
[INFO] [stdout]                                at /rustc/202008a1b8de96d2e5b6bc02d379db03a877d34d/library/test/src/lib.rs:655:60
[INFO] [stdout]   26:     0x654b11af9dd8 - <core::panic::unwind_safe::AssertUnwindSafe<F> as core::ops::function::FnOnce<()>>::call_once::hb6c8955835a8dbbb
[INFO] [stdout]                                at /rustc/202008a1b8de96d2e5b6bc02d379db03a877d34d/library/core/src/panic/unwind_safe.rs:272:9
[INFO] [stdout]   27:     0x654b11af9dd8 - std::panicking::try::do_call::hc79d0fc888a0bd30
[INFO] [stdout]                                at /rustc/202008a1b8de96d2e5b6bc02d379db03a877d34d/library/std/src/panicking.rs:557:40
[INFO] [stdout]   28:     0x654b11af9dd8 - std::panicking::try::hb8a7878e3a8589d6
[INFO] [stdout]                                at /rustc/202008a1b8de96d2e5b6bc02d379db03a877d34d/library/std/src/panicking.rs:520:19
[INFO] [stdout]   29:     0x654b11af9dd8 - std::panic::catch_unwind::hb8e4600ff0ff5cfa
[INFO] [stdout]                                at /rustc/202008a1b8de96d2e5b6bc02d379db03a877d34d/library/std/src/panic.rs:358:14
[INFO] [stdout]   30:     0x654b11af9dd8 - test::run_test_in_process::hc2900b0b18688dd6
[INFO] [stdout]                                at /rustc/202008a1b8de96d2e5b6bc02d379db03a877d34d/library/test/src/lib.rs:655:27
[INFO] [stdout]   31:     0x654b11af9dd8 - test::run_test::{{closure}}::hac2a9cb07be3d48d
[INFO] [stdout]                                at /rustc/202008a1b8de96d2e5b6bc02d379db03a877d34d/library/test/src/lib.rs:576:43
[INFO] [stdout]   32:     0x654b11abd87a - test::run_test::{{closure}}::h4a5b729e66a38cd8
[INFO] [stdout]                                at /rustc/202008a1b8de96d2e5b6bc02d379db03a877d34d/library/test/src/lib.rs:606:41
[INFO] [stdout]   33:     0x654b11abd87a - std::sys::backtrace::__rust_begin_short_backtrace::h0496fb742492f573
[INFO] [stdout]                                at /rustc/202008a1b8de96d2e5b6bc02d379db03a877d34d/library/std/src/sys/backtrace.rs:154:18
[INFO] [stdout]   34:     0x654b11ac11f4 - std::thread::Builder::spawn_unchecked_::{{closure}}::{{closure}}::hbb6d257c550a54bd
[INFO] [stdout]                                at /rustc/202008a1b8de96d2e5b6bc02d379db03a877d34d/library/std/src/thread/mod.rs:561:17
[INFO] [stdout]   35:     0x654b11ac11f4 - <core::panic::unwind_safe::AssertUnwindSafe<F> as core::ops::function::FnOnce<()>>::call_once::h46696fe4a6832328
[INFO] [stdout]                                at /rustc/202008a1b8de96d2e5b6bc02d379db03a877d34d/library/core/src/panic/unwind_safe.rs:272:9
[INFO] [stdout]   36:     0x654b11ac11f4 - std::panicking::try::do_call::h2625a51b667bfb64
[INFO] [stdout]                                at /rustc/202008a1b8de96d2e5b6bc02d379db03a877d34d/library/std/src/panicking.rs:557:40
[INFO] [stdout]   37:     0x654b11ac11f4 - std::panicking::try::hb956a59a1973aa4c
[INFO] [stdout]                                at /rustc/202008a1b8de96d2e5b6bc02d379db03a877d34d/library/std/src/panicking.rs:520:19
[INFO] [stdout]   38:     0x654b11ac11f4 - std::panic::catch_unwind::h64f3b9d1067ef6a0
[INFO] [stdout]                                at /rustc/202008a1b8de96d2e5b6bc02d379db03a877d34d/library/std/src/panic.rs:358:14
[INFO] [stdout]   39:     0x654b11ac11f4 - std::thread::Builder::spawn_unchecked_::{{closure}}::h42b2841295b6c0b2
[INFO] [stdout]                                at /rustc/202008a1b8de96d2e5b6bc02d379db03a877d34d/library/std/src/thread/mod.rs:559:30
[INFO] [stdout]   40:     0x654b11ac11f4 - core::ops::function::FnOnce::call_once{{vtable.shim}}::h6127de71b8124639
[INFO] [stdout]                                at /rustc/202008a1b8de96d2e5b6bc02d379db03a877d34d/library/core/src/ops/function.rs:250:5
[INFO] [stdout]   41:     0x654b11b6f63b - <alloc::boxed::Box<F,A> as core::ops::function::FnOnce<Args>>::call_once::h42f0ba71002a1b2c
[INFO] [stdout]                                at /rustc/202008a1b8de96d2e5b6bc02d379db03a877d34d/library/alloc/src/boxed.rs:1972:9
[INFO] [stdout]   42:     0x654b11b6f63b - <alloc::boxed::Box<F,A> as core::ops::function::FnOnce<Args>>::call_once::had9e47d7a3dcecb8
[INFO] [stdout]                                at /rustc/202008a1b8de96d2e5b6bc02d379db03a877d34d/library/alloc/src/boxed.rs:1972:9
[INFO] [stdout]   43:     0x654b11b6f63b - std::sys::pal::unix::thread::Thread::new::thread_start::h48cf765408f6f5f2
[INFO] [stdout]                                at /rustc/202008a1b8de96d2e5b6bc02d379db03a877d34d/library/std/src/sys/pal/unix/thread.rs:105:17
[INFO] [stdout]   44:     0x707689210ac3 - <unknown>
[INFO] [stdout]   45:     0x7076892a1a04 - clone
[INFO] [stdout]   46:                0x0 - <unknown>
[INFO] [stdout] 
[INFO] [stdout] 
[INFO] [stdout] failures:
[INFO] [stdout]     tests::example
[INFO] [stdout] 
[INFO] [stdout] test result: FAILED. 0 passed; 1 failed; 1 ignored; 0 measured; 0 filtered out; finished in 0.04s
[INFO] [stdout] 
[INFO] [stderr] error: test failed, to rerun pass `-p snowverload --lib`
[INFO] running `Command { std: "docker" "inspect" "b2ac46a12a58863a9d551b6a5ed88160bac03e66354b4223e9315718f0bd42ba", kill_on_drop: false }`
[INFO] running `Command { std: "docker" "rm" "-f" "b2ac46a12a58863a9d551b6a5ed88160bac03e66354b4223e9315718f0bd42ba", kill_on_drop: false }`
[INFO] [stdout] b2ac46a12a58863a9d551b6a5ed88160bac03e66354b4223e9315718f0bd42ba
