[INFO] cloning repository https://github.com/Jaime-alv/codewars_rust
[INFO] running `Command { std: "git" "-c" "credential.helper=" "-c" "credential.helper=/workspace/cargo-home/bin/git-credential-null" "clone" "--bare" "https://github.com/Jaime-alv/codewars_rust" "/workspace/cache/git-repos/https%3A%2F%2Fgithub.com%2FJaime-alv%2Fcodewars_rust", kill_on_drop: false }`
[INFO] [stderr] Cloning into bare repository '/workspace/cache/git-repos/https%3A%2F%2Fgithub.com%2FJaime-alv%2Fcodewars_rust'...
[INFO] running `Command { std: "git" "rev-parse" "HEAD", kill_on_drop: false }`
[INFO] [stdout] f43b20575c2cddbd407601765d04858c65274784
[INFO] testing Jaime-alv/codewars_rust against beta-2024-12-08 for beta-1.84.0-4-retry
[INFO] running `Command { std: "git" "clone" "/workspace/cache/git-repos/https%3A%2F%2Fgithub.com%2FJaime-alv%2Fcodewars_rust" "/workspace/builds/worker-2-tc2/source", kill_on_drop: false }`
[INFO] [stderr] Cloning into '/workspace/builds/worker-2-tc2/source'...
[INFO] [stderr] done.
[INFO] validating manifest of git repo https://github.com/Jaime-alv/codewars_rust on toolchain beta-2024-12-08
[INFO] running `Command { std: CARGO_HOME="/workspace/cargo-home" RUSTUP_HOME="/workspace/rustup-home" "/workspace/cargo-home/bin/cargo" "+beta-2024-12-08" "metadata" "--manifest-path" "Cargo.toml" "--no-deps", kill_on_drop: false }`
[INFO] started tweaking git repo https://github.com/Jaime-alv/codewars_rust
[INFO] finished tweaking git repo https://github.com/Jaime-alv/codewars_rust
[INFO] tweaked toml for git repo https://github.com/Jaime-alv/codewars_rust written to /workspace/builds/worker-2-tc2/source/Cargo.toml
[INFO] crate git repo https://github.com/Jaime-alv/codewars_rust already has a lockfile, it will not be regenerated
[INFO] running `Command { std: CARGO_HOME="/workspace/cargo-home" RUSTUP_HOME="/workspace/rustup-home" "/workspace/cargo-home/bin/cargo" "+beta-2024-12-08" "fetch" "--manifest-path" "Cargo.toml", kill_on_drop: false }`
[INFO] running `Command { std: "docker" "create" "-v" "/var/lib/crater-agent-workspace/builds/worker-2-tc2/target:/opt/rustwide/target:rw,Z" "-v" "/var/lib/crater-agent-workspace/builds/worker-2-tc2/source:/opt/rustwide/workdir:ro,Z" "-v" "/var/lib/crater-agent-workspace/cargo-home:/opt/rustwide/cargo-home:ro,Z" "-v" "/var/lib/crater-agent-workspace/rustup-home:/opt/rustwide/rustup-home:ro,Z" "-e" "SOURCE_DIR=/opt/rustwide/workdir" "-e" "CARGO_TARGET_DIR=/opt/rustwide/target" "-e" "CARGO_HOME=/opt/rustwide/cargo-home" "-e" "RUSTUP_HOME=/opt/rustwide/rustup-home" "-w" "/opt/rustwide/workdir" "-m" "1610612736" "--user" "0:0" "--network" "none" "ghcr.io/rust-lang/crates-build-env/linux@sha256:f3a9d4ad9d972b27faf3965f35b62e55ba32bbce8f20bc8fe909558a86702fde" "/opt/rustwide/cargo-home/bin/cargo" "+beta-2024-12-08" "metadata" "--no-deps" "--format-version=1", kill_on_drop: false }`
[INFO] [stdout] 69b0fc421c030f8d3787e8cea8249e1edf179502ff3f585587837e358f0dd2d1
[INFO] running `Command { std: "docker" "start" "-a" "69b0fc421c030f8d3787e8cea8249e1edf179502ff3f585587837e358f0dd2d1", kill_on_drop: false }`
[INFO] running `Command { std: "docker" "inspect" "69b0fc421c030f8d3787e8cea8249e1edf179502ff3f585587837e358f0dd2d1", kill_on_drop: false }`
[INFO] running `Command { std: "docker" "rm" "-f" "69b0fc421c030f8d3787e8cea8249e1edf179502ff3f585587837e358f0dd2d1", kill_on_drop: false }`
[INFO] [stdout] 69b0fc421c030f8d3787e8cea8249e1edf179502ff3f585587837e358f0dd2d1
[INFO] running `Command { std: "docker" "create" "-v" "/var/lib/crater-agent-workspace/builds/worker-2-tc2/target:/opt/rustwide/target:rw,Z" "-v" "/var/lib/crater-agent-workspace/builds/worker-2-tc2/source:/opt/rustwide/workdir:ro,Z" "-v" "/var/lib/crater-agent-workspace/cargo-home:/opt/rustwide/cargo-home:ro,Z" "-v" "/var/lib/crater-agent-workspace/rustup-home:/opt/rustwide/rustup-home:ro,Z" "-e" "SOURCE_DIR=/opt/rustwide/workdir" "-e" "CARGO_TARGET_DIR=/opt/rustwide/target" "-e" "CARGO_INCREMENTAL=0" "-e" "RUST_BACKTRACE=full" "-e" "RUSTFLAGS=--cap-lints=warn" "-e" "RUSTDOCFLAGS=--cap-lints=warn" "-e" "CARGO_HOME=/opt/rustwide/cargo-home" "-e" "RUSTUP_HOME=/opt/rustwide/rustup-home" "-w" "/opt/rustwide/workdir" "-m" "1610612736" "--user" "0:0" "--network" "none" "ghcr.io/rust-lang/crates-build-env/linux@sha256:f3a9d4ad9d972b27faf3965f35b62e55ba32bbce8f20bc8fe909558a86702fde" "/opt/rustwide/cargo-home/bin/cargo" "+beta-2024-12-08" "build" "--frozen" "--message-format=json", kill_on_drop: false }`
[INFO] [stdout] b9da49714dc2ef43c0746f1f2b18c44aff1820f1d5d74d6cc6d1fe2ef130c836
[INFO] running `Command { std: "docker" "start" "-a" "b9da49714dc2ef43c0746f1f2b18c44aff1820f1d5d74d6cc6d1fe2ef130c836", kill_on_drop: false }`
[INFO] [stderr]    Compiling once_cell v1.17.1
[INFO] [stderr]    Compiling either v1.8.1
[INFO] [stderr]    Compiling codewars_rust v0.1.0 (/opt/rustwide/workdir)
[INFO] [stdout] warning: unnecessary parentheses around index expression
[INFO] [stdout]   --> src/kyu7/median.rs:11:10
[INFO] [stdout]    |
[INFO] [stdout] 11 |     list[(list.len()/2)]
[INFO] [stdout]    |          ^            ^
[INFO] [stdout]    |
[INFO] [stdout]    = note: `#[warn(unused_parens)]` on by default
[INFO] [stdout] help: remove these parentheses
[INFO] [stdout]    |
[INFO] [stdout] 11 -     list[(list.len()/2)]
[INFO] [stdout] 11 +     list[list.len()/2]
[INFO] [stdout]    |
[INFO] [stdout] 
[INFO] [stdout] 
[INFO] [stdout] warning: unused import: `ops::Index`
[INFO] [stdout]  --> src/kyu6/character_with_longest_repetition.rs:1:11
[INFO] [stdout]   |
[INFO] [stdout] 1 | use std::{ops::Index, collections::HashMap};
[INFO] [stdout]   |           ^^^^^^^^^^
[INFO] [stdout]   |
[INFO] [stdout]   = note: `#[warn(unused_imports)]` on by default
[INFO] [stdout] 
[INFO] [stdout] 
[INFO] [stdout] warning: function `is_divisible` is never used
[INFO] [stdout]  --> src/kyu8/divisible_by.rs:1:8
[INFO] [stdout]   |
[INFO] [stdout] 1 | pub fn is_divisible(n: u32, x: u32, y: u32) -> bool {
[INFO] [stdout]   |        ^^^^^^^^^^^^
[INFO] [stdout]   |
[INFO] [stdout]   = note: `#[warn(dead_code)]` on by default
[INFO] [stdout] 
[INFO] [stdout] 
[INFO] [stdout] warning: function `even_or_odd` is never used
[INFO] [stdout]  --> src/kyu8/even_or_odd.rs:1:8
[INFO] [stdout]   |
[INFO] [stdout] 1 | pub fn even_or_odd(n: i32) -> &'static str {
[INFO] [stdout]   |        ^^^^^^^^^^^
[INFO] [stdout] 
[INFO] [stdout] 
[INFO] [stdout] warning: function `if_else_even_or_odd` is never used
[INFO] [stdout]  --> src/kyu8/even_or_odd.rs:8:4
[INFO] [stdout]   |
[INFO] [stdout] 8 | fn if_else_even_or_odd(n: i32) -> &'static str {
[INFO] [stdout]   |    ^^^^^^^^^^^^^^^^^^^
[INFO] [stdout] 
[INFO] [stdout] 
[INFO] [stdout] warning: function `add_length` is never used
[INFO] [stdout]   --> src/kyu8/add_length.rs:13:8
[INFO] [stdout]    |
[INFO] [stdout] 13 | pub fn add_length(s: &str) -> Vec<String> {
[INFO] [stdout]    |        ^^^^^^^^^^
[INFO] [stdout] 
[INFO] [stdout] 
[INFO] [stdout] warning: function `add_length_solution` is never used
[INFO] [stdout]   --> src/kyu8/add_length.rs:21:4
[INFO] [stdout]    |
[INFO] [stdout] 21 | fn add_length_solution(s: &str) -> Vec<String> {
[INFO] [stdout]    |    ^^^^^^^^^^^^^^^^^^^
[INFO] [stdout] 
[INFO] [stdout] 
[INFO] [stdout] warning: function `parse_boolean` is never used
[INFO] [stdout]  --> src/kyu8/parse_boolean.rs:1:8
[INFO] [stdout]   |
[INFO] [stdout] 1 | pub fn parse_boolean(b: bool) -> String {
[INFO] [stdout]   |        ^^^^^^^^^^^^^
[INFO] [stdout] 
[INFO] [stdout] 
[INFO] [stdout] warning: function `no_space` is never used
[INFO] [stdout]   --> src/kyu8/remove_string_spaces.rs:12:5
[INFO] [stdout]    |
[INFO] [stdout] 12 |  fn no_space(x : String) -> String{
[INFO] [stdout]    |     ^^^^^^^^
[INFO] [stdout] 
[INFO] [stdout] 
[INFO] [stdout] warning: function `fix_string_case` is never used
[INFO] [stdout]   --> src/kyu7/fix_string_case.rs:14:15
[INFO] [stdout]    |
[INFO] [stdout] 14 | pub(crate) fn fix_string_case(s: &str) -> String {
[INFO] [stdout]    |               ^^^^^^^^^^^^^^^
[INFO] [stdout] 
[INFO] [stdout] 
[INFO] [stdout] warning: function `solve` is never used
[INFO] [stdout]   --> src/kyu7/fix_string_case.rs:27:4
[INFO] [stdout]    |
[INFO] [stdout] 27 | fn solve(s: &str) -> String {
[INFO] [stdout]    |    ^^^^^
[INFO] [stdout] 
[INFO] [stdout] 
[INFO] [stdout] warning: function `sort_by_area` is never used
[INFO] [stdout]   --> src/kyu7/sort_by_area.rs:16:4
[INFO] [stdout]    |
[INFO] [stdout] 16 | fn sort_by_area(seq: &[Either<(f64, f64), f64>]) -> Vec<Either<(f64, f64), f64>> {
[INFO] [stdout]    |    ^^^^^^^^^^^^
[INFO] [stdout] 
[INFO] [stdout] 
[INFO] [stdout] warning: function `calculate_area` is never used
[INFO] [stdout]   --> src/kyu7/sort_by_area.rs:22:4
[INFO] [stdout]    |
[INFO] [stdout] 22 | fn calculate_area(object: &Either<(f64, f64), f64>) -> f64 {
[INFO] [stdout]    |    ^^^^^^^^^^^^^^
[INFO] [stdout] 
[INFO] [stdout] 
[INFO] [stdout] warning: function `dotest` is never used
[INFO] [stdout]   --> src/kyu7/sort_by_area.rs:29:4
[INFO] [stdout]    |
[INFO] [stdout] 29 | fn dotest(seq: &[Either<(f64, f64), f64>], expected: &[Either<(f64, f64), f64>]) {
[INFO] [stdout]    |    ^^^^^^
[INFO] [stdout] 
[INFO] [stdout] 
[INFO] [stdout] warning: function `sort_by_last_char` is never used
[INFO] [stdout]  --> src/kyu7/sort_by_last_char.rs:1:4
[INFO] [stdout]   |
[INFO] [stdout] 1 | fn sort_by_last_char(x: &str) -> Vec<String> {
[INFO] [stdout]   |    ^^^^^^^^^^^^^^^^^
[INFO] [stdout] 
[INFO] [stdout] 
[INFO] [stdout] warning: function `two_oldest_ages` is never used
[INFO] [stdout]   --> src/kyu7/two_oldest_ages.rs:19:4
[INFO] [stdout]    |
[INFO] [stdout] 19 | fn two_oldest_ages(ages: &[u8]) -> [u8; 2] {
[INFO] [stdout]    |    ^^^^^^^^^^^^^^^
[INFO] [stdout] 
[INFO] [stdout] 
[INFO] [stdout] warning: function `median_function` is never used
[INFO] [stdout]  --> src/kyu7/median.rs:8:4
[INFO] [stdout]   |
[INFO] [stdout] 8 | fn median_function(list: &[i32]) -> i32 {
[INFO] [stdout]   |    ^^^^^^^^^^^^^^^
[INFO] [stdout] 
[INFO] [stdout] 
[INFO] [stdout] warning: enum `Mixed` is never used
[INFO] [stdout]  --> src/kyu7/divide_and_conquer.rs:9:6
[INFO] [stdout]   |
[INFO] [stdout] 9 | enum Mixed<'a> {
[INFO] [stdout]   |      ^^^^^
[INFO] [stdout] 
[INFO] [stdout] 
[INFO] [stdout] warning: function `divide_and_conquer` is never used
[INFO] [stdout]   --> src/kyu7/divide_and_conquer.rs:14:4
[INFO] [stdout]    |
[INFO] [stdout] 14 | fn divide_and_conquer(list: &[Mixed]) -> i32 {
[INFO] [stdout]    |    ^^^^^^^^^^^^^^^^^^
[INFO] [stdout] 
[INFO] [stdout] 
[INFO] [stdout] warning: function `div_con` is never used
[INFO] [stdout]   --> src/kyu7/divide_and_conquer.rs:23:4
[INFO] [stdout]    |
[INFO] [stdout] 23 | fn div_con(arr: &[Either<i32, String>]) -> i32 {
[INFO] [stdout]    |    ^^^^^^^
[INFO] [stdout] 
[INFO] [stdout] 
[INFO] [stdout] warning: function `to_nato` is never used
[INFO] [stdout]   --> src/kyu6/if_you_can_read_this.rs:46:4
[INFO] [stdout]    |
[INFO] [stdout] 46 | fn to_nato(words: &str) -> String {
[INFO] [stdout]    |    ^^^^^^^
[INFO] [stdout] 
[INFO] [stdout] 
[INFO] [stdout] warning: function `counter_letters` is never used
[INFO] [stdout]   --> src/kyu6/character_with_longest_repetition.rs:25:4
[INFO] [stdout]    |
[INFO] [stdout] 25 | fn counter_letters(s: &str) {
[INFO] [stdout]    |    ^^^^^^^^^^^^^^^
[INFO] [stdout] 
[INFO] [stdout] 
[INFO] [stdout] warning: function `rotate` is never used
[INFO] [stdout]   --> src/kyu6/all_star_code_challenge.rs:23:8
[INFO] [stdout]    |
[INFO] [stdout] 23 | pub fn rotate(s: &str) -> Vec<String> {
[INFO] [stdout]    |        ^^^^^^
[INFO] [stdout] 
[INFO] [stdout] 
[INFO] [stdout] warning: function `helper` is never used
[INFO] [stdout]   --> src/kyu6/all_star_code_challenge.rs:27:4
[INFO] [stdout]    |
[INFO] [stdout] 27 | fn helper(word: &str, mut tmp: Vec<String>, i: usize) -> Vec<String> {
[INFO] [stdout]    |    ^^^^^^
[INFO] [stdout] 
[INFO] [stdout] 
[INFO] [stdout] warning: function `last_char` is never used
[INFO] [stdout]   --> src/kyu6/all_star_code_challenge.rs:37:4
[INFO] [stdout]    |
[INFO] [stdout] 37 | fn last_char(word: &str) -> String {
[INFO] [stdout]    |    ^^^^^^^^^
[INFO] [stdout] 
[INFO] [stdout] 
[INFO] [stdout] warning: function `rotate_one_liner` is never used
[INFO] [stdout]   --> src/kyu6/all_star_code_challenge.rs:44:4
[INFO] [stdout]    |
[INFO] [stdout] 44 | fn rotate_one_liner(s: &str) -> Vec<String> {
[INFO] [stdout]    |    ^^^^^^^^^^^^^^^^
[INFO] [stdout] 
[INFO] [stdout] 
[INFO] [stderr]     Finished `dev` profile [unoptimized + debuginfo] target(s) in 1.23s
[INFO] running `Command { std: "docker" "inspect" "b9da49714dc2ef43c0746f1f2b18c44aff1820f1d5d74d6cc6d1fe2ef130c836", kill_on_drop: false }`
[INFO] running `Command { std: "docker" "rm" "-f" "b9da49714dc2ef43c0746f1f2b18c44aff1820f1d5d74d6cc6d1fe2ef130c836", kill_on_drop: false }`
[INFO] [stdout] b9da49714dc2ef43c0746f1f2b18c44aff1820f1d5d74d6cc6d1fe2ef130c836
[INFO] running `Command { std: "docker" "create" "-v" "/var/lib/crater-agent-workspace/builds/worker-2-tc2/target:/opt/rustwide/target:rw,Z" "-v" "/var/lib/crater-agent-workspace/builds/worker-2-tc2/source:/opt/rustwide/workdir:ro,Z" "-v" "/var/lib/crater-agent-workspace/cargo-home:/opt/rustwide/cargo-home:ro,Z" "-v" "/var/lib/crater-agent-workspace/rustup-home:/opt/rustwide/rustup-home:ro,Z" "-e" "SOURCE_DIR=/opt/rustwide/workdir" "-e" "CARGO_TARGET_DIR=/opt/rustwide/target" "-e" "CARGO_INCREMENTAL=0" "-e" "RUST_BACKTRACE=full" "-e" "RUSTFLAGS=--cap-lints=warn" "-e" "RUSTDOCFLAGS=--cap-lints=warn" "-e" "CARGO_HOME=/opt/rustwide/cargo-home" "-e" "RUSTUP_HOME=/opt/rustwide/rustup-home" "-w" "/opt/rustwide/workdir" "-m" "1610612736" "--user" "0:0" "--network" "none" "ghcr.io/rust-lang/crates-build-env/linux@sha256:f3a9d4ad9d972b27faf3965f35b62e55ba32bbce8f20bc8fe909558a86702fde" "/opt/rustwide/cargo-home/bin/cargo" "+beta-2024-12-08" "test" "--frozen" "--no-run" "--message-format=json", kill_on_drop: false }`
[INFO] [stdout] 4d95f11948430221dd96c3ac86c9d0de3dc429203f7b607543b7a3d03d3696f1
[INFO] running `Command { std: "docker" "start" "-a" "4d95f11948430221dd96c3ac86c9d0de3dc429203f7b607543b7a3d03d3696f1", kill_on_drop: false }`
[INFO] [stderr]    Compiling codewars_rust v0.1.0 (/opt/rustwide/workdir)
[INFO] [stdout] warning: unnecessary parentheses around index expression
[INFO] [stdout]   --> src/kyu7/median.rs:11:10
[INFO] [stdout]    |
[INFO] [stdout] 11 |     list[(list.len()/2)]
[INFO] [stdout]    |          ^            ^
[INFO] [stdout]    |
[INFO] [stdout]    = note: `#[warn(unused_parens)]` on by default
[INFO] [stdout] help: remove these parentheses
[INFO] [stdout]    |
[INFO] [stdout] 11 -     list[(list.len()/2)]
[INFO] [stdout] 11 +     list[list.len()/2]
[INFO] [stdout]    |
[INFO] [stdout] 
[INFO] [stdout] 
[INFO] [stdout] warning: unused import: `ops::Index`
[INFO] [stdout]  --> src/kyu6/character_with_longest_repetition.rs:1:11
[INFO] [stdout]   |
[INFO] [stdout] 1 | use std::{ops::Index, collections::HashMap};
[INFO] [stdout]   |           ^^^^^^^^^^
[INFO] [stdout]   |
[INFO] [stdout]   = note: `#[warn(unused_imports)]` on by default
[INFO] [stdout] 
[INFO] [stdout] 
[INFO] [stdout] warning: function `if_else_even_or_odd` is never used
[INFO] [stdout]  --> src/kyu8/even_or_odd.rs:8:4
[INFO] [stdout]   |
[INFO] [stdout] 8 | fn if_else_even_or_odd(n: i32) -> &'static str {
[INFO] [stdout]   |    ^^^^^^^^^^^^^^^^^^^
[INFO] [stdout]   |
[INFO] [stdout]   = note: `#[warn(dead_code)]` on by default
[INFO] [stdout] 
[INFO] [stdout] 
[INFO] [stdout] warning: function `add_length_solution` is never used
[INFO] [stdout]   --> src/kyu8/add_length.rs:21:4
[INFO] [stdout]    |
[INFO] [stdout] 21 | fn add_length_solution(s: &str) -> Vec<String> {
[INFO] [stdout]    |    ^^^^^^^^^^^^^^^^^^^
[INFO] [stdout] 
[INFO] [stdout] 
[INFO] [stdout] warning: function `solve` is never used
[INFO] [stdout]   --> src/kyu7/fix_string_case.rs:27:4
[INFO] [stdout]    |
[INFO] [stdout] 27 | fn solve(s: &str) -> String {
[INFO] [stdout]    |    ^^^^^
[INFO] [stdout] 
[INFO] [stdout] 
[INFO] [stdout] warning: function `sort_by_last_char` is never used
[INFO] [stdout]  --> src/kyu7/sort_by_last_char.rs:1:4
[INFO] [stdout]   |
[INFO] [stdout] 1 | fn sort_by_last_char(x: &str) -> Vec<String> {
[INFO] [stdout]   |    ^^^^^^^^^^^^^^^^^
[INFO] [stdout] 
[INFO] [stdout] 
[INFO] [stdout] warning: function `counter_letters` is never used
[INFO] [stdout]   --> src/kyu6/character_with_longest_repetition.rs:25:4
[INFO] [stdout]    |
[INFO] [stdout] 25 | fn counter_letters(s: &str) {
[INFO] [stdout]    |    ^^^^^^^^^^^^^^^
[INFO] [stdout] 
[INFO] [stdout] 
[INFO] [stdout] warning: function `rotate_one_liner` is never used
[INFO] [stdout]   --> src/kyu6/all_star_code_challenge.rs:44:4
[INFO] [stdout]    |
[INFO] [stdout] 44 | fn rotate_one_liner(s: &str) -> Vec<String> {
[INFO] [stdout]    |    ^^^^^^^^^^^^^^^^
[INFO] [stdout] 
[INFO] [stdout] 
[INFO] [stderr]     Finished `test` profile [unoptimized + debuginfo] target(s) in 1.26s
[INFO] running `Command { std: "docker" "inspect" "4d95f11948430221dd96c3ac86c9d0de3dc429203f7b607543b7a3d03d3696f1", kill_on_drop: false }`
[INFO] running `Command { std: "docker" "rm" "-f" "4d95f11948430221dd96c3ac86c9d0de3dc429203f7b607543b7a3d03d3696f1", kill_on_drop: false }`
[INFO] [stdout] 4d95f11948430221dd96c3ac86c9d0de3dc429203f7b607543b7a3d03d3696f1
[INFO] running `Command { std: "docker" "create" "-v" "/var/lib/crater-agent-workspace/builds/worker-2-tc2/target:/opt/rustwide/target:rw,Z" "-v" "/var/lib/crater-agent-workspace/builds/worker-2-tc2/source:/opt/rustwide/workdir:ro,Z" "-v" "/var/lib/crater-agent-workspace/cargo-home:/opt/rustwide/cargo-home:ro,Z" "-v" "/var/lib/crater-agent-workspace/rustup-home:/opt/rustwide/rustup-home:ro,Z" "-e" "SOURCE_DIR=/opt/rustwide/workdir" "-e" "CARGO_TARGET_DIR=/opt/rustwide/target" "-e" "CARGO_INCREMENTAL=0" "-e" "RUST_BACKTRACE=full" "-e" "RUSTFLAGS=--cap-lints=warn" "-e" "RUSTDOCFLAGS=--cap-lints=warn" "-e" "CARGO_HOME=/opt/rustwide/cargo-home" "-e" "RUSTUP_HOME=/opt/rustwide/rustup-home" "-w" "/opt/rustwide/workdir" "-m" "1610612736" "--user" "0:0" "--network" "none" "ghcr.io/rust-lang/crates-build-env/linux@sha256:f3a9d4ad9d972b27faf3965f35b62e55ba32bbce8f20bc8fe909558a86702fde" "/opt/rustwide/cargo-home/bin/cargo" "+beta-2024-12-08" "test" "--frozen", kill_on_drop: false }`
[INFO] [stdout] 35caefb3b612102b5eb612db6fcc80d95bb7112179549bfa4f99a1e24b6473aa
[INFO] running `Command { std: "docker" "start" "-a" "35caefb3b612102b5eb612db6fcc80d95bb7112179549bfa4f99a1e24b6473aa", kill_on_drop: false }`
[INFO] [stderr] warning: unnecessary parentheses around index expression
[INFO] [stderr]   --> src/kyu7/median.rs:11:10
[INFO] [stderr]    |
[INFO] [stderr] 11 |     list[(list.len()/2)]
[INFO] [stderr]    |          ^            ^
[INFO] [stderr]    |
[INFO] [stderr]    = note: `#[warn(unused_parens)]` on by default
[INFO] [stderr] help: remove these parentheses
[INFO] [stderr]    |
[INFO] [stderr] 11 -     list[(list.len()/2)]
[INFO] [stderr] 11 +     list[list.len()/2]
[INFO] [stderr]    |
[INFO] [stderr] 
[INFO] [stderr] warning: unused import: `ops::Index`
[INFO] [stderr]  --> src/kyu6/character_with_longest_repetition.rs:1:11
[INFO] [stderr]   |
[INFO] [stderr] 1 | use std::{ops::Index, collections::HashMap};
[INFO] [stderr]   |           ^^^^^^^^^^
[INFO] [stderr]   |
[INFO] [stderr]   = note: `#[warn(unused_imports)]` on by default
[INFO] [stderr] 
[INFO] [stderr] warning: function `if_else_even_or_odd` is never used
[INFO] [stderr]  --> src/kyu8/even_or_odd.rs:8:4
[INFO] [stderr]   |
[INFO] [stderr] 8 | fn if_else_even_or_odd(n: i32) -> &'static str {
[INFO] [stderr]   |    ^^^^^^^^^^^^^^^^^^^
[INFO] [stderr]   |
[INFO] [stderr]   = note: `#[warn(dead_code)]` on by default
[INFO] [stderr] 
[INFO] [stderr] warning: function `add_length_solution` is never used
[INFO] [stderr]   --> src/kyu8/add_length.rs:21:4
[INFO] [stderr]    |
[INFO] [stderr] 21 | fn add_length_solution(s: &str) -> Vec<String> {
[INFO] [stderr]    |    ^^^^^^^^^^^^^^^^^^^
[INFO] [stderr] 
[INFO] [stderr] warning: function `solve` is never used
[INFO] [stderr]   --> src/kyu7/fix_string_case.rs:27:4
[INFO] [stderr]    |
[INFO] [stderr] 27 | fn solve(s: &str) -> String {
[INFO] [stderr]    |    ^^^^^
[INFO] [stderr] 
[INFO] [stderr] warning: function `sort_by_last_char` is never used
[INFO] [stderr]  --> src/kyu7/sort_by_last_char.rs:1:4
[INFO] [stderr]   |
[INFO] [stderr] 1 | fn sort_by_last_char(x: &str) -> Vec<String> {
[INFO] [stderr]   |    ^^^^^^^^^^^^^^^^^
[INFO] [stderr] 
[INFO] [stderr] warning: function `counter_letters` is never used
[INFO] [stderr]   --> src/kyu6/character_with_longest_repetition.rs:25:4
[INFO] [stderr]    |
[INFO] [stderr] 25 | fn counter_letters(s: &str) {
[INFO] [stderr]    |    ^^^^^^^^^^^^^^^
[INFO] [stderr] 
[INFO] [stderr] warning: function `rotate_one_liner` is never used
[INFO] [stderr]   --> src/kyu6/all_star_code_challenge.rs:44:4
[INFO] [stderr]    |
[INFO] [stderr] 44 | fn rotate_one_liner(s: &str) -> Vec<String> {
[INFO] [stderr]    |    ^^^^^^^^^^^^^^^^
[INFO] [stderr] 
[INFO] [stderr] warning: `codewars_rust` (bin "codewars_rust" test) generated 8 warnings (run `cargo fix --bin "codewars_rust" --tests` to apply 2 suggestions)
[INFO] [stderr]     Finished `test` profile [unoptimized + debuginfo] target(s) in 0.03s
[INFO] [stderr]      Running unittests src/main.rs (/opt/rustwide/target/debug/deps/codewars_rust-5ef7493037d623c8)
[INFO] [stdout] 
[INFO] [stdout] running 20 tests
[INFO] [stdout] test kyu6::if_you_can_read_this::test_nato_dictionary ... ok
[INFO] [stdout] test kyu7::divide_and_conquer::tests::test_local ... ok
[INFO] [stdout] test kyu6::all_star_code_challenge::test_all_star_code::test_order ... ok
[INFO] [stdout] test kyu7::fix_string_case::test_string_case ... ok
[INFO] [stdout] test kyu6::all_star_code_challenge::test_all_star_code::test_kata_example ... ok
[INFO] [stdout] test kyu6::all_star_code_challenge::test_all_star_code::basic_test ... ok
[INFO] [stdout] test kyu7::divide_and_conquer::tests::fixed_tests ... ok
[INFO] [stdout] test kyu7::median::check_median ... ok
[INFO] [stdout] test kyu8::add_length::test_add_length ... ok
[INFO] [stdout] test kyu7::sort_by_area::fixed_tests ... ok
[INFO] [stdout] test kyu7::two_oldest_ages::test_two_oldest_ages ... ok
[INFO] [stdout] test kyu8::divisible_by::basic_tests ... ok
[INFO] [stdout] test kyu8::divisible_by::test_divisible_by ... ok
[INFO] [stdout] test kyu8::even_or_odd::returns_expected ... ok
[INFO] [stdout] test kyu8::parse_boolean::test_boolean ... ok
[INFO] [stdout] test kyu8::multiply::test_multiply ... ok
[INFO] [stdout] test kyu8::remove_string_spaces::returns_expected ... ok
[INFO] [stdout] test kyu6::if_you_can_read_this::examples ... ok
[INFO] [stdout] test kyu6::character_with_longest_repetition::test_longest_repetition ... ok
[INFO] [stdout] test kyu7::median::check_mode_value ... FAILED
[INFO] [stdout] 
[INFO] [stdout] failures:
[INFO] [stdout] 
[INFO] [stdout] ---- kyu7::median::check_mode_value stdout ----
[INFO] [stdout] thread 'kyu7::median::check_mode_value' panicked at src/kyu7/median.rs:29:5:
[INFO] [stdout] assertion `left == right` failed
[INFO] [stdout]   left: 2
[INFO] [stdout]  right: 0
[INFO] [stdout] stack backtrace:
[INFO] [stdout]    0:     0x569a16f1d89a - std::backtrace_rs::backtrace::libunwind::trace::h8810477743020387
[INFO] [stdout]                                at /rustc/202008a1b8de96d2e5b6bc02d379db03a877d34d/library/std/src/../../backtrace/src/backtrace/libunwind.rs:116:5
[INFO] [stdout]    1:     0x569a16f1d89a - std::backtrace_rs::backtrace::trace_unsynchronized::h3aa55355dd6c54a6
[INFO] [stdout]                                at /rustc/202008a1b8de96d2e5b6bc02d379db03a877d34d/library/std/src/../../backtrace/src/backtrace/mod.rs:66:5
[INFO] [stdout]    2:     0x569a16f1d89a - std::sys::backtrace::_print_fmt::h8588b0f62410823f
[INFO] [stdout]                                at /rustc/202008a1b8de96d2e5b6bc02d379db03a877d34d/library/std/src/sys/backtrace.rs:66:9
[INFO] [stdout]    3:     0x569a16f1d89a - <std::sys::backtrace::BacktraceLock::print::DisplayBacktrace as core::fmt::Display>::fmt::h98c26ac25ffe89bb
[INFO] [stdout]                                at /rustc/202008a1b8de96d2e5b6bc02d379db03a877d34d/library/std/src/sys/backtrace.rs:39:26
[INFO] [stdout]    4:     0x569a16f44cf3 - core::fmt::rt::Argument::fmt::hf95377f4aebd453b
[INFO] [stdout]                                at /rustc/202008a1b8de96d2e5b6bc02d379db03a877d34d/library/core/src/fmt/rt.rs:177:76
[INFO] [stdout]    5:     0x569a16f44cf3 - core::fmt::write::h0dd5f6e2238c7982
[INFO] [stdout]                                at /rustc/202008a1b8de96d2e5b6bc02d379db03a877d34d/library/core/src/fmt/mod.rs:1189:21
[INFO] [stdout]    6:     0x569a16f1aa33 - std::io::Write::write_fmt::h03bb0ca26e6faf8c
[INFO] [stdout]                                at /rustc/202008a1b8de96d2e5b6bc02d379db03a877d34d/library/std/src/io/mod.rs:1884:15
[INFO] [stdout]    7:     0x569a16f1d6e2 - std::sys::backtrace::BacktraceLock::print::h5c19c1c038ee186d
[INFO] [stdout]                                at /rustc/202008a1b8de96d2e5b6bc02d379db03a877d34d/library/std/src/sys/backtrace.rs:42:9
[INFO] [stdout]    8:     0x569a16f1ed1d - std::panicking::default_hook::{{closure}}::h77172f079a1fcb13
[INFO] [stdout]                                at /rustc/202008a1b8de96d2e5b6bc02d379db03a877d34d/library/std/src/panicking.rs:268:22
[INFO] [stdout]    9:     0x569a16f1eb27 - std::panicking::default_hook::he5f8e3b203ccddba
[INFO] [stdout]                                at /rustc/202008a1b8de96d2e5b6bc02d379db03a877d34d/library/std/src/panicking.rs:292:9
[INFO] [stdout]   10:     0x569a16ee65f7 - <alloc::boxed::Box<F,A> as core::ops::function::Fn<Args>>::call::h7a3c7b4a1ae77f2f
[INFO] [stdout]                                at /rustc/202008a1b8de96d2e5b6bc02d379db03a877d34d/library/alloc/src/boxed.rs:1986:9
[INFO] [stdout]   11:     0x569a16ee65f7 - test::test_main::{{closure}}::hf0d3b69ae9b353d1
[INFO] [stdout]                                at /rustc/202008a1b8de96d2e5b6bc02d379db03a877d34d/library/test/src/lib.rs:134:21
[INFO] [stdout]   12:     0x569a16f1f3c8 - <alloc::boxed::Box<F,A> as core::ops::function::Fn<Args>>::call::h6332e82e7b189abd
[INFO] [stdout]                                at /rustc/202008a1b8de96d2e5b6bc02d379db03a877d34d/library/alloc/src/boxed.rs:1986:9
[INFO] [stdout]   13:     0x569a16f1f3c8 - std::panicking::rust_panic_with_hook::h53863d4e9018df39
[INFO] [stdout]                                at /rustc/202008a1b8de96d2e5b6bc02d379db03a877d34d/library/std/src/panicking.rs:809:13
[INFO] [stdout]   14:     0x569a16f1f18a - std::panicking::begin_panic_handler::{{closure}}::h67280e6fa0757873
[INFO] [stdout]                                at /rustc/202008a1b8de96d2e5b6bc02d379db03a877d34d/library/std/src/panicking.rs:674:13
[INFO] [stdout]   15:     0x569a16f1dd79 - std::sys::backtrace::__rust_end_short_backtrace::h1dac3f54d6fbbeb2
[INFO] [stdout]                                at /rustc/202008a1b8de96d2e5b6bc02d379db03a877d34d/library/std/src/sys/backtrace.rs:170:18
[INFO] [stdout]   16:     0x569a16f1ee1c - rust_begin_unwind
[INFO] [stdout]                                at /rustc/202008a1b8de96d2e5b6bc02d379db03a877d34d/library/std/src/panicking.rs:665:5
[INFO] [stdout]   17:     0x569a16e7eaf0 - core::panicking::panic_fmt::h6792bd1b2bf01041
[INFO] [stdout]                                at /rustc/202008a1b8de96d2e5b6bc02d379db03a877d34d/library/core/src/panicking.rs:76:14
[INFO] [stdout]   18:     0x569a16e7eebb - core::panicking::assert_failed_inner::hf2c17e6d30928787
[INFO] [stdout]   19:     0x569a16e9feff - core::panicking::assert_failed::h2c45da2af8a2d8e3
[INFO] [stdout]                                at /rustc/202008a1b8de96d2e5b6bc02d379db03a877d34d/library/core/src/panicking.rs:373:5
[INFO] [stdout]   20:     0x569a16e9d86b - codewars_rust::kyu7::median::check_mode_value::h5a58ea0e6587e7c3
[INFO] [stdout]                                at /opt/rustwide/workdir/src/kyu7/median.rs:29:5
[INFO] [stdout]   21:     0x569a16e9d777 - codewars_rust::kyu7::median::check_mode_value::{{closure}}::h42718cbff44152e3
[INFO] [stdout]                                at /opt/rustwide/workdir/src/kyu7/median.rs:27:22
[INFO] [stdout]   22:     0x569a16e8bf76 - core::ops::function::FnOnce::call_once::h228afc9615147725
[INFO] [stdout]                                at /rustc/202008a1b8de96d2e5b6bc02d379db03a877d34d/library/core/src/ops/function.rs:250:5
[INFO] [stdout]   23:     0x569a16eeb11b - core::ops::function::FnOnce::call_once::h871bf86719ec9aa4
[INFO] [stdout]                                at /rustc/202008a1b8de96d2e5b6bc02d379db03a877d34d/library/core/src/ops/function.rs:250:5
[INFO] [stdout]   24:     0x569a16eeb11b - test::__rust_begin_short_backtrace::h2167df1e2b7d76fd
[INFO] [stdout]                                at /rustc/202008a1b8de96d2e5b6bc02d379db03a877d34d/library/test/src/lib.rs:632:18
[INFO] [stdout]   25:     0x569a16eeab08 - test::run_test_in_process::{{closure}}::h15d92f75a3adfb79
[INFO] [stdout]                                at /rustc/202008a1b8de96d2e5b6bc02d379db03a877d34d/library/test/src/lib.rs:655:60
[INFO] [stdout]   26:     0x569a16eeab08 - <core::panic::unwind_safe::AssertUnwindSafe<F> as core::ops::function::FnOnce<()>>::call_once::hb6c8955835a8dbbb
[INFO] [stdout]                                at /rustc/202008a1b8de96d2e5b6bc02d379db03a877d34d/library/core/src/panic/unwind_safe.rs:272:9
[INFO] [stdout]   27:     0x569a16eeab08 - std::panicking::try::do_call::hc79d0fc888a0bd30
[INFO] [stdout]                                at /rustc/202008a1b8de96d2e5b6bc02d379db03a877d34d/library/std/src/panicking.rs:557:40
[INFO] [stdout]   28:     0x569a16eeab08 - std::panicking::try::hb8a7878e3a8589d6
[INFO] [stdout]                                at /rustc/202008a1b8de96d2e5b6bc02d379db03a877d34d/library/std/src/panicking.rs:520:19
[INFO] [stdout]   29:     0x569a16eeab08 - std::panic::catch_unwind::hb8e4600ff0ff5cfa
[INFO] [stdout]                                at /rustc/202008a1b8de96d2e5b6bc02d379db03a877d34d/library/std/src/panic.rs:358:14
[INFO] [stdout]   30:     0x569a16eeab08 - test::run_test_in_process::hc2900b0b18688dd6
[INFO] [stdout]                                at /rustc/202008a1b8de96d2e5b6bc02d379db03a877d34d/library/test/src/lib.rs:655:27
[INFO] [stdout]   31:     0x569a16eeab08 - test::run_test::{{closure}}::hac2a9cb07be3d48d
[INFO] [stdout]                                at /rustc/202008a1b8de96d2e5b6bc02d379db03a877d34d/library/test/src/lib.rs:576:43
[INFO] [stdout]   32:     0x569a16eae5aa - test::run_test::{{closure}}::h4a5b729e66a38cd8
[INFO] [stdout]                                at /rustc/202008a1b8de96d2e5b6bc02d379db03a877d34d/library/test/src/lib.rs:606:41
[INFO] [stdout]   33:     0x569a16eae5aa - std::sys::backtrace::__rust_begin_short_backtrace::h0496fb742492f573
[INFO] [stdout]                                at /rustc/202008a1b8de96d2e5b6bc02d379db03a877d34d/library/std/src/sys/backtrace.rs:154:18
[INFO] [stdout]   34:     0x569a16eb1f24 - std::thread::Builder::spawn_unchecked_::{{closure}}::{{closure}}::hbb6d257c550a54bd
[INFO] [stdout]                                at /rustc/202008a1b8de96d2e5b6bc02d379db03a877d34d/library/std/src/thread/mod.rs:561:17
[INFO] [stdout]   35:     0x569a16eb1f24 - <core::panic::unwind_safe::AssertUnwindSafe<F> as core::ops::function::FnOnce<()>>::call_once::h46696fe4a6832328
[INFO] [stdout]                                at /rustc/202008a1b8de96d2e5b6bc02d379db03a877d34d/library/core/src/panic/unwind_safe.rs:272:9
[INFO] [stdout]   36:     0x569a16eb1f24 - std::panicking::try::do_call::h2625a51b667bfb64
[INFO] [stdout]                                at /rustc/202008a1b8de96d2e5b6bc02d379db03a877d34d/library/std/src/panicking.rs:557:40
[INFO] [stdout]   37:     0x569a16eb1f24 - std::panicking::try::hb956a59a1973aa4c
[INFO] [stdout]                                at /rustc/202008a1b8de96d2e5b6bc02d379db03a877d34d/library/std/src/panicking.rs:520:19
[INFO] [stdout]   38:     0x569a16eb1f24 - std::panic::catch_unwind::h64f3b9d1067ef6a0
[INFO] [stdout]                                at /rustc/202008a1b8de96d2e5b6bc02d379db03a877d34d/library/std/src/panic.rs:358:14
[INFO] [stdout]   39:     0x569a16eb1f24 - std::thread::Builder::spawn_unchecked_::{{closure}}::h42b2841295b6c0b2
[INFO] [stdout]                                at /rustc/202008a1b8de96d2e5b6bc02d379db03a877d34d/library/std/src/thread/mod.rs:559:30
[INFO] [stdout]   40:     0x569a16eb1f24 - core::ops::function::FnOnce::call_once{{vtable.shim}}::h6127de71b8124639
[INFO] [stdout]                                at /rustc/202008a1b8de96d2e5b6bc02d379db03a877d34d/library/core/src/ops/function.rs:250:5
[INFO] [stdout]   41:     0x569a16f2330b - <alloc::boxed::Box<F,A> as core::ops::function::FnOnce<Args>>::call_once::h42f0ba71002a1b2c
[INFO] [stdout]                                at /rustc/202008a1b8de96d2e5b6bc02d379db03a877d34d/library/alloc/src/boxed.rs:1972:9
[INFO] [stdout]   42:     0x569a16f2330b - <alloc::boxed::Box<F,A> as core::ops::function::FnOnce<Args>>::call_once::had9e47d7a3dcecb8
[INFO] [stdout]                                at /rustc/202008a1b8de96d2e5b6bc02d379db03a877d34d/library/alloc/src/boxed.rs:1972:9
[INFO] [stdout]   43:     0x569a16f2330b - std::sys::pal::unix::thread::Thread::new::thread_start::h48cf765408f6f5f2
[INFO] [stdout]                                at /rustc/202008a1b8de96d2e5b6bc02d379db03a877d34d/library/std/src/sys/pal/unix/thread.rs:105:17
[INFO] [stdout]   44:     0x713784134ac3 - <unknown>
[INFO] [stdout]   45:     0x7137841c5a04 - clone
[INFO] [stdout]   46:                0x0 - <unknown>
[INFO] [stdout] 
[INFO] [stdout] 
[INFO] [stdout] failures:
[INFO] [stdout]     kyu7::median::check_mode_value
[INFO] [stdout] 
[INFO] [stdout] test result: FAILED. 19 passed; 1 failed; 0 ignored; 0 measured; 0 filtered out; finished in 0.06s
[INFO] [stdout] 
[INFO] [stderr] error: test failed, to rerun pass `--bin codewars_rust`
[INFO] running `Command { std: "docker" "inspect" "35caefb3b612102b5eb612db6fcc80d95bb7112179549bfa4f99a1e24b6473aa", kill_on_drop: false }`
[INFO] running `Command { std: "docker" "rm" "-f" "35caefb3b612102b5eb612db6fcc80d95bb7112179549bfa4f99a1e24b6473aa", kill_on_drop: false }`
[INFO] [stdout] 35caefb3b612102b5eb612db6fcc80d95bb7112179549bfa4f99a1e24b6473aa
