[INFO] fetching crate yaks 0.1.0...
[INFO] testing yaks-0.1.0 against 1.83.0 for beta-1.84.0-4-retry
[INFO] extracting crate yaks 0.1.0 into /workspace/builds/worker-7-tc1/source
[INFO] validating manifest of crates.io crate yaks 0.1.0 on toolchain 1.83.0
[INFO] running `Command { std: CARGO_HOME="/workspace/cargo-home" RUSTUP_HOME="/workspace/rustup-home" "/workspace/cargo-home/bin/cargo" "+1.83.0" "metadata" "--manifest-path" "Cargo.toml" "--no-deps", kill_on_drop: false }`
[INFO] started tweaking crates.io crate yaks 0.1.0
[INFO] finished tweaking crates.io crate yaks 0.1.0
[INFO] tweaked toml for crates.io crate yaks 0.1.0 written to /workspace/builds/worker-7-tc1/source/Cargo.toml
[INFO] crate crates.io crate yaks 0.1.0 already has a lockfile, it will not be regenerated
[INFO] running `Command { std: CARGO_HOME="/workspace/cargo-home" RUSTUP_HOME="/workspace/rustup-home" "/workspace/cargo-home/bin/cargo" "+1.83.0" "fetch" "--manifest-path" "Cargo.toml", kill_on_drop: false }`
[INFO] [stderr]     Updating crates.io index
[INFO] [stderr]     Blocking waiting for file lock on package cache
[INFO] [stderr]  Downloading crates ...
[INFO] [stderr]   Downloaded hecs v0.2.12
[INFO] [stderr]   Downloaded ahash v0.3.2
[INFO] [stderr]   Downloaded hashbrown v0.7.0
[INFO] running `Command { std: "docker" "create" "-v" "/var/lib/crater-agent-workspace/builds/worker-7-tc1/target:/opt/rustwide/target:rw,Z" "-v" "/var/lib/crater-agent-workspace/builds/worker-7-tc1/source:/opt/rustwide/workdir:ro,Z" "-v" "/var/lib/crater-agent-workspace/cargo-home:/opt/rustwide/cargo-home:ro,Z" "-v" "/var/lib/crater-agent-workspace/rustup-home:/opt/rustwide/rustup-home:ro,Z" "-e" "SOURCE_DIR=/opt/rustwide/workdir" "-e" "CARGO_TARGET_DIR=/opt/rustwide/target" "-e" "CARGO_HOME=/opt/rustwide/cargo-home" "-e" "RUSTUP_HOME=/opt/rustwide/rustup-home" "-w" "/opt/rustwide/workdir" "-m" "1610612736" "--user" "0:0" "--network" "none" "ghcr.io/rust-lang/crates-build-env/linux@sha256:f3a9d4ad9d972b27faf3965f35b62e55ba32bbce8f20bc8fe909558a86702fde" "/opt/rustwide/cargo-home/bin/cargo" "+1.83.0" "metadata" "--no-deps" "--format-version=1", kill_on_drop: false }`
[INFO] [stdout] 71ba8e48dc76f49a5f324e92b96532d4d58e8880f675a77587fe8a4e4c9a0013
[INFO] running `Command { std: "docker" "start" "-a" "71ba8e48dc76f49a5f324e92b96532d4d58e8880f675a77587fe8a4e4c9a0013", kill_on_drop: false }`
[INFO] running `Command { std: "docker" "inspect" "71ba8e48dc76f49a5f324e92b96532d4d58e8880f675a77587fe8a4e4c9a0013", kill_on_drop: false }`
[INFO] running `Command { std: "docker" "rm" "-f" "71ba8e48dc76f49a5f324e92b96532d4d58e8880f675a77587fe8a4e4c9a0013", kill_on_drop: false }`
[INFO] [stdout] 71ba8e48dc76f49a5f324e92b96532d4d58e8880f675a77587fe8a4e4c9a0013
[INFO] running `Command { std: "docker" "create" "-v" "/var/lib/crater-agent-workspace/builds/worker-7-tc1/target:/opt/rustwide/target:rw,Z" "-v" "/var/lib/crater-agent-workspace/builds/worker-7-tc1/source:/opt/rustwide/workdir:ro,Z" "-v" "/var/lib/crater-agent-workspace/cargo-home:/opt/rustwide/cargo-home:ro,Z" "-v" "/var/lib/crater-agent-workspace/rustup-home:/opt/rustwide/rustup-home:ro,Z" "-e" "SOURCE_DIR=/opt/rustwide/workdir" "-e" "CARGO_TARGET_DIR=/opt/rustwide/target" "-e" "CARGO_INCREMENTAL=0" "-e" "RUST_BACKTRACE=full" "-e" "RUSTFLAGS=--cap-lints=warn" "-e" "RUSTDOCFLAGS=--cap-lints=warn" "-e" "CARGO_HOME=/opt/rustwide/cargo-home" "-e" "RUSTUP_HOME=/opt/rustwide/rustup-home" "-w" "/opt/rustwide/workdir" "-m" "1610612736" "--user" "0:0" "--network" "none" "ghcr.io/rust-lang/crates-build-env/linux@sha256:f3a9d4ad9d972b27faf3965f35b62e55ba32bbce8f20bc8fe909558a86702fde" "/opt/rustwide/cargo-home/bin/cargo" "+1.83.0" "build" "--frozen" "--message-format=json", kill_on_drop: false }`
[INFO] [stdout] 65448999b6ed06e200952fec7863d97d73e58f6b0cb052a2c33d4f9eba97b346
[INFO] running `Command { std: "docker" "start" "-a" "65448999b6ed06e200952fec7863d97d73e58f6b0cb052a2c33d4f9eba97b346", kill_on_drop: false }`
[INFO] [stderr]    Compiling autocfg v1.0.0
[INFO] [stderr]    Compiling cfg-if v0.1.10
[INFO] [stderr]    Compiling libc v0.2.66
[INFO] [stderr]    Compiling maybe-uninit v2.0.0
[INFO] [stderr]    Compiling proc-macro2 v1.0.7
[INFO] [stderr]    Compiling lazy_static v1.4.0
[INFO] [stderr]    Compiling unicode-xid v0.2.0
[INFO] [stderr]    Compiling scopeguard v1.0.0
[INFO] [stderr]    Compiling syn v1.0.13
[INFO] [stderr]    Compiling rayon-core v1.7.0
[INFO] [stderr]    Compiling ahash v0.3.2
[INFO] [stderr]    Compiling smallvec v1.1.0
[INFO] [stderr]    Compiling crossbeam-utils v0.7.2
[INFO] [stderr]    Compiling memoffset v0.5.4
[INFO] [stderr]    Compiling crossbeam-epoch v0.8.2
[INFO] [stderr]    Compiling hashbrown v0.7.0
[INFO] [stderr]    Compiling lock_api v0.3.4
[INFO] [stderr]    Compiling either v1.5.3
[INFO] [stderr]    Compiling fixedbitset v0.3.0
[INFO] [stderr]    Compiling num_cpus v1.13.0
[INFO] [stderr]    Compiling parking_lot_core v0.7.2
[INFO] [stderr]    Compiling crossbeam-queue v0.2.1
[INFO] [stderr]    Compiling crossbeam-channel v0.4.2
[INFO] [stderr]    Compiling quote v1.0.2
[INFO] [stderr]    Compiling parking_lot v0.10.2
[INFO] [stderr]    Compiling crossbeam-deque v0.7.3
[INFO] [stderr]    Compiling hecs v0.2.12
[INFO] [stderr]    Compiling rayon v1.3.0
[INFO] [stderr]    Compiling proc-macro-hack v0.5.11
[INFO] [stderr]    Compiling paste-impl v0.1.16
[INFO] [stderr]    Compiling paste v0.1.16
[INFO] [stderr]    Compiling yaks v0.1.0 (/opt/rustwide/workdir)
[INFO] [stderr]     Finished `dev` profile [unoptimized + debuginfo] target(s) in 13.46s
[INFO] running `Command { std: "docker" "inspect" "65448999b6ed06e200952fec7863d97d73e58f6b0cb052a2c33d4f9eba97b346", kill_on_drop: false }`
[INFO] running `Command { std: "docker" "rm" "-f" "65448999b6ed06e200952fec7863d97d73e58f6b0cb052a2c33d4f9eba97b346", kill_on_drop: false }`
[INFO] [stdout] 65448999b6ed06e200952fec7863d97d73e58f6b0cb052a2c33d4f9eba97b346
[INFO] running `Command { std: "docker" "create" "-v" "/var/lib/crater-agent-workspace/builds/worker-7-tc1/target:/opt/rustwide/target:rw,Z" "-v" "/var/lib/crater-agent-workspace/builds/worker-7-tc1/source:/opt/rustwide/workdir:ro,Z" "-v" "/var/lib/crater-agent-workspace/cargo-home:/opt/rustwide/cargo-home:ro,Z" "-v" "/var/lib/crater-agent-workspace/rustup-home:/opt/rustwide/rustup-home:ro,Z" "-e" "SOURCE_DIR=/opt/rustwide/workdir" "-e" "CARGO_TARGET_DIR=/opt/rustwide/target" "-e" "CARGO_INCREMENTAL=0" "-e" "RUST_BACKTRACE=full" "-e" "RUSTFLAGS=--cap-lints=warn" "-e" "RUSTDOCFLAGS=--cap-lints=warn" "-e" "CARGO_HOME=/opt/rustwide/cargo-home" "-e" "RUSTUP_HOME=/opt/rustwide/rustup-home" "-w" "/opt/rustwide/workdir" "-m" "1610612736" "--user" "0:0" "--network" "none" "ghcr.io/rust-lang/crates-build-env/linux@sha256:f3a9d4ad9d972b27faf3965f35b62e55ba32bbce8f20bc8fe909558a86702fde" "/opt/rustwide/cargo-home/bin/cargo" "+1.83.0" "test" "--frozen" "--no-run" "--message-format=json", kill_on_drop: false }`
[INFO] [stdout] 7b33ce6230507288e3982aaa2c8dd0be52f25d38e016f015ec2fff49ba5cc555
[INFO] running `Command { std: "docker" "start" "-a" "7b33ce6230507288e3982aaa2c8dd0be52f25d38e016f015ec2fff49ba5cc555", kill_on_drop: false }`
[INFO] [stderr]    Compiling getrandom v0.1.14
[INFO] [stderr]    Compiling ppv-lite86 v0.2.8
[INFO] [stderr]    Compiling rand_core v0.5.1
[INFO] [stderr]    Compiling rand_chacha v0.2.2
[INFO] [stderr]    Compiling rand v0.7.3
[INFO] [stderr]    Compiling yaks v0.1.0 (/opt/rustwide/workdir)
[INFO] [stdout] warning: variable does not need to be mutable
[INFO] [stdout]   --> examples/convoluted.rs:61:20
[INFO] [stdout]    |
[INFO] [stdout] 61 |         |_entity, (mut pos, vel)| {
[INFO] [stdout]    |                    ----^^^
[INFO] [stdout]    |                    |
[INFO] [stdout]    |                    help: remove this `mut`
[INFO] [stdout]    |
[INFO] [stdout]    = note: `#[warn(unused_mut)]` on by default
[INFO] [stdout] 
[INFO] [stdout] 
[INFO] [stdout] warning: variable does not need to be mutable
[INFO] [stdout]   --> examples/convoluted.rs:70:20
[INFO] [stdout]    |
[INFO] [stdout] 70 |         |_entity, (mut pos, mut vel, acc)| {
[INFO] [stdout]    |                    ----^^^
[INFO] [stdout]    |                    |
[INFO] [stdout]    |                    help: remove this `mut`
[INFO] [stdout] 
[INFO] [stdout] 
[INFO] [stdout] warning: variable does not need to be mutable
[INFO] [stdout]   --> examples/convoluted.rs:70:29
[INFO] [stdout]    |
[INFO] [stdout] 70 |         |_entity, (mut pos, mut vel, acc)| {
[INFO] [stdout]    |                             ----^^^
[INFO] [stdout]    |                             |
[INFO] [stdout]    |                             help: remove this `mut`
[INFO] [stdout] 
[INFO] [stdout] 
[INFO] [stdout] warning: variable does not need to be mutable
[INFO] [stdout]    --> examples/convoluted.rs:107:30
[INFO] [stdout]     |
[INFO] [stdout] 107 |         |_entity, (pos, vel, mut col)| {
[INFO] [stdout]     |                              ----^^^
[INFO] [stdout]     |                              |
[INFO] [stdout]     |                              help: remove this `mut`
[INFO] [stdout] 
[INFO] [stdout] 
[INFO] [stderr]     Finished `test` profile [unoptimized + debuginfo] target(s) in 15.66s
[INFO] running `Command { std: "docker" "inspect" "7b33ce6230507288e3982aaa2c8dd0be52f25d38e016f015ec2fff49ba5cc555", kill_on_drop: false }`
[INFO] running `Command { std: "docker" "rm" "-f" "7b33ce6230507288e3982aaa2c8dd0be52f25d38e016f015ec2fff49ba5cc555", kill_on_drop: false }`
[INFO] [stdout] 7b33ce6230507288e3982aaa2c8dd0be52f25d38e016f015ec2fff49ba5cc555
[INFO] running `Command { std: "docker" "create" "-v" "/var/lib/crater-agent-workspace/builds/worker-7-tc1/target:/opt/rustwide/target:rw,Z" "-v" "/var/lib/crater-agent-workspace/builds/worker-7-tc1/source:/opt/rustwide/workdir:ro,Z" "-v" "/var/lib/crater-agent-workspace/cargo-home:/opt/rustwide/cargo-home:ro,Z" "-v" "/var/lib/crater-agent-workspace/rustup-home:/opt/rustwide/rustup-home:ro,Z" "-e" "SOURCE_DIR=/opt/rustwide/workdir" "-e" "CARGO_TARGET_DIR=/opt/rustwide/target" "-e" "CARGO_INCREMENTAL=0" "-e" "RUST_BACKTRACE=full" "-e" "RUSTFLAGS=--cap-lints=warn" "-e" "RUSTDOCFLAGS=--cap-lints=warn" "-e" "CARGO_HOME=/opt/rustwide/cargo-home" "-e" "RUSTUP_HOME=/opt/rustwide/rustup-home" "-w" "/opt/rustwide/workdir" "-m" "1610612736" "--user" "0:0" "--network" "none" "ghcr.io/rust-lang/crates-build-env/linux@sha256:f3a9d4ad9d972b27faf3965f35b62e55ba32bbce8f20bc8fe909558a86702fde" "/opt/rustwide/cargo-home/bin/cargo" "+1.83.0" "test" "--frozen", kill_on_drop: false }`
[INFO] [stdout] 2aba5af06cf4c400a54ea0825b7a4fb15e9ae785360fa0017360ec54f3073a66
[INFO] running `Command { std: "docker" "start" "-a" "2aba5af06cf4c400a54ea0825b7a4fb15e9ae785360fa0017360ec54f3073a66", kill_on_drop: false }`
[INFO] [stderr] warning: variable does not need to be mutable
[INFO] [stderr]   --> examples/convoluted.rs:61:20
[INFO] [stderr]    |
[INFO] [stderr] 61 |         |_entity, (mut pos, vel)| {
[INFO] [stderr]    |                    ----^^^
[INFO] [stderr]    |                    |
[INFO] [stderr]    |                    help: remove this `mut`
[INFO] [stderr]    |
[INFO] [stderr]    = note: `#[warn(unused_mut)]` on by default
[INFO] [stderr] 
[INFO] [stderr] warning: variable does not need to be mutable
[INFO] [stderr]   --> examples/convoluted.rs:70:20
[INFO] [stderr]    |
[INFO] [stderr] 70 |         |_entity, (mut pos, mut vel, acc)| {
[INFO] [stderr]    |                    ----^^^
[INFO] [stderr]    |                    |
[INFO] [stderr]    |                    help: remove this `mut`
[INFO] [stderr] 
[INFO] [stderr] warning: variable does not need to be mutable
[INFO] [stderr]   --> examples/convoluted.rs:70:29
[INFO] [stderr]    |
[INFO] [stderr] 70 |         |_entity, (mut pos, mut vel, acc)| {
[INFO] [stderr]    |                             ----^^^
[INFO] [stderr]    |                             |
[INFO] [stderr]    |                             help: remove this `mut`
[INFO] [stderr] 
[INFO] [stderr] warning: variable does not need to be mutable
[INFO] [stderr]    --> examples/convoluted.rs:107:30
[INFO] [stderr]     |
[INFO] [stderr] 107 |         |_entity, (pos, vel, mut col)| {
[INFO] [stderr]     |                              ----^^^
[INFO] [stderr]     |                              |
[INFO] [stderr]     |                              help: remove this `mut`
[INFO] [stderr] 
[INFO] [stderr] warning: `yaks` (example "convoluted") generated 4 warnings (run `cargo fix --example "convoluted"` to apply 4 suggestions)
[INFO] [stderr]     Finished `test` profile [unoptimized + debuginfo] target(s) in 0.08s
[INFO] [stderr]      Running unittests src/lib.rs (/opt/rustwide/target/debug/deps/yaks-0425fc1770b2b2e1)
[INFO] [stdout] 
[INFO] [stdout] running 9 tests
[INFO] [stdout] test executor_parallel::dispatch_heuristic_queries_disjoint ... ok
[INFO] [stdout] test executor_parallel::dispatch_heuristic_queries_incompatible ... ok
[INFO] [stdout] test executor_parallel::dispatch_heuristic_resources_disjoint ... ok
[INFO] [stdout] test executor_parallel::dispatch_heuristic_resources_immutable ... ok
[INFO] [stdout] test executor_parallel::dispatch_heuristic_resources_incompatible ... ok
[INFO] [stdout] test executor_parallel::dispatch_heuristic_trivial ... ok
[INFO] [stdout] test executor_parallel::dispatch_heuristic_trivial_with_resources ... ok
[INFO] [stdout] test executor_parallel::dispatch_heuristic_queries_immutable ... ok
[INFO] [stdout] test batch_helper::thread_pool_installation ... ok
[INFO] [stderr]      Running tests/builder.rs (/opt/rustwide/target/debug/deps/builder-9fb900bc4da85974)
[INFO] [stdout] 
[INFO] [stdout] test result: ok. 9 passed; 0 failed; 0 ignored; 0 measured; 0 filtered out; finished in 0.05s
[INFO] [stdout] 
[INFO] [stdout] 
[INFO] [stdout] running 5 tests
[INFO] [stdout] test duplicate_handle - should panic ... ok
[INFO] [stdout] test duplicate_handle_with_deps - should panic ... ok
[INFO] [stdout] test invalid_dependency - should panic ... ok
[INFO] [stdout] test invalid_dependency_no_handle - should panic ... ok
[INFO] [stdout] test self_dependency - should panic ... ok
[INFO] [stdout] 
[INFO] [stdout] test result: ok. 5 passed; 0 failed; 0 ignored; 0 measured; 0 filtered out; finished in 0.06s
[INFO] [stdout] 
[INFO] [stderr]      Running tests/executor.rs (/opt/rustwide/target/debug/deps/executor-a170ee0cc5d8f09c)
[INFO] [stdout] 
[INFO] [stdout] running 6 tests
[INFO] [stdout] test queries_decoding_single ... ok
[INFO] [stdout] test systems_single ... ok
[INFO] [stdout] test queries_decoding_four ... ok
[INFO] [stdout] test resources_decoding_single ... ok
[INFO] [stdout] test resources_wrap_single ... ok
[INFO] [stdout] test systems_two ... ok
[INFO] [stdout] 
[INFO] [stdout] test result: ok. 6 passed; 0 failed; 0 ignored; 0 measured; 0 filtered out; finished in 0.00s
[INFO] [stdout] 
[INFO] [stderr]      Running tests/executor_parallelization.rs (/opt/rustwide/target/debug/deps/executor_parallelization-8621281514b5ad0d)
[INFO] [stdout] 
[INFO] [stdout] running 12 tests
[INFO] [stdout] test batching ... ok
[INFO] [stdout] test queries_disjoint_by_archetypes ... ok
[INFO] [stdout] test queries_disjoint_by_components ... ok
[INFO] [stdout] test resources_disjoint ... ok
[INFO] [stdout] test dependencies_single ... ok
[INFO] [stdout] test queries_incompatible_mutable_immutable ... ok
[INFO] [stdout] test dependencies_fully_constrained ... ok
[INFO] [stdout] test dependencies_chain ... ok
[INFO] [stdout] test dependencies_several ... FAILED
[INFO] [stdout] test queries_incompatible_mutable_mutable ... ok
[INFO] [stdout] test resources_incompatible_mutable_immutable ... ok
[INFO] [stdout] test resources_incompatible_mutable_mutable ... ok
[INFO] [stdout] 
[INFO] [stdout] failures:
[INFO] [stdout] 
[INFO] [stdout] ---- dependencies_several stdout ----
[INFO] [stdout] thread 'dependencies_several' panicked at tests/executor_parallelization.rs:63:9:
[INFO] [stdout] assertion failed: elapsed < Duration::from_millis(150)
[INFO] [stdout] stack backtrace:
[INFO] [stdout]    0:     0x5f43a9424d3a - std::backtrace_rs::backtrace::libunwind::trace::h5a5b8284f2d0c266
[INFO] [stdout]                                at /rustc/90b35a6239c3d8bdabc530a6a0816f7ff89a0aaf/library/std/src/../../backtrace/src/backtrace/libunwind.rs:116:5
[INFO] [stdout]    1:     0x5f43a9424d3a - std::backtrace_rs::backtrace::trace_unsynchronized::h76d4f1c9b0b875e3
[INFO] [stdout]                                at /rustc/90b35a6239c3d8bdabc530a6a0816f7ff89a0aaf/library/std/src/../../backtrace/src/backtrace/mod.rs:66:5
[INFO] [stdout]    2:     0x5f43a9424d3a - std::sys::backtrace::_print_fmt::hc4546b8364a537c6
[INFO] [stdout]                                at /rustc/90b35a6239c3d8bdabc530a6a0816f7ff89a0aaf/library/std/src/sys/backtrace.rs:66:9
[INFO] [stdout]    3:     0x5f43a9424d3a - <std::sys::backtrace::BacktraceLock::print::DisplayBacktrace as core::fmt::Display>::fmt::h5b6bd5631a6d1f6b
[INFO] [stdout]                                at /rustc/90b35a6239c3d8bdabc530a6a0816f7ff89a0aaf/library/std/src/sys/backtrace.rs:39:26
[INFO] [stdout]    4:     0x5f43a944a353 - core::fmt::rt::Argument::fmt::h270f6602a2b96f62
[INFO] [stdout]                                at /rustc/90b35a6239c3d8bdabc530a6a0816f7ff89a0aaf/library/core/src/fmt/rt.rs:177:76
[INFO] [stdout]    5:     0x5f43a944a353 - core::fmt::write::h7550c97b06c86515
[INFO] [stdout]                                at /rustc/90b35a6239c3d8bdabc530a6a0816f7ff89a0aaf/library/core/src/fmt/mod.rs:1186:21
[INFO] [stdout]    6:     0x5f43a9421d23 - std::io::Write::write_fmt::h509ff860e5956e5e
[INFO] [stdout]                                at /rustc/90b35a6239c3d8bdabc530a6a0816f7ff89a0aaf/library/std/src/io/mod.rs:1839:15
[INFO] [stdout]    7:     0x5f43a9424b82 - std::sys::backtrace::BacktraceLock::print::h2395ccd2c84ba3aa
[INFO] [stdout]                                at /rustc/90b35a6239c3d8bdabc530a6a0816f7ff89a0aaf/library/std/src/sys/backtrace.rs:42:9
[INFO] [stdout]    8:     0x5f43a942619a - std::panicking::default_hook::{{closure}}::he19d4c7230e07961
[INFO] [stdout]                                at /rustc/90b35a6239c3d8bdabc530a6a0816f7ff89a0aaf/library/std/src/panicking.rs:268:22
[INFO] [stdout]    9:     0x5f43a9425fa4 - std::panicking::default_hook::hf614597d3c67bbdb
[INFO] [stdout]                                at /rustc/90b35a6239c3d8bdabc530a6a0816f7ff89a0aaf/library/std/src/panicking.rs:292:9
[INFO] [stdout]   10:     0x5f43a9394659 - <alloc::boxed::Box<F,A> as core::ops::function::Fn<Args>>::call::h39b51ce4599c23d1
[INFO] [stdout]                                at /rustc/90b35a6239c3d8bdabc530a6a0816f7ff89a0aaf/library/alloc/src/boxed.rs:2468:9
[INFO] [stdout]   11:     0x5f43a9394659 - test::test_main::{{closure}}::he977ae839a582784
[INFO] [stdout]                                at /rustc/90b35a6239c3d8bdabc530a6a0816f7ff89a0aaf/library/test/src/lib.rs:133:21
[INFO] [stdout]   12:     0x5f43a9426838 - <alloc::boxed::Box<F,A> as core::ops::function::Fn<Args>>::call::h9455091b6b06f9fb
[INFO] [stdout]                                at /rustc/90b35a6239c3d8bdabc530a6a0816f7ff89a0aaf/library/alloc/src/boxed.rs:2468:9
[INFO] [stdout]   13:     0x5f43a9426838 - std::panicking::rust_panic_with_hook::h8942133a8b252070
[INFO] [stdout]                                at /rustc/90b35a6239c3d8bdabc530a6a0816f7ff89a0aaf/library/std/src/panicking.rs:809:13
[INFO] [stdout]   14:     0x5f43a94265c6 - std::panicking::begin_panic_handler::{{closure}}::hb5f5963570096b29
[INFO] [stdout]                                at /rustc/90b35a6239c3d8bdabc530a6a0816f7ff89a0aaf/library/std/src/panicking.rs:667:13
[INFO] [stdout]   15:     0x5f43a9425219 - std::sys::backtrace::__rust_end_short_backtrace::h6208cedc1922feda
[INFO] [stdout]                                at /rustc/90b35a6239c3d8bdabc530a6a0816f7ff89a0aaf/library/std/src/sys/backtrace.rs:170:18
[INFO] [stdout]   16:     0x5f43a942628c - rust_begin_unwind
[INFO] [stdout]                                at /rustc/90b35a6239c3d8bdabc530a6a0816f7ff89a0aaf/library/std/src/panicking.rs:665:5
[INFO] [stdout]   17:     0x5f43a92a4aa0 - core::panicking::panic_fmt::h0c3082644d1bf418
[INFO] [stdout]                                at /rustc/90b35a6239c3d8bdabc530a6a0816f7ff89a0aaf/library/core/src/panicking.rs:74:14
[INFO] [stdout]   18:     0x5f43a92a4b2c - core::panicking::panic::h957f98c65a3b3074
[INFO] [stdout]                                at /rustc/90b35a6239c3d8bdabc530a6a0816f7ff89a0aaf/library/core/src/panicking.rs:148:5
[INFO] [stdout]   19:     0x5f43a92e560f - executor_parallelization::dependencies_several::hcba492f41dfe5cbe
[INFO] [stdout]                                at /opt/rustwide/workdir/tests/executor_parallelization.rs:63:9
[INFO] [stdout]   20:     0x5f43a92e5237 - executor_parallelization::dependencies_several::{{closure}}::h3d5bb9794e2e2edb
[INFO] [stdout]                                at /opt/rustwide/workdir/tests/executor_parallelization.rs:48:26
[INFO] [stdout]   21:     0x5f43a9352976 - core::ops::function::FnOnce::call_once::h1649607feb9bc904
[INFO] [stdout]                                at /rustc/90b35a6239c3d8bdabc530a6a0816f7ff89a0aaf/library/core/src/ops/function.rs:250:5
[INFO] [stdout]   22:     0x5f43a939901b - core::ops::function::FnOnce::call_once::h109cf8051a59b34e
[INFO] [stdout]                                at /rustc/90b35a6239c3d8bdabc530a6a0816f7ff89a0aaf/library/core/src/ops/function.rs:250:5
[INFO] [stdout]   23:     0x5f43a939901b - test::__rust_begin_short_backtrace::hf4fff89d377446ba
[INFO] [stdout]                                at /rustc/90b35a6239c3d8bdabc530a6a0816f7ff89a0aaf/library/test/src/lib.rs:621:18
[INFO] [stdout]   24:     0x5f43a9398857 - test::run_test_in_process::{{closure}}::h0e39181dd7ee5a43
[INFO] [stdout]                                at /rustc/90b35a6239c3d8bdabc530a6a0816f7ff89a0aaf/library/test/src/lib.rs:644:60
[INFO] [stdout]   25:     0x5f43a9398857 - <core::panic::unwind_safe::AssertUnwindSafe<F> as core::ops::function::FnOnce<()>>::call_once::hc5a66a30f0bdfd1f
[INFO] [stdout]                                at /rustc/90b35a6239c3d8bdabc530a6a0816f7ff89a0aaf/library/core/src/panic/unwind_safe.rs:272:9
[INFO] [stdout]   26:     0x5f43a9398857 - std::panicking::try::do_call::h873b7cf639554a5e
[INFO] [stdout]                                at /rustc/90b35a6239c3d8bdabc530a6a0816f7ff89a0aaf/library/std/src/panicking.rs:557:40
[INFO] [stdout]   27:     0x5f43a9398857 - std::panicking::try::hdb19862fad9c8bd1
[INFO] [stdout]                                at /rustc/90b35a6239c3d8bdabc530a6a0816f7ff89a0aaf/library/std/src/panicking.rs:520:19
[INFO] [stdout]   28:     0x5f43a9398857 - std::panic::catch_unwind::h281fe732d236d260
[INFO] [stdout]                                at /rustc/90b35a6239c3d8bdabc530a6a0816f7ff89a0aaf/library/std/src/panic.rs:358:14
[INFO] [stdout]   29:     0x5f43a9398857 - test::run_test_in_process::h949b6df8457ed338
[INFO] [stdout]                                at /rustc/90b35a6239c3d8bdabc530a6a0816f7ff89a0aaf/library/test/src/lib.rs:644:27
[INFO] [stdout]   30:     0x5f43a9398857 - test::run_test::{{closure}}::h52c556a6d4740e10
[INFO] [stdout]                                at /rustc/90b35a6239c3d8bdabc530a6a0816f7ff89a0aaf/library/test/src/lib.rs:565:43
[INFO] [stdout]   31:     0x5f43a935db34 - test::run_test::{{closure}}::h4237f6381c45ccb9
[INFO] [stdout]                                at /rustc/90b35a6239c3d8bdabc530a6a0816f7ff89a0aaf/library/test/src/lib.rs:595:41
[INFO] [stdout]   32:     0x5f43a935db34 - std::sys::backtrace::__rust_begin_short_backtrace::h505c97a579eca628
[INFO] [stdout]                                at /rustc/90b35a6239c3d8bdabc530a6a0816f7ff89a0aaf/library/std/src/sys/backtrace.rs:154:18
[INFO] [stdout]   33:     0x5f43a93611fe - std::thread::Builder::spawn_unchecked_::{{closure}}::{{closure}}::h9e86b2e2bc107ea3
[INFO] [stdout]                                at /rustc/90b35a6239c3d8bdabc530a6a0816f7ff89a0aaf/library/std/src/thread/mod.rs:538:17
[INFO] [stdout]   34:     0x5f43a93611fe - <core::panic::unwind_safe::AssertUnwindSafe<F> as core::ops::function::FnOnce<()>>::call_once::h8b06ddb275ff4a25
[INFO] [stdout]                                at /rustc/90b35a6239c3d8bdabc530a6a0816f7ff89a0aaf/library/core/src/panic/unwind_safe.rs:272:9
[INFO] [stdout]   35:     0x5f43a93611fe - std::panicking::try::do_call::hb26ecd7cd9a9355d
[INFO] [stdout]                                at /rustc/90b35a6239c3d8bdabc530a6a0816f7ff89a0aaf/library/std/src/panicking.rs:557:40
[INFO] [stdout]   36:     0x5f43a93611fe - std::panicking::try::h8ddeca9d705f9069
[INFO] [stdout]                                at /rustc/90b35a6239c3d8bdabc530a6a0816f7ff89a0aaf/library/std/src/panicking.rs:520:19
[INFO] [stdout]   37:     0x5f43a93611fe - std::panic::catch_unwind::h49e1c33078844c46
[INFO] [stdout]                                at /rustc/90b35a6239c3d8bdabc530a6a0816f7ff89a0aaf/library/std/src/panic.rs:358:14
[INFO] [stdout]   38:     0x5f43a93611fe - std::thread::Builder::spawn_unchecked_::{{closure}}::h6073db6ff56ad35d
[INFO] [stdout]                                at /rustc/90b35a6239c3d8bdabc530a6a0816f7ff89a0aaf/library/std/src/thread/mod.rs:537:30
[INFO] [stdout]   39:     0x5f43a93611fe - core::ops::function::FnOnce::call_once{{vtable.shim}}::h2c5a5f3779c774f1
[INFO] [stdout]                                at /rustc/90b35a6239c3d8bdabc530a6a0816f7ff89a0aaf/library/core/src/ops/function.rs:250:5
[INFO] [stdout]   40:     0x5f43a942a69b - <alloc::boxed::Box<F,A> as core::ops::function::FnOnce<Args>>::call_once::hf75717d9f28faebf
[INFO] [stdout]                                at /rustc/90b35a6239c3d8bdabc530a6a0816f7ff89a0aaf/library/alloc/src/boxed.rs:2454:9
[INFO] [stdout]   41:     0x5f43a942a69b - <alloc::boxed::Box<F,A> as core::ops::function::FnOnce<Args>>::call_once::h7bd883a5f3c5f3c1
[INFO] [stdout]                                at /rustc/90b35a6239c3d8bdabc530a6a0816f7ff89a0aaf/library/alloc/src/boxed.rs:2454:9
[INFO] [stdout]   42:     0x5f43a942a69b - std::sys::pal::unix::thread::Thread::new::thread_start::hcc78f3943333fa94
[INFO] [stdout]                                at /rustc/90b35a6239c3d8bdabc530a6a0816f7ff89a0aaf/library/std/src/sys/pal/unix/thread.rs:105:17
[INFO] [stdout]   43:     0x7271a1a31ac3 - <unknown>
[INFO] [stdout]   44:     0x7271a1ac2a04 - clone
[INFO] [stdout]   45:                0x0 - <unknown>
[INFO] [stdout] 
[INFO] [stdout] 
[INFO] [stdout] failures:
[INFO] [stdout]     dependencies_several
[INFO] [stdout] 
[INFO] [stdout] test result: FAILED. 11 passed; 1 failed; 0 ignored; 0 measured; 0 filtered out; finished in 0.47s
[INFO] [stdout] 
[INFO] [stderr] error: test failed, to rerun pass `--test executor_parallelization`
[INFO] running `Command { std: "docker" "inspect" "2aba5af06cf4c400a54ea0825b7a4fb15e9ae785360fa0017360ec54f3073a66", kill_on_drop: false }`
[INFO] running `Command { std: "docker" "rm" "-f" "2aba5af06cf4c400a54ea0825b7a4fb15e9ae785360fa0017360ec54f3073a66", kill_on_drop: false }`
[INFO] [stdout] 2aba5af06cf4c400a54ea0825b7a4fb15e9ae785360fa0017360ec54f3073a66
