[INFO] fetching crate xitca-web 0.6.2...
[INFO] testing xitca-web-0.6.2 against 1.83.0 for beta-1.84.0-4-retry
[INFO] extracting crate xitca-web 0.6.2 into /workspace/builds/worker-2-tc1/source
[INFO] validating manifest of crates.io crate xitca-web 0.6.2 on toolchain 1.83.0
[INFO] running `Command { std: CARGO_HOME="/workspace/cargo-home" RUSTUP_HOME="/workspace/rustup-home" "/workspace/cargo-home/bin/cargo" "+1.83.0" "metadata" "--manifest-path" "Cargo.toml" "--no-deps", kill_on_drop: false }`
[INFO] started tweaking crates.io crate xitca-web 0.6.2
[INFO] finished tweaking crates.io crate xitca-web 0.6.2
[INFO] tweaked toml for crates.io crate xitca-web 0.6.2 written to /workspace/builds/worker-2-tc1/source/Cargo.toml
[INFO] running `Command { std: CARGO_HOME="/workspace/cargo-home" RUSTUP_HOME="/workspace/rustup-home" "/workspace/cargo-home/bin/cargo" "+1.83.0" "generate-lockfile" "--manifest-path" "Cargo.toml", kill_on_drop: false }`
[INFO] [stderr]     Updating crates.io index
[INFO] [stderr]     Blocking waiting for file lock on package cache
[INFO] [stderr]      Locking 209 packages to latest compatible versions
[INFO] [stderr]       Adding tower-http v0.5.2 (available: v0.6.2)
[INFO] running `Command { std: CARGO_HOME="/workspace/cargo-home" RUSTUP_HOME="/workspace/rustup-home" "/workspace/cargo-home/bin/cargo" "+1.83.0" "fetch" "--manifest-path" "Cargo.toml", kill_on_drop: false }`
[INFO] [stderr]     Blocking waiting for file lock on package cache
[INFO] [stderr]     Blocking waiting for file lock on package cache
[INFO] [stderr]  Downloading crates ...
[INFO] [stderr]   Downloaded xitca-service v0.2.0
[INFO] [stderr]   Downloaded xitca-tls v0.4.0
[INFO] [stderr]   Downloaded xitca-server v0.4.0
[INFO] [stderr]   Downloaded http-multipart v0.1.0
[INFO] [stderr]   Downloaded xitca-codegen v0.3.1
[INFO] [stderr]   Downloaded http-encoding v0.2.0
[INFO] [stderr]   Downloaded h3-quinn v0.0.7
[INFO] [stderr]   Downloaded xitca-unsafe-collection v0.2.0
[INFO] [stderr]   Downloaded http-file v0.1.0
[INFO] [stderr]   Downloaded http-rate v0.1.1
[INFO] [stderr]   Downloaded xitca-http v0.6.0
[INFO] [stderr]   Downloaded tokio-uring v0.5.0
[INFO] [stderr]   Downloaded http-ws v0.3.0
[INFO] [stderr]   Downloaded xitca-router v0.3.0
[INFO] [stderr]   Downloaded xitca-io v0.4.1
[INFO] running `Command { std: "docker" "create" "-v" "/var/lib/crater-agent-workspace/builds/worker-2-tc1/target:/opt/rustwide/target:rw,Z" "-v" "/var/lib/crater-agent-workspace/builds/worker-2-tc1/source:/opt/rustwide/workdir:ro,Z" "-v" "/var/lib/crater-agent-workspace/cargo-home:/opt/rustwide/cargo-home:ro,Z" "-v" "/var/lib/crater-agent-workspace/rustup-home:/opt/rustwide/rustup-home:ro,Z" "-e" "SOURCE_DIR=/opt/rustwide/workdir" "-e" "CARGO_TARGET_DIR=/opt/rustwide/target" "-e" "CARGO_HOME=/opt/rustwide/cargo-home" "-e" "RUSTUP_HOME=/opt/rustwide/rustup-home" "-w" "/opt/rustwide/workdir" "-m" "1610612736" "--user" "0:0" "--network" "none" "ghcr.io/rust-lang/crates-build-env/linux@sha256:f3a9d4ad9d972b27faf3965f35b62e55ba32bbce8f20bc8fe909558a86702fde" "/opt/rustwide/cargo-home/bin/cargo" "+1.83.0" "metadata" "--no-deps" "--format-version=1", kill_on_drop: false }`
[INFO] [stdout] be6481d5fbd36681483a4e41eaf945f77d0b5ee957104503e486b2516e79f9b3
[INFO] running `Command { std: "docker" "start" "-a" "be6481d5fbd36681483a4e41eaf945f77d0b5ee957104503e486b2516e79f9b3", kill_on_drop: false }`
[INFO] running `Command { std: "docker" "inspect" "be6481d5fbd36681483a4e41eaf945f77d0b5ee957104503e486b2516e79f9b3", kill_on_drop: false }`
[INFO] running `Command { std: "docker" "rm" "-f" "be6481d5fbd36681483a4e41eaf945f77d0b5ee957104503e486b2516e79f9b3", kill_on_drop: false }`
[INFO] [stdout] be6481d5fbd36681483a4e41eaf945f77d0b5ee957104503e486b2516e79f9b3
[INFO] running `Command { std: "docker" "create" "-v" "/var/lib/crater-agent-workspace/builds/worker-2-tc1/target:/opt/rustwide/target:rw,Z" "-v" "/var/lib/crater-agent-workspace/builds/worker-2-tc1/source:/opt/rustwide/workdir:ro,Z" "-v" "/var/lib/crater-agent-workspace/cargo-home:/opt/rustwide/cargo-home:ro,Z" "-v" "/var/lib/crater-agent-workspace/rustup-home:/opt/rustwide/rustup-home:ro,Z" "-e" "SOURCE_DIR=/opt/rustwide/workdir" "-e" "CARGO_TARGET_DIR=/opt/rustwide/target" "-e" "CARGO_INCREMENTAL=0" "-e" "RUST_BACKTRACE=full" "-e" "RUSTFLAGS=--cap-lints=warn" "-e" "RUSTDOCFLAGS=--cap-lints=warn" "-e" "CARGO_HOME=/opt/rustwide/cargo-home" "-e" "RUSTUP_HOME=/opt/rustwide/rustup-home" "-w" "/opt/rustwide/workdir" "-m" "1610612736" "--user" "0:0" "--network" "none" "ghcr.io/rust-lang/crates-build-env/linux@sha256:f3a9d4ad9d972b27faf3965f35b62e55ba32bbce8f20bc8fe909558a86702fde" "/opt/rustwide/cargo-home/bin/cargo" "+1.83.0" "build" "--frozen" "--message-format=json", kill_on_drop: false }`
[INFO] [stdout] 5e9711d408e19a619ade4cef0aa8fba74a5accc6c11261e72fa6d7326bffb8c0
[INFO] running `Command { std: "docker" "start" "-a" "5e9711d408e19a619ade4cef0aa8fba74a5accc6c11261e72fa6d7326bffb8c0", kill_on_drop: false }`
[INFO] [stderr]    Compiling libc v0.2.168
[INFO] [stderr]    Compiling bytes v1.9.0
[INFO] [stderr]    Compiling pin-project-lite v0.2.15
[INFO] [stderr]    Compiling httparse v1.9.5
[INFO] [stderr]    Compiling tracing-core v0.1.33
[INFO] [stderr]    Compiling fnv v1.0.7
[INFO] [stderr]    Compiling itoa v1.0.14
[INFO] [stderr]    Compiling xitca-service v0.2.0
[INFO] [stderr]    Compiling httpdate v1.0.3
[INFO] [stderr]    Compiling futures-core v0.3.31
[INFO] [stderr]    Compiling tracing v0.1.41
[INFO] [stderr]    Compiling xitca-unsafe-collection v0.2.0
[INFO] [stderr]    Compiling http v1.2.0
[INFO] [stderr]    Compiling xitca-router v0.3.0
[INFO] [stderr]    Compiling socket2 v0.5.8
[INFO] [stderr]    Compiling mio v1.0.3
[INFO] [stderr]    Compiling signal-hook-registry v1.4.2
[INFO] [stderr]    Compiling tokio v1.42.0
[INFO] [stderr]    Compiling xitca-io v0.4.1
[INFO] [stderr]    Compiling xitca-server v0.4.0
[INFO] [stderr]    Compiling xitca-http v0.6.0
[INFO] [stderr]    Compiling xitca-web v0.6.2 (/opt/rustwide/workdir)
[INFO] [stderr]     Finished `dev` profile [unoptimized + debuginfo] target(s) in 11.17s
[INFO] running `Command { std: "docker" "inspect" "5e9711d408e19a619ade4cef0aa8fba74a5accc6c11261e72fa6d7326bffb8c0", kill_on_drop: false }`
[INFO] running `Command { std: "docker" "rm" "-f" "5e9711d408e19a619ade4cef0aa8fba74a5accc6c11261e72fa6d7326bffb8c0", kill_on_drop: false }`
[INFO] [stdout] 5e9711d408e19a619ade4cef0aa8fba74a5accc6c11261e72fa6d7326bffb8c0
[INFO] running `Command { std: "docker" "create" "-v" "/var/lib/crater-agent-workspace/builds/worker-2-tc1/target:/opt/rustwide/target:rw,Z" "-v" "/var/lib/crater-agent-workspace/builds/worker-2-tc1/source:/opt/rustwide/workdir:ro,Z" "-v" "/var/lib/crater-agent-workspace/cargo-home:/opt/rustwide/cargo-home:ro,Z" "-v" "/var/lib/crater-agent-workspace/rustup-home:/opt/rustwide/rustup-home:ro,Z" "-e" "SOURCE_DIR=/opt/rustwide/workdir" "-e" "CARGO_TARGET_DIR=/opt/rustwide/target" "-e" "CARGO_INCREMENTAL=0" "-e" "RUST_BACKTRACE=full" "-e" "RUSTFLAGS=--cap-lints=warn" "-e" "RUSTDOCFLAGS=--cap-lints=warn" "-e" "CARGO_HOME=/opt/rustwide/cargo-home" "-e" "RUSTUP_HOME=/opt/rustwide/rustup-home" "-w" "/opt/rustwide/workdir" "-m" "1610612736" "--user" "0:0" "--network" "none" "ghcr.io/rust-lang/crates-build-env/linux@sha256:f3a9d4ad9d972b27faf3965f35b62e55ba32bbce8f20bc8fe909558a86702fde" "/opt/rustwide/cargo-home/bin/cargo" "+1.83.0" "test" "--frozen" "--no-run" "--message-format=json", kill_on_drop: false }`
[INFO] [stdout] 4b315cf2ea1335e4bbbc4a75064018aacc8d9ab6f40c224f00c539fbc73389f2
[INFO] running `Command { std: "docker" "start" "-a" "4b315cf2ea1335e4bbbc4a75064018aacc8d9ab6f40c224f00c539fbc73389f2", kill_on_drop: false }`
[INFO] [stderr]    Compiling proc-macro2 v1.0.92
[INFO] [stderr]    Compiling unicode-ident v1.0.14
[INFO] [stderr]    Compiling once_cell v1.20.2
[INFO] [stderr]    Compiling autocfg v1.4.0
[INFO] [stderr]    Compiling unicase v2.8.0
[INFO] [stderr]    Compiling futures-task v0.3.31
[INFO] [stderr]    Compiling pin-utils v0.1.0
[INFO] [stderr]    Compiling http-body v1.0.1
[INFO] [stderr]    Compiling mime v0.3.17
[INFO] [stderr]    Compiling futures-sink v0.3.31
[INFO] [stderr]    Compiling serde v1.0.216
[INFO] [stderr]    Compiling tracing-core v0.1.33
[INFO] [stderr]    Compiling percent-encoding v2.3.1
[INFO] [stderr]    Compiling mime_guess v2.0.5
[INFO] [stderr]    Compiling http-range-header v0.4.2
[INFO] [stderr]    Compiling tower-layer v0.3.3
[INFO] [stderr]    Compiling tower-service v0.3.3
[INFO] [stderr]    Compiling bitflags v2.6.0
[INFO] [stderr]    Compiling slab v0.4.9
[INFO] [stderr]    Compiling quote v1.0.37
[INFO] [stderr]    Compiling syn v2.0.90
[INFO] [stderr]    Compiling tokio-macros v2.4.0
[INFO] [stderr]    Compiling tracing-attributes v0.1.28
[INFO] [stderr]    Compiling futures-macro v0.3.31
[INFO] [stderr]    Compiling serde_derive v1.0.216
[INFO] [stderr]    Compiling xitca-codegen v0.3.1
[INFO] [stderr]    Compiling tokio v1.42.0
[INFO] [stderr]    Compiling futures-util v0.3.31
[INFO] [stderr]    Compiling tracing v0.1.41
[INFO] [stderr]    Compiling http-body-util v0.1.2
[INFO] [stderr]    Compiling xitca-io v0.4.1
[INFO] [stderr]    Compiling tokio-util v0.7.13
[INFO] [stderr]    Compiling xitca-server v0.4.0
[INFO] [stderr]    Compiling xitca-http v0.6.0
[INFO] [stderr]    Compiling tower-http v0.5.2
[INFO] [stderr]    Compiling xitca-web v0.6.2 (/opt/rustwide/workdir)
[INFO] [stderr]     Finished `test` profile [unoptimized + debuginfo] target(s) in 25.54s
[INFO] running `Command { std: "docker" "inspect" "4b315cf2ea1335e4bbbc4a75064018aacc8d9ab6f40c224f00c539fbc73389f2", kill_on_drop: false }`
[INFO] running `Command { std: "docker" "rm" "-f" "4b315cf2ea1335e4bbbc4a75064018aacc8d9ab6f40c224f00c539fbc73389f2", kill_on_drop: false }`
[INFO] [stdout] 4b315cf2ea1335e4bbbc4a75064018aacc8d9ab6f40c224f00c539fbc73389f2
[INFO] running `Command { std: "docker" "create" "-v" "/var/lib/crater-agent-workspace/builds/worker-2-tc1/target:/opt/rustwide/target:rw,Z" "-v" "/var/lib/crater-agent-workspace/builds/worker-2-tc1/source:/opt/rustwide/workdir:ro,Z" "-v" "/var/lib/crater-agent-workspace/cargo-home:/opt/rustwide/cargo-home:ro,Z" "-v" "/var/lib/crater-agent-workspace/rustup-home:/opt/rustwide/rustup-home:ro,Z" "-e" "SOURCE_DIR=/opt/rustwide/workdir" "-e" "CARGO_TARGET_DIR=/opt/rustwide/target" "-e" "CARGO_INCREMENTAL=0" "-e" "RUST_BACKTRACE=full" "-e" "RUSTFLAGS=--cap-lints=warn" "-e" "RUSTDOCFLAGS=--cap-lints=warn" "-e" "CARGO_HOME=/opt/rustwide/cargo-home" "-e" "RUSTUP_HOME=/opt/rustwide/rustup-home" "-w" "/opt/rustwide/workdir" "-m" "1610612736" "--user" "0:0" "--network" "none" "ghcr.io/rust-lang/crates-build-env/linux@sha256:f3a9d4ad9d972b27faf3965f35b62e55ba32bbce8f20bc8fe909558a86702fde" "/opt/rustwide/cargo-home/bin/cargo" "+1.83.0" "test" "--frozen", kill_on_drop: false }`
[INFO] [stdout] 5337f0628e77806ee1f5fea1ae482599f726712c225dacaf1e38d97111f73302
[INFO] running `Command { std: "docker" "start" "-a" "5337f0628e77806ee1f5fea1ae482599f726712c225dacaf1e38d97111f73302", kill_on_drop: false }`
[INFO] [stderr]     Finished `test` profile [unoptimized + debuginfo] target(s) in 0.09s
[INFO] [stderr]      Running unittests src/lib.rs (/opt/rustwide/target/debug/deps/xitca_web-312b5d1f96babde0)
[INFO] [stdout] 
[INFO] [stdout] running 16 tests
[INFO] [stdout] test app::test::test_app ... ok
[INFO] [stdout] test app::test::app_nest_router ... ok
[INFO] [stdout] test handler::types::redirect::test::respond ... ok
[INFO] [stdout] test handler::types::redirect::test::service ... ok
[INFO] [stdout] test handler::types::state::test::state_extract ... ok
[INFO] [stdout] test handler::impls::test::respond_chain ... ok
[INFO] [stdout] test handler::types::html::test::service ... ok
[INFO] [stdout] test handler::impls::test::extract_default_impls ... ok
[INFO] [stdout] test error::test::cast ... ok
[INFO] [stdout] test handler::types::header::test::extract_header ... ok
[INFO] [stdout] test middleware::eraser::test::erase_body ... ok
[INFO] [stdout] test middleware::test::extension ... ok
[INFO] [stdout] test middleware::sync::test::sync_middleware ... ok
[INFO] [stdout] test middleware::eraser::test::erase_error ... ok
[INFO] [stdout] test middleware::limit::test::request_body_over_limit ... ok
[INFO] [stdout] test middleware::catch_unwind::test::catch_panic ... ok
[INFO] [stdout] 
[INFO] [stdout] test result: ok. 16 passed; 0 failed; 0 ignored; 0 measured; 0 filtered out; finished in 0.03s
[INFO] [stdout] 
[INFO] [stderr]    Doc-tests xitca_web
[INFO] [stdout] 
[INFO] [stdout] running 29 tests
[INFO] [stdout] test src/app/mod.rs - app::App<AppRouter<Obj>,CF>::at (line 145) ... ok
[INFO] [stdout] test src/context.rs - context::WebContext<'a,C,B>::reborrow (line 32) ... ok
[INFO] [stdout] test src/app/mod.rs - app::App<AppRouter<Obj>,CF>::at (line 193) ... ok
[INFO] [stdout] test src/error/mod.rs - error::ThreadJoinError (line 364) ... ok
[INFO] [stdout] test src/error/mod.rs - error::Error (line 101) ... ok
[INFO] [stdout] test src/error/mod.rs - error (line 15) ... ok
[INFO] [stdout] test src/app/mod.rs - app::App<AppRouter<Obj>,CF>::at (line 280) ... ok
[INFO] [stdout] test src/app/mod.rs - app::App<AppRouter<Obj>,CF>::at (line 239) ... ok
[INFO] [stdout] test src/app/mod.rs - app::App<R,CF>::with_state (line 324) ... ok
[INFO] [stdout] test src/app/mod.rs - app::NestApp (line 69) ... ok
[INFO] [stdout] test src/lib.rs - (line 240) ... FAILED
[INFO] [stdout] test src/lib.rs - (line 171) ... ok
[INFO] [stdout] test src/lib.rs - (line 4) - compile ... ok
[INFO] [stdout] test src/lib.rs - (line 107) ... ok
[INFO] [stdout] test src/lib.rs - (line 22) ... ok
[INFO] [stdout] test src/lib.rs - (line 214) ... ok
[INFO] [stdout] test src/lib.rs - route (line 343) ... ok
[INFO] [stdout] test src/lib.rs - (line 67) ... ok
[INFO] [stdout] test src/handler/types/header.rs - handler::types::header::HeaderRef (line 56) ... ok
[INFO] [stdout] test src/handler/sync.rs - handler::sync::handler_sync_service (line 21) ... ok
[INFO] [stdout] test src/app/mod.rs - app::App<AppRouter<Obj>,CF>::at (line 96) ... ok
[INFO] [stdout] test src/middleware/mod.rs - middleware (line 211) ... ok
[INFO] [stdout] test src/middleware/mod.rs - middleware (line 54) ... ok
[INFO] [stdout] test src/middleware/eraser.rs - middleware::eraser::TypeEraser (line 21) ... ok
[INFO] [stdout] test src/middleware/catch_unwind.rs - middleware::catch_unwind::CatchUnwind (line 14) ... ok
[INFO] [stdout] test src/middleware/mod.rs - middleware (line 116) ... ok
[INFO] [stdout] test src/middleware/mod.rs - middleware (line 8) ... ok
[INFO] [stdout] test src/middleware/mod.rs - middleware (line 71) ... ok
[INFO] [stdout] test src/middleware/mod.rs - middleware (line 152) ... ok
[INFO] [stdout] 
[INFO] [stdout] failures:
[INFO] [stdout] 
[INFO] [stdout] ---- src/lib.rs - (line 240) stdout ----
[INFO] [stdout] error[E0601]: `main` function not found in crate `rust_out`
[INFO] [stdout]   --> src/lib.rs:260:2
[INFO] [stdout]    |
[INFO] [stdout] 22 | }
[INFO] [stdout]    |  ^ consider adding a `main` function to `src/lib.rs`
[INFO] [stdout] 
[INFO] [stdout] error: aborting due to 1 previous error
[INFO] [stdout] 
[INFO] [stdout] For more information about this error, try `rustc --explain E0601`.
[INFO] [stdout] Couldn't compile the test.
[INFO] [stdout] 
[INFO] [stdout] failures:
[INFO] [stdout]     src/lib.rs - (line 240)
[INFO] [stdout] 
[INFO] [stdout] test result: FAILED. 28 passed; 1 failed; 0 ignored; 0 measured; 0 filtered out; finished in 8.36s
[INFO] [stdout] 
[INFO] [stderr] error: doctest failed, to rerun pass `--doc`
[INFO] running `Command { std: "docker" "inspect" "5337f0628e77806ee1f5fea1ae482599f726712c225dacaf1e38d97111f73302", kill_on_drop: false }`
[INFO] running `Command { std: "docker" "rm" "-f" "5337f0628e77806ee1f5fea1ae482599f726712c225dacaf1e38d97111f73302", kill_on_drop: false }`
[INFO] [stdout] 5337f0628e77806ee1f5fea1ae482599f726712c225dacaf1e38d97111f73302
