[INFO] fetching crate wallswitch 0.51.8...
[INFO] testing wallswitch-0.51.8 against 1.83.0 for beta-1.84.0-4-retry
[INFO] extracting crate wallswitch 0.51.8 into /workspace/builds/worker-1-tc1/source
[INFO] validating manifest of crates.io crate wallswitch 0.51.8 on toolchain 1.83.0
[INFO] running `Command { std: CARGO_HOME="/workspace/cargo-home" RUSTUP_HOME="/workspace/rustup-home" "/workspace/cargo-home/bin/cargo" "+1.83.0" "metadata" "--manifest-path" "Cargo.toml" "--no-deps", kill_on_drop: false }`
[INFO] started tweaking crates.io crate wallswitch 0.51.8
[INFO] finished tweaking crates.io crate wallswitch 0.51.8
[INFO] tweaked toml for crates.io crate wallswitch 0.51.8 written to /workspace/builds/worker-1-tc1/source/Cargo.toml
[INFO] crate crates.io crate wallswitch 0.51.8 already has a lockfile, it will not be regenerated
[INFO] running `Command { std: CARGO_HOME="/workspace/cargo-home" RUSTUP_HOME="/workspace/rustup-home" "/workspace/cargo-home/bin/cargo" "+1.83.0" "fetch" "--manifest-path" "Cargo.toml", kill_on_drop: false }`
[INFO] running `Command { std: "docker" "create" "-v" "/var/lib/crater-agent-workspace/builds/worker-1-tc1/target:/opt/rustwide/target:rw,Z" "-v" "/var/lib/crater-agent-workspace/builds/worker-1-tc1/source:/opt/rustwide/workdir:ro,Z" "-v" "/var/lib/crater-agent-workspace/cargo-home:/opt/rustwide/cargo-home:ro,Z" "-v" "/var/lib/crater-agent-workspace/rustup-home:/opt/rustwide/rustup-home:ro,Z" "-e" "SOURCE_DIR=/opt/rustwide/workdir" "-e" "CARGO_TARGET_DIR=/opt/rustwide/target" "-e" "CARGO_HOME=/opt/rustwide/cargo-home" "-e" "RUSTUP_HOME=/opt/rustwide/rustup-home" "-w" "/opt/rustwide/workdir" "-m" "1610612736" "--user" "0:0" "--network" "none" "ghcr.io/rust-lang/crates-build-env/linux@sha256:f3a9d4ad9d972b27faf3965f35b62e55ba32bbce8f20bc8fe909558a86702fde" "/opt/rustwide/cargo-home/bin/cargo" "+1.83.0" "metadata" "--no-deps" "--format-version=1", kill_on_drop: false }`
[INFO] [stdout] bb0070910e6a6a9f8ac40adebb77e2561a242a06e985c2371da85f93e3bdbd3d
[INFO] running `Command { std: "docker" "start" "-a" "bb0070910e6a6a9f8ac40adebb77e2561a242a06e985c2371da85f93e3bdbd3d", kill_on_drop: false }`
[INFO] running `Command { std: "docker" "inspect" "bb0070910e6a6a9f8ac40adebb77e2561a242a06e985c2371da85f93e3bdbd3d", kill_on_drop: false }`
[INFO] running `Command { std: "docker" "rm" "-f" "bb0070910e6a6a9f8ac40adebb77e2561a242a06e985c2371da85f93e3bdbd3d", kill_on_drop: false }`
[INFO] [stdout] bb0070910e6a6a9f8ac40adebb77e2561a242a06e985c2371da85f93e3bdbd3d
[INFO] running `Command { std: "docker" "create" "-v" "/var/lib/crater-agent-workspace/builds/worker-1-tc1/target:/opt/rustwide/target:rw,Z" "-v" "/var/lib/crater-agent-workspace/builds/worker-1-tc1/source:/opt/rustwide/workdir:ro,Z" "-v" "/var/lib/crater-agent-workspace/cargo-home:/opt/rustwide/cargo-home:ro,Z" "-v" "/var/lib/crater-agent-workspace/rustup-home:/opt/rustwide/rustup-home:ro,Z" "-e" "SOURCE_DIR=/opt/rustwide/workdir" "-e" "CARGO_TARGET_DIR=/opt/rustwide/target" "-e" "CARGO_INCREMENTAL=0" "-e" "RUST_BACKTRACE=full" "-e" "RUSTFLAGS=--cap-lints=warn" "-e" "RUSTDOCFLAGS=--cap-lints=warn" "-e" "CARGO_HOME=/opt/rustwide/cargo-home" "-e" "RUSTUP_HOME=/opt/rustwide/rustup-home" "-w" "/opt/rustwide/workdir" "-m" "1610612736" "--user" "0:0" "--network" "none" "ghcr.io/rust-lang/crates-build-env/linux@sha256:f3a9d4ad9d972b27faf3965f35b62e55ba32bbce8f20bc8fe909558a86702fde" "/opt/rustwide/cargo-home/bin/cargo" "+1.83.0" "build" "--frozen" "--message-format=json", kill_on_drop: false }`
[INFO] [stdout] 5f1c80a5a9fc9c12f197226c7de1b09300ad25ca9c41760218f038b23cb4d7e2
[INFO] running `Command { std: "docker" "start" "-a" "5f1c80a5a9fc9c12f197226c7de1b09300ad25ca9c41760218f038b23cb4d7e2", kill_on_drop: false }`
[INFO] [stderr]    Compiling proc-macro2 v1.0.88
[INFO] [stderr]    Compiling unicode-ident v1.0.13
[INFO] [stderr]    Compiling utf8parse v0.2.2
[INFO] [stderr]    Compiling colorchoice v1.0.2
[INFO] [stderr]    Compiling is_terminal_polyfill v1.70.1
[INFO] [stderr]    Compiling anstyle-query v1.1.1
[INFO] [stderr]    Compiling anstyle v1.0.8
[INFO] [stderr]    Compiling serde v1.0.211
[INFO] [stderr]    Compiling heck v0.5.0
[INFO] [stderr]    Compiling clap_lex v0.7.2
[INFO] [stderr]    Compiling strsim v0.11.1
[INFO] [stderr]    Compiling serde_json v1.0.132
[INFO] [stderr]    Compiling memchr v2.7.4
[INFO] [stderr]    Compiling ryu v1.0.18
[INFO] [stderr]    Compiling itoa v1.0.11
[INFO] [stderr]    Compiling same-file v1.0.6
[INFO] [stderr]    Compiling walkdir v2.5.0
[INFO] [stderr]    Compiling cfg-if v1.0.0
[INFO] [stderr]    Compiling anstyle-parse v0.2.5
[INFO] [stderr]    Compiling anstream v0.6.15
[INFO] [stderr]    Compiling clap_builder v4.5.20
[INFO] [stderr]    Compiling quote v1.0.37
[INFO] [stderr]    Compiling syn v2.0.82
[INFO] [stderr]    Compiling clap_derive v4.5.18
[INFO] [stderr]    Compiling serde_derive v1.0.211
[INFO] [stderr]    Compiling clap v4.5.20
[INFO] [stderr]    Compiling clap_complete v4.5.33
[INFO] [stderr]    Compiling wallswitch v0.51.8 (/opt/rustwide/workdir)
[INFO] [stderr]     Finished `dev` profile [optimized + debuginfo] target(s) in 24.11s
[INFO] running `Command { std: "docker" "inspect" "5f1c80a5a9fc9c12f197226c7de1b09300ad25ca9c41760218f038b23cb4d7e2", kill_on_drop: false }`
[INFO] running `Command { std: "docker" "rm" "-f" "5f1c80a5a9fc9c12f197226c7de1b09300ad25ca9c41760218f038b23cb4d7e2", kill_on_drop: false }`
[INFO] [stdout] 5f1c80a5a9fc9c12f197226c7de1b09300ad25ca9c41760218f038b23cb4d7e2
[INFO] running `Command { std: "docker" "create" "-v" "/var/lib/crater-agent-workspace/builds/worker-1-tc1/target:/opt/rustwide/target:rw,Z" "-v" "/var/lib/crater-agent-workspace/builds/worker-1-tc1/source:/opt/rustwide/workdir:ro,Z" "-v" "/var/lib/crater-agent-workspace/cargo-home:/opt/rustwide/cargo-home:ro,Z" "-v" "/var/lib/crater-agent-workspace/rustup-home:/opt/rustwide/rustup-home:ro,Z" "-e" "SOURCE_DIR=/opt/rustwide/workdir" "-e" "CARGO_TARGET_DIR=/opt/rustwide/target" "-e" "CARGO_INCREMENTAL=0" "-e" "RUST_BACKTRACE=full" "-e" "RUSTFLAGS=--cap-lints=warn" "-e" "RUSTDOCFLAGS=--cap-lints=warn" "-e" "CARGO_HOME=/opt/rustwide/cargo-home" "-e" "RUSTUP_HOME=/opt/rustwide/rustup-home" "-w" "/opt/rustwide/workdir" "-m" "1610612736" "--user" "0:0" "--network" "none" "ghcr.io/rust-lang/crates-build-env/linux@sha256:f3a9d4ad9d972b27faf3965f35b62e55ba32bbce8f20bc8fe909558a86702fde" "/opt/rustwide/cargo-home/bin/cargo" "+1.83.0" "test" "--frozen" "--no-run" "--message-format=json", kill_on_drop: false }`
[INFO] [stdout] a2c39d313e79caa9ebfe757fda610de35dc3257c519d051e75ece53a82238654
[INFO] running `Command { std: "docker" "start" "-a" "a2c39d313e79caa9ebfe757fda610de35dc3257c519d051e75ece53a82238654", kill_on_drop: false }`
[INFO] [stderr]    Compiling wallswitch v0.51.8 (/opt/rustwide/workdir)
[INFO] [stderr]     Finished `test` profile [optimized + debuginfo] target(s) in 1.46s
[INFO] running `Command { std: "docker" "inspect" "a2c39d313e79caa9ebfe757fda610de35dc3257c519d051e75ece53a82238654", kill_on_drop: false }`
[INFO] running `Command { std: "docker" "rm" "-f" "a2c39d313e79caa9ebfe757fda610de35dc3257c519d051e75ece53a82238654", kill_on_drop: false }`
[INFO] [stdout] a2c39d313e79caa9ebfe757fda610de35dc3257c519d051e75ece53a82238654
[INFO] running `Command { std: "docker" "create" "-v" "/var/lib/crater-agent-workspace/builds/worker-1-tc1/target:/opt/rustwide/target:rw,Z" "-v" "/var/lib/crater-agent-workspace/builds/worker-1-tc1/source:/opt/rustwide/workdir:ro,Z" "-v" "/var/lib/crater-agent-workspace/cargo-home:/opt/rustwide/cargo-home:ro,Z" "-v" "/var/lib/crater-agent-workspace/rustup-home:/opt/rustwide/rustup-home:ro,Z" "-e" "SOURCE_DIR=/opt/rustwide/workdir" "-e" "CARGO_TARGET_DIR=/opt/rustwide/target" "-e" "CARGO_INCREMENTAL=0" "-e" "RUST_BACKTRACE=full" "-e" "RUSTFLAGS=--cap-lints=warn" "-e" "RUSTDOCFLAGS=--cap-lints=warn" "-e" "CARGO_HOME=/opt/rustwide/cargo-home" "-e" "RUSTUP_HOME=/opt/rustwide/rustup-home" "-w" "/opt/rustwide/workdir" "-m" "1610612736" "--user" "0:0" "--network" "none" "ghcr.io/rust-lang/crates-build-env/linux@sha256:f3a9d4ad9d972b27faf3965f35b62e55ba32bbce8f20bc8fe909558a86702fde" "/opt/rustwide/cargo-home/bin/cargo" "+1.83.0" "test" "--frozen", kill_on_drop: false }`
[INFO] [stdout] e7b13a59d6f27f7b223a3bebaac605fc4826af55a587f4e737e8aa1b234b6737
[INFO] running `Command { std: "docker" "start" "-a" "e7b13a59d6f27f7b223a3bebaac605fc4826af55a587f4e737e8aa1b234b6737", kill_on_drop: false }`
[INFO] [stderr]     Finished `test` profile [optimized + debuginfo] target(s) in 0.04s
[INFO] [stderr]      Running unittests src/lib.rs (/opt/rustwide/target/debug/deps/wallswitch-c21b6b2bf8fa60f6)
[INFO] [stdout] 
[INFO] [stdout] running 13 tests
[INFO] [stdout] test dimension::test_dimension::split_str_sample_1 ... ok
[INFO] [stdout] test dimension::test_dimension::split_str_sample_2 ... ok
[INFO] [stdout] test dimension::test_dimension::split_str_sample_3 ... ok
[INFO] [stdout] test dimension::test_dimension::split_str_sample_4 ... ok
[INFO] [stdout] test error::error_tests::test_error_display ... ok
[INFO] [stdout] test dimension::test_dimension::split_str_sample_5 ... ok
[INFO] [stdout] test fileinfo::test_info::get_min_value_of_vec_v1 ... ok
[INFO] [stdout] test fileinfo::test_info::get_min_value_of_vec_v2 ... ok
[INFO] [stdout] test pids::test_pids::pgrep_pids ... ok
[INFO] [stdout] test test_lib::random_integers_v1 ... ok
[INFO] [stderr]      Running unittests src/main.rs (/opt/rustwide/target/debug/deps/wallswitch-f5d1bf9b913d5426)
[INFO] [stdout] test test_lib::random_integers_v2 ... ok
[INFO] [stdout] test test_lib::vec_shuffle ... ok
[INFO] [stdout] test test_lib::random_integers_v3 ... ok
[INFO] [stdout] 
[INFO] [stdout] test result: ok. 13 passed; 0 failed; 0 ignored; 0 measured; 0 filtered out; finished in 0.00s
[INFO] [stdout] 
[INFO] [stdout] 
[INFO] [stdout] running 0 tests
[INFO] [stdout] 
[INFO] [stdout] test result: ok. 0 passed; 0 failed; 0 ignored; 0 measured; 0 filtered out; finished in 0.00s
[INFO] [stdout] 
[INFO] [stderr]    Doc-tests wallswitch
[INFO] [stdout] 
[INFO] [stdout] running 5 tests
[INFO] [stdout] test src/desktops.rs - desktops::get_xfce_monitors (line 47) ... ok
[INFO] [stdout] test src/traits.rs - traits::FloatIterExt (line 67) ... ok
[INFO] [stdout] test src/dimension.rs - dimension::split_str (line 100) ... ok
[INFO] [stdout] test src/lib.rs - shuffle (line 140) ... ok
[INFO] [stdout] test src/traits.rs - traits::IntegerIterExt (line 102) ... FAILED
[INFO] [stdout] 
[INFO] [stdout] failures:
[INFO] [stdout] 
[INFO] [stdout] ---- src/traits.rs - traits::IntegerIterExt (line 102) stdout ----
[INFO] [stdout] error: linking with `cc` failed: exit status: 1
[INFO] [stdout]   |
[INFO] [stdout]   = note: LC_ALL="C" PATH="/opt/rustwide/rustup-home/toolchains/1.83.0-x86_64-unknown-linux-gnu/lib/rustlib/x86_64-unknown-linux-gnu/bin:/opt/rustwide/cargo-home/bin:/usr/local/sbin:/usr/local/bin:/usr/sbin:/usr/bin:/sbin:/bin" VSLANG="1033" "cc" "-m64" "/tmp/rustcEj14Cl/symbols.o" "/tmp/rustdoctestrGKkC7/rust_out.rust_out.cb03291d53e4e161-cgu.0.rcgu.o" "/tmp/rustdoctestrGKkC7/rust_out.1s7umcihpz0t7nkz1uc2ifee9.rcgu.o" "-Wl,--as-needed" "-Wl,-Bstatic" "/opt/rustwide/target/debug/deps/libwallswitch-ff4c7271a0b2f8d1.rlib" "/opt/rustwide/target/debug/deps/libserde_json-d76027dca1930b70.rlib" "/opt/rustwide/target/debug/deps/libmemchr-cf7f167e7ece828b.rlib" "/opt/rustwide/target/debug/deps/libitoa-17d94f01008d4be1.rlib" "/opt/rustwide/target/debug/deps/libryu-d9c6ef3fe67698b4.rlib" "/opt/rustwide/target/debug/deps/libclap_complete-ff9a2f34d813b5ea.rlib" "/opt/rustwide/target/debug/deps/libclap-a4847ca53ba40ce4.rlib" "/opt/rustwide/target/debug/deps/libclap_builder-27ac8515a1468ffe.rlib" "/opt/rustwide/target/debug/deps/libstrsim-a507f941cc960917.rlib" "/opt/rustwide/target/debug/deps/libanstream-a6817ee8ceb109f1.rlib" "/opt/rustwide/target/debug/deps/libanstyle_query-dd613c63383f9898.rlib" "/opt/rustwide/target/debug/deps/libis_terminal_polyfill-369b4d2a9291d318.rlib" "/opt/rustwide/target/debug/deps/libcolorchoice-c716857a6532d296.rlib" "/opt/rustwide/target/debug/deps/libanstyle_parse-a195ca46fd95a1dc.rlib" "/opt/rustwide/target/debug/deps/libutf8parse-c9674773da370b83.rlib" "/opt/rustwide/target/debug/deps/libclap_lex-4afdf585066d8919.rlib" "/opt/rustwide/target/debug/deps/libanstyle-f406a13abba50cb3.rlib" "/opt/rustwide/target/debug/deps/libcfg_if-4c7166192fc46c04.rlib" "/opt/rustwide/target/debug/deps/libwalkdir-5006f8b96373eb36.rlib" "/opt/rustwide/target/debug/deps/libsame_file-990f4cc9f5a021a8.rlib" "/opt/rustwide/target/debug/deps/libserde-be6e1d5e9cbc30d4.rlib" "/opt/rustwide/rustup-home/toolchains/1.83.0-x86_64-unknown-linux-gnu/lib/rustlib/x86_64-unknown-linux-gnu/lib/libstd-ca74a2d9c5166d9f.rlib" "/opt/rustwide/rustup-home/toolchains/1.83.0-x86_64-unknown-linux-gnu/lib/rustlib/x86_64-unknown-linux-gnu/lib/libpanic_unwind-e31ab23316ed5080.rlib" "/opt/rustwide/rustup-home/toolchains/1.83.0-x86_64-unknown-linux-gnu/lib/rustlib/x86_64-unknown-linux-gnu/lib/libobject-27dc4aa955912662.rlib" "/opt/rustwide/rustup-home/toolchains/1.83.0-x86_64-unknown-linux-gnu/lib/rustlib/x86_64-unknown-linux-gnu/lib/libmemchr-bd0d6cccce077b99.rlib" "/opt/rustwide/rustup-home/toolchains/1.83.0-x86_64-unknown-linux-gnu/lib/rustlib/x86_64-unknown-linux-gnu/lib/libaddr2line-8d001680935b5e3c.rlib" "/opt/rustwide/rustup-home/toolchains/1.83.0-x86_64-unknown-linux-gnu/lib/rustlib/x86_64-unknown-linux-gnu/lib/libgimli-ba8ce71964f984f4.rlib" "/opt/rustwide/rustup-home/toolchains/1.83.0-x86_64-unknown-linux-gnu/lib/rustlib/x86_64-unknown-linux-gnu/lib/librustc_demangle-99a73526abcec14b.rlib" "/opt/rustwide/rustup-home/toolchains/1.83.0-x86_64-unknown-linux-gnu/lib/rustlib/x86_64-unknown-linux-gnu/lib/libstd_detect-63ac0d22cff92579.rlib" "/opt/rustwide/rustup-home/toolchains/1.83.0-x86_64-unknown-linux-gnu/lib/rustlib/x86_64-unknown-linux-gnu/lib/libhashbrown-9057355c92c922d5.rlib" "/opt/rustwide/rustup-home/toolchains/1.83.0-x86_64-unknown-linux-gnu/lib/rustlib/x86_64-unknown-linux-gnu/lib/librustc_std_workspace_alloc-358be9bc1f6bab04.rlib" "/opt/rustwide/rustup-home/toolchains/1.83.0-x86_64-unknown-linux-gnu/lib/rustlib/x86_64-unknown-linux-gnu/lib/libminiz_oxide-aca15549d5bff974.rlib" "/opt/rustwide/rustup-home/toolchains/1.83.0-x86_64-unknown-linux-gnu/lib/rustlib/x86_64-unknown-linux-gnu/lib/libadler-8251d2cef7072448.rlib" "/opt/rustwide/rustup-home/toolchains/1.83.0-x86_64-unknown-linux-gnu/lib/rustlib/x86_64-unknown-linux-gnu/lib/libunwind-7d50b86011c66411.rlib" "/opt/rustwide/rustup-home/toolchains/1.83.0-x86_64-unknown-linux-gnu/lib/rustlib/x86_64-unknown-linux-gnu/lib/libcfg_if-51ea098fce5006bf.rlib" "/opt/rustwide/rustup-home/toolchains/1.83.0-x86_64-unknown-linux-gnu/lib/rustlib/x86_64-unknown-linux-gnu/lib/liblibc-5a14e0d0b712e731.rlib" "/opt/rustwide/rustup-home/toolchains/1.83.0-x86_64-unknown-linux-gnu/lib/rustlib/x86_64-unknown-linux-gnu/lib/liballoc-8b83dbf3a7b8f999.rlib" "/opt/rustwide/rustup-home/toolchains/1.83.0-x86_64-unknown-linux-gnu/lib/rustlib/x86_64-unknown-linux-gnu/lib/librustc_std_workspace_core-c6fd227bdc7b39ff.rlib" "/opt/rustwide/rustup-home/toolchains/1.83.0-x86_64-unknown-linux-gnu/lib/rustlib/x86_64-unknown-linux-gnu/lib/libcore-959d3389fa3da8a5.rlib" "/opt/rustwide/rustup-home/toolchains/1.83.0-x86_64-unknown-linux-gnu/lib/rustlib/x86_64-unknown-linux-gnu/lib/libcompiler_builtins-abe05db089cc2c62.rlib" "-Wl,-Bdynamic" "-lgcc_s" "-lutil" "-lrt" "-lpthread" "-lm" "-ldl" "-lc" "-Wl,--eh-frame-hdr" "-Wl,-z,noexecstack" "-L" "/opt/rustwide/rustup-home/toolchains/1.83.0-x86_64-unknown-linux-gnu/lib/rustlib/x86_64-unknown-linux-gnu/lib" "-o" "/tmp/rustdoctestrGKkC7/rust_out" "-Wl,--gc-sections" "-pie" "-Wl,-z,relro,-z,now" "-nodefaultlibs"
[INFO] [stdout]   = note: /usr/bin/ld: final link failed: No space left on device
[INFO] [stdout]           collect2: error: ld returned 1 exit status
[INFO] [stdout]           
[INFO] [stdout] 
[INFO] [stdout] error: aborting due to 1 previous error
[INFO] [stdout] 
[INFO] [stdout] Couldn't compile the test.
[INFO] [stdout] 
[INFO] [stdout] failures:
[INFO] [stdout]     src/traits.rs - traits::IntegerIterExt (line 102)
[INFO] [stdout] 
[INFO] [stdout] test result: FAILED. 4 passed; 1 failed; 0 ignored; 0 measured; 0 filtered out; finished in 1.03s
[INFO] [stdout] 
[INFO] [stderr] error: doctest failed, to rerun pass `--doc`
[INFO] running `Command { std: "docker" "inspect" "e7b13a59d6f27f7b223a3bebaac605fc4826af55a587f4e737e8aa1b234b6737", kill_on_drop: false }`
[INFO] running `Command { std: "docker" "rm" "-f" "e7b13a59d6f27f7b223a3bebaac605fc4826af55a587f4e737e8aa1b234b6737", kill_on_drop: false }`
[INFO] [stdout] e7b13a59d6f27f7b223a3bebaac605fc4826af55a587f4e737e8aa1b234b6737
