[INFO] fetching crate substrate-fixed 0.5.9...
[INFO] testing substrate-fixed-0.5.9 against 1.83.0 for beta-1.84.0-4-retry
[INFO] extracting crate substrate-fixed 0.5.9 into /workspace/builds/worker-0-tc1/source
[INFO] validating manifest of crates.io crate substrate-fixed 0.5.9 on toolchain 1.83.0
[INFO] running `Command { std: CARGO_HOME="/workspace/cargo-home" RUSTUP_HOME="/workspace/rustup-home" "/workspace/cargo-home/bin/cargo" "+1.83.0" "metadata" "--manifest-path" "Cargo.toml" "--no-deps", kill_on_drop: false }`
[INFO] started tweaking crates.io crate substrate-fixed 0.5.9
[INFO] finished tweaking crates.io crate substrate-fixed 0.5.9
[INFO] tweaked toml for crates.io crate substrate-fixed 0.5.9 written to /workspace/builds/worker-0-tc1/source/Cargo.toml
[INFO] running `Command { std: CARGO_HOME="/workspace/cargo-home" RUSTUP_HOME="/workspace/rustup-home" "/workspace/cargo-home/bin/cargo" "+1.83.0" "generate-lockfile" "--manifest-path" "Cargo.toml", kill_on_drop: false }`
[INFO] [stderr]     Updating crates.io index
[INFO] [stderr]     Blocking waiting for file lock on package cache
[INFO] [stderr]      Locking 104 packages to latest compatible versions
[INFO] [stderr]       Adding approx v0.3.2 (available: v0.5.1)
[INFO] [stderr]       Adding az v0.3.1 (available: v1.2.1)
[INFO] [stderr]       Adding criterion v0.3.6 (available: v0.5.1)
[INFO] [stderr]       Adding half v1.8.3 (available: v2.4.1)
[INFO] [stderr]       Adding rand v0.7.3 (available: v0.8.5)
[INFO] [stderr]       Adding rand_xoshiro v0.4.0 (available: v0.6.0)
[INFO] running `Command { std: CARGO_HOME="/workspace/cargo-home" RUSTUP_HOME="/workspace/rustup-home" "/workspace/cargo-home/bin/cargo" "+1.83.0" "fetch" "--manifest-path" "Cargo.toml", kill_on_drop: false }`
[INFO] [stderr]     Blocking waiting for file lock on package cache
[INFO] [stderr]  Downloading crates ...
[INFO] [stderr]   Downloaded substrate-typenum v1.16.0
[INFO] [stderr]   Downloaded az v0.3.1
[INFO] running `Command { std: "docker" "create" "-v" "/var/lib/crater-agent-workspace/builds/worker-0-tc1/target:/opt/rustwide/target:rw,Z" "-v" "/var/lib/crater-agent-workspace/builds/worker-0-tc1/source:/opt/rustwide/workdir:ro,Z" "-v" "/var/lib/crater-agent-workspace/cargo-home:/opt/rustwide/cargo-home:ro,Z" "-v" "/var/lib/crater-agent-workspace/rustup-home:/opt/rustwide/rustup-home:ro,Z" "-e" "SOURCE_DIR=/opt/rustwide/workdir" "-e" "CARGO_TARGET_DIR=/opt/rustwide/target" "-e" "CARGO_HOME=/opt/rustwide/cargo-home" "-e" "RUSTUP_HOME=/opt/rustwide/rustup-home" "-w" "/opt/rustwide/workdir" "-m" "1610612736" "--user" "0:0" "--network" "none" "ghcr.io/rust-lang/crates-build-env/linux@sha256:f3a9d4ad9d972b27faf3965f35b62e55ba32bbce8f20bc8fe909558a86702fde" "/opt/rustwide/cargo-home/bin/cargo" "+1.83.0" "metadata" "--no-deps" "--format-version=1", kill_on_drop: false }`
[INFO] [stdout] d39992186267f9d7a91096779122381493844d93cbec8e722ab29614194f8a5b
[INFO] running `Command { std: "docker" "start" "-a" "d39992186267f9d7a91096779122381493844d93cbec8e722ab29614194f8a5b", kill_on_drop: false }`
[INFO] running `Command { std: "docker" "inspect" "d39992186267f9d7a91096779122381493844d93cbec8e722ab29614194f8a5b", kill_on_drop: false }`
[INFO] running `Command { std: "docker" "rm" "-f" "d39992186267f9d7a91096779122381493844d93cbec8e722ab29614194f8a5b", kill_on_drop: false }`
[INFO] [stdout] d39992186267f9d7a91096779122381493844d93cbec8e722ab29614194f8a5b
[INFO] running `Command { std: "docker" "create" "-v" "/var/lib/crater-agent-workspace/builds/worker-0-tc1/target:/opt/rustwide/target:rw,Z" "-v" "/var/lib/crater-agent-workspace/builds/worker-0-tc1/source:/opt/rustwide/workdir:ro,Z" "-v" "/var/lib/crater-agent-workspace/cargo-home:/opt/rustwide/cargo-home:ro,Z" "-v" "/var/lib/crater-agent-workspace/rustup-home:/opt/rustwide/rustup-home:ro,Z" "-e" "SOURCE_DIR=/opt/rustwide/workdir" "-e" "CARGO_TARGET_DIR=/opt/rustwide/target" "-e" "CARGO_INCREMENTAL=0" "-e" "RUST_BACKTRACE=full" "-e" "RUSTFLAGS=--cap-lints=warn" "-e" "RUSTDOCFLAGS=--cap-lints=warn" "-e" "CARGO_HOME=/opt/rustwide/cargo-home" "-e" "RUSTUP_HOME=/opt/rustwide/rustup-home" "-w" "/opt/rustwide/workdir" "-m" "1610612736" "--user" "0:0" "--network" "none" "ghcr.io/rust-lang/crates-build-env/linux@sha256:f3a9d4ad9d972b27faf3965f35b62e55ba32bbce8f20bc8fe909558a86702fde" "/opt/rustwide/cargo-home/bin/cargo" "+1.83.0" "build" "--frozen" "--message-format=json", kill_on_drop: false }`
[INFO] [stdout] 5e1a5d76ef204e0250f3df5344bbaabd5db3fcaf91adb7aa1a4b22f0cef2ae32
[INFO] running `Command { std: "docker" "start" "-a" "5e1a5d76ef204e0250f3df5344bbaabd5db3fcaf91adb7aa1a4b22f0cef2ae32", kill_on_drop: false }`
[INFO] [stderr]    Compiling proc-macro2 v1.0.92
[INFO] [stderr]    Compiling unicode-ident v1.0.14
[INFO] [stderr]    Compiling hashbrown v0.15.2
[INFO] [stderr]    Compiling equivalent v1.0.1
[INFO] [stderr]    Compiling toml_datetime v0.6.8
[INFO] [stderr]    Compiling winnow v0.6.20
[INFO] [stderr]    Compiling syn v1.0.109
[INFO] [stderr]    Compiling byte-slice-cast v1.2.2
[INFO] [stderr]    Compiling arrayvec v0.7.6
[INFO] [stderr]    Compiling substrate-typenum v1.16.0
[INFO] [stderr]    Compiling cfg-if v1.0.0
[INFO] [stderr]    Compiling substrate-fixed v0.5.9 (/opt/rustwide/workdir)
[INFO] [stderr]    Compiling indexmap v2.7.0
[INFO] [stderr]    Compiling quote v1.0.37
[INFO] [stderr]    Compiling syn v2.0.90
[INFO] [stderr]    Compiling toml_edit v0.22.22
[INFO] [stderr]    Compiling proc-macro-crate v3.2.0
[INFO] [stderr]    Compiling parity-scale-codec-derive v3.6.12
[INFO] [stderr]    Compiling impl-trait-for-tuples v0.2.3
[INFO] [stderr]    Compiling derive_more-impl v1.0.0
[INFO] [stderr]    Compiling scale-info-derive v2.11.6
[INFO] [stderr]    Compiling derive_more v1.0.0
[INFO] [stderr]    Compiling parity-scale-codec v3.6.12
[INFO] [stderr]    Compiling scale-info v2.11.6
[INFO] [stdout] warning: associated function `from_parts` is never used
[INFO] [stdout]   --> src/float_helper.rs:35:8
[INFO] [stdout]    |
[INFO] [stdout] 21 | pub trait FloatHelper: Copy {
[INFO] [stdout]    |           ----------- associated function in this trait
[INFO] [stdout] ...
[INFO] [stdout] 35 |     fn from_parts(neg: bool, exp: i32, mant: Self::Bits) -> Self;
[INFO] [stdout]    |        ^^^^^^^^^^
[INFO] [stdout]    |
[INFO] [stdout]    = note: `#[warn(dead_code)]` on by default
[INFO] [stdout] 
[INFO] [stdout] 
[INFO] [stderr]     Finished `dev` profile [unoptimized + debuginfo] target(s) in 37.44s
[INFO] running `Command { std: "docker" "inspect" "5e1a5d76ef204e0250f3df5344bbaabd5db3fcaf91adb7aa1a4b22f0cef2ae32", kill_on_drop: false }`
[INFO] running `Command { std: "docker" "rm" "-f" "5e1a5d76ef204e0250f3df5344bbaabd5db3fcaf91adb7aa1a4b22f0cef2ae32", kill_on_drop: false }`
[INFO] [stdout] 5e1a5d76ef204e0250f3df5344bbaabd5db3fcaf91adb7aa1a4b22f0cef2ae32
[INFO] running `Command { std: "docker" "create" "-v" "/var/lib/crater-agent-workspace/builds/worker-0-tc1/target:/opt/rustwide/target:rw,Z" "-v" "/var/lib/crater-agent-workspace/builds/worker-0-tc1/source:/opt/rustwide/workdir:ro,Z" "-v" "/var/lib/crater-agent-workspace/cargo-home:/opt/rustwide/cargo-home:ro,Z" "-v" "/var/lib/crater-agent-workspace/rustup-home:/opt/rustwide/rustup-home:ro,Z" "-e" "SOURCE_DIR=/opt/rustwide/workdir" "-e" "CARGO_TARGET_DIR=/opt/rustwide/target" "-e" "CARGO_INCREMENTAL=0" "-e" "RUST_BACKTRACE=full" "-e" "RUSTFLAGS=--cap-lints=warn" "-e" "RUSTDOCFLAGS=--cap-lints=warn" "-e" "CARGO_HOME=/opt/rustwide/cargo-home" "-e" "RUSTUP_HOME=/opt/rustwide/rustup-home" "-w" "/opt/rustwide/workdir" "-m" "1610612736" "--user" "0:0" "--network" "none" "ghcr.io/rust-lang/crates-build-env/linux@sha256:f3a9d4ad9d972b27faf3965f35b62e55ba32bbce8f20bc8fe909558a86702fde" "/opt/rustwide/cargo-home/bin/cargo" "+1.83.0" "test" "--frozen" "--no-run" "--message-format=json", kill_on_drop: false }`
[INFO] [stdout] 3a10cf18626e10c3b7d63f232296f8fcabb7381c8c08e04eeca86ce1e6cb3f38
[INFO] running `Command { std: "docker" "start" "-a" "3a10cf18626e10c3b7d63f232296f8fcabb7381c8c08e04eeca86ce1e6cb3f38", kill_on_drop: false }`
[INFO] [stderr]    Compiling crossbeam-utils v0.8.20
[INFO] [stderr]    Compiling serde v1.0.216
[INFO] [stderr]    Compiling autocfg v1.4.0
[INFO] [stderr]    Compiling memchr v2.7.4
[INFO] [stderr]    Compiling zerocopy-derive v0.7.35
[INFO] [stderr]    Compiling either v1.13.0
[INFO] [stderr]    Compiling ryu v1.0.18
[INFO] [stderr]    Compiling libc v0.2.168
[INFO] [stderr]    Compiling rayon-core v1.12.1
[INFO] [stderr]    Compiling itoa v1.0.14
[INFO] [stderr]    Compiling serde_json v1.0.133
[INFO] [stderr]    Compiling byteorder v1.5.0
[INFO] [stderr]    Compiling num-traits v0.2.19
[INFO] [stderr]    Compiling plotters-backend v0.3.7
[INFO] [stderr]    Compiling rand_core v0.5.1
[INFO] [stderr]    Compiling unicode-width v0.1.14
[INFO] [stderr]    Compiling regex-syntax v0.8.5
[INFO] [stderr]    Compiling crossbeam-epoch v0.9.18
[INFO] [stderr]    Compiling plotters-svg v0.3.7
[INFO] [stderr]    Compiling textwrap v0.11.0
[INFO] [stderr]    Compiling crossbeam-deque v0.8.5
[INFO] [stderr]    Compiling csv-core v0.1.11
[INFO] [stderr]    Compiling itertools v0.10.5
[INFO] [stderr]    Compiling cast v0.3.0
[INFO] [stderr]    Compiling zerocopy v0.7.35
[INFO] [stderr]    Compiling half v1.8.3
[INFO] [stderr]    Compiling same-file v1.0.6
[INFO] [stderr]    Compiling bitflags v1.3.2
[INFO] [stderr]    Compiling clap v2.34.0
[INFO] [stderr]    Compiling plotters v0.3.7
[INFO] [stderr]    Compiling walkdir v2.5.0
[INFO] [stderr]    Compiling atty v0.2.14
[INFO] [stderr]    Compiling rayon v1.10.0
[INFO] [stderr]    Compiling serde_derive v1.0.216
[INFO] [stderr]    Compiling ppv-lite86 v0.2.20
[INFO] [stderr]    Compiling regex-automata v0.4.9
[INFO] [stderr]    Compiling criterion-plot v0.4.5
[INFO] [stderr]    Compiling rand_chacha v0.2.2
[INFO] [stderr]    Compiling oorandom v11.1.4
[INFO] [stderr]    Compiling lazy_static v1.5.0
[INFO] [stderr]    Compiling rand v0.7.3
[INFO] [stderr]    Compiling approx v0.3.2
[INFO] [stderr]    Compiling rand_xoshiro v0.4.0
[INFO] [stdout] warning: associated function `from_parts` is never used
[INFO] [stdout]   --> src/float_helper.rs:35:8
[INFO] [stdout]    |
[INFO] [stdout] 21 | pub trait FloatHelper: Copy {
[INFO] [stdout]    |           ----------- associated function in this trait
[INFO] [stdout] ...
[INFO] [stdout] 35 |     fn from_parts(neg: bool, exp: i32, mant: Self::Bits) -> Self;
[INFO] [stdout]    |        ^^^^^^^^^^
[INFO] [stdout]    |
[INFO] [stdout]    = note: `#[warn(dead_code)]` on by default
[INFO] [stdout] 
[INFO] [stdout] 
[INFO] [stderr]    Compiling csv v1.3.1
[INFO] [stderr]    Compiling serde_cbor v0.11.2
[INFO] [stderr]    Compiling regex v1.11.1
[INFO] [stderr]    Compiling tinytemplate v1.2.1
[INFO] [stderr]    Compiling criterion v0.3.6
[INFO] [stderr]    Compiling substrate-fixed v0.5.9 (/opt/rustwide/workdir)
[INFO] [stdout] warning: associated function `from_parts` is never used
[INFO] [stdout]   --> src/float_helper.rs:35:8
[INFO] [stdout]    |
[INFO] [stdout] 21 | pub trait FloatHelper: Copy {
[INFO] [stdout]    |           ----------- associated function in this trait
[INFO] [stdout] ...
[INFO] [stdout] 35 |     fn from_parts(neg: bool, exp: i32, mant: Self::Bits) -> Self;
[INFO] [stdout]    |        ^^^^^^^^^^
[INFO] [stdout]    |
[INFO] [stdout]    = note: `#[warn(dead_code)]` on by default
[INFO] [stdout] 
[INFO] [stdout] 
[INFO] [stderr]     Finished `test` profile [unoptimized + debuginfo] target(s) in 57.49s
[INFO] running `Command { std: "docker" "inspect" "3a10cf18626e10c3b7d63f232296f8fcabb7381c8c08e04eeca86ce1e6cb3f38", kill_on_drop: false }`
[INFO] running `Command { std: "docker" "rm" "-f" "3a10cf18626e10c3b7d63f232296f8fcabb7381c8c08e04eeca86ce1e6cb3f38", kill_on_drop: false }`
[INFO] [stdout] 3a10cf18626e10c3b7d63f232296f8fcabb7381c8c08e04eeca86ce1e6cb3f38
[INFO] running `Command { std: "docker" "create" "-v" "/var/lib/crater-agent-workspace/builds/worker-0-tc1/target:/opt/rustwide/target:rw,Z" "-v" "/var/lib/crater-agent-workspace/builds/worker-0-tc1/source:/opt/rustwide/workdir:ro,Z" "-v" "/var/lib/crater-agent-workspace/cargo-home:/opt/rustwide/cargo-home:ro,Z" "-v" "/var/lib/crater-agent-workspace/rustup-home:/opt/rustwide/rustup-home:ro,Z" "-e" "SOURCE_DIR=/opt/rustwide/workdir" "-e" "CARGO_TARGET_DIR=/opt/rustwide/target" "-e" "CARGO_INCREMENTAL=0" "-e" "RUST_BACKTRACE=full" "-e" "RUSTFLAGS=--cap-lints=warn" "-e" "RUSTDOCFLAGS=--cap-lints=warn" "-e" "CARGO_HOME=/opt/rustwide/cargo-home" "-e" "RUSTUP_HOME=/opt/rustwide/rustup-home" "-w" "/opt/rustwide/workdir" "-m" "1610612736" "--user" "0:0" "--network" "none" "ghcr.io/rust-lang/crates-build-env/linux@sha256:f3a9d4ad9d972b27faf3965f35b62e55ba32bbce8f20bc8fe909558a86702fde" "/opt/rustwide/cargo-home/bin/cargo" "+1.83.0" "test" "--frozen", kill_on_drop: false }`
[INFO] [stdout] a5d84339fa4be325000e9b68a04d91eb4ad9e1db08258d7457c45f1ae357eede
[INFO] running `Command { std: "docker" "start" "-a" "a5d84339fa4be325000e9b68a04d91eb4ad9e1db08258d7457c45f1ae357eede", kill_on_drop: false }`
[INFO] [stderr] warning: associated function `from_parts` is never used
[INFO] [stderr]   --> src/float_helper.rs:35:8
[INFO] [stderr]    |
[INFO] [stderr] 21 | pub trait FloatHelper: Copy {
[INFO] [stderr]    |           ----------- associated function in this trait
[INFO] [stderr] ...
[INFO] [stderr] 35 |     fn from_parts(neg: bool, exp: i32, mant: Self::Bits) -> Self;
[INFO] [stderr]    |        ^^^^^^^^^^
[INFO] [stderr]    |
[INFO] [stderr]    = note: `#[warn(dead_code)]` on by default
[INFO] [stderr] 
[INFO] [stderr] warning: `substrate-fixed` (lib) generated 1 warning
[INFO] [stderr] warning: `substrate-fixed` (lib test) generated 1 warning (1 duplicate)
[INFO] [stderr]     Finished `test` profile [unoptimized + debuginfo] target(s) in 0.14s
[INFO] [stderr]      Running unittests src/lib.rs (/opt/rustwide/target/debug/deps/substrate_fixed-aba58c47a313e4cf)
[INFO] [stdout] 
[INFO] [stdout] running 66 tests
[INFO] [stdout] test arith::tests::fixed_i128 ... ok
[INFO] [stdout] test arith::tests::fixed_i16 ... ok
[INFO] [stdout] test arith::tests::fixed_u16 ... ok
[INFO] [stdout] test arith::tests::fixed_u128 ... ok
[INFO] [stdout] test cmp::tests::cmp_signed ... ok
[INFO] [stdout] test cmp::tests::cmp_unsigned ... ok
[INFO] [stdout] test consts::tests::cmp_f32 ... ok
[INFO] [stdout] test arith::tests::rem_int ... ok
[INFO] [stdout] test consts::tests::cmp_f64 ... ok
[INFO] [stdout] test convert::tests::signed_from_float ... ok
[INFO] [stdout] test convert::tests::from_bool ... ok
[INFO] [stdout] test convert::tests::to_f32 ... ok
[INFO] [stdout] test convert::tests::to_f64 ... ok
[INFO] [stdout] test consts::tests::cmp_parse ... ok
[INFO] [stdout] test convert::tests::expanding_from_unsigned ... ok
[INFO] [stdout] test convert::tests::expanding_from_unsigned_to_signed ... ok
[INFO] [stdout] test convert::tests::expanding_from_signed ... ok
[INFO] [stdout] test convert::tests::to_infinite_f32 ... ok
[INFO] [stdout] test convert::tests::to_size ... ok
[INFO] [stdout] test display::tests::dec ... ok
[INFO] [stdout] test display::tests::display_frac ... ok
[INFO] [stdout] test display::tests::compare_frac0_int ... ok
[INFO] [stdout] test convert::tests::unsigned_from_num ... ok
[INFO] [stdout] test display::tests::check_ceil_log10_2_times ... ok
[INFO] [stdout] test display::tests::format ... ok
[INFO] [stdout] test display::tests::compare_frac4_float ... ok
[INFO] [stdout] test display::tests::rounding ... ok
[INFO] [stdout] test from_str::tests::check_dec_128 ... ok
[INFO] [stdout] test from_str::tests::check_dec_8 ... ok
[INFO] [stdout] test from_str::tests::check_i128_u128_from_str ... ok
[INFO] [stdout] test from_str::tests::check_exact_decimal ... ok
[INFO] [stdout] test from_str::tests::check_i128_u128_from_str_hex ... ok
[INFO] [stdout] test from_str::tests::check_i16_u16_from_str ... ok
[INFO] [stdout] test from_str::tests::check_i16_u16_from_str_binary ... ok
[INFO] [stdout] test from_str::tests::check_i16_u16_from_str_hex ... ok
[INFO] [stdout] test from_str::tests::check_i16_u16_from_str_octal ... ok
[INFO] [stdout] test display::tests::close_to_round_decimal ... ok
[INFO] [stdout] test from_str::tests::check_i64_u64_from_str ... ok
[INFO] [stdout] test from_str::tests::check_i8_u8_from_str ... ok
[INFO] [stdout] test from_str::tests::check_i32_u32_from_str ... ok
[INFO] [stdout] test from_str::tests::check_parse_bounds ... ok
[INFO] [stdout] test from_str::tests::frac4 ... ok
[INFO] [stdout] test from_str::tests::overflowing ... ok
[INFO] [stdout] test tests::rounding_signed ... ok
[INFO] [stdout] test tests::rounding_unsigned ... ok
[INFO] [stdout] test tests::scale_info_works ... ok
[INFO] [stdout] test transcendental::tests::cos_works ... ok
[INFO] [stdout] test transcendental::tests::asin_works ... ok
[INFO] [stdout] test transcendental::tests::exp_works ... ok
[INFO] [stdout] test transcendental::tests::log2_works ... ok
[INFO] [stdout] test transcendental::tests::ln_works ... ok
[INFO] [stdout] test transcendental::tests::pow_works ... ok
[INFO] [stdout] test transcendental::tests::powi_works ... ok
[INFO] [stdout] test transcendental::tests::rs_works ... ok
[INFO] [stdout] test transcendental::tests::sqrt_check_lower_bound_of_working_values ... ok
[INFO] [stdout] test transcendental::tests::sin_works ... ok
[INFO] [stdout] test transcendental::tests::tan_works ... ok
[INFO] [stdout] test transcendental::tests::sqrt_works ... ok
[INFO] [stdout] test display::tests::hex ... ok
[INFO] [stdout] test wide_div::tests::test_wide_div_rem ... ok
[INFO] [stdout] test wide_div::tests::test_wide_idiv_rem ... ok
[INFO] [stdout] test from_str::tests::check_dec_16 ... ok
[INFO] [stdout] test from_str::tests::check_dec_64 ... ok
[INFO] [stdout] test from_str::tests::check_dec_32 ... ok
[INFO] [stdout] test display::tests::compare_frac17_float ... ok
[INFO] [stderr]    Doc-tests substrate_fixed
[INFO] [stdout] test from_str::tests::frac17 ... ok
[INFO] [stdout] 
[INFO] [stdout] test result: ok. 66 passed; 0 failed; 0 ignored; 0 measured; 0 filtered out; finished in 5.61s
[INFO] [stdout] 
[INFO] [stdout] 
[INFO] [stdout] running 1310 tests
[INFO] [stdout] test src/convert.rs - convert::_compile_fail_tests (line 871) - compile fail ... ok
[INFO] [stdout] test src/convert.rs - convert::_compile_fail_tests (line 885) - compile fail ... ok
[INFO] [stdout] test src/convert.rs - convert::_compile_fail_tests (line 875) - compile fail ... ok
[INFO] [stdout] test src/convert.rs - convert::_compile_fail_tests (line 893) - compile fail ... ok
[INFO] [stdout] test src/convert.rs - convert::_compile_fail_tests (line 880) - compile fail ... ok
[INFO] [stdout] test src/convert.rs - convert::_compile_fail_tests (line 889) - compile fail ... ok
[INFO] [stdout] test src/convert.rs - convert::_compile_fail_tests (line 903) - compile fail ... ok
[INFO] [stdout] test src/convert.rs - convert::_compile_fail_tests (line 898) - compile fail ... ok
[INFO] [stdout] test src/convert.rs - convert::_compile_fail_tests (line 912) - compile fail ... ok
[INFO] [stdout] test src/convert.rs - convert::_compile_fail_tests (line 917) - compile fail ... ok
[INFO] [stdout] test src/convert.rs - convert::_compile_fail_tests (line 908) - compile fail ... ok
[INFO] [stdout] test src/convert.rs - convert::_compile_fail_tests (line 921) - compile fail ... ok
[INFO] [stdout] test src/convert.rs - convert::_compile_fail_tests (line 925) - compile fail ... ok
[INFO] [stdout] test src/convert.rs - convert::_compile_fail_tests (line 929) - compile fail ... ok
[INFO] [stdout] test src/convert.rs - convert::_compile_fail_tests (line 933) - compile fail ... ok
[INFO] [stdout] test src/macros.rs - FixedI128<Frac>::FRAC_NBITS (line 73) ... ok
[INFO] [stdout] test src/consts.rs - consts (line 23) ... ok
[INFO] [stdout] test src/lib.rs - (line 85) ... ok
[INFO] [stdout] test src/convert.rs - convert::_compile_fail_tests (line 856) ... ok
[INFO] [stdout] test src/lib.rs - prelude (line 293) ... ok
[INFO] [stdout] test src/lib.rs - (line 105) ... ok
[INFO] [stdout] test src/from_str.rs - from_str::ParseFixedError (line 516) ... ok
[INFO] [stdout] test src/macros.rs - FixedI128<Frac>::INT_NBITS (line 73) ... ok
[INFO] [stdout] test src/macros.rs - FixedI128 (line 77) ... ok
[INFO] [stdout] test src/macros.rs - FixedI128<Frac>::checked_add (line 73) ... ok
[INFO] [stdout] test src/macros.rs - FixedI128<Frac>::abs (line 73) ... ok
[INFO] [stdout] test src/macros.rs - FixedI128<Frac>::ceil (line 80) ... ok
[INFO] [stdout] test src/macros.rs - FixedI128<Frac>::checked_ceil (line 74) ... ok
[INFO] [stdout] test src/macros.rs - FixedI128<Frac>::checked_abs (line 75) ... ok
[INFO] [stdout] test src/macros.rs - FixedI128<Frac>::checked_div (line 74) ... ok
[INFO] [stdout] test src/macros.rs - FixedI128<Frac>::checked_div_euclid (line 74) ... ok
[INFO] [stdout] test src/macros.rs - FixedI128<Frac>::checked_div_int (line 74) ... ok
[INFO] [stdout] test src/macros.rs - FixedI128<Frac>::checked_div_euclid_int (line 74) ... ok
[INFO] [stdout] test src/macros.rs - FixedI128<Frac>::checked_from_num (line 87) ... ok
[INFO] [stdout] test src/macros.rs - FixedI128<Frac>::checked_mul (line 73) ... ok
[INFO] [stdout] test src/macros.rs - FixedI128<Frac>::checked_floor (line 75) ... ok
[INFO] [stdout] test src/macros.rs - FixedI128<Frac>::checked_mul_int (line 74) ... ok
[INFO] [stdout] test src/macros.rs - FixedI128<Frac>::checked_neg (line 75) ... ok
[INFO] [stdout] test src/macros.rs - FixedI128<Frac>::checked_round (line 74) ... ok
[INFO] [stdout] test src/macros.rs - FixedI128<Frac>::checked_rem (line 74) ... ok
[INFO] [stdout] test src/macros.rs - FixedI128<Frac>::checked_rem_euclid_int (line 74) ... ok
[INFO] [stdout] test src/macros.rs - FixedI128<Frac>::checked_rem_euclid (line 74) ... ok
[INFO] [stdout] test src/macros.rs - FixedI128<Frac>::checked_rem_int (line 74) ... ok
[INFO] [stdout] test src/macros.rs - FixedI128<Frac>::checked_round_ties_to_even (line 74) ... ok
[INFO] [stdout] test src/macros.rs - FixedI128<Frac>::count_ones (line 74) ... ok
[INFO] [stdout] test src/macros.rs - FixedI128<Frac>::count_zeros (line 74) ... ok
[INFO] [stdout] test src/macros.rs - FixedI128<Frac>::checked_shl (line 74) ... ok
[INFO] [stdout] test src/macros.rs - FixedI128<Frac>::checked_shr (line 74) ... ok
[INFO] [stdout] test src/macros.rs - FixedI128<Frac>::checked_sub (line 73) ... ok
[INFO] [stdout] test src/macros.rs - FixedI128<Frac>::checked_to_num (line 88) ... ok
[INFO] [stdout] test src/macros.rs - FixedI128<Frac>::div_euclid (line 83) ... ok
[INFO] [stdout] test src/macros.rs - FixedI128<Frac>::frac_nbits (line 73) ... ok
[INFO] [stdout] test src/macros.rs - FixedI128<Frac>::div_euclid_int (line 83) ... ok
[INFO] [stdout] test src/macros.rs - FixedI128<Frac>::from_ne_bytes (line 74) ... ok
[INFO] [stdout] test src/macros.rs - FixedI128<Frac>::floor (line 82) ... ok
[INFO] [stdout] test src/macros.rs - FixedI128<Frac>::frac (line 79) ... ok
[INFO] [stdout] test src/macros.rs - FixedI128<Frac>::from_be_bytes (line 74) ... ok
[INFO] [stdout] test src/macros.rs - FixedI128<Frac>::from_bits (line 74) ... ok
[INFO] [stdout] test src/macros.rs - FixedI128<Frac>::from_num (line 95) ... ok
[INFO] [stdout] test src/macros.rs - FixedI128<Frac>::from_le_bytes (line 74) ... ok
[INFO] [stdout] test src/macros.rs - FixedI128<Frac>::from_str_binary (line 75) ... ok
[INFO] [stdout] test src/macros.rs - FixedI128<Frac>::from_str_hex (line 75) ... ok
[INFO] [stdout] test src/macros.rs - FixedI128<Frac>::int_nbits (line 73) ... ok
[INFO] [stdout] test src/macros.rs - FixedI128<Frac>::from_str_octal (line 75) ... ok
[INFO] [stdout] test src/macros.rs - FixedI128<Frac>::int (line 78) ... ok
[INFO] [stdout] test src/macros.rs - FixedI128<Frac>::max_value (line 73) ... ok
[INFO] [stdout] test src/macros.rs - FixedI128<Frac>::is_negative (line 73) ... ok
[INFO] [stdout] test src/macros.rs - FixedI128<Frac>::leading_zeros (line 74) ... ok
[INFO] [stdout] test src/macros.rs - FixedI128<Frac>::is_positive (line 73) ... ok
[INFO] [stdout] test src/macros.rs - FixedI128<Frac>::min_value (line 73) ... ok
[INFO] [stdout] test src/macros.rs - FixedI128<Frac>::overflowing_abs (line 79) ... ok
[INFO] [stdout] test src/macros.rs - FixedI128<Frac>::overflowing_div_euclid_int (line 81) ... ok
[INFO] [stdout] test src/macros.rs - FixedI128<Frac>::overflowing_add (line 76) ... ok
[INFO] [stdout] test src/macros.rs - FixedI128<Frac>::overflowing_div_euclid (line 80) ... ok
[INFO] [stdout] test src/macros.rs - FixedI128<Frac>::overflowing_div (line 80) ... ok
[INFO] [stdout] test src/macros.rs - FixedI128<Frac>::overflowing_ceil (line 77) ... ok
[INFO] [stdout] test src/macros.rs - FixedI128<Frac>::overflowing_div_int (line 81) ... ok
[INFO] [stdout] test src/macros.rs - FixedI128<Frac>::overflowing_from_num (line 94) ... ok
[INFO] [stdout] test src/macros.rs - FixedI128<Frac>::overflowing_from_str (line 79) ... ok
[INFO] [stdout] test src/macros.rs - FixedI128<Frac>::overflowing_floor (line 78) ... ok
[INFO] [stdout] test src/macros.rs - FixedI128<Frac>::overflowing_from_str_binary (line 79) ... ok
[INFO] [stdout] test src/macros.rs - FixedI128<Frac>::overflowing_from_str_octal (line 79) ... ok
[INFO] [stdout] test src/macros.rs - FixedI128<Frac>::overflowing_from_str_hex (line 79) ... ok
[INFO] [stdout] test src/macros.rs - FixedI128<Frac>::overflowing_mul_int (line 76) ... ok
[INFO] [stdout] test src/macros.rs - FixedI128<Frac>::overflowing_mul (line 76) ... ok
[INFO] [stdout] test src/macros.rs - FixedI128<Frac>::overflowing_neg (line 78) ... ok
[INFO] [stdout] test src/macros.rs - FixedI128<Frac>::overflowing_rem_euclid_int (line 83) ... ok
[INFO] [stdout] test src/macros.rs - FixedI128<Frac>::overflowing_shl (line 77) ... ok
[INFO] [stdout] test src/macros.rs - FixedI128<Frac>::overflowing_to_num (line 90) ... ok
[INFO] [stdout] test src/macros.rs - FixedI128<Frac>::overflowing_round (line 78) ... ok
[INFO] [stdout] test src/macros.rs - FixedI128<Frac>::rem_euclid_int (line 77) ... ok
[INFO] [stdout] test src/macros.rs - FixedI128<Frac>::overflowing_round_ties_to_even (line 78) ... ok
[INFO] [stdout] test src/macros.rs - FixedI128<Frac>::round_ties_to_even (line 81) ... ok
[INFO] [stdout] test src/macros.rs - FixedI128<Frac>::overflowing_shr (line 77) ... ok
[INFO] [stdout] test src/macros.rs - FixedI128<Frac>::rem_euclid (line 77) ... ok
[INFO] [stdout] test src/macros.rs - FixedI128<Frac>::rotate_right (line 74) ... ok
[INFO] [stdout] test src/macros.rs - FixedI128<Frac>::overflowing_sub (line 76) ... ok
[INFO] [stdout] test src/macros.rs - FixedI128<Frac>::rotate_left (line 74) ... ok
[INFO] [stdout] test src/macros.rs - FixedI128<Frac>::round (line 81) ... ok
[INFO] [stdout] test src/macros.rs - FixedI128<Frac>::round_to_zero (line 73) ... ok
[INFO] [stdout] test src/macros.rs - FixedI128<Frac>::saturating_add (line 73) ... ok
[INFO] [stdout] test src/macros.rs - FixedI128<Frac>::saturating_div_euclid (line 78) ... ok
[INFO] [stdout] test src/macros.rs - FixedI128<Frac>::saturating_div (line 77) ... ok
[INFO] [stdout] test src/macros.rs - FixedI128<Frac>::saturating_abs (line 75) ... ok
[INFO] [stdout] test src/macros.rs - FixedI128<Frac>::saturating_ceil (line 74) ... ok
[INFO] [stdout] test src/macros.rs - FixedI128<Frac>::saturating_from_str (line 76) ... ok
[INFO] [stdout] test src/macros.rs - FixedI128<Frac>::saturating_from_num (line 92) ... ok
[INFO] [stdout] test src/macros.rs - FixedI128<Frac>::saturating_floor (line 75) ... ok
[INFO] [stdout] test src/macros.rs - FixedI128<Frac>::saturating_mul_int (line 73) ... ok
[INFO] [stdout] test src/macros.rs - FixedI128<Frac>::saturating_from_str_binary (line 76) ... ok
[INFO] [stdout] test src/macros.rs - FixedI128<Frac>::saturating_from_str_octal (line 76) ... ok
[INFO] [stdout] test src/macros.rs - FixedI128<Frac>::saturating_mul (line 73) ... ok
[INFO] [stdout] test src/macros.rs - FixedI128<Frac>::saturating_round_ties_to_even (line 74) ... ok
[INFO] [stdout] test src/macros.rs - FixedI128<Frac>::saturating_from_str_hex (line 76) ... ok
[INFO] [stdout] test src/macros.rs - FixedI128<Frac>::saturating_neg (line 75) ... ok
[INFO] [stdout] test src/macros.rs - FixedI128<Frac>::to_be_bytes (line 74) ... ok
[INFO] [stdout] test src/macros.rs - FixedI128<Frac>::saturating_to_num (line 88) ... ok
[INFO] [stdout] test src/macros.rs - FixedI128<Frac>::signum (line 86) ... ok
[INFO] [stdout] test src/macros.rs - FixedI128<Frac>::trailing_zeros (line 74) ... ok
[INFO] [stdout] test src/macros.rs - FixedI128<Frac>::saturating_round (line 74) ... ok
[INFO] [stdout] test src/macros.rs - FixedI128<Frac>::saturating_sub (line 73) ... ok
[INFO] [stdout] test src/macros.rs - FixedI128<Frac>::to_ne_bytes (line 74) ... ok
[INFO] [stdout] test src/macros.rs - FixedI128<Frac>::wrapping_abs (line 75) ... ok
[INFO] [stdout] test src/macros.rs - FixedI128<Frac>::to_le_bytes (line 74) ... ok
[INFO] [stdout] test src/macros.rs - FixedI128<Frac>::to_bits (line 74) ... ok
[INFO] [stdout] test src/macros.rs - FixedI128<Frac>::to_num (line 94) ... ok
[INFO] [stdout] test src/macros.rs - FixedI128<Frac>::wrapping_div (line 77) ... ok
[INFO] [stdout] test src/macros.rs - FixedI128<Frac>::wrapping_ceil (line 74) ... ok
[INFO] [stdout] test src/macros.rs - FixedI128<Frac>::wrapping_add (line 73) ... ok
[INFO] [stdout] test src/macros.rs - FixedI128<Frac>::wrapping_div_euclid_int (line 79) ... ok
[INFO] [stdout] test src/macros.rs - FixedI128<Frac>::wrapping_div_euclid (line 77) ... ok
[INFO] [stdout] test src/macros.rs - FixedI128<Frac>::wrapping_from_str (line 76) ... ok
[INFO] [stdout] test src/macros.rs - FixedI128<Frac>::wrapping_from_str_hex (line 76) ... ok
[INFO] [stdout] test src/macros.rs - FixedI128<Frac>::wrapping_div_int (line 79) ... ok
[INFO] [stdout] test src/macros.rs - FixedI128<Frac>::wrapping_floor (line 75) ... ok
[INFO] [stdout] test src/macros.rs - FixedI128<Frac>::wrapping_from_num (line 91) ... ok
[INFO] [stdout] test src/macros.rs - FixedI128<Frac>::wrapping_from_str_octal (line 76) ... ok
[INFO] [stdout] test src/macros.rs - FixedI128<Frac>::wrapping_from_str_binary (line 76) ... ok
[INFO] [stdout] test src/macros.rs - FixedI128<Frac>::wrapping_round (line 74) ... ok
[INFO] [stdout] test src/macros.rs - FixedI128<Frac>::wrapping_round_ties_to_even (line 74) ... ok
[INFO] [stdout] test src/macros.rs - FixedI128<Frac>::wrapping_mul_int (line 73) ... ok
[INFO] [stdout] test src/macros.rs - FixedI128<Frac>::wrapping_mul (line 73) ... ok
[INFO] [stdout] test src/macros.rs - FixedI128<Frac>::wrapping_neg (line 75) ... ok
[INFO] [stdout] test src/macros.rs - FixedI128<Frac>::wrapping_rem_euclid_int (line 80) ... ok
[INFO] [stdout] test src/macros.rs - FixedI128<Frac>::wrapping_shr (line 74) ... ok
[INFO] [stdout] test src/macros.rs - FixedI128<Frac>::wrapping_shl (line 74) ... ok
[INFO] [stdout] test src/macros.rs - FixedI16<Frac>::FRAC_NBITS (line 73) ... ok
[INFO] [stdout] test src/macros.rs - FixedI128<Frac>::wrapping_to_num (line 88) ... ok
[INFO] [stdout] test src/macros.rs - FixedI16 (line 77) ... ok
[INFO] [stdout] test src/macros.rs - FixedI128<Frac>::wrapping_sub (line 73) ... ok
[INFO] [stdout] test src/macros.rs - FixedI16<Frac>::INT_NBITS (line 73) ... ok
[INFO] [stdout] test src/macros.rs - FixedI16<Frac>::abs (line 73) ... ok
[INFO] [stdout] test src/macros.rs - FixedI16<Frac>::ceil (line 80) ... ok
[INFO] [stdout] test src/macros.rs - FixedI16<Frac>::checked_add (line 73) ... ok
[INFO] [stdout] test src/macros.rs - FixedI16<Frac>::checked_abs (line 75) ... ok
[INFO] [stdout] test src/macros.rs - FixedI16<Frac>::checked_div_euclid_int (line 74) ... ok
[INFO] [stdout] test src/macros.rs - FixedI16<Frac>::checked_floor (line 75) ... ok
[INFO] [stdout] test src/macros.rs - FixedI16<Frac>::checked_ceil (line 74) ... ok
[INFO] [stdout] test src/macros.rs - FixedI16<Frac>::checked_div_int (line 74) ... ok
[INFO] [stdout] test src/macros.rs - FixedI16<Frac>::checked_div (line 74) ... ok
[INFO] [stdout] test src/macros.rs - FixedI16<Frac>::checked_div_euclid (line 74) ... ok
[INFO] [stdout] test src/macros.rs - FixedI16<Frac>::checked_mul (line 73) ... ok
[INFO] [stdout] test src/macros.rs - FixedI16<Frac>::checked_rem (line 74) ... ok
[INFO] [stdout] test src/macros.rs - FixedI16<Frac>::checked_from_num (line 87) ... ok
[INFO] [stdout] test src/macros.rs - FixedI16<Frac>::checked_mul_int (line 74) ... ok
[INFO] [stdout] test src/macros.rs - FixedI16<Frac>::checked_round (line 74) ... ok
[INFO] [stdout] test src/macros.rs - FixedI16<Frac>::checked_rem_euclid_int (line 74) ... ok
[INFO] [stdout] test src/macros.rs - FixedI16<Frac>::checked_rem_int (line 74) ... ok
[INFO] [stdout] test src/macros.rs - FixedI16<Frac>::checked_neg (line 75) ... ok
[INFO] [stdout] test src/macros.rs - FixedI16<Frac>::checked_sub (line 73) ... ok
[INFO] [stdout] test src/macros.rs - FixedI16<Frac>::checked_rem_euclid (line 74) ... ok
[INFO] [stdout] test src/macros.rs - FixedI16<Frac>::checked_round_ties_to_even (line 74) ... ok
[INFO] [stdout] test src/macros.rs - FixedI16<Frac>::count_ones (line 74) ... ok
[INFO] [stdout] test src/macros.rs - FixedI16<Frac>::floor (line 82) ... FAILED
[INFO] [stdout] test src/macros.rs - FixedI16<Frac>::checked_shl (line 74) ... FAILED
[INFO] [stdout] test src/macros.rs - FixedI16<Frac>::count_zeros (line 74) ... FAILED
[INFO] [stdout] test src/macros.rs - FixedI16<Frac>::from_be_bytes (line 74) ... FAILED
[INFO] [stdout] test src/macros.rs - FixedI16<Frac>::checked_shr (line 74) ... FAILED
[INFO] [stdout] test src/macros.rs - FixedI16<Frac>::div_euclid_int (line 83) ... FAILED
[INFO] [stdout] test src/macros.rs - FixedI16<Frac>::frac (line 79) ... FAILED
[INFO] [stdout] test src/macros.rs - FixedI16<Frac>::checked_to_num (line 88) ... FAILED
[INFO] [stdout] test src/macros.rs - FixedI16<Frac>::from_bits (line 74) ... ok
[INFO] [stdout] test src/macros.rs - FixedI16<Frac>::div_euclid (line 83) ... ok
[INFO] [stdout] test src/macros.rs - FixedI16<Frac>::frac_nbits (line 73) ... ok
[INFO] [stdout] test src/macros.rs - FixedI16<Frac>::int_nbits (line 73) ... ok
[INFO] [stdout] test src/macros.rs - FixedI16<Frac>::from_ne_bytes (line 74) ... ok
[INFO] [stdout] test src/macros.rs - FixedI16<Frac>::from_str_octal (line 75) ... ok
[INFO] [stdout] test src/macros.rs - FixedI16<Frac>::int (line 78) ... ok
[INFO] [stdout] test src/macros.rs - FixedI16<Frac>::from_le_bytes (line 74) ... ok
[INFO] [stdout] test src/macros.rs - FixedI16<Frac>::from_num (line 95) ... ok
[INFO] [stdout] test src/macros.rs - FixedI16<Frac>::is_negative (line 73) ... ok
[INFO] [stdout] test src/macros.rs - FixedI16<Frac>::from_str_hex (line 75) ... ok
[INFO] [stdout] test src/macros.rs - FixedI16<Frac>::from_str_binary (line 75) ... ok
[INFO] [stdout] test src/macros.rs - FixedI16<Frac>::max_value (line 73) ... ok
[INFO] [stdout] test src/macros.rs - FixedI16<Frac>::leading_zeros (line 74) ... ok
[INFO] [stdout] test src/macros.rs - FixedI16<Frac>::is_positive (line 73) ... ok
[INFO] [stdout] test src/macros.rs - FixedI16<Frac>::overflowing_abs (line 79) ... ok
[INFO] [stdout] test src/macros.rs - FixedI16<Frac>::min_value (line 73) ... ok
[INFO] [stdout] test src/macros.rs - FixedI16<Frac>::overflowing_div_euclid (line 80) ... ok
[INFO] [stdout] test src/macros.rs - FixedI16<Frac>::overflowing_add (line 76) ... ok
[INFO] [stdout] test src/macros.rs - FixedI16<Frac>::overflowing_ceil (line 77) ... ok
[INFO] [stdout] test src/macros.rs - FixedI16<Frac>::overflowing_floor (line 78) ... ok
[INFO] [stdout] test src/macros.rs - FixedI16<Frac>::overflowing_from_str (line 79) ... ok
[INFO] [stdout] test src/macros.rs - FixedI16<Frac>::overflowing_div (line 80) ... ok
[INFO] [stdout] test src/macros.rs - FixedI16<Frac>::overflowing_from_num (line 94) ... ok
[INFO] [stdout] test src/macros.rs - FixedI16<Frac>::overflowing_div_euclid_int (line 81) ... FAILED
[INFO] [stdout] test src/macros.rs - FixedI16<Frac>::overflowing_div_int (line 81) ... ok
[INFO] [stdout] test src/macros.rs - FixedI16<Frac>::overflowing_neg (line 78) ... FAILED
[INFO] [stdout] test src/macros.rs - FixedI16<Frac>::overflowing_from_str_hex (line 79) ... ok
[INFO] [stdout] test src/macros.rs - FixedI16<Frac>::overflowing_rem_euclid_int (line 83) ... ok
[INFO] [stdout] test src/macros.rs - FixedI16<Frac>::overflowing_from_str_octal (line 79) ... ok
[INFO] [stdout] test src/macros.rs - FixedI16<Frac>::overflowing_mul (line 76) ... ok
[INFO] [stdout] test src/macros.rs - FixedI16<Frac>::overflowing_from_str_binary (line 79) ... ok
[INFO] [stdout] test src/macros.rs - FixedI16<Frac>::overflowing_mul_int (line 76) ... ok
[INFO] [stdout] test src/macros.rs - FixedI16<Frac>::overflowing_round_ties_to_even (line 78) ... ok
[INFO] [stdout] test src/macros.rs - FixedI16<Frac>::overflowing_round (line 78) ... ok
[INFO] [stdout] test src/macros.rs - FixedI16<Frac>::rem_euclid (line 77) ... ok
[INFO] [stdout] test src/macros.rs - FixedI16<Frac>::rotate_right (line 74) ... ok
[INFO] [stdout] test src/macros.rs - FixedI16<Frac>::overflowing_shl (line 77) ... ok
[INFO] [stdout] test src/macros.rs - FixedI16<Frac>::rotate_left (line 74) ... ok
[INFO] [stdout] test src/macros.rs - FixedI16<Frac>::overflowing_shr (line 77) ... ok
[INFO] [stdout] test src/macros.rs - FixedI16<Frac>::overflowing_to_num (line 90) ... ok
[INFO] [stdout] test src/macros.rs - FixedI16<Frac>::overflowing_sub (line 76) ... ok
[INFO] [stdout] test src/macros.rs - FixedI16<Frac>::rem_euclid_int (line 77) ... ok
[INFO] [stdout] test src/macros.rs - FixedI16<Frac>::round (line 81) ... ok
[INFO] [stdout] test src/macros.rs - FixedI16<Frac>::saturating_div (line 77) ... ok
[INFO] [stdout] test src/macros.rs - FixedI16<Frac>::round_ties_to_even (line 81) ... ok
[INFO] [stdout] test src/macros.rs - FixedI16<Frac>::saturating_div_euclid (line 78) ... ok
[INFO] [stdout] test src/macros.rs - FixedI16<Frac>::saturating_abs (line 75) ... ok
[INFO] [stdout] test src/macros.rs - FixedI16<Frac>::round_to_zero (line 73) ... ok
[INFO] [stdout] test src/macros.rs - FixedI16<Frac>::saturating_ceil (line 74) ... ok
[INFO] [stdout] test src/macros.rs - FixedI16<Frac>::saturating_floor (line 75) ... ok
[INFO] [stdout] test src/macros.rs - FixedI16<Frac>::saturating_add (line 73) ... ok
[INFO] [stdout] test src/macros.rs - FixedI16<Frac>::saturating_from_str_binary (line 76) ... ok
[INFO] [stdout] test src/macros.rs - FixedI16<Frac>::saturating_from_num (line 92) ... ok
[INFO] [stdout] test src/macros.rs - FixedI16<Frac>::saturating_from_str (line 76) ... ok
[INFO] [stdout] test src/macros.rs - FixedI16<Frac>::saturating_from_str_hex (line 76) ... ok
[INFO] [stdout] test src/macros.rs - FixedI16<Frac>::saturating_mul (line 73) ... ok
[INFO] [stdout] test src/macros.rs - FixedI16<Frac>::saturating_mul_int (line 73) ... ok
[INFO] [stdout] test src/macros.rs - FixedI16<Frac>::saturating_from_str_octal (line 76) ... ok
[INFO] [stdout] test src/macros.rs - FixedI16<Frac>::saturating_round_ties_to_even (line 74) ... ok
[INFO] [stdout] test src/macros.rs - FixedI16<Frac>::saturating_neg (line 75) ... ok
[INFO] [stdout] test src/macros.rs - FixedI16<Frac>::saturating_round (line 74) ... ok
[INFO] [stdout] test src/macros.rs - FixedI16<Frac>::saturating_sub (line 73) ... ok
[INFO] [stdout] test src/macros.rs - FixedI16<Frac>::saturating_to_num (line 88) ... ok
[INFO] [stdout] test src/macros.rs - FixedI16<Frac>::signum (line 86) ... ok
[INFO] [stdout] test src/macros.rs - FixedI16<Frac>::to_be_bytes (line 74) ... ok
[INFO] [stdout] test src/macros.rs - FixedI16<Frac>::to_ne_bytes (line 74) ... ok
[INFO] [stdout] test src/macros.rs - FixedI16<Frac>::to_bits (line 74) ... ok
[INFO] [stdout] test src/macros.rs - FixedI16<Frac>::to_le_bytes (line 74) ... ok
[INFO] [stdout] test src/macros.rs - FixedI16<Frac>::trailing_zeros (line 74) ... ok
[INFO] [stdout] test src/macros.rs - FixedI16<Frac>::to_num (line 94) ... ok
[INFO] [stdout] test src/macros.rs - FixedI16<Frac>::wrapping_abs (line 75) ... ok
[INFO] [stdout] test src/macros.rs - FixedI16<Frac>::wrapping_div (line 77) ... ok
[INFO] [stdout] test src/macros.rs - FixedI16<Frac>::wrapping_floor (line 75) ... ok
[INFO] [stdout] test src/macros.rs - FixedI16<Frac>::wrapping_div_euclid (line 77) ... ok
[INFO] [stdout] test src/macros.rs - FixedI16<Frac>::wrapping_div_int (line 79) ... ok
[INFO] [stdout] test src/macros.rs - FixedI16<Frac>::wrapping_add (line 73) ... ok
[INFO] [stdout] test src/macros.rs - FixedI16<Frac>::wrapping_ceil (line 74) ... ok
[INFO] [stdout] test src/macros.rs - FixedI16<Frac>::wrapping_div_euclid_int (line 79) ... ok
[INFO] [stdout] test src/macros.rs - FixedI16<Frac>::wrapping_from_str (line 76) ... ok
[INFO] [stdout] test src/macros.rs - FixedI16<Frac>::wrapping_from_str_octal (line 76) ... ok
[INFO] [stdout] test src/macros.rs - FixedI16<Frac>::wrapping_from_num (line 91) ... ok
[INFO] [stdout] test src/macros.rs - FixedI16<Frac>::wrapping_mul_int (line 73) ... ok
[INFO] [stdout] test src/macros.rs - FixedI16<Frac>::wrapping_from_str_hex (line 76) ... ok
[INFO] [stdout] test src/macros.rs - FixedI16<Frac>::wrapping_from_str_binary (line 76) ... ok
[INFO] [stdout] test src/macros.rs - FixedI16<Frac>::wrapping_mul (line 73) ... ok
[INFO] [stdout] test src/macros.rs - FixedI16<Frac>::wrapping_neg (line 75) ... ok
[INFO] [stdout] test src/macros.rs - FixedI16<Frac>::wrapping_round_ties_to_even (line 74) ... ok
[INFO] [stdout] test src/macros.rs - FixedI16<Frac>::wrapping_round (line 74) ... ok
[INFO] [stdout] test src/macros.rs - FixedI16<Frac>::wrapping_rem_euclid_int (line 80) ... ok
[INFO] [stdout] test src/macros.rs - FixedI16<Frac>::wrapping_shr (line 74) ... ok
[INFO] [stdout] test src/macros.rs - FixedI16<Frac>::wrapping_sub (line 73) ... ok
[INFO] [stdout] test src/macros.rs - FixedI32<Frac>::FRAC_NBITS (line 73) ... ok
[INFO] [stdout] test src/macros.rs - FixedI16<Frac>::wrapping_shl (line 74) ... ok
[INFO] [stdout] test src/macros.rs - FixedI16<Frac>::wrapping_to_num (line 88) ... ok
[INFO] [stdout] test src/macros.rs - FixedI32 (line 77) ... ok
[INFO] [stdout] test src/macros.rs - FixedI32<Frac>::abs (line 73) ... ok
[INFO] [stdout] test src/macros.rs - FixedI32<Frac>::INT_NBITS (line 73) ... ok
[INFO] [stdout] test src/macros.rs - FixedI32<Frac>::ceil (line 80) ... ok
[INFO] [stdout] test src/macros.rs - FixedI32<Frac>::checked_ceil (line 74) ... ok
[INFO] [stdout] test src/macros.rs - FixedI32<Frac>::checked_abs (line 75) ... ok
[INFO] [stdout] test src/macros.rs - FixedI32<Frac>::checked_add (line 73) ... ok
[INFO] [stdout] test src/macros.rs - FixedI32<Frac>::checked_div_euclid (line 74) ... ok
[INFO] [stdout] test src/macros.rs - FixedI32<Frac>::checked_div (line 74) ... ok
[INFO] [stdout] test src/macros.rs - FixedI32<Frac>::checked_div_int (line 74) ... ok
[INFO] [stdout] test src/macros.rs - FixedI32<Frac>::checked_div_euclid_int (line 74) ... ok
[INFO] [stdout] test src/macros.rs - FixedI32<Frac>::checked_floor (line 75) ... ok
[INFO] [stdout] test src/macros.rs - FixedI32<Frac>::checked_from_num (line 87) ... ok
[INFO] [stdout] test src/macros.rs - FixedI32<Frac>::checked_mul_int (line 74) ... ok
[INFO] [stdout] test src/macros.rs - FixedI32<Frac>::checked_rem (line 74) ... ok
[INFO] [stdout] test src/macros.rs - FixedI32<Frac>::checked_rem_euclid (line 74) ... ok
[INFO] [stdout] test src/macros.rs - FixedI32<Frac>::checked_rem_euclid_int (line 74) ... ok
[INFO] [stdout] test src/macros.rs - FixedI32<Frac>::checked_mul (line 73) ... ok
[INFO] [stdout] test src/macros.rs - FixedI32<Frac>::checked_rem_int (line 74) ... ok
[INFO] [stdout] test src/macros.rs - FixedI32<Frac>::checked_round (line 74) ... ok
[INFO] [stdout] test src/macros.rs - FixedI32<Frac>::checked_neg (line 75) ... ok
[INFO] [stdout] test src/macros.rs - FixedI32<Frac>::checked_round_ties_to_even (line 74) ... ok
[INFO] [stdout] test src/macros.rs - FixedI32<Frac>::checked_shl (line 74) ... ok
[INFO] [stdout] test src/macros.rs - FixedI32<Frac>::count_ones (line 74) ... ok
[INFO] [stdout] test src/macros.rs - FixedI32<Frac>::count_zeros (line 74) ... ok
[INFO] [stdout] test src/macros.rs - FixedI32<Frac>::checked_shr (line 74) ... ok
[INFO] [stdout] test src/macros.rs - FixedI32<Frac>::checked_to_num (line 88) ... ok
[INFO] [stdout] test src/macros.rs - FixedI32<Frac>::div_euclid (line 83) ... ok
[INFO] [stdout] test src/macros.rs - FixedI32<Frac>::checked_sub (line 73) ... ok
[INFO] [stdout] test src/macros.rs - FixedI32<Frac>::frac_nbits (line 73) ... ok
[INFO] [stdout] test src/macros.rs - FixedI32<Frac>::div_euclid_int (line 83) ... ok
[INFO] [stdout] test src/macros.rs - FixedI32<Frac>::floor (line 82) ... ok
[INFO] [stdout] test src/macros.rs - FixedI32<Frac>::frac (line 79) ... ok
[INFO] [stdout] test src/macros.rs - FixedI32<Frac>::from_be_bytes (line 74) ... ok
[INFO] [stdout] test src/macros.rs - FixedI32<Frac>::from_ne_bytes (line 74) ... ok
[INFO] [stdout] test src/macros.rs - FixedI32<Frac>::from_le_bytes (line 74) ... ok
[INFO] [stdout] test src/macros.rs - FixedI32<Frac>::from_bits (line 74) ... ok
[INFO] [stdout] test src/macros.rs - FixedI32<Frac>::from_str_octal (line 75) ... ok
[INFO] [stdout] test src/macros.rs - FixedI32<Frac>::from_str_binary (line 75) ... ok
[INFO] [stdout] test src/macros.rs - FixedI32<Frac>::is_positive (line 73) ... ok
[INFO] [stdout] test src/macros.rs - FixedI32<Frac>::from_str_hex (line 75) ... ok
[INFO] [stdout] test src/macros.rs - FixedI32<Frac>::is_negative (line 73) ... ok
[INFO] [stdout] test src/macros.rs - FixedI32<Frac>::int_nbits (line 73) ... ok
[INFO] [stdout] test src/macros.rs - FixedI32<Frac>::from_num (line 95) ... ok
[INFO] [stdout] test src/macros.rs - FixedI32<Frac>::int (line 78) ... ok
[INFO] [stdout] test src/macros.rs - FixedI32<Frac>::leading_zeros (line 74) ... ok
[INFO] [stdout] test src/macros.rs - FixedI32<Frac>::max_value (line 73) ... ok
[INFO] [stdout] test src/macros.rs - FixedI32<Frac>::min_value (line 73) ... ok
[INFO] [stdout] test src/macros.rs - FixedI32<Frac>::overflowing_ceil (line 77) ... ok
[INFO] [stdout] test src/macros.rs - FixedI32<Frac>::overflowing_div_int (line 81) ... ok
[INFO] [stdout] test src/macros.rs - FixedI32<Frac>::overflowing_abs (line 79) ... ok
[INFO] [stdout] test src/macros.rs - FixedI32<Frac>::overflowing_add (line 76) ... ok
[INFO] [stdout] test src/macros.rs - FixedI32<Frac>::overflowing_from_str (line 79) ... ok
[INFO] [stdout] test src/macros.rs - FixedI32<Frac>::overflowing_div_euclid_int (line 81) ... ok
[INFO] [stdout] test src/macros.rs - FixedI32<Frac>::overflowing_div (line 80) ... ok
[INFO] [stdout] test src/macros.rs - FixedI32<Frac>::overflowing_from_str_binary (line 79) ... ok
[INFO] [stdout] test src/macros.rs - FixedI32<Frac>::overflowing_floor (line 78) ... ok
[INFO] [stdout] test src/macros.rs - FixedI32<Frac>::overflowing_div_euclid (line 80) ... ok
[INFO] [stdout] test src/macros.rs - FixedI32<Frac>::overflowing_from_str_hex (line 79) ... ok
[INFO] [stdout] test src/macros.rs - FixedI32<Frac>::overflowing_from_num (line 94) ... ok
[INFO] [stdout] test src/macros.rs - FixedI32<Frac>::overflowing_from_str_octal (line 79) ... ok
[INFO] [stdout] test src/macros.rs - FixedI32<Frac>::overflowing_round (line 78) ... ok
[INFO] [stdout] test src/macros.rs - FixedI32<Frac>::overflowing_shl (line 77) ... ok
[INFO] [stdout] test src/macros.rs - FixedI32<Frac>::overflowing_neg (line 78) ... ok
[INFO] [stdout] test src/macros.rs - FixedI32<Frac>::overflowing_mul (line 76) ... ok
[INFO] [stdout] test src/macros.rs - FixedI32<Frac>::overflowing_round_ties_to_even (line 78) ... ok
[INFO] [stdout] test src/macros.rs - FixedI32<Frac>::overflowing_mul_int (line 76) ... ok
[INFO] [stdout] test src/macros.rs - FixedI32<Frac>::overflowing_to_num (line 90) ... ok
[INFO] [stdout] test src/macros.rs - FixedI32<Frac>::overflowing_rem_euclid_int (line 83) ... ok
[INFO] [stdout] test src/macros.rs - FixedI32<Frac>::rotate_left (line 74) ... ok
[INFO] [stdout] test src/macros.rs - FixedI32<Frac>::rem_euclid (line 77) ... ok
[INFO] [stdout] test src/macros.rs - FixedI32<Frac>::overflowing_shr (line 77) ... ok
[INFO] [stdout] test src/macros.rs - FixedI32<Frac>::rem_euclid_int (line 77) ... ok
[INFO] [stdout] test src/macros.rs - FixedI32<Frac>::overflowing_sub (line 76) ... ok
[INFO] [stdout] test src/macros.rs - FixedI32<Frac>::rotate_right (line 74) ... ok
[INFO] [stdout] test src/macros.rs - FixedI32<Frac>::saturating_add (line 73) ... ok
[INFO] [stdout] test src/macros.rs - FixedI32<Frac>::round_ties_to_even (line 81) ... ok
[INFO] [stdout] test src/macros.rs - FixedI32<Frac>::round (line 81) ... ok
[INFO] [stdout] test src/macros.rs - FixedI32<Frac>::saturating_abs (line 75) ... ok
[INFO] [stdout] test src/macros.rs - FixedI32<Frac>::saturating_ceil (line 74) ... ok
[INFO] [stdout] test src/macros.rs - FixedI32<Frac>::round_to_zero (line 73) ... ok
[INFO] [stdout] test src/macros.rs - FixedI32<Frac>::saturating_div_euclid (line 78) ... ok
[INFO] [stdout] test src/macros.rs - FixedI32<Frac>::saturating_from_str_octal (line 76) ... ok
[INFO] [stdout] test src/macros.rs - FixedI32<Frac>::saturating_from_str_binary (line 76) ... ok
[INFO] [stdout] test src/macros.rs - FixedI32<Frac>::saturating_from_str (line 76) ... ok
[INFO] [stdout] test src/macros.rs - FixedI32<Frac>::saturating_div (line 77) ... ok
[INFO] [stdout] test src/macros.rs - FixedI32<Frac>::saturating_from_str_hex (line 76) ... ok
[INFO] [stdout] test src/macros.rs - FixedI32<Frac>::saturating_floor (line 75) ... ok
[INFO] [stdout] test src/macros.rs - FixedI32<Frac>::saturating_from_num (line 92) ... ok
[INFO] [stdout] test src/macros.rs - FixedI32<Frac>::saturating_neg (line 75) ... ok
[INFO] [stdout] test src/macros.rs - FixedI32<Frac>::saturating_sub (line 73) ... ok
[INFO] [stdout] test src/macros.rs - FixedI32<Frac>::saturating_mul_int (line 73) ... ok
[INFO] [stdout] test src/macros.rs - FixedI32<Frac>::saturating_mul (line 73) ... ok
[INFO] [stdout] test src/macros.rs - FixedI32<Frac>::saturating_round (line 74) ... ok
[INFO] [stdout] test src/macros.rs - FixedI32<Frac>::saturating_round_ties_to_even (line 74) ... ok
[INFO] [stdout] test src/macros.rs - FixedI32<Frac>::saturating_to_num (line 88) ... ok
[INFO] [stdout] test src/macros.rs - FixedI32<Frac>::to_le_bytes (line 74) ... ok
[INFO] [stdout] test src/macros.rs - FixedI32<Frac>::to_num (line 94) ... ok
[INFO] [stdout] test src/macros.rs - FixedI32<Frac>::signum (line 86) ... ok
[INFO] [stdout] test src/macros.rs - FixedI32<Frac>::to_bits (line 74) ... ok
[INFO] [stdout] test src/macros.rs - FixedI32<Frac>::to_be_bytes (line 74) ... ok
[INFO] [stdout] test src/macros.rs - FixedI32<Frac>::trailing_zeros (line 74) ... ok
[INFO] [stdout] test src/macros.rs - FixedI32<Frac>::to_ne_bytes (line 74) ... ok
[INFO] [stdout] test src/macros.rs - FixedI32<Frac>::wrapping_div (line 77) ... ok
[INFO] [stdout] test src/macros.rs - FixedI32<Frac>::wrapping_add (line 73) ... ok
[INFO] [stdout] test src/macros.rs - FixedI32<Frac>::wrapping_abs (line 75) ... ok
[INFO] [stdout] test src/macros.rs - FixedI32<Frac>::wrapping_div_euclid (line 77) ... ok
[INFO] [stdout] test src/macros.rs - FixedI32<Frac>::wrapping_div_euclid_int (line 79) ... ok
[INFO] [stdout] test src/macros.rs - FixedI32<Frac>::wrapping_ceil (line 74) ... ok
[INFO] [stdout] test src/macros.rs - FixedI32<Frac>::wrapping_from_str_hex (line 76) ... ok
[INFO] [stdout] test src/macros.rs - FixedI32<Frac>::wrapping_from_str (line 76) ... ok
[INFO] [stdout] test src/macros.rs - FixedI32<Frac>::wrapping_div_int (line 79) ... ok
[INFO] [stdout] test src/macros.rs - FixedI32<Frac>::wrapping_from_num (line 91) ... ok
[INFO] [stdout] test src/macros.rs - FixedI32<Frac>::wrapping_floor (line 75) ... ok
[INFO] [stdout] test src/macros.rs - FixedI32<Frac>::wrapping_mul_int (line 73) ... ok
[INFO] [stdout] test src/macros.rs - FixedI32<Frac>::wrapping_from_str_binary (line 76) ... ok
[INFO] [stdout] test src/macros.rs - FixedI32<Frac>::wrapping_from_str_octal (line 76) ... ok
[INFO] [stdout] test src/macros.rs - FixedI32<Frac>::wrapping_rem_euclid_int (line 80) ... ok
[INFO] [stdout] test src/macros.rs - FixedI32<Frac>::wrapping_neg (line 75) ... ok
[INFO] [stdout] test src/macros.rs - FixedI32<Frac>::wrapping_to_num (line 88) ... ok
[INFO] [stdout] test src/macros.rs - FixedI32<Frac>::wrapping_mul (line 73) ... ok
[INFO] [stdout] test src/macros.rs - FixedI32<Frac>::wrapping_sub (line 73) ... ok
[INFO] [stdout] test src/macros.rs - FixedI32<Frac>::wrapping_round (line 74) ... ok
[INFO] [stdout] test src/macros.rs - FixedI32<Frac>::wrapping_round_ties_to_even (line 74) ... ok
[INFO] [stdout] test src/macros.rs - FixedI64<Frac>::INT_NBITS (line 73) ... ok
[INFO] [stdout] test src/macros.rs - FixedI64<Frac>::FRAC_NBITS (line 73) ... ok
[INFO] [stdout] test src/macros.rs - FixedI32<Frac>::wrapping_shl (line 74) ... ok
[INFO] [stdout] test src/macros.rs - FixedI32<Frac>::wrapping_shr (line 74) ... ok
[INFO] [stdout] test src/macros.rs - FixedI64 (line 77) ... ok
[INFO] [stdout] test src/macros.rs - FixedI64<Frac>::checked_abs (line 75) ... ok
[INFO] [stdout] test src/macros.rs - FixedI64<Frac>::abs (line 73) ... ok
[INFO] [stdout] test src/macros.rs - FixedI64<Frac>::checked_ceil (line 74) ... ok
[INFO] [stdout] test src/macros.rs - FixedI64<Frac>::checked_div_euclid (line 74) ... ok
[INFO] [stdout] test src/macros.rs - FixedI64<Frac>::ceil (line 80) ... ok
[INFO] [stdout] test src/macros.rs - FixedI64<Frac>::checked_div_int (line 74) ... ok
[INFO] [stdout] test src/macros.rs - FixedI64<Frac>::checked_add (line 73) ... ok
[INFO] [stdout] test src/macros.rs - FixedI64<Frac>::checked_div (line 74) ... ok
[INFO] [stdout] test src/macros.rs - FixedI64<Frac>::checked_div_euclid_int (line 74) ... ok
[INFO] [stdout] test src/macros.rs - FixedI64<Frac>::checked_neg (line 75) ... ok
[INFO] [stdout] test src/macros.rs - FixedI64<Frac>::checked_rem (line 74) ... ok
[INFO] [stdout] test src/macros.rs - FixedI64<Frac>::checked_floor (line 75) ... ok
[INFO] [stdout] test src/macros.rs - FixedI64<Frac>::checked_mul (line 73) ... ok
[INFO] [stdout] test src/macros.rs - FixedI64<Frac>::checked_mul_int (line 74) ... ok
[INFO] [stdout] test src/macros.rs - FixedI64<Frac>::checked_from_num (line 87) ... ok
[INFO] [stdout] test src/macros.rs - FixedI64<Frac>::checked_rem_euclid (line 74) ... ok
[INFO] [stdout] test src/macros.rs - FixedI64<Frac>::checked_round_ties_to_even (line 74) ... ok
[INFO] [stdout] test src/macros.rs - FixedI64<Frac>::checked_shr (line 74) ... ok
[INFO] [stdout] test src/macros.rs - FixedI64<Frac>::checked_round (line 74) ... ok
[INFO] [stdout] test src/macros.rs - FixedI64<Frac>::checked_rem_euclid_int (line 74) ... ok
[INFO] [stdout] test src/macros.rs - FixedI64<Frac>::checked_rem_int (line 74) ... ok
[INFO] [stdout] test src/macros.rs - FixedI64<Frac>::count_zeros (line 74) ... ok
[INFO] [stdout] test src/macros.rs - FixedI64<Frac>::checked_shl (line 74) ... ok
[INFO] [stdout] test src/macros.rs - FixedI64<Frac>::checked_sub (line 73) ... ok
[INFO] [stdout] test src/macros.rs - FixedI64<Frac>::checked_to_num (line 88) ... ok
[INFO] [stdout] test src/macros.rs - FixedI64<Frac>::count_ones (line 74) ... ok
[INFO] [stdout] test src/macros.rs - FixedI64<Frac>::frac (line 79) ... ok
[INFO] [stdout] test src/macros.rs - FixedI64<Frac>::div_euclid (line 83) ... ok
[INFO] [stdout] test src/macros.rs - FixedI64<Frac>::from_be_bytes (line 74) ... ok
[INFO] [stdout] test src/macros.rs - FixedI64<Frac>::frac_nbits (line 73) ... ok
[INFO] [stdout] test src/macros.rs - FixedI64<Frac>::from_bits (line 74) ... ok
[INFO] [stdout] test src/macros.rs - FixedI64<Frac>::floor (line 82) ... ok
[INFO] [stdout] test src/macros.rs - FixedI64<Frac>::from_str_hex (line 75) ... ok
[INFO] [stdout] test src/macros.rs - FixedI64<Frac>::from_str_binary (line 75) ... ok
[INFO] [stdout] test src/macros.rs - FixedI64<Frac>::from_le_bytes (line 74) ... ok
[INFO] [stdout] test src/macros.rs - FixedI64<Frac>::div_euclid_int (line 83) ... ok
[INFO] [stdout] test src/macros.rs - FixedI64<Frac>::from_ne_bytes (line 74) ... ok
[INFO] [stdout] test src/macros.rs - FixedI64<Frac>::int (line 78) ... ok
[INFO] [stdout] test src/macros.rs - FixedI64<Frac>::from_str_octal (line 75) ... ok
[INFO] [stdout] test src/macros.rs - FixedI64<Frac>::int_nbits (line 73) ... ok
[INFO] [stdout] test src/macros.rs - FixedI64<Frac>::is_negative (line 73) ... ok
[INFO] [stdout] test src/macros.rs - FixedI64<Frac>::from_num (line 95) ... ok
[INFO] [stdout] test src/macros.rs - FixedI64<Frac>::overflowing_abs (line 79) ... ok
[INFO] [stdout] test src/macros.rs - FixedI64<Frac>::leading_zeros (line 74) ... ok
[INFO] [stdout] test src/macros.rs - FixedI64<Frac>::is_positive (line 73) ... ok
[INFO] [stdout] test src/macros.rs - FixedI64<Frac>::min_value (line 73) ... ok
[INFO] [stdout] test src/macros.rs - FixedI64<Frac>::overflowing_ceil (line 77) ... ok
[INFO] [stdout] test src/macros.rs - FixedI64<Frac>::max_value (line 73) ... ok
[INFO] [stdout] test src/macros.rs - FixedI64<Frac>::overflowing_add (line 76) ... ok
[INFO] [stdout] test src/macros.rs - FixedI64<Frac>::overflowing_div_euclid (line 80) ... ok
[INFO] [stdout] test src/macros.rs - FixedI64<Frac>::overflowing_floor (line 78) ... ok
[INFO] [stdout] test src/macros.rs - FixedI64<Frac>::overflowing_from_num (line 94) ... ok
[INFO] [stdout] test src/macros.rs - FixedI64<Frac>::overflowing_from_str (line 79) ... ok
[INFO] [stdout] test src/macros.rs - FixedI64<Frac>::overflowing_div (line 80) ... ok
[INFO] [stdout] test src/macros.rs - FixedI64<Frac>::overflowing_div_int (line 81) ... ok
[INFO] [stdout] test src/macros.rs - FixedI64<Frac>::overflowing_div_euclid_int (line 81) ... ok
[INFO] [stdout] test src/macros.rs - FixedI64<Frac>::overflowing_from_str_octal (line 79) ... ok
[INFO] [stdout] test src/macros.rs - FixedI64<Frac>::overflowing_from_str_hex (line 79) ... ok
[INFO] [stdout] test src/macros.rs - FixedI64<Frac>::overflowing_mul (line 76) ... ok
[INFO] [stdout] test src/macros.rs - FixedI64<Frac>::overflowing_from_str_binary (line 79) ... ok
[INFO] [stdout] test src/macros.rs - FixedI64<Frac>::overflowing_rem_euclid_int (line 83) ... ok
[INFO] [stdout] test src/macros.rs - FixedI64<Frac>::overflowing_sub (line 76) ... ok
[INFO] [stdout] test src/macros.rs - FixedI64<Frac>::overflowing_round (line 78) ... ok
[INFO] [stdout] test src/macros.rs - FixedI64<Frac>::overflowing_neg (line 78) ... ok
[INFO] [stdout] test src/macros.rs - FixedI64<Frac>::overflowing_round_ties_to_even (line 78) ... ok
[INFO] [stdout] test src/macros.rs - FixedI64<Frac>::overflowing_mul_int (line 76) ... ok
[INFO] [stdout] test src/macros.rs - FixedI64<Frac>::overflowing_to_num (line 90) ... ok
[INFO] [stdout] test src/macros.rs - FixedI64<Frac>::overflowing_shl (line 77) ... ok
[INFO] [stdout] test src/macros.rs - FixedI64<Frac>::overflowing_shr (line 77) ... ok
[INFO] [stdout] test src/macros.rs - FixedI64<Frac>::round_ties_to_even (line 81) ... ok
[INFO] [stdout] test src/macros.rs - FixedI64<Frac>::rotate_left (line 74) ... ok
[INFO] [stdout] test src/macros.rs - FixedI64<Frac>::rem_euclid (line 77) ... ok
[INFO] [stdout] test src/macros.rs - FixedI64<Frac>::round (line 81) ... ok
[INFO] [stdout] test src/macros.rs - FixedI64<Frac>::rotate_right (line 74) ... ok
[INFO] [stdout] test src/macros.rs - FixedI64<Frac>::saturating_add (line 73) ... ok
[INFO] [stdout] test src/macros.rs - FixedI64<Frac>::rem_euclid_int (line 77) ... ok
[INFO] [stdout] test src/macros.rs - FixedI64<Frac>::round_to_zero (line 73) ... ok
[INFO] [stdout] test src/macros.rs - FixedI64<Frac>::saturating_div (line 77) ... ok
[INFO] [stdout] test src/macros.rs - FixedI64<Frac>::saturating_ceil (line 74) ... ok
[INFO] [stdout] test src/macros.rs - FixedI64<Frac>::saturating_div_euclid (line 78) ... ok
[INFO] [stdout] test src/macros.rs - FixedI64<Frac>::saturating_abs (line 75) ... ok
[INFO] [stdout] test src/macros.rs - FixedI64<Frac>::saturating_from_num (line 92) ... ok
[INFO] [stdout] test src/macros.rs - FixedI64<Frac>::saturating_from_str (line 76) ... ok
[INFO] [stdout] test src/macros.rs - FixedI64<Frac>::saturating_from_str_octal (line 76) ... ok
[INFO] [stdout] test src/macros.rs - FixedI64<Frac>::saturating_floor (line 75) ... ok
[INFO] [stdout] test src/macros.rs - FixedI64<Frac>::saturating_from_str_hex (line 76) ... ok
[INFO] [stdout] test src/macros.rs - FixedI64<Frac>::saturating_from_str_binary (line 76) ... ok
[INFO] [stdout] test src/macros.rs - FixedI64<Frac>::saturating_mul (line 73) ... ok
[INFO] [stdout] test src/macros.rs - FixedI64<Frac>::saturating_sub (line 73) ... ok
[INFO] [stdout] test src/macros.rs - FixedI64<Frac>::saturating_mul_int (line 73) ... ok
[INFO] [stdout] test src/macros.rs - FixedI64<Frac>::saturating_round_ties_to_even (line 74) ... ok
[INFO] [stdout] test src/macros.rs - FixedI64<Frac>::saturating_neg (line 75) ... ok
[INFO] [stdout] test src/macros.rs - FixedI64<Frac>::signum (line 86) ... ok
[INFO] [stdout] test src/macros.rs - FixedI64<Frac>::saturating_round (line 74) ... ok
[INFO] [stdout] test src/macros.rs - FixedI64<Frac>::saturating_to_num (line 88) ... ok
[INFO] [stdout] test src/macros.rs - FixedI64<Frac>::to_bits (line 74) ... ok
[INFO] [stdout] test src/macros.rs - FixedI64<Frac>::trailing_zeros (line 74) ... ok
[INFO] [stdout] test src/macros.rs - FixedI64<Frac>::to_be_bytes (line 74) ... ok
[INFO] [stdout] test src/macros.rs - FixedI64<Frac>::to_le_bytes (line 74) ... ok
[INFO] [stdout] test src/macros.rs - FixedI64<Frac>::to_ne_bytes (line 74) ... ok
[INFO] [stdout] test src/macros.rs - FixedI64<Frac>::wrapping_add (line 73) ... ok
[INFO] [stdout] test src/macros.rs - FixedI64<Frac>::wrapping_ceil (line 74) ... ok
[INFO] [stdout] test src/macros.rs - FixedI64<Frac>::to_num (line 94) ... ok
[INFO] [stdout] test src/macros.rs - FixedI64<Frac>::wrapping_abs (line 75) ... ok
[INFO] [stdout] test src/macros.rs - FixedI64<Frac>::wrapping_div_euclid (line 77) ... ok
[INFO] [stdout] test src/macros.rs - FixedI64<Frac>::wrapping_div_int (line 79) ... ok
[INFO] [stdout] test src/macros.rs - FixedI64<Frac>::wrapping_from_str_binary (line 76) ... ok
[INFO] [stdout] test src/macros.rs - FixedI64<Frac>::wrapping_floor (line 75) ... ok
[INFO] [stdout] test src/macros.rs - FixedI64<Frac>::wrapping_div (line 77) ... ok
[INFO] [stdout] test src/macros.rs - FixedI64<Frac>::wrapping_from_num (line 91) ... ok
[INFO] [stdout] test src/macros.rs - FixedI64<Frac>::wrapping_from_str_hex (line 76) ... ok
[INFO] [stdout] test src/macros.rs - FixedI64<Frac>::wrapping_div_euclid_int (line 79) ... ok
[INFO] [stdout] test src/macros.rs - FixedI64<Frac>::wrapping_from_str_octal (line 76) ... ok
[INFO] [stdout] test src/macros.rs - FixedI64<Frac>::wrapping_from_str (line 76) ... ok
[INFO] [stdout] test src/macros.rs - FixedI64<Frac>::wrapping_mul (line 73) ... ok
[INFO] [stdout] test src/macros.rs - FixedI64<Frac>::wrapping_round (line 74) ... ok
[INFO] [stdout] test src/macros.rs - FixedI64<Frac>::wrapping_mul_int (line 73) ... ok
[INFO] [stdout] test src/macros.rs - FixedI64<Frac>::wrapping_shr (line 74) ... ok
[INFO] [stdout] test src/macros.rs - FixedI64<Frac>::wrapping_neg (line 75) ... ok
[INFO] [stdout] test src/macros.rs - FixedI64<Frac>::wrapping_round_ties_to_even (line 74) ... ok
[INFO] [stdout] test src/macros.rs - FixedI8 (line 77) ... ok
[INFO] [stdout] test src/macros.rs - FixedI64<Frac>::wrapping_rem_euclid_int (line 80) ... ok
[INFO] [stdout] test src/macros.rs - FixedI64<Frac>::wrapping_sub (line 73) ... ok
[INFO] [stdout] test src/macros.rs - FixedI64<Frac>::wrapping_shl (line 74) ... ok
[INFO] [stdout] test src/macros.rs - FixedI8<Frac>::ceil (line 80) ... ok
[INFO] [stdout] test src/macros.rs - FixedI8<Frac>::FRAC_NBITS (line 73) ... ok
[INFO] [stdout] test src/macros.rs - FixedI64<Frac>::wrapping_to_num (line 88) ... ok
[INFO] [stdout] test src/macros.rs - FixedI8<Frac>::abs (line 73) ... ok
[INFO] [stdout] test src/macros.rs - FixedI8<Frac>::INT_NBITS (line 73) ... ok
[INFO] [stdout] test src/macros.rs - FixedI8<Frac>::checked_abs (line 75) ... ok
[INFO] [stdout] test src/macros.rs - FixedI8<Frac>::checked_add (line 73) ... ok
[INFO] [stdout] test src/macros.rs - FixedI8<Frac>::checked_div_euclid_int (line 74) ... ok
[INFO] [stdout] test src/macros.rs - FixedI8<Frac>::checked_div_euclid (line 74) ... ok
[INFO] [stdout] test src/macros.rs - FixedI8<Frac>::checked_div (line 74) ... ok
[INFO] [stdout] test src/macros.rs - FixedI8<Frac>::checked_ceil (line 74) ... ok
[INFO] [stdout] test src/macros.rs - FixedI8<Frac>::checked_floor (line 75) ... ok
[INFO] [stdout] test src/macros.rs - FixedI8<Frac>::checked_from_num (line 87) ... ok
[INFO] [stdout] test src/macros.rs - FixedI8<Frac>::checked_div_int (line 74) ... ok
[INFO] [stdout] test src/macros.rs - FixedI8<Frac>::checked_mul (line 73) ... ok
[INFO] [stdout] test src/macros.rs - FixedI8<Frac>::checked_mul_int (line 74) ... ok
[INFO] [stdout] test src/macros.rs - FixedI8<Frac>::checked_neg (line 75) ... ok
[INFO] [stdout] test src/macros.rs - FixedI8<Frac>::checked_rem_euclid_int (line 74) ... ok
[INFO] [stdout] test src/macros.rs - FixedI8<Frac>::checked_rem_int (line 74) ... ok
[INFO] [stdout] test src/macros.rs - FixedI8<Frac>::checked_rem_euclid (line 74) ... ok
[INFO] [stdout] test src/macros.rs - FixedI8<Frac>::checked_rem (line 74) ... ok
[INFO] [stdout] test src/macros.rs - FixedI8<Frac>::checked_shr (line 74) ... ok
[INFO] [stdout] test src/macros.rs - FixedI8<Frac>::checked_round_ties_to_even (line 74) ... ok
[INFO] [stdout] test src/macros.rs - FixedI8<Frac>::checked_round (line 74) ... ok
[INFO] [stdout] test src/macros.rs - FixedI8<Frac>::count_ones (line 74) ... ok
[INFO] [stdout] test src/macros.rs - FixedI8<Frac>::checked_sub (line 73) ... ok
[INFO] [stdout] test src/macros.rs - FixedI8<Frac>::checked_shl (line 74) ... ok
[INFO] [stdout] test src/macros.rs - FixedI8<Frac>::checked_to_num (line 88) ... ok
[INFO] [stdout] test src/macros.rs - FixedI8<Frac>::frac (line 79) ... ok
[INFO] [stdout] test src/macros.rs - FixedI8<Frac>::count_zeros (line 74) ... ok
[INFO] [stdout] test src/macros.rs - FixedI8<Frac>::div_euclid (line 83) ... ok
[INFO] [stdout] test src/macros.rs - FixedI8<Frac>::div_euclid_int (line 83) ... ok
[INFO] [stdout] test src/macros.rs - FixedI8<Frac>::frac_nbits (line 73) ... ok
[INFO] [stdout] test src/macros.rs - FixedI8<Frac>::from_ne_bytes (line 74) ... ok
[INFO] [stdout] test src/macros.rs - FixedI8<Frac>::floor (line 82) ... ok
[INFO] [stdout] test src/macros.rs - FixedI8<Frac>::from_bits (line 74) ... ok
[INFO] [stdout] test src/macros.rs - FixedI8<Frac>::from_be_bytes (line 74) ... ok
[INFO] [stdout] test src/macros.rs - FixedI8<Frac>::from_str_binary (line 75) ... ok
[INFO] [stdout] test src/macros.rs - FixedI8<Frac>::from_le_bytes (line 74) ... ok
[INFO] [stdout] test src/macros.rs - FixedI8<Frac>::from_num (line 95) ... ok
[INFO] [stdout] test src/macros.rs - FixedI8<Frac>::from_str_hex (line 75) ... ok
[INFO] [stdout] test src/macros.rs - FixedI8<Frac>::leading_zeros (line 74) ... ok
[INFO] [stdout] test src/macros.rs - FixedI8<Frac>::int_nbits (line 73) ... ok
[INFO] [stdout] test src/macros.rs - FixedI8<Frac>::int (line 78) ... ok
[INFO] [stdout] test src/macros.rs - FixedI8<Frac>::from_str_octal (line 75) ... ok
[INFO] [stdout] test src/macros.rs - FixedI8<Frac>::is_negative (line 73) ... ok
[INFO] [stdout] test src/macros.rs - FixedI8<Frac>::min_value (line 73) ... ok
[INFO] [stdout] test src/macros.rs - FixedI8<Frac>::is_positive (line 73) ... ok
[INFO] [stdout] test src/macros.rs - FixedI8<Frac>::max_value (line 73) ... ok
[INFO] [stdout] test src/macros.rs - FixedI8<Frac>::overflowing_add (line 76) ... ok
[INFO] [stdout] test src/macros.rs - FixedI8<Frac>::overflowing_abs (line 79) ... ok
[INFO] [stdout] test src/macros.rs - FixedI8<Frac>::overflowing_div_euclid (line 80) ... ok
[INFO] [stdout] test src/macros.rs - FixedI8<Frac>::overflowing_ceil (line 77) ... ok
[INFO] [stdout] test src/macros.rs - FixedI8<Frac>::overflowing_div (line 80) ... ok
[INFO] [stdout] test src/macros.rs - FixedI8<Frac>::overflowing_div_euclid_int (line 81) ... ok
[INFO] [stdout] test src/macros.rs - FixedI8<Frac>::overflowing_div_int (line 81) ... ok
[INFO] [stdout] test src/macros.rs - FixedI8<Frac>::overflowing_floor (line 78) ... ok
[INFO] [stdout] test src/macros.rs - FixedI8<Frac>::overflowing_from_str_binary (line 79) ... ok
[INFO] [stdout] test src/macros.rs - FixedI8<Frac>::overflowing_from_str (line 79) ... ok
[INFO] [stdout] test src/macros.rs - FixedI8<Frac>::overflowing_from_num (line 94) ... ok
[INFO] [stdout] test src/macros.rs - FixedI8<Frac>::overflowing_from_str_octal (line 79) ... ok
[INFO] [stdout] test src/macros.rs - FixedI8<Frac>::overflowing_from_str_hex (line 79) ... ok
[INFO] [stdout] test src/macros.rs - FixedI8<Frac>::overflowing_mul (line 76) ... ok
[INFO] [stdout] test src/macros.rs - FixedI8<Frac>::overflowing_mul_int (line 76) ... ok
[INFO] [stdout] test src/macros.rs - FixedI8<Frac>::overflowing_neg (line 78) ... ok
[INFO] [stdout] test src/macros.rs - FixedI8<Frac>::overflowing_rem_euclid_int (line 83) ... ok
[INFO] [stdout] test src/macros.rs - FixedI8<Frac>::overflowing_round (line 78) ... ok
[INFO] [stdout] test src/macros.rs - FixedI8<Frac>::rem_euclid (line 77) ... ok
[INFO] [stdout] test src/macros.rs - FixedI8<Frac>::overflowing_round_ties_to_even (line 78) ... ok
[INFO] [stdout] test src/macros.rs - FixedI8<Frac>::overflowing_shr (line 77) ... ok
[INFO] [stdout] test src/macros.rs - FixedI8<Frac>::overflowing_shl (line 77) ... ok
[INFO] [stdout] test src/macros.rs - FixedI8<Frac>::overflowing_sub (line 76) ... ok
[INFO] [stdout] test src/macros.rs - FixedI8<Frac>::overflowing_to_num (line 90) ... ok
[INFO] [stdout] test src/macros.rs - FixedI8<Frac>::rem_euclid_int (line 77) ... ok
[INFO] [stdout] test src/macros.rs - FixedI8<Frac>::rotate_left (line 74) ... ok
[INFO] [stdout] test src/macros.rs - FixedI8<Frac>::rotate_right (line 74) ... ok
[INFO] [stdout] test src/macros.rs - FixedI8<Frac>::round (line 81) ... ok
[INFO] [stdout] test src/macros.rs - FixedI8<Frac>::round_ties_to_even (line 81) ... ok
[INFO] [stdout] test src/macros.rs - FixedI8<Frac>::round_to_zero (line 73) ... ok
[INFO] [stdout] test src/macros.rs - FixedI8<Frac>::saturating_abs (line 75) ... ok
[INFO] [stdout] test src/macros.rs - FixedI8<Frac>::saturating_add (line 73) ... ok
[INFO] [stdout] test src/macros.rs - FixedI8<Frac>::saturating_ceil (line 74) ... ok
[INFO] [stdout] test src/macros.rs - FixedI8<Frac>::saturating_div (line 77) ... ok
[INFO] [stdout] test src/macros.rs - FixedI8<Frac>::saturating_div_euclid (line 78) ... ok
[INFO] [stdout] test src/macros.rs - FixedI8<Frac>::saturating_from_str_hex (line 76) ... ok
[INFO] [stdout] test src/macros.rs - FixedI8<Frac>::saturating_from_num (line 92) ... ok
[INFO] [stdout] test src/macros.rs - FixedI8<Frac>::saturating_floor (line 75) ... ok
[INFO] [stdout] test src/macros.rs - FixedI8<Frac>::saturating_from_str (line 76) ... ok
[INFO] [stdout] test src/macros.rs - FixedI8<Frac>::saturating_from_str_binary (line 76) ... ok
[INFO] [stdout] test src/macros.rs - FixedI8<Frac>::saturating_from_str_octal (line 76) ... ok
[INFO] [stdout] test src/macros.rs - FixedI8<Frac>::saturating_mul (line 73) ... ok
[INFO] [stdout] test src/macros.rs - FixedI8<Frac>::saturating_mul_int (line 73) ... ok
[INFO] [stdout] test src/macros.rs - FixedI8<Frac>::saturating_round_ties_to_even (line 74) ... ok
[INFO] [stdout] test src/macros.rs - FixedI8<Frac>::saturating_neg (line 75) ... ok
[INFO] [stdout] test src/macros.rs - FixedI8<Frac>::saturating_sub (line 73) ... ok
[INFO] [stdout] test src/macros.rs - FixedI8<Frac>::signum (line 86) ... ok
[INFO] [stdout] test src/macros.rs - FixedI8<Frac>::saturating_round (line 74) ... ok
[INFO] [stdout] test src/macros.rs - FixedI8<Frac>::saturating_to_num (line 88) ... ok
[INFO] [stdout] test src/macros.rs - FixedI8<Frac>::to_be_bytes (line 74) ... ok
[INFO] [stdout] test src/macros.rs - FixedI8<Frac>::to_le_bytes (line 74) ... ok
[INFO] [stdout] test src/macros.rs - FixedI8<Frac>::to_bits (line 74) ... ok
[INFO] [stdout] test src/macros.rs - FixedI8<Frac>::trailing_zeros (line 74) ... ok
[INFO] [stdout] test src/macros.rs - FixedI8<Frac>::to_num (line 94) ... ok
[INFO] [stdout] test src/macros.rs - FixedI8<Frac>::to_ne_bytes (line 74) ... ok
[INFO] [stdout] test src/macros.rs - FixedI8<Frac>::wrapping_add (line 73) ... ok
[INFO] [stdout] test src/macros.rs - FixedI8<Frac>::wrapping_abs (line 75) ... ok
[INFO] [stdout] test src/macros.rs - FixedI8<Frac>::wrapping_div (line 77) ... ok
[INFO] [stdout] test src/macros.rs - FixedI8<Frac>::wrapping_ceil (line 74) ... ok
[INFO] [stdout] test src/macros.rs - FixedI8<Frac>::wrapping_floor (line 75) ... ok
[INFO] [stdout] test src/macros.rs - FixedI8<Frac>::wrapping_div_euclid (line 77) ... ok
[INFO] [stdout] test src/macros.rs - FixedI8<Frac>::wrapping_div_euclid_int (line 79) ... ok
[INFO] [stdout] test src/macros.rs - FixedI8<Frac>::wrapping_from_num (line 91) ... ok
[INFO] [stdout] test src/macros.rs - FixedI8<Frac>::wrapping_div_int (line 79) ... ok
[INFO] [stdout] test src/macros.rs - FixedI8<Frac>::wrapping_from_str_binary (line 76) ... ok
[INFO] [stdout] test src/macros.rs - FixedI8<Frac>::wrapping_from_str (line 76) ... ok
[INFO] [stdout] test src/macros.rs - FixedI8<Frac>::wrapping_from_str_hex (line 76) ... ok
[INFO] [stdout] test src/macros.rs - FixedI8<Frac>::wrapping_from_str_octal (line 76) ... ok
[INFO] [stdout] test src/macros.rs - FixedI8<Frac>::wrapping_neg (line 75) ... ok
[INFO] [stdout] test src/macros.rs - FixedI8<Frac>::wrapping_mul_int (line 73) ... ok
[INFO] [stdout] test src/macros.rs - FixedI8<Frac>::wrapping_round (line 74) ... ok
[INFO] [stdout] test src/macros.rs - FixedI8<Frac>::wrapping_mul (line 73) ... ok
[INFO] [stdout] test src/macros.rs - FixedI8<Frac>::wrapping_rem_euclid_int (line 80) ... ok
[INFO] [stdout] test src/macros.rs - FixedI8<Frac>::wrapping_shl (line 74) ... ok
[INFO] [stdout] test src/macros.rs - FixedI8<Frac>::wrapping_round_ties_to_even (line 74) ... ok
[INFO] [stdout] test src/macros.rs - FixedI8<Frac>::wrapping_sub (line 73) ... ok
[INFO] [stdout] test src/macros.rs - FixedI8<Frac>::wrapping_shr (line 74) ... ok
[INFO] [stdout] test src/macros.rs - FixedU128<Frac>::FRAC_NBITS (line 73) ... ok
[INFO] [stdout] test src/macros.rs - FixedI8<Frac>::wrapping_to_num (line 88) ... ok
[INFO] [stdout] test src/macros.rs - FixedU128 (line 77) ... ok
[INFO] [stdout] test src/macros.rs - FixedU128<Frac>::INT_NBITS (line 73) ... ok
[INFO] [stdout] test src/macros.rs - FixedU128<Frac>::ceil (line 80) ... ok
[INFO] [stdout] test src/macros.rs - FixedU128<Frac>::checked_add (line 73) ... ok
[INFO] [stdout] test src/macros.rs - FixedU128<Frac>::checked_ceil (line 74) ... ok
[INFO] [stdout] test src/macros.rs - FixedU128<Frac>::checked_div (line 74) ... ok
[INFO] [stdout] test src/macros.rs - FixedU128<Frac>::checked_div_euclid_int (line 74) ... ok
[INFO] [stdout] test src/macros.rs - FixedU128<Frac>::checked_div_euclid (line 74) ... ok
[INFO] [stdout] test src/macros.rs - FixedU128<Frac>::checked_floor (line 73) ... ok
[INFO] [stdout] test src/macros.rs - FixedU128<Frac>::checked_div_int (line 74) ... ok
[INFO] [stdout] test src/macros.rs - FixedU128<Frac>::checked_mul (line 73) ... ok
[INFO] [stdout] test src/macros.rs - FixedU128<Frac>::checked_from_num (line 87) ... ok
[INFO] [stdout] test src/macros.rs - FixedU128<Frac>::checked_mul_int (line 74) ... ok
[INFO] [stdout] test src/macros.rs - FixedU128<Frac>::checked_next_power_of_two (line 74) ... ok
[INFO] [stdout] test src/macros.rs - FixedU128<Frac>::checked_neg (line 75) ... ok
[INFO] [stdout] test src/macros.rs - FixedU128<Frac>::checked_rem (line 74) ... ok
[INFO] [stdout] test src/macros.rs - FixedU128<Frac>::checked_rem_euclid_int (line 74) ... ok
[INFO] [stdout] test src/macros.rs - FixedU128<Frac>::checked_rem_euclid (line 74) ... ok
[INFO] [stdout] test src/macros.rs - FixedU128<Frac>::checked_shl (line 74) ... ok
[INFO] [stdout] test src/macros.rs - FixedU128<Frac>::checked_round (line 74) ... ok
[INFO] [stdout] test src/macros.rs - FixedU128<Frac>::checked_rem_int (line 74) ... ok
[INFO] [stdout] test src/macros.rs - FixedU128<Frac>::checked_round_ties_to_even (line 74) ... ok
[INFO] [stdout] test src/macros.rs - FixedU128<Frac>::checked_shr (line 74) ... ok
[INFO] [stdout] test src/macros.rs - FixedU128<Frac>::checked_sub (line 73) ... ok
[INFO] [stdout] test src/macros.rs - FixedU128<Frac>::count_ones (line 74) ... ok
[INFO] [stdout] test src/macros.rs - FixedU128<Frac>::count_zeros (line 74) ... ok
[INFO] [stdout] test src/macros.rs - FixedU128<Frac>::frac_nbits (line 73) ... ok
[INFO] [stdout] test src/macros.rs - FixedU128<Frac>::div_euclid (line 83) ... ok
[INFO] [stdout] test src/macros.rs - FixedU128<Frac>::checked_to_num (line 88) ... ok
[INFO] [stdout] test src/macros.rs - FixedU128<Frac>::div_euclid_int (line 77) ... ok
[INFO] [stdout] test src/macros.rs - FixedU128<Frac>::floor (line 73) ... ok
[INFO] [stdout] test src/macros.rs - FixedU128<Frac>::frac (line 73) ... ok
[INFO] [stdout] test src/macros.rs - FixedU128<Frac>::from_be_bytes (line 74) ... ok
[INFO] [stdout] test src/macros.rs - FixedU128<Frac>::from_bits (line 74) ... ok
[INFO] [stdout] test src/macros.rs - FixedU128<Frac>::from_str_hex (line 75) ... ok
[INFO] [stdout] test src/macros.rs - FixedU128<Frac>::from_ne_bytes (line 74) ... ok
[INFO] [stdout] test src/macros.rs - FixedU128<Frac>::from_le_bytes (line 74) ... ok
[INFO] [stdout] test src/macros.rs - FixedU128<Frac>::from_num (line 95) ... ok
[INFO] [stdout] test src/macros.rs - FixedU128<Frac>::from_str_octal (line 75) ... ok
[INFO] [stdout] test src/macros.rs - FixedU128<Frac>::from_str_binary (line 75) ... ok
[INFO] [stdout] test src/macros.rs - FixedU128<Frac>::int (line 75) ... ok
[INFO] [stdout] test src/macros.rs - FixedU128<Frac>::int_nbits (line 73) ... ok
[INFO] [stdout] test src/macros.rs - FixedU128<Frac>::is_power_of_two (line 74) ... ok
[INFO] [stdout] test src/macros.rs - FixedU128<Frac>::leading_zeros (line 74) ... ok
[INFO] [stdout] test src/macros.rs - FixedU128<Frac>::max_value (line 73) ... ok
[INFO] [stdout] test src/macros.rs - FixedU128<Frac>::min_value (line 73) ... ok
[INFO] [stdout] test src/macros.rs - FixedU128<Frac>::next_power_of_two (line 81) ... ok
[INFO] [stdout] test src/macros.rs - FixedU128<Frac>::overflowing_ceil (line 77) ... ok
[INFO] [stdout] test src/macros.rs - FixedU128<Frac>::overflowing_add (line 76) ... ok
[INFO] [stdout] test src/macros.rs - FixedU128<Frac>::overflowing_div (line 80) ... ok
[INFO] [stdout] test src/macros.rs - FixedU128<Frac>::overflowing_div_euclid_int (line 79) ... ok
[INFO] [stdout] test src/macros.rs - FixedU128<Frac>::overflowing_div_euclid (line 80) ... ok
[INFO] [stdout] test src/macros.rs - FixedU128<Frac>::overflowing_div_int (line 79) ... ok
[INFO] [stdout] test src/macros.rs - FixedU128<Frac>::overflowing_from_str_hex (line 79) ... ok
[INFO] [stdout] test src/macros.rs - FixedU128<Frac>::overflowing_from_str_octal (line 79) ... ok
[INFO] [stdout] test src/macros.rs - FixedU128<Frac>::overflowing_floor (line 76) ... ok
[INFO] [stdout] test src/macros.rs - FixedU128<Frac>::overflowing_from_str (line 79) ... ok
[INFO] [stdout] test src/macros.rs - FixedU128<Frac>::overflowing_from_str_binary (line 79) ... ok
[INFO] [stdout] test src/macros.rs - FixedU128<Frac>::overflowing_from_num (line 94) ... ok
[INFO] [stdout] test src/macros.rs - FixedU128<Frac>::overflowing_mul (line 76) ... ok
[INFO] [stdout] test src/macros.rs - FixedU128<Frac>::overflowing_mul_int (line 76) ... ok
[INFO] [stdout] test src/macros.rs - FixedU128<Frac>::overflowing_rem_euclid_int (line 79) ... ok
[INFO] [stdout] test src/macros.rs - FixedU128<Frac>::overflowing_neg (line 78) ... ok
[INFO] [stdout] test src/macros.rs - FixedU128<Frac>::overflowing_shl (line 77) ... ok
[INFO] [stdout] test src/macros.rs - FixedU128<Frac>::overflowing_round (line 78) ... ok
[INFO] [stdout] test src/macros.rs - FixedU128<Frac>::overflowing_shr (line 77) ... ok
[INFO] [stdout] test src/macros.rs - FixedU128<Frac>::overflowing_round_ties_to_even (line 78) ... ok
[INFO] [stdout] test src/macros.rs - FixedU128<Frac>::overflowing_sub (line 76) ... ok
[INFO] [stdout] test src/macros.rs - FixedU128<Frac>::overflowing_to_num (line 90) ... ok
[INFO] [stdout] test src/macros.rs - FixedU128<Frac>::rem_euclid_int (line 77) ... ok
[INFO] [stdout] test src/macros.rs - FixedU128<Frac>::rotate_left (line 74) ... ok
[INFO] [stdout] test src/macros.rs - FixedU128<Frac>::rem_euclid (line 77) ... ok
[INFO] [stdout] test src/macros.rs - FixedU128<Frac>::rotate_right (line 74) ... ok
[INFO] [stdout] test src/macros.rs - FixedU128<Frac>::round (line 81) ... ok
[INFO] [stdout] test src/macros.rs - FixedU128<Frac>::round_ties_to_even (line 81) ... ok
[INFO] [stdout] test src/macros.rs - FixedU128<Frac>::round_to_zero (line 75) ... ok
[INFO] [stdout] test src/macros.rs - FixedU128<Frac>::saturating_add (line 73) ... ok
[INFO] [stdout] test src/macros.rs - FixedU128<Frac>::saturating_ceil (line 74) ... ok
[INFO] [stdout] test src/macros.rs - FixedU128<Frac>::saturating_div (line 77) ... ok
[INFO] [stdout] test src/macros.rs - FixedU128<Frac>::saturating_div_euclid (line 78) ... ok
[INFO] [stdout] test src/macros.rs - FixedU128<Frac>::saturating_floor (line 73) ... ok
[INFO] [stdout] test src/macros.rs - FixedU128<Frac>::saturating_from_num (line 92) ... ok
[INFO] [stdout] test src/macros.rs - FixedU128<Frac>::saturating_from_str_binary (line 76) ... ok
[INFO] [stdout] test src/macros.rs - FixedU128<Frac>::saturating_from_str (line 76) ... ok
[INFO] [stdout] test src/macros.rs - FixedU128<Frac>::saturating_from_str_hex (line 76) ... ok
[INFO] [stdout] test src/macros.rs - FixedU128<Frac>::saturating_mul (line 73) ... ok
[INFO] [stdout] test src/macros.rs - FixedU128<Frac>::saturating_from_str_octal (line 76) ... ok
[INFO] [stdout] test src/macros.rs - FixedU128<Frac>::saturating_mul_int (line 73) ... ok
[INFO] [stdout] test src/macros.rs - FixedU128<Frac>::saturating_neg (line 75) ... ok
[INFO] [stdout] test src/macros.rs - FixedU128<Frac>::to_be_bytes (line 74) ... ok
[INFO] [stdout] test src/macros.rs - FixedU128<Frac>::saturating_round (line 74) ... ok
[INFO] [stdout] test src/macros.rs - FixedU128<Frac>::saturating_sub (line 73) ... ok
[INFO] [stdout] test src/macros.rs - FixedU128<Frac>::saturating_round_ties_to_even (line 74) ... ok
[INFO] [stdout] test src/macros.rs - FixedU128<Frac>::saturating_to_num (line 88) ... ok
[INFO] [stdout] test src/macros.rs - FixedU128<Frac>::to_bits (line 74) ... ok
[INFO] [stdout] test src/macros.rs - FixedU128<Frac>::to_le_bytes (line 74) ... ok
[INFO] [stdout] test src/macros.rs - FixedU128<Frac>::trailing_zeros (line 74) ... ok
[INFO] [stdout] test src/macros.rs - FixedU128<Frac>::to_num (line 94) ... ok
[INFO] [stdout] test src/macros.rs - FixedU128<Frac>::to_ne_bytes (line 74) ... ok
[INFO] [stdout] test src/macros.rs - FixedU128<Frac>::wrapping_add (line 73) ... ok
[INFO] [stdout] test src/macros.rs - FixedU128<Frac>::wrapping_div (line 77) ... ok
[INFO] [stdout] test src/macros.rs - FixedU128<Frac>::wrapping_floor (line 73) ... ok
[INFO] [stdout] test src/macros.rs - FixedU128<Frac>::wrapping_ceil (line 74) ... ok
[INFO] [stdout] test src/macros.rs - FixedU128<Frac>::wrapping_div_euclid (line 77) ... ok
[INFO] [stdout] test src/macros.rs - FixedU128<Frac>::wrapping_div_int (line 79) ... ok
[INFO] [stdout] test src/macros.rs - FixedU128<Frac>::wrapping_from_num (line 91) ... ok
[INFO] [stdout] test src/macros.rs - FixedU128<Frac>::wrapping_div_euclid_int (line 79) ... ok
[INFO] [stdout] test src/macros.rs - FixedU128<Frac>::wrapping_from_str (line 76) ... ok
[INFO] [stdout] test src/macros.rs - FixedU128<Frac>::wrapping_from_str_binary (line 76) ... ok
[INFO] [stdout] test src/macros.rs - FixedU128<Frac>::wrapping_from_str_hex (line 76) ... ok
[INFO] [stdout] test src/macros.rs - FixedU128<Frac>::wrapping_from_str_octal (line 76) ... ok
[INFO] [stdout] test src/macros.rs - FixedU128<Frac>::wrapping_mul (line 73) ... ok
[INFO] [stdout] test src/macros.rs - FixedU128<Frac>::wrapping_rem_euclid_int (line 79) ... ok
[INFO] [stdout] test src/macros.rs - FixedU128<Frac>::wrapping_neg (line 75) ... ok
[INFO] [stdout] test src/macros.rs - FixedU128<Frac>::wrapping_mul_int (line 73) ... ok
[INFO] [stdout] test src/macros.rs - FixedU128<Frac>::wrapping_round (line 74) ... ok
[INFO] [stdout] test src/macros.rs - FixedU128<Frac>::wrapping_round_ties_to_even (line 74) ... ok
[INFO] [stdout] test src/macros.rs - FixedU128<Frac>::wrapping_shr (line 74) ... ok
[INFO] [stdout] test src/macros.rs - FixedU128<Frac>::wrapping_shl (line 74) ... ok
[INFO] [stdout] test src/macros.rs - FixedU128<Frac>::wrapping_to_num (line 88) ... ok
[INFO] [stdout] test src/macros.rs - FixedU16<Frac>::INT_NBITS (line 73) ... ok
[INFO] [stdout] test src/macros.rs - FixedU128<Frac>::wrapping_sub (line 73) ... ok
[INFO] [stdout] test src/macros.rs - FixedU16<Frac>::FRAC_NBITS (line 73) ... ok
[INFO] [stdout] test src/macros.rs - FixedU16 (line 77) ... ok
[INFO] [stdout] test src/macros.rs - FixedU16<Frac>::checked_div_euclid (line 74) ... ok
[INFO] [stdout] test src/macros.rs - FixedU16<Frac>::checked_ceil (line 74) ... ok
[INFO] [stdout] test src/macros.rs - FixedU16<Frac>::ceil (line 80) ... ok
[INFO] [stdout] test src/macros.rs - FixedU16<Frac>::checked_div (line 74) ... ok
[INFO] [stdout] test src/macros.rs - FixedU16<Frac>::checked_add (line 73) ... ok
[INFO] [stdout] test src/macros.rs - FixedU16<Frac>::checked_div_euclid_int (line 74) ... ok
[INFO] [stdout] test src/macros.rs - FixedU16<Frac>::checked_floor (line 73) ... ok
[INFO] [stdout] test src/macros.rs - FixedU16<Frac>::checked_div_int (line 74) ... ok
[INFO] [stdout] test src/macros.rs - FixedU16<Frac>::checked_mul_int (line 74) ... ok
[INFO] [stdout] test src/macros.rs - FixedU16<Frac>::checked_from_num (line 87) ... ok
[INFO] [stdout] test src/macros.rs - FixedU16<Frac>::checked_rem_euclid (line 74) ... ok
[INFO] [stdout] test src/macros.rs - FixedU16<Frac>::checked_mul (line 73) ... ok
[INFO] [stdout] test src/macros.rs - FixedU16<Frac>::checked_next_power_of_two (line 74) ... ok
[INFO] [stdout] test src/macros.rs - FixedU16<Frac>::checked_neg (line 75) ... ok
[INFO] [stdout] test src/macros.rs - FixedU16<Frac>::checked_rem (line 74) ... ok
[INFO] [stdout] test src/macros.rs - FixedU16<Frac>::checked_rem_int (line 74) ... ok
[INFO] [stdout] test src/macros.rs - FixedU16<Frac>::checked_rem_euclid_int (line 74) ... ok
[INFO] [stdout] test src/macros.rs - FixedU16<Frac>::count_ones (line 74) ... ok
[INFO] [stdout] test src/macros.rs - FixedU16<Frac>::checked_round_ties_to_even (line 74) ... ok
[INFO] [stdout] test src/macros.rs - FixedU16<Frac>::checked_shr (line 74) ... ok
[INFO] [stdout] test src/macros.rs - FixedU16<Frac>::checked_shl (line 74) ... ok
[INFO] [stdout] test src/macros.rs - FixedU16<Frac>::checked_round (line 74) ... ok
[INFO] [stdout] test src/macros.rs - FixedU16<Frac>::checked_to_num (line 88) ... ok
[INFO] [stdout] test src/macros.rs - FixedU16<Frac>::checked_sub (line 73) ... ok
[INFO] [stdout] test src/macros.rs - FixedU16<Frac>::div_euclid (line 83) ... ok
[INFO] [stdout] test src/macros.rs - FixedU16<Frac>::from_be_bytes (line 74) ... ok
[INFO] [stdout] test src/macros.rs - FixedU16<Frac>::floor (line 73) ... ok
[INFO] [stdout] test src/macros.rs - FixedU16<Frac>::count_zeros (line 74) ... ok
[INFO] [stdout] test src/macros.rs - FixedU16<Frac>::from_ne_bytes (line 74) ... ok
[INFO] [stdout] test src/macros.rs - FixedU16<Frac>::frac_nbits (line 73) ... ok
[INFO] [stdout] test src/macros.rs - FixedU16<Frac>::frac (line 73) ... ok
[INFO] [stdout] test src/macros.rs - FixedU16<Frac>::from_le_bytes (line 74) ... ok
[INFO] [stdout] test src/macros.rs - FixedU16<Frac>::from_str_binary (line 75) ... ok
[INFO] [stdout] test src/macros.rs - FixedU16<Frac>::div_euclid_int (line 77) ... ok
[INFO] [stdout] test src/macros.rs - FixedU16<Frac>::from_str_hex (line 75) ... ok
[INFO] [stdout] test src/macros.rs - FixedU16<Frac>::from_bits (line 74) ... ok
[INFO] [stdout] test src/macros.rs - FixedU16<Frac>::is_power_of_two (line 74) ... ok
[INFO] [stdout] test src/macros.rs - FixedU16<Frac>::from_num (line 95) ... ok
[INFO] [stdout] test src/macros.rs - FixedU16<Frac>::int_nbits (line 73) ... ok
[INFO] [stdout] test src/macros.rs - FixedU16<Frac>::int (line 75) ... ok
[INFO] [stdout] test src/macros.rs - FixedU16<Frac>::from_str_octal (line 75) ... ok
[INFO] [stdout] test src/macros.rs - FixedU16<Frac>::leading_zeros (line 74) ... ok
[INFO] [stdout] test src/macros.rs - FixedU16<Frac>::min_value (line 73) ... ok
[INFO] [stdout] test src/macros.rs - FixedU16<Frac>::max_value (line 73) ... ok
[INFO] [stdout] test src/macros.rs - FixedU16<Frac>::next_power_of_two (line 81) ... ok
[INFO] [stdout] test src/macros.rs - FixedU16<Frac>::overflowing_add (line 76) ... ok
[INFO] [stdout] test src/macros.rs - FixedU16<Frac>::overflowing_ceil (line 77) ... ok
[INFO] [stdout] test src/macros.rs - FixedU16<Frac>::overflowing_div (line 80) ... ok
[INFO] [stdout] test src/macros.rs - FixedU16<Frac>::overflowing_div_euclid (line 80) ... ok
[INFO] [stdout] test src/macros.rs - FixedU16<Frac>::overflowing_div_euclid_int (line 79) ... ok
[INFO] [stdout] test src/macros.rs - FixedU16<Frac>::overflowing_floor (line 76) ... ok
[INFO] [stdout] test src/macros.rs - FixedU16<Frac>::overflowing_div_int (line 79) ... ok
[INFO] [stdout] test src/macros.rs - FixedU16<Frac>::overflowing_from_str (line 79) ... ok
[INFO] [stdout] test src/macros.rs - FixedU16<Frac>::overflowing_from_num (line 94) ... ok
[INFO] [stdout] test src/macros.rs - FixedU16<Frac>::overflowing_from_str_hex (line 79) ... ok
[INFO] [stdout] test src/macros.rs - FixedU16<Frac>::overflowing_from_str_binary (line 79) ... ok
[INFO] [stdout] test src/macros.rs - FixedU16<Frac>::overflowing_mul (line 76) ... ok
[INFO] [stdout] test src/macros.rs - FixedU16<Frac>::overflowing_from_str_octal (line 79) ... ok
[INFO] [stdout] test src/macros.rs - FixedU16<Frac>::overflowing_mul_int (line 76) ... ok
[INFO] [stdout] test src/macros.rs - FixedU16<Frac>::overflowing_rem_euclid_int (line 79) ... ok
[INFO] [stdout] test src/macros.rs - FixedU16<Frac>::overflowing_neg (line 78) ... ok
[INFO] [stdout] test src/macros.rs - FixedU16<Frac>::overflowing_round (line 78) ... ok
[INFO] [stdout] test src/macros.rs - FixedU16<Frac>::overflowing_shl (line 77) ... ok
[INFO] [stdout] test src/macros.rs - FixedU16<Frac>::overflowing_shr (line 77) ... ok
[INFO] [stdout] test src/macros.rs - FixedU16<Frac>::overflowing_round_ties_to_even (line 78) ... ok
[INFO] [stdout] test src/macros.rs - FixedU16<Frac>::overflowing_sub (line 76) ... ok
[INFO] [stdout] test src/macros.rs - FixedU16<Frac>::overflowing_to_num (line 90) ... ok
[INFO] [stdout] test src/macros.rs - FixedU16<Frac>::rem_euclid (line 77) ... ok
[INFO] [stdout] test src/macros.rs - FixedU16<Frac>::rem_euclid_int (line 77) ... ok
[INFO] [stdout] test src/macros.rs - FixedU16<Frac>::rotate_left (line 74) ... ok
[INFO] [stdout] test src/macros.rs - FixedU16<Frac>::round (line 81) ... ok
[INFO] [stdout] test src/macros.rs - FixedU16<Frac>::rotate_right (line 74) ... ok
[INFO] [stdout] test src/macros.rs - FixedU16<Frac>::saturating_div (line 77) ... ok
[INFO] [stdout] test src/macros.rs - FixedU16<Frac>::round_to_zero (line 75) ... ok
[INFO] [stdout] test src/macros.rs - FixedU16<Frac>::round_ties_to_even (line 81) ... ok
[INFO] [stdout] test src/macros.rs - FixedU16<Frac>::saturating_add (line 73) ... ok
[INFO] [stdout] test src/macros.rs - FixedU16<Frac>::saturating_ceil (line 74) ... ok
[INFO] [stdout] test src/macros.rs - FixedU16<Frac>::saturating_div_euclid (line 78) ... ok
[INFO] [stdout] test src/macros.rs - FixedU16<Frac>::saturating_from_num (line 92) ... ok
[INFO] [stdout] test src/macros.rs - FixedU16<Frac>::saturating_floor (line 73) ... ok
[INFO] [stdout] test src/macros.rs - FixedU16<Frac>::saturating_from_str (line 76) ... ok
[INFO] [stdout] test src/macros.rs - FixedU16<Frac>::saturating_from_str_binary (line 76) ... ok
[INFO] [stdout] test src/macros.rs - FixedU16<Frac>::saturating_from_str_hex (line 76) ... ok
[INFO] [stdout] test src/macros.rs - FixedU16<Frac>::saturating_from_str_octal (line 76) ... ok
[INFO] [stdout] test src/macros.rs - FixedU16<Frac>::saturating_mul (line 73) ... ok
[INFO] [stdout] test src/macros.rs - FixedU16<Frac>::saturating_mul_int (line 73) ... ok
[INFO] [stdout] test src/macros.rs - FixedU16<Frac>::to_le_bytes (line 74) ... ok
[INFO] [stdout] test src/macros.rs - FixedU16<Frac>::saturating_neg (line 75) ... ok
[INFO] [stdout] test src/macros.rs - FixedU16<Frac>::saturating_round_ties_to_even (line 74) ... ok
[INFO] [stdout] test src/macros.rs - FixedU16<Frac>::to_bits (line 74) ... ok
[INFO] [stdout] test src/macros.rs - FixedU16<Frac>::saturating_round (line 74) ... ok
[INFO] [stdout] test src/macros.rs - FixedU16<Frac>::saturating_to_num (line 88) ... ok
[INFO] [stdout] test src/macros.rs - FixedU16<Frac>::saturating_sub (line 73) ... ok
[INFO] [stdout] test src/macros.rs - FixedU16<Frac>::trailing_zeros (line 74) ... ok
[INFO] [stdout] test src/macros.rs - FixedU16<Frac>::to_be_bytes (line 74) ... ok
[INFO] [stdout] test src/macros.rs - FixedU16<Frac>::to_ne_bytes (line 74) ... ok
[INFO] [stdout] test src/macros.rs - FixedU16<Frac>::to_num (line 94) ... ok
[INFO] [stdout] test src/macros.rs - FixedU16<Frac>::wrapping_add (line 73) ... ok
[INFO] [stdout] test src/macros.rs - FixedU16<Frac>::wrapping_div (line 77) ... ok
[INFO] [stdout] test src/macros.rs - FixedU16<Frac>::wrapping_ceil (line 74) ... ok
[INFO] [stdout] test src/macros.rs - FixedU16<Frac>::wrapping_div_int (line 79) ... ok
[INFO] [stdout] test src/macros.rs - FixedU16<Frac>::wrapping_div_euclid (line 77) ... ok
[INFO] [stdout] test src/macros.rs - FixedU16<Frac>::wrapping_div_euclid_int (line 79) ... ok
[INFO] [stdout] test src/macros.rs - FixedU16<Frac>::wrapping_floor (line 73) ... ok
[INFO] [stdout] test src/macros.rs - FixedU16<Frac>::wrapping_from_num (line 91) ... ok
[INFO] [stdout] test src/macros.rs - FixedU16<Frac>::wrapping_from_str_octal (line 76) ... ok
[INFO] [stdout] test src/macros.rs - FixedU16<Frac>::wrapping_from_str_hex (line 76) ... ok
[INFO] [stdout] test src/macros.rs - FixedU16<Frac>::wrapping_mul_int (line 73) ... ok
[INFO] [stdout] test src/macros.rs - FixedU16<Frac>::wrapping_from_str_binary (line 76) ... ok
[INFO] [stdout] test src/macros.rs - FixedU16<Frac>::wrapping_neg (line 75) ... ok
[INFO] [stdout] test src/macros.rs - FixedU16<Frac>::wrapping_from_str (line 76) ... ok
[INFO] [stdout] test src/macros.rs - FixedU16<Frac>::wrapping_mul (line 73) ... ok
[INFO] [stdout] test src/macros.rs - FixedU16<Frac>::wrapping_round_ties_to_even (line 74) ... ok
[INFO] [stdout] test src/macros.rs - FixedU16<Frac>::wrapping_rem_euclid_int (line 79) ... ok
[INFO] [stdout] test src/macros.rs - FixedU16<Frac>::wrapping_to_num (line 88) ... ok
[INFO] [stdout] test src/macros.rs - FixedU16<Frac>::wrapping_shl (line 74) ... ok
[INFO] [stdout] test src/macros.rs - FixedU16<Frac>::wrapping_round (line 74) ... ok
[INFO] [stdout] test src/macros.rs - FixedU16<Frac>::wrapping_shr (line 74) ... ok
[INFO] [stdout] test src/macros.rs - FixedU32<Frac>::FRAC_NBITS (line 73) ... ok
[INFO] [stdout] test src/macros.rs - FixedU32<Frac>::INT_NBITS (line 73) ... ok
[INFO] [stdout] test src/macros.rs - FixedU16<Frac>::wrapping_sub (line 73) ... ok
[INFO] [stdout] test src/macros.rs - FixedU32 (line 77) ... ok
[INFO] [stdout] test src/macros.rs - FixedU32<Frac>::ceil (line 80) ... ok
[INFO] [stdout] test src/macros.rs - FixedU32<Frac>::checked_ceil (line 74) ... ok
[INFO] [stdout] test src/macros.rs - FixedU32<Frac>::checked_add (line 73) ... ok
[INFO] [stdout] test src/macros.rs - FixedU32<Frac>::checked_div (line 74) ... ok
[INFO] [stdout] test src/macros.rs - FixedU32<Frac>::checked_div_euclid (line 74) ... ok
[INFO] [stdout] test src/macros.rs - FixedU32<Frac>::checked_floor (line 73) ... ok
[INFO] [stdout] test src/macros.rs - FixedU32<Frac>::checked_div_euclid_int (line 74) ... ok
[INFO] [stdout] test src/macros.rs - FixedU32<Frac>::checked_div_int (line 74) ... ok
[INFO] [stdout] test src/macros.rs - FixedU32<Frac>::checked_from_num (line 87) ... ok
[INFO] [stdout] test src/macros.rs - FixedU32<Frac>::checked_mul (line 73) ... ok
[INFO] [stdout] test src/macros.rs - FixedU32<Frac>::checked_mul_int (line 74) ... ok
[INFO] [stdout] test src/macros.rs - FixedU32<Frac>::checked_rem_euclid_int (line 74) ... ok
[INFO] [stdout] test src/macros.rs - FixedU32<Frac>::checked_rem (line 74) ... ok
[INFO] [stdout] test src/macros.rs - FixedU32<Frac>::checked_round (line 74) ... ok
[INFO] [stdout] test src/macros.rs - FixedU32<Frac>::checked_neg (line 75) ... ok
[INFO] [stdout] test src/macros.rs - FixedU32<Frac>::checked_rem_int (line 74) ... ok
[INFO] [stdout] test src/macros.rs - FixedU32<Frac>::checked_rem_euclid (line 74) ... ok
[INFO] [stdout] test src/macros.rs - FixedU32<Frac>::checked_next_power_of_two (line 74) ... ok
[INFO] [stdout] test src/macros.rs - FixedU32<Frac>::checked_round_ties_to_even (line 74) ... ok
[INFO] [stdout] test src/macros.rs - FixedU32<Frac>::checked_sub (line 73) ... ok
[INFO] [stdout] test src/macros.rs - FixedU32<Frac>::checked_shl (line 74) ... ok
[INFO] [stdout] test src/macros.rs - FixedU32<Frac>::count_ones (line 74) ... ok
[INFO] [stdout] test src/macros.rs - FixedU32<Frac>::count_zeros (line 74) ... ok
[INFO] [stdout] test src/macros.rs - FixedU32<Frac>::checked_to_num (line 88) ... ok
[INFO] [stdout] test src/macros.rs - FixedU32<Frac>::div_euclid (line 83) ... ok
[INFO] [stdout] test src/macros.rs - FixedU32<Frac>::checked_shr (line 74) ... ok
[INFO] [stdout] test src/macros.rs - FixedU32<Frac>::frac_nbits (line 73) ... ok
[INFO] [stdout] test src/macros.rs - FixedU32<Frac>::div_euclid_int (line 77) ... ok
[INFO] [stdout] test src/macros.rs - FixedU32<Frac>::frac (line 73) ... ok
[INFO] [stdout] test src/macros.rs - FixedU32<Frac>::floor (line 73) ... ok
[INFO] [stdout] test src/macros.rs - FixedU32<Frac>::from_bits (line 74) ... ok
[INFO] [stdout] test src/macros.rs - FixedU32<Frac>::from_be_bytes (line 74) ... ok
[INFO] [stdout] test src/macros.rs - FixedU32<Frac>::from_le_bytes (line 74) ... ok
[INFO] [stdout] test src/macros.rs - FixedU32<Frac>::from_ne_bytes (line 74) ... ok
[INFO] [stdout] test src/macros.rs - FixedU32<Frac>::from_num (line 95) ... ok
[INFO] [stdout] test src/macros.rs - FixedU32<Frac>::from_str_binary (line 75) ... ok
[INFO] [stdout] test src/macros.rs - FixedU32<Frac>::int_nbits (line 73) ... ok
[INFO] [stdout] test src/macros.rs - FixedU32<Frac>::from_str_hex (line 75) ... ok
[INFO] [stdout] test src/macros.rs - FixedU32<Frac>::from_str_octal (line 75) ... ok
[INFO] [stdout] test src/macros.rs - FixedU32<Frac>::is_power_of_two (line 74) ... ok
[INFO] [stdout] test src/macros.rs - FixedU32<Frac>::leading_zeros (line 74) ... ok
[INFO] [stdout] test src/macros.rs - FixedU32<Frac>::int (line 75) ... ok
[INFO] [stdout] test src/macros.rs - FixedU32<Frac>::overflowing_div (line 80) ... ok
[INFO] [stdout] test src/macros.rs - FixedU32<Frac>::overflowing_ceil (line 77) ... ok
[INFO] [stdout] test src/macros.rs - FixedU32<Frac>::min_value (line 73) ... ok
[INFO] [stdout] test src/macros.rs - FixedU32<Frac>::max_value (line 73) ... ok
[INFO] [stdout] test src/macros.rs - FixedU32<Frac>::next_power_of_two (line 81) ... ok
[INFO] [stdout] test src/macros.rs - FixedU32<Frac>::overflowing_div_euclid (line 80) ... ok
[INFO] [stdout] test src/macros.rs - FixedU32<Frac>::overflowing_add (line 76) ... ok
[INFO] [stdout] test src/macros.rs - FixedU32<Frac>::overflowing_div_euclid_int (line 79) ... ok
[INFO] [stdout] test src/macros.rs - FixedU32<Frac>::overflowing_floor (line 76) ... ok
[INFO] [stdout] test src/macros.rs - FixedU32<Frac>::overflowing_div_int (line 79) ... ok
[INFO] [stdout] test src/macros.rs - FixedU32<Frac>::overflowing_from_num (line 94) ... ok
[INFO] [stdout] test src/macros.rs - FixedU32<Frac>::overflowing_from_str (line 79) ... ok
[INFO] [stdout] test src/macros.rs - FixedU32<Frac>::overflowing_from_str_binary (line 79) ... ok
[INFO] [stdout] test src/macros.rs - FixedU32<Frac>::overflowing_from_str_hex (line 79) ... ok
[INFO] [stdout] test src/macros.rs - FixedU32<Frac>::overflowing_from_str_octal (line 79) ... ok
[INFO] [stdout] test src/macros.rs - FixedU32<Frac>::overflowing_mul_int (line 76) ... ok
[INFO] [stdout] test src/macros.rs - FixedU32<Frac>::overflowing_mul (line 76) ... ok
[INFO] [stdout] test src/macros.rs - FixedU32<Frac>::overflowing_round_ties_to_even (line 78) ... ok
[INFO] [stdout] test src/macros.rs - FixedU32<Frac>::overflowing_neg (line 78) ... ok
[INFO] [stdout] test src/macros.rs - FixedU32<Frac>::overflowing_rem_euclid_int (line 79) ... ok
[INFO] [stdout] test src/macros.rs - FixedU32<Frac>::overflowing_round (line 78) ... ok
[INFO] [stdout] test src/macros.rs - FixedU32<Frac>::overflowing_shl (line 77) ... ok
[INFO] [stdout] test src/macros.rs - FixedU32<Frac>::overflowing_shr (line 77) ... ok
[INFO] [stdout] test src/macros.rs - FixedU32<Frac>::overflowing_sub (line 76) ... ok
[INFO] [stdout] test src/macros.rs - FixedU32<Frac>::rem_euclid (line 77) ... ok
[INFO] [stdout] test src/macros.rs - FixedU32<Frac>::rotate_left (line 74) ... ok
[INFO] [stdout] test src/macros.rs - FixedU32<Frac>::overflowing_to_num (line 90) ... ok
[INFO] [stdout] test src/macros.rs - FixedU32<Frac>::rem_euclid_int (line 77) ... ok
[INFO] [stdout] test src/macros.rs - FixedU32<Frac>::rotate_right (line 74) ... ok
[INFO] [stdout] test src/macros.rs - FixedU32<Frac>::round_to_zero (line 75) ... ok
[INFO] [stdout] test src/macros.rs - FixedU32<Frac>::round (line 81) ... ok
[INFO] [stdout] test src/macros.rs - FixedU32<Frac>::round_ties_to_even (line 81) ... ok
[INFO] [stdout] test src/macros.rs - FixedU32<Frac>::saturating_div (line 77) ... ok
[INFO] [stdout] test src/macros.rs - FixedU32<Frac>::saturating_div_euclid (line 78) ... ok
[INFO] [stdout] test src/macros.rs - FixedU32<Frac>::saturating_from_str (line 76) ... ok
[INFO] [stdout] test src/macros.rs - FixedU32<Frac>::saturating_ceil (line 74) ... ok
[INFO] [stdout] test src/macros.rs - FixedU32<Frac>::saturating_add (line 73) ... ok
[INFO] [stdout] test src/macros.rs - FixedU32<Frac>::saturating_floor (line 73) ... ok
[INFO] [stdout] test src/macros.rs - FixedU32<Frac>::saturating_from_num (line 92) ... ok
[INFO] [stdout] test src/macros.rs - FixedU32<Frac>::saturating_from_str_binary (line 76) ... ok
[INFO] [stdout] test src/macros.rs - FixedU32<Frac>::saturating_from_str_hex (line 76) ... ok
[INFO] [stdout] test src/macros.rs - FixedU32<Frac>::saturating_round_ties_to_even (line 74) ... ok
[INFO] [stdout] test src/macros.rs - FixedU32<Frac>::saturating_from_str_octal (line 76) ... ok
[INFO] [stdout] test src/macros.rs - FixedU32<Frac>::saturating_neg (line 75) ... ok
[INFO] [stdout] test src/macros.rs - FixedU32<Frac>::saturating_mul_int (line 73) ... ok
[INFO] [stdout] test src/macros.rs - FixedU32<Frac>::saturating_mul (line 73) ... ok
[INFO] [stdout] test src/macros.rs - FixedU32<Frac>::saturating_round (line 74) ... ok
[INFO] [stdout] test src/macros.rs - FixedU32<Frac>::saturating_sub (line 73) ... ok
[INFO] [stdout] test src/macros.rs - FixedU32<Frac>::to_le_bytes (line 74) ... ok
[INFO] [stdout] test src/macros.rs - FixedU32<Frac>::to_bits (line 74) ... ok
[INFO] [stdout] test src/macros.rs - FixedU32<Frac>::trailing_zeros (line 74) ... ok
[INFO] [stdout] test src/macros.rs - FixedU32<Frac>::saturating_to_num (line 88) ... ok
[INFO] [stdout] test src/macros.rs - FixedU32<Frac>::to_be_bytes (line 74) ... ok
[INFO] [stdout] test src/macros.rs - FixedU32<Frac>::to_ne_bytes (line 74) ... ok
[INFO] [stdout] test src/macros.rs - FixedU32<Frac>::to_num (line 94) ... ok
[INFO] [stdout] test src/macros.rs - FixedU32<Frac>::wrapping_div_euclid_int (line 79) ... ok
[INFO] [stdout] test src/macros.rs - FixedU32<Frac>::wrapping_div (line 77) ... ok
[INFO] [stdout] test src/macros.rs - FixedU32<Frac>::wrapping_add (line 73) ... ok
[INFO] [stdout] test src/macros.rs - FixedU32<Frac>::wrapping_div_euclid (line 77) ... ok
[INFO] [stdout] test src/macros.rs - FixedU32<Frac>::wrapping_ceil (line 74) ... ok
[INFO] [stdout] test src/macros.rs - FixedU32<Frac>::wrapping_div_int (line 79) ... ok
[INFO] [stdout] test src/macros.rs - FixedU32<Frac>::wrapping_floor (line 73) ... ok
[INFO] [stdout] test src/macros.rs - FixedU32<Frac>::wrapping_from_num (line 91) ... ok
[INFO] [stdout] test src/macros.rs - FixedU32<Frac>::wrapping_from_str_octal (line 76) ... ok
[INFO] [stdout] test src/macros.rs - FixedU32<Frac>::wrapping_from_str_binary (line 76) ... ok
[INFO] [stdout] test src/macros.rs - FixedU32<Frac>::wrapping_from_str_hex (line 76) ... ok
[INFO] [stdout] test src/macros.rs - FixedU32<Frac>::wrapping_from_str (line 76) ... ok
[INFO] [stdout] test src/macros.rs - FixedU32<Frac>::wrapping_mul (line 73) ... ok
[INFO] [stdout] test src/macros.rs - FixedU32<Frac>::wrapping_neg (line 75) ... ok
[INFO] [stdout] test src/macros.rs - FixedU32<Frac>::wrapping_mul_int (line 73) ... ok
[INFO] [stdout] test src/macros.rs - FixedU32<Frac>::wrapping_round_ties_to_even (line 74) ... ok
[INFO] [stdout] test src/macros.rs - FixedU32<Frac>::wrapping_rem_euclid_int (line 79) ... ok
[INFO] [stdout] test src/macros.rs - FixedU32<Frac>::wrapping_round (line 74) ... ok
[INFO] [stdout] test src/macros.rs - FixedU32<Frac>::wrapping_shl (line 74) ... ok
[INFO] [stdout] test src/macros.rs - FixedU32<Frac>::wrapping_sub (line 73) ... ok
[INFO] [stdout] test src/macros.rs - FixedU32<Frac>::wrapping_to_num (line 88) ... ok
[INFO] [stdout] test src/macros.rs - FixedU32<Frac>::wrapping_shr (line 74) ... ok
[INFO] [stdout] test src/macros.rs - FixedU64<Frac>::FRAC_NBITS (line 73) ... ok
[INFO] [stdout] test src/macros.rs - FixedU64<Frac>::INT_NBITS (line 73) ... ok
[INFO] [stdout] test src/macros.rs - FixedU64 (line 77) ... ok
[INFO] [stdout] test src/macros.rs - FixedU64<Frac>::checked_add (line 73) ... ok
[INFO] [stdout] test src/macros.rs - FixedU64<Frac>::ceil (line 80) ... ok
[INFO] [stdout] test src/macros.rs - FixedU64<Frac>::checked_div (line 74) ... ok
[INFO] [stdout] test src/macros.rs - FixedU64<Frac>::checked_ceil (line 74) ... ok
[INFO] [stdout] test src/macros.rs - FixedU64<Frac>::checked_div_euclid (line 74) ... ok
[INFO] [stdout] test src/macros.rs - FixedU64<Frac>::checked_div_euclid_int (line 74) ... ok
[INFO] [stdout] test src/macros.rs - FixedU64<Frac>::checked_mul (line 73) ... ok
[INFO] [stdout] test src/macros.rs - FixedU64<Frac>::checked_floor (line 73) ... ok
[INFO] [stdout] test src/macros.rs - FixedU64<Frac>::checked_div_int (line 74) ... ok
[INFO] [stdout] test src/macros.rs - FixedU64<Frac>::checked_from_num (line 87) ... ok
[INFO] [stdout] test src/macros.rs - FixedU64<Frac>::checked_mul_int (line 74) ... ok
[INFO] [stdout] test src/macros.rs - FixedU64<Frac>::checked_neg (line 75) ... ok
[INFO] [stdout] test src/macros.rs - FixedU64<Frac>::checked_rem (line 74) ... ok
[INFO] [stdout] test src/macros.rs - FixedU64<Frac>::checked_rem_euclid (line 74) ... ok
[INFO] [stdout] test src/macros.rs - FixedU64<Frac>::checked_rem_int (line 74) ... ok
[INFO] [stdout] test src/macros.rs - FixedU64<Frac>::checked_next_power_of_two (line 74) ... ok
[INFO] [stdout] test src/macros.rs - FixedU64<Frac>::checked_rem_euclid_int (line 74) ... ok
[INFO] [stdout] test src/macros.rs - FixedU64<Frac>::checked_round (line 74) ... ok
[INFO] [stdout] test src/macros.rs - FixedU64<Frac>::checked_round_ties_to_even (line 74) ... ok
[INFO] [stdout] test src/macros.rs - FixedU64<Frac>::checked_shl (line 74) ... ok
[INFO] [stdout] test src/macros.rs - FixedU64<Frac>::count_ones (line 74) ... ok
[INFO] [stdout] test src/macros.rs - FixedU64<Frac>::checked_shr (line 74) ... ok
[INFO] [stdout] test src/macros.rs - FixedU64<Frac>::count_zeros (line 74) ... ok
[INFO] [stdout] test src/macros.rs - FixedU64<Frac>::checked_sub (line 73) ... ok
[INFO] [stdout] test src/macros.rs - FixedU64<Frac>::checked_to_num (line 88) ... ok
[INFO] [stdout] test src/macros.rs - FixedU64<Frac>::div_euclid (line 83) ... ok
[INFO] [stdout] test src/macros.rs - FixedU64<Frac>::frac_nbits (line 73) ... ok
[INFO] [stdout] test src/macros.rs - FixedU64<Frac>::floor (line 73) ... ok
[INFO] [stdout] test src/macros.rs - FixedU64<Frac>::div_euclid_int (line 77) ... ok
[INFO] [stdout] test src/macros.rs - FixedU64<Frac>::frac (line 73) ... ok
[INFO] [stdout] test src/macros.rs - FixedU64<Frac>::from_be_bytes (line 74) ... ok
[INFO] [stdout] test src/macros.rs - FixedU64<Frac>::from_bits (line 74) ... ok
[INFO] [stdout] test src/macros.rs - FixedU64<Frac>::from_le_bytes (line 74) ... ok
[INFO] [stdout] test src/macros.rs - FixedU64<Frac>::from_ne_bytes (line 74) ... ok
[INFO] [stdout] test src/macros.rs - FixedU64<Frac>::from_str_binary (line 75) ... ok
[INFO] [stdout] test src/macros.rs - FixedU64<Frac>::from_num (line 95) ... ok
[INFO] [stdout] test src/macros.rs - FixedU64<Frac>::from_str_octal (line 75) ... ok
[INFO] [stdout] test src/macros.rs - FixedU64<Frac>::from_str_hex (line 75) ... ok
[INFO] [stdout] test src/macros.rs - FixedU64<Frac>::int_nbits (line 73) ... ok
[INFO] [stdout] test src/macros.rs - FixedU64<Frac>::is_power_of_two (line 74) ... ok
[INFO] [stdout] test src/macros.rs - FixedU64<Frac>::int (line 75) ... ok
[INFO] [stdout] test src/macros.rs - FixedU64<Frac>::leading_zeros (line 74) ... ok
[INFO] [stdout] test src/macros.rs - FixedU64<Frac>::overflowing_ceil (line 77) ... ok
[INFO] [stdout] test src/macros.rs - FixedU64<Frac>::overflowing_div_euclid_int (line 79) ... ok
[INFO] [stdout] test src/macros.rs - FixedU64<Frac>::overflowing_add (line 76) ... ok
[INFO] [stdout] test src/macros.rs - FixedU64<Frac>::overflowing_div (line 80) ... ok
[INFO] [stdout] test src/macros.rs - FixedU64<Frac>::max_value (line 73) ... ok
[INFO] [stdout] test src/macros.rs - FixedU64<Frac>::min_value (line 73) ... ok
[INFO] [stdout] test src/macros.rs - FixedU64<Frac>::overflowing_div_euclid (line 80) ... ok
[INFO] [stdout] test src/macros.rs - FixedU64<Frac>::next_power_of_two (line 81) ... ok
[INFO] [stdout] test src/macros.rs - FixedU64<Frac>::overflowing_div_int (line 79) ... ok
[INFO] [stdout] test src/macros.rs - FixedU64<Frac>::overflowing_floor (line 76) ... ok
[INFO] [stdout] test src/macros.rs - FixedU64<Frac>::overflowing_from_str_binary (line 79) ... ok
[INFO] [stdout] test src/macros.rs - FixedU64<Frac>::overflowing_from_num (line 94) ... ok
[INFO] [stdout] test src/macros.rs - FixedU64<Frac>::overflowing_from_str (line 79) ... ok
[INFO] [stdout] test src/macros.rs - FixedU64<Frac>::overflowing_from_str_hex (line 79) ... ok
[INFO] [stdout] test src/macros.rs - FixedU64<Frac>::overflowing_mul (line 76) ... ok
[INFO] [stdout] test src/macros.rs - FixedU64<Frac>::overflowing_rem_euclid_int (line 79) ... ok
[INFO] [stdout] test src/macros.rs - FixedU64<Frac>::overflowing_from_str_octal (line 79) ... ok
[INFO] [stdout] test src/macros.rs - FixedU64<Frac>::overflowing_mul_int (line 76) ... ok
[INFO] [stdout] test src/macros.rs - FixedU64<Frac>::overflowing_round (line 78) ... ok
[INFO] [stdout] test src/macros.rs - FixedU64<Frac>::overflowing_neg (line 78) ... ok
[INFO] [stdout] test src/macros.rs - FixedU64<Frac>::overflowing_shl (line 77) ... ok
[INFO] [stdout] test src/macros.rs - FixedU64<Frac>::overflowing_sub (line 76) ... ok
[INFO] [stdout] test src/macros.rs - FixedU64<Frac>::overflowing_round_ties_to_even (line 78) ... ok
[INFO] [stdout] test src/macros.rs - FixedU64<Frac>::rem_euclid (line 77) ... ok
[INFO] [stdout] test src/macros.rs - FixedU64<Frac>::overflowing_shr (line 77) ... ok
[INFO] [stdout] test src/macros.rs - FixedU64<Frac>::overflowing_to_num (line 90) ... ok
[INFO] [stdout] test src/macros.rs - FixedU64<Frac>::rotate_left (line 74) ... ok
[INFO] [stdout] test src/macros.rs - FixedU64<Frac>::round (line 81) ... ok
[INFO] [stdout] test src/macros.rs - FixedU64<Frac>::rem_euclid_int (line 77) ... ok
[INFO] [stdout] test src/macros.rs - FixedU64<Frac>::rotate_right (line 74) ... ok
[INFO] [stdout] test src/macros.rs - FixedU64<Frac>::round_ties_to_even (line 81) ... ok
[INFO] [stdout] test src/macros.rs - FixedU64<Frac>::round_to_zero (line 75) ... ok
[INFO] [stdout] test src/macros.rs - FixedU64<Frac>::saturating_floor (line 73) ... ok
[INFO] [stdout] test src/macros.rs - FixedU64<Frac>::saturating_ceil (line 74) ... ok
[INFO] [stdout] test src/macros.rs - FixedU64<Frac>::saturating_add (line 73) ... ok
[INFO] [stdout] test src/macros.rs - FixedU64<Frac>::saturating_div_euclid (line 78) ... ok
[INFO] [stdout] test src/macros.rs - FixedU64<Frac>::saturating_div (line 77) ... ok
[INFO] [stdout] test src/macros.rs - FixedU64<Frac>::saturating_from_num (line 92) ... ok
[INFO] [stdout] test src/macros.rs - FixedU64<Frac>::saturating_from_str (line 76) ... ok
[INFO] [stdout] test src/macros.rs - FixedU64<Frac>::saturating_mul (line 73) ... ok
[INFO] [stdout] test src/macros.rs - FixedU64<Frac>::saturating_from_str_binary (line 76) ... ok
[INFO] [stdout] test src/macros.rs - FixedU64<Frac>::saturating_round_ties_to_even (line 74) ... ok
[INFO] [stdout] test src/macros.rs - FixedU64<Frac>::saturating_mul_int (line 73) ... ok
[INFO] [stdout] test src/macros.rs - FixedU64<Frac>::saturating_neg (line 75) ... ok
[INFO] [stdout] test src/macros.rs - FixedU64<Frac>::saturating_from_str_hex (line 76) ... ok
[INFO] [stdout] test src/macros.rs - FixedU64<Frac>::saturating_from_str_octal (line 76) ... ok
[INFO] [stdout] test src/macros.rs - FixedU64<Frac>::saturating_round (line 74) ... ok
[INFO] [stdout] test src/macros.rs - FixedU64<Frac>::saturating_to_num (line 88) ... ok
[INFO] [stdout] test src/macros.rs - FixedU64<Frac>::to_be_bytes (line 74) ... ok
[INFO] [stdout] test src/macros.rs - FixedU64<Frac>::to_le_bytes (line 74) ... ok
[INFO] [stdout] test src/macros.rs - FixedU64<Frac>::saturating_sub (line 73) ... ok
[INFO] [stdout] test src/macros.rs - FixedU64<Frac>::to_num (line 94) ... ok
[INFO] [stdout] test src/macros.rs - FixedU64<Frac>::trailing_zeros (line 74) ... ok
[INFO] [stdout] test src/macros.rs - FixedU64<Frac>::to_bits (line 74) ... ok
[INFO] [stdout] test src/macros.rs - FixedU64<Frac>::to_ne_bytes (line 74) ... ok
[INFO] [stdout] test src/macros.rs - FixedU64<Frac>::wrapping_add (line 73) ... ok
[INFO] [stdout] test src/macros.rs - FixedU64<Frac>::wrapping_div_euclid (line 77) ... ok
[INFO] [stdout] test src/macros.rs - FixedU64<Frac>::wrapping_ceil (line 74) ... ok
[INFO] [stdout] test src/macros.rs - FixedU64<Frac>::wrapping_div_int (line 79) ... ok
[INFO] [stdout] test src/macros.rs - FixedU64<Frac>::wrapping_div (line 77) ... ok
[INFO] [stdout] test src/macros.rs - FixedU64<Frac>::wrapping_div_euclid_int (line 79) ... ok
[INFO] [stdout] test src/macros.rs - FixedU64<Frac>::wrapping_floor (line 73) ... ok
[INFO] [stdout] test src/macros.rs - FixedU64<Frac>::wrapping_from_num (line 91) ... ok
[INFO] [stdout] test src/macros.rs - FixedU64<Frac>::wrapping_from_str_binary (line 76) ... ok
[INFO] [stdout] test src/macros.rs - FixedU64<Frac>::wrapping_from_str_octal (line 76) ... ok
[INFO] [stdout] test src/macros.rs - FixedU64<Frac>::wrapping_from_str_hex (line 76) ... ok
[INFO] [stdout] test src/macros.rs - FixedU64<Frac>::wrapping_mul_int (line 73) ... ok
[INFO] [stdout] test src/macros.rs - FixedU64<Frac>::wrapping_mul (line 73) ... ok
[INFO] [stdout] test src/macros.rs - FixedU64<Frac>::wrapping_from_str (line 76) ... ok
[INFO] [stdout] test src/macros.rs - FixedU64<Frac>::wrapping_neg (line 75) ... ok
[INFO] [stdout] test src/macros.rs - FixedU64<Frac>::wrapping_rem_euclid_int (line 79) ... ok
[INFO] [stdout] test src/macros.rs - FixedU64<Frac>::wrapping_round (line 74) ... ok
[INFO] [stdout] test src/macros.rs - FixedU8 (line 77) ... ok
[INFO] [stdout] test src/macros.rs - FixedU64<Frac>::wrapping_sub (line 73) ... ok
[INFO] [stdout] test src/macros.rs - FixedU64<Frac>::wrapping_round_ties_to_even (line 74) ... ok
[INFO] [stdout] test src/macros.rs - FixedU8<Frac>::FRAC_NBITS (line 73) ... ok
[INFO] [stdout] test src/macros.rs - FixedU64<Frac>::wrapping_shl (line 74) ... ok
[INFO] [stdout] test src/macros.rs - FixedU64<Frac>::wrapping_shr (line 74) ... ok
[INFO] [stdout] test src/macros.rs - FixedU64<Frac>::wrapping_to_num (line 88) ... ok
[INFO] [stdout] test src/macros.rs - FixedU8<Frac>::INT_NBITS (line 73) ... ok
[INFO] [stdout] test src/macros.rs - FixedU8<Frac>::checked_div (line 74) ... ok
[INFO] [stdout] test src/macros.rs - FixedU8<Frac>::ceil (line 80) ... ok
[INFO] [stdout] test src/macros.rs - FixedU8<Frac>::checked_ceil (line 74) ... ok
[INFO] [stdout] test src/macros.rs - FixedU8<Frac>::checked_add (line 73) ... ok
[INFO] [stdout] test src/macros.rs - FixedU8<Frac>::checked_div_int (line 74) ... ok
[INFO] [stdout] test src/macros.rs - FixedU8<Frac>::checked_div_euclid (line 74) ... ok
[INFO] [stdout] test src/macros.rs - FixedU8<Frac>::checked_div_euclid_int (line 74) ... ok
[INFO] [stdout] test src/macros.rs - FixedU8<Frac>::checked_floor (line 73) ... ok
[INFO] [stdout] test src/macros.rs - FixedU8<Frac>::checked_from_num (line 87) ... ok
[INFO] [stdout] test src/macros.rs - FixedU8<Frac>::checked_next_power_of_two (line 74) ... ok
[INFO] [stdout] test src/macros.rs - FixedU8<Frac>::checked_mul_int (line 74) ... ok
[INFO] [stdout] test src/macros.rs - FixedU8<Frac>::checked_neg (line 75) ... ok
[INFO] [stdout] test src/macros.rs - FixedU8<Frac>::checked_mul (line 73) ... ok
[INFO] [stdout] test src/macros.rs - FixedU8<Frac>::checked_shl (line 74) ... ok
[INFO] [stdout] test src/macros.rs - FixedU8<Frac>::checked_rem_euclid (line 74) ... ok
[INFO] [stdout] test src/macros.rs - FixedU8<Frac>::checked_rem (line 74) ... ok
[INFO] [stdout] test src/macros.rs - FixedU8<Frac>::checked_rem_euclid_int (line 74) ... ok
[INFO] [stdout] test src/macros.rs - FixedU8<Frac>::checked_round (line 74) ... ok
[INFO] [stdout] test src/macros.rs - FixedU8<Frac>::checked_round_ties_to_even (line 74) ... ok
[INFO] [stdout] test src/macros.rs - FixedU8<Frac>::checked_rem_int (line 74) ... ok
[INFO] [stdout] test src/macros.rs - FixedU8<Frac>::checked_shr (line 74) ... ok
[INFO] [stdout] test src/macros.rs - FixedU8<Frac>::count_ones (line 74) ... ok
[INFO] [stdout] test src/macros.rs - FixedU8<Frac>::checked_to_num (line 88) ... ok
[INFO] [stdout] test src/macros.rs - FixedU8<Frac>::checked_sub (line 73) ... ok
[INFO] [stdout] test src/macros.rs - FixedU8<Frac>::count_zeros (line 74) ... ok
[INFO] [stdout] test src/macros.rs - FixedU8<Frac>::floor (line 73) ... ok
[INFO] [stdout] test src/macros.rs - FixedU8<Frac>::div_euclid (line 83) ... ok
[INFO] [stdout] test src/macros.rs - FixedU8<Frac>::div_euclid_int (line 77) ... ok
[INFO] [stdout] test src/macros.rs - FixedU8<Frac>::frac_nbits (line 73) ... ok
[INFO] [stdout] test src/macros.rs - FixedU8<Frac>::frac (line 73) ... ok
[INFO] [stdout] test src/macros.rs - FixedU8<Frac>::from_be_bytes (line 74) ... ok
[INFO] [stdout] test src/macros.rs - FixedU8<Frac>::from_bits (line 74) ... ok
[INFO] [stdout] test src/macros.rs - FixedU8<Frac>::from_le_bytes (line 74) ... ok
[INFO] [stdout] test src/macros.rs - FixedU8<Frac>::from_num (line 95) ... ok
[INFO] [stdout] test src/macros.rs - FixedU8<Frac>::from_ne_bytes (line 74) ... ok
[INFO] [stdout] test src/macros.rs - FixedU8<Frac>::int_nbits (line 73) ... ok
[INFO] [stdout] test src/macros.rs - FixedU8<Frac>::from_str_binary (line 75) ... ok
[INFO] [stdout] test src/macros.rs - FixedU8<Frac>::from_str_hex (line 75) ... ok
[INFO] [stdout] test src/macros.rs - FixedU8<Frac>::from_str_octal (line 75) ... ok
[INFO] [stdout] test src/macros.rs - FixedU8<Frac>::is_power_of_two (line 74) ... ok
[INFO] [stdout] test src/macros.rs - FixedU8<Frac>::leading_zeros (line 74) ... ok
[INFO] [stdout] test src/macros.rs - FixedU8<Frac>::int (line 75) ... ok
[INFO] [stdout] test src/macros.rs - FixedU8<Frac>::max_value (line 73) ... ok
[INFO] [stdout] test src/macros.rs - FixedU8<Frac>::next_power_of_two (line 81) ... ok
[INFO] [stdout] test src/macros.rs - FixedU8<Frac>::min_value (line 73) ... ok
[INFO] [stdout] test src/macros.rs - FixedU8<Frac>::overflowing_add (line 76) ... ok
[INFO] [stdout] test src/macros.rs - FixedU8<Frac>::overflowing_ceil (line 77) ... ok
[INFO] [stdout] test src/macros.rs - FixedU8<Frac>::overflowing_div_euclid (line 80) ... ok
[INFO] [stdout] test src/macros.rs - FixedU8<Frac>::overflowing_div (line 80) ... ok
[INFO] [stdout] test src/macros.rs - FixedU8<Frac>::overflowing_floor (line 76) ... ok
[INFO] [stdout] test src/macros.rs - FixedU8<Frac>::overflowing_div_int (line 79) ... ok
[INFO] [stdout] test src/macros.rs - FixedU8<Frac>::overflowing_div_euclid_int (line 79) ... ok
[INFO] [stdout] test src/macros.rs - FixedU8<Frac>::overflowing_from_str (line 79) ... ok
[INFO] [stdout] test src/macros.rs - FixedU8<Frac>::overflowing_from_str_binary (line 79) ... ok
[INFO] [stdout] test src/macros.rs - FixedU8<Frac>::overflowing_from_num (line 94) ... ok
[INFO] [stdout] test src/macros.rs - FixedU8<Frac>::overflowing_from_str_hex (line 79) ... ok
[INFO] [stdout] test src/macros.rs - FixedU8<Frac>::overflowing_from_str_octal (line 79) ... ok
[INFO] [stdout] test src/macros.rs - FixedU8<Frac>::overflowing_neg (line 78) ... ok
[INFO] [stdout] test src/macros.rs - FixedU8<Frac>::overflowing_rem_euclid_int (line 79) ... ok
[INFO] [stdout] test src/macros.rs - FixedU8<Frac>::overflowing_mul (line 76) ... ok
[INFO] [stdout] test src/macros.rs - FixedU8<Frac>::overflowing_shl (line 77) ... ok
[INFO] [stdout] test src/macros.rs - FixedU8<Frac>::overflowing_mul_int (line 76) ... ok
[INFO] [stdout] test src/macros.rs - FixedU8<Frac>::overflowing_round (line 78) ... ok
[INFO] [stdout] test src/macros.rs - FixedU8<Frac>::overflowing_shr (line 77) ... ok
[INFO] [stdout] test src/macros.rs - FixedU8<Frac>::overflowing_round_ties_to_even (line 78) ... ok
[INFO] [stdout] test src/macros.rs - FixedU8<Frac>::overflowing_sub (line 76) ... ok
[INFO] [stdout] test src/macros.rs - FixedU8<Frac>::overflowing_to_num (line 90) ... ok
[INFO] [stdout] test src/macros.rs - FixedU8<Frac>::round_to_zero (line 75) ... ok
[INFO] [stdout] test src/macros.rs - FixedU8<Frac>::rem_euclid_int (line 77) ... ok
[INFO] [stdout] test src/macros.rs - FixedU8<Frac>::rotate_left (line 74) ... ok
[INFO] [stdout] test src/macros.rs - FixedU8<Frac>::rem_euclid (line 77) ... ok
[INFO] [stdout] test src/macros.rs - FixedU8<Frac>::rotate_right (line 74) ... ok
[INFO] [stdout] test src/macros.rs - FixedU8<Frac>::round_ties_to_even (line 81) ... ok
[INFO] [stdout] test src/macros.rs - FixedU8<Frac>::round (line 81) ... ok
[INFO] [stdout] test src/macros.rs - FixedU8<Frac>::saturating_ceil (line 74) ... ok
[INFO] [stdout] test src/macros.rs - FixedU8<Frac>::saturating_div (line 77) ... ok
[INFO] [stdout] test src/macros.rs - FixedU8<Frac>::saturating_add (line 73) ... ok
[INFO] [stdout] test src/macros.rs - FixedU8<Frac>::saturating_div_euclid (line 78) ... ok
[INFO] [stdout] test src/macros.rs - FixedU8<Frac>::saturating_floor (line 73) ... ok
[INFO] [stdout] test src/macros.rs - FixedU8<Frac>::saturating_from_num (line 92) ... ok
[INFO] [stdout] test src/macros.rs - FixedU8<Frac>::saturating_from_str_hex (line 76) ... ok
[INFO] [stdout] test src/macros.rs - FixedU8<Frac>::saturating_from_str (line 76) ... ok
[INFO] [stdout] test src/macros.rs - FixedU8<Frac>::saturating_from_str_binary (line 76) ... ok
[INFO] [stdout] test src/macros.rs - FixedU8<Frac>::saturating_round_ties_to_even (line 74) ... ok
[INFO] [stdout] test src/macros.rs - FixedU8<Frac>::saturating_mul (line 73) ... ok
[INFO] [stdout] test src/macros.rs - FixedU8<Frac>::saturating_neg (line 75) ... ok
[INFO] [stdout] test src/macros.rs - FixedU8<Frac>::saturating_from_str_octal (line 76) ... ok
[INFO] [stdout] test src/macros.rs - FixedU8<Frac>::saturating_mul_int (line 73) ... ok
[INFO] [stdout] test src/macros.rs - FixedU8<Frac>::saturating_round (line 74) ... ok
[INFO] [stdout] test src/macros.rs - FixedU8<Frac>::saturating_sub (line 73) ... ok
[INFO] [stdout] test src/macros.rs - FixedU8<Frac>::to_ne_bytes (line 74) ... ok
[INFO] [stdout] test src/macros.rs - FixedU8<Frac>::saturating_to_num (line 88) ... ok
[INFO] [stdout] test src/macros.rs - FixedU8<Frac>::trailing_zeros (line 74) ... ok
[INFO] [stdout] test src/macros.rs - FixedU8<Frac>::to_num (line 94) ... ok
[INFO] [stdout] test src/macros.rs - FixedU8<Frac>::to_le_bytes (line 74) ... ok
[INFO] [stdout] test src/macros.rs - FixedU8<Frac>::to_bits (line 74) ... ok
[INFO] [stdout] test src/macros.rs - FixedU8<Frac>::to_be_bytes (line 74) ... ok
[INFO] [stdout] test src/macros.rs - FixedU8<Frac>::wrapping_add (line 73) ... ok
[INFO] [stdout] test src/macros.rs - FixedU8<Frac>::wrapping_div_euclid (line 77) ... ok
[INFO] [stdout] test src/macros.rs - FixedU8<Frac>::wrapping_ceil (line 74) ... ok
[INFO] [stdout] test src/macros.rs - FixedU8<Frac>::wrapping_div (line 77) ... ok
[INFO] [stdout] test src/macros.rs - FixedU8<Frac>::wrapping_div_int (line 79) ... ok
[INFO] [stdout] test src/macros.rs - FixedU8<Frac>::wrapping_div_euclid_int (line 79) ... ok
[INFO] [stdout] test src/macros.rs - FixedU8<Frac>::wrapping_from_str (line 76) ... ok
[INFO] [stdout] test src/macros.rs - FixedU8<Frac>::wrapping_floor (line 73) ... ok
[INFO] [stdout] test src/macros.rs - FixedU8<Frac>::wrapping_from_num (line 91) ... ok
[INFO] [stdout] test src/macros.rs - FixedU8<Frac>::wrapping_from_str_binary (line 76) ... ok
[INFO] [stdout] test src/macros.rs - FixedU8<Frac>::wrapping_mul (line 73) ... ok
[INFO] [stdout] test src/macros.rs - FixedU8<Frac>::wrapping_from_str_hex (line 76) ... ok
[INFO] [stdout] test src/macros.rs - FixedU8<Frac>::wrapping_rem_euclid_int (line 79) ... ok
[INFO] [stdout] test src/macros.rs - FixedU8<Frac>::wrapping_from_str_octal (line 76) ... ok
[INFO] [stdout] test src/macros.rs - FixedU8<Frac>::wrapping_shl (line 74) ... ok
[INFO] [stdout] test src/macros.rs - FixedU8<Frac>::wrapping_neg (line 75) ... ok
[INFO] [stdout] test src/macros.rs - FixedU8<Frac>::wrapping_mul_int (line 73) ... ok
[INFO] [stdout] test src/traits.rs - traits::Fixed (line 128) - compile fail ... ok
[INFO] [stdout] test src/macros.rs - FixedU8<Frac>::wrapping_shr (line 74) ... ok
[INFO] [stdout] test src/macros.rs - FixedU8<Frac>::wrapping_round (line 74) ... ok
[INFO] [stdout] test src/macros.rs - FixedU8<Frac>::wrapping_round_ties_to_even (line 74) ... ok
[INFO] [stdout] test src/traits.rs - traits::Fixed (line 157) - compile fail ... ok
[INFO] [stdout] test src/macros.rs - FixedU8<Frac>::wrapping_sub (line 73) ... ok
[INFO] [stdout] test src/traits.rs - traits::Fixed (line 108) ... ok
[INFO] [stdout] test src/macros.rs - FixedU8<Frac>::wrapping_to_num (line 88) ... ok
[INFO] [stdout] test src/traits.rs - traits::Fixed (line 139) ... ok
[INFO] [stdout] test src/traits.rs - traits::LossyInto (line 1137) ... ok
[INFO] [stdout] test src/traits.rs - traits::ToFixed (line 1241) ... ok
[INFO] [stdout] test src/wrapping.rs - wrapping::Wrapping<F>::ceil (line 381) ... ok
[INFO] [stdout] test src/wrapping.rs - wrapping::Wrapping (line 43) ... ok
[INFO] [stdout] test src/traits.rs - traits::Fixed (line 177) ... ok
[INFO] [stdout] test src/traits.rs - traits::FromFixed (line 1170) ... ok
[INFO] [stdout] test src/wrapping.rs - wrapping::Wrapping<F>::count_ones (line 454) ... ok
[INFO] [stdout] test src/wrapping.rs - wrapping::Wrapping<F>::abs (line 659) ... ok
[INFO] [stdout] test src/traits.rs - traits::LossyFrom (line 1115) ... ok
[INFO] [stdout] test src/wrapping.rs - wrapping::Wrapping<F>::count_zeros (line 468) ... ok
[INFO] [stdout] test src/wrapping.rs - wrapping::Wrapping<F>::floor (line 400) ... ok
[INFO] [stdout] test src/wrapping.rs - wrapping::Wrapping<F>::div_euclid (line 542) ... ok
[INFO] [stdout] test src/wrapping.rs - wrapping::Wrapping<F>::from_bits (line 111) ... ok
[INFO] [stdout] test src/wrapping.rs - wrapping::Wrapping<F>::frac_nbits (line 97) ... ok
[INFO] [stdout] test src/wrapping.rs - wrapping::Wrapping<F>::frac (line 348) ... ok
[INFO] [stdout] test src/wrapping.rs - wrapping::Wrapping<F>::div_euclid_int (line 584) ... ok
[INFO] [stdout] test src/wrapping.rs - wrapping::Wrapping<F>::int_nbits (line 84) ... ok
[INFO] [stdout] test src/wrapping.rs - wrapping::Wrapping<F>::from_str_binary (line 271) ... ok
[INFO] [stdout] test src/wrapping.rs - wrapping::Wrapping<F>::from_str_octal (line 287) ... ok
[INFO] [stdout] test src/wrapping.rs - wrapping::Wrapping<F>::from_num (line 157) ... ok
[INFO] [stdout] test src/wrapping.rs - wrapping::Wrapping<F>::int (line 324) ... ok
[INFO] [stdout] test src/wrapping.rs - wrapping::Wrapping<F>::is_negative (line 638) ... FAILED
[INFO] [stdout] test src/wrapping.rs - wrapping::Wrapping<F>::from_str_hex (line 303) ... FAILED
[INFO] [stdout] test src/wrapping.rs - wrapping::Wrapping<F>::leading_zeros (line 482) ... ok
[INFO] [stdout] test src/wrapping.rs - wrapping::Wrapping<F>::is_power_of_two (line 716) ... ok
[INFO] [stdout] test src/wrapping.rs - wrapping::Wrapping<F>::max_value (line 71) ... ok
[INFO] [stdout] test src/wrapping.rs - wrapping::Wrapping<F>::rem_euclid (line 564) ... ok
[INFO] [stdout] test src/wrapping.rs - wrapping::Wrapping<F>::round (line 419) ... ok
[INFO] [stdout] test src/wrapping.rs - wrapping::Wrapping<F>::rotate_right (line 524) ... FAILED
[INFO] [stdout] test src/wrapping.rs - wrapping::Wrapping<F>::is_positive (line 621) ... ok
[INFO] [stdout] test src/wrapping.rs - wrapping::Wrapping<F>::min_value (line 58) ... ok
[INFO] [stdout] test src/wrapping.rs - wrapping::Wrapping<F>::next_power_of_two (line 735) ... FAILED
[INFO] [stdout] test src/wrapping.rs - wrapping::Wrapping<F>::rem_euclid_int (line 604) ... FAILED
[INFO] [stdout] test src/wrapping.rs - wrapping::Wrapping<F>::rotate_left (line 510) ... ok
[INFO] [stdout] test src/wrapping.rs - wrapping::Wrapping<F>::round_ties_to_even (line 436) ... FAILED
[INFO] [stdout] test src/wrapping.rs - wrapping::Wrapping<F>::signum (line 688) ... FAILED
[INFO] [stdout] test src/wrapping.rs - wrapping::Wrapping<F>::round_to_zero (line 365) ... FAILED
[INFO] [stdout] test src/wrapping.rs - wrapping::Wrapping<F>::to_num (line 224) ... FAILED
[INFO] [stdout] test src/wrapping.rs - wrapping::Wrapping<F>::trailing_zeros (line 496) ... FAILED
[INFO] [stdout] test src/wrapping.rs - wrapping::Wrapping<F>::to_bits (line 125) ... FAILED
[INFO] [stdout] 
[INFO] [stdout] failures:
[INFO] [stdout] 
[INFO] [stdout] ---- src/macros.rs - FixedI16<Frac>::floor (line 82) stdout ----
[INFO] [stdout] error: linking with `cc` failed: exit status: 1
[INFO] [stdout]   |
[INFO] [stdout]   = note: LC_ALL="C" PATH="/opt/rustwide/rustup-home/toolchains/1.83.0-x86_64-unknown-linux-gnu/lib/rustlib/x86_64-unknown-linux-gnu/bin:/opt/rustwide/cargo-home/bin:/usr/local/sbin:/usr/local/bin:/usr/sbin:/usr/bin:/sbin:/bin" VSLANG="1033" "cc" "-m64" "/tmp/rustc3CxAOp/symbols.o" "/tmp/rustdoctestKwWZeq/rust_out.rust_out.cb03291d53e4e161-cgu.0.rcgu.o" "/tmp/rustdoctestKwWZeq/rust_out.1s7umcihpz0t7nkz1uc2ifee9.rcgu.o" "-Wl,--as-needed" "-Wl,-Bstatic" "/opt/rustwide/target/debug/deps/libsubstrate_fixed-47b2cf0057be7d73.rlib" "/opt/rustwide/target/debug/deps/libsubstrate_typenum-9276cf258cc3087f.rlib" "/opt/rustwide/target/debug/deps/libscale_info-936fcc6c240e0c0e.rlib" "/opt/rustwide/target/debug/deps/libderive_more-043a828cf1f3a782.rlib" "/opt/rustwide/target/debug/deps/libcfg_if-8217498f8667ada9.rlib" "/opt/rustwide/target/debug/deps/libparity_scale_codec-ae5de803f6e60f68.rlib" "/opt/rustwide/target/debug/deps/libarrayvec-dcbc86b9b46e39a1.rlib" "/opt/rustwide/target/debug/deps/libbyte_slice_cast-a6c452221acc6a81.rlib" "/opt/rustwide/rustup-home/toolchains/1.83.0-x86_64-unknown-linux-gnu/lib/rustlib/x86_64-unknown-linux-gnu/lib/libstd-ca74a2d9c5166d9f.rlib" "/opt/rustwide/rustup-home/toolchains/1.83.0-x86_64-unknown-linux-gnu/lib/rustlib/x86_64-unknown-linux-gnu/lib/libpanic_unwind-e31ab23316ed5080.rlib" "/opt/rustwide/rustup-home/toolchains/1.83.0-x86_64-unknown-linux-gnu/lib/rustlib/x86_64-unknown-linux-gnu/lib/libobject-27dc4aa955912662.rlib" "/opt/rustwide/rustup-home/toolchains/1.83.0-x86_64-unknown-linux-gnu/lib/rustlib/x86_64-unknown-linux-gnu/lib/libmemchr-bd0d6cccce077b99.rlib" "/opt/rustwide/rustup-home/toolchains/1.83.0-x86_64-unknown-linux-gnu/lib/rustlib/x86_64-unknown-linux-gnu/lib/libaddr2line-8d001680935b5e3c.rlib" "/opt/rustwide/rustup-home/toolchains/1.83.0-x86_64-unknown-linux-gnu/lib/rustlib/x86_64-unknown-linux-gnu/lib/libgimli-ba8ce71964f984f4.rlib" "/opt/rustwide/rustup-home/toolchains/1.83.0-x86_64-unknown-linux-gnu/lib/rustlib/x86_64-unknown-linux-gnu/lib/librustc_demangle-99a73526abcec14b.rlib" "/opt/rustwide/rustup-home/toolchains/1.83.0-x86_64-unknown-linux-gnu/lib/rustlib/x86_64-unknown-linux-gnu/lib/libstd_detect-63ac0d22cff92579.rlib" "/opt/rustwide/rustup-home/toolchains/1.83.0-x86_64-unknown-linux-gnu/lib/rustlib/x86_64-unknown-linux-gnu/lib/libhashbrown-9057355c92c922d5.rlib" "/opt/rustwide/rustup-home/toolchains/1.83.0-x86_64-unknown-linux-gnu/lib/rustlib/x86_64-unknown-linux-gnu/lib/librustc_std_workspace_alloc-358be9bc1f6bab04.rlib" "/opt/rustwide/rustup-home/toolchains/1.83.0-x86_64-unknown-linux-gnu/lib/rustlib/x86_64-unknown-linux-gnu/lib/libminiz_oxide-aca15549d5bff974.rlib" "/opt/rustwide/rustup-home/toolchains/1.83.0-x86_64-unknown-linux-gnu/lib/rustlib/x86_64-unknown-linux-gnu/lib/libadler-8251d2cef7072448.rlib" "/opt/rustwide/rustup-home/toolchains/1.83.0-x86_64-unknown-linux-gnu/lib/rustlib/x86_64-unknown-linux-gnu/lib/libunwind-7d50b86011c66411.rlib" "/opt/rustwide/rustup-home/toolchains/1.83.0-x86_64-unknown-linux-gnu/lib/rustlib/x86_64-unknown-linux-gnu/lib/libcfg_if-51ea098fce5006bf.rlib" "/opt/rustwide/rustup-home/toolchains/1.83.0-x86_64-unknown-linux-gnu/lib/rustlib/x86_64-unknown-linux-gnu/lib/liblibc-5a14e0d0b712e731.rlib" "/opt/rustwide/rustup-home/toolchains/1.83.0-x86_64-unknown-linux-gnu/lib/rustlib/x86_64-unknown-linux-gnu/lib/liballoc-8b83dbf3a7b8f999.rlib" "/opt/rustwide/rustup-home/toolchains/1.83.0-x86_64-unknown-linux-gnu/lib/rustlib/x86_64-unknown-linux-gnu/lib/librustc_std_workspace_core-c6fd227bdc7b39ff.rlib" "/opt/rustwide/rustup-home/toolchains/1.83.0-x86_64-unknown-linux-gnu/lib/rustlib/x86_64-unknown-linux-gnu/lib/libcore-959d3389fa3da8a5.rlib" "/opt/rustwide/rustup-home/toolchains/1.83.0-x86_64-unknown-linux-gnu/lib/rustlib/x86_64-unknown-linux-gnu/lib/libcompiler_builtins-abe05db089cc2c62.rlib" "-Wl,-Bdynamic" "-lgcc_s" "-lutil" "-lrt" "-lpthread" "-lm" "-ldl" "-lc" "-Wl,--eh-frame-hdr" "-Wl,-z,noexecstack" "-L" "/opt/rustwide/rustup-home/toolchains/1.83.0-x86_64-unknown-linux-gnu/lib/rustlib/x86_64-unknown-linux-gnu/lib" "-o" "/tmp/rustdoctestKwWZeq/rust_out" "-Wl,--gc-sections" "-pie" "-Wl,-z,relro,-z,now" "-nodefaultlibs"
[INFO] [stdout]   = note: /usr/bin/ld: final link failed: No space left on device
[INFO] [stdout]           collect2: error: ld returned 1 exit status
[INFO] [stdout]           
[INFO] [stdout] 
[INFO] [stdout] error: aborting due to 1 previous error
[INFO] [stdout] 
[INFO] [stdout] Couldn't compile the test.
[INFO] [stdout] ---- src/macros.rs - FixedI16<Frac>::checked_shl (line 74) stdout ----
[INFO] [stdout] error: linking with `cc` failed: exit status: 1
[INFO] [stdout]   |
[INFO] [stdout]   = note: LC_ALL="C" PATH="/opt/rustwide/rustup-home/toolchains/1.83.0-x86_64-unknown-linux-gnu/lib/rustlib/x86_64-unknown-linux-gnu/bin:/opt/rustwide/cargo-home/bin:/usr/local/sbin:/usr/local/bin:/usr/sbin:/usr/bin:/sbin:/bin" VSLANG="1033" "cc" "-m64" "/tmp/rustcZH1tro/symbols.o" "/tmp/rustdoctestXQ8e1y/rust_out.rust_out.cb03291d53e4e161-cgu.0.rcgu.o" "/tmp/rustdoctestXQ8e1y/rust_out.1s7umcihpz0t7nkz1uc2ifee9.rcgu.o" "-Wl,--as-needed" "-Wl,-Bstatic" "/opt/rustwide/target/debug/deps/libsubstrate_fixed-47b2cf0057be7d73.rlib" "/opt/rustwide/target/debug/deps/libsubstrate_typenum-9276cf258cc3087f.rlib" "/opt/rustwide/target/debug/deps/libscale_info-936fcc6c240e0c0e.rlib" "/opt/rustwide/target/debug/deps/libderive_more-043a828cf1f3a782.rlib" "/opt/rustwide/target/debug/deps/libcfg_if-8217498f8667ada9.rlib" "/opt/rustwide/target/debug/deps/libparity_scale_codec-ae5de803f6e60f68.rlib" "/opt/rustwide/target/debug/deps/libarrayvec-dcbc86b9b46e39a1.rlib" "/opt/rustwide/target/debug/deps/libbyte_slice_cast-a6c452221acc6a81.rlib" "/opt/rustwide/rustup-home/toolchains/1.83.0-x86_64-unknown-linux-gnu/lib/rustlib/x86_64-unknown-linux-gnu/lib/libstd-ca74a2d9c5166d9f.rlib" "/opt/rustwide/rustup-home/toolchains/1.83.0-x86_64-unknown-linux-gnu/lib/rustlib/x86_64-unknown-linux-gnu/lib/libpanic_unwind-e31ab23316ed5080.rlib" "/opt/rustwide/rustup-home/toolchains/1.83.0-x86_64-unknown-linux-gnu/lib/rustlib/x86_64-unknown-linux-gnu/lib/libobject-27dc4aa955912662.rlib" "/opt/rustwide/rustup-home/toolchains/1.83.0-x86_64-unknown-linux-gnu/lib/rustlib/x86_64-unknown-linux-gnu/lib/libmemchr-bd0d6cccce077b99.rlib" "/opt/rustwide/rustup-home/toolchains/1.83.0-x86_64-unknown-linux-gnu/lib/rustlib/x86_64-unknown-linux-gnu/lib/libaddr2line-8d001680935b5e3c.rlib" "/opt/rustwide/rustup-home/toolchains/1.83.0-x86_64-unknown-linux-gnu/lib/rustlib/x86_64-unknown-linux-gnu/lib/libgimli-ba8ce71964f984f4.rlib" "/opt/rustwide/rustup-home/toolchains/1.83.0-x86_64-unknown-linux-gnu/lib/rustlib/x86_64-unknown-linux-gnu/lib/librustc_demangle-99a73526abcec14b.rlib" "/opt/rustwide/rustup-home/toolchains/1.83.0-x86_64-unknown-linux-gnu/lib/rustlib/x86_64-unknown-linux-gnu/lib/libstd_detect-63ac0d22cff92579.rlib" "/opt/rustwide/rustup-home/toolchains/1.83.0-x86_64-unknown-linux-gnu/lib/rustlib/x86_64-unknown-linux-gnu/lib/libhashbrown-9057355c92c922d5.rlib" "/opt/rustwide/rustup-home/toolchains/1.83.0-x86_64-unknown-linux-gnu/lib/rustlib/x86_64-unknown-linux-gnu/lib/librustc_std_workspace_alloc-358be9bc1f6bab04.rlib" "/opt/rustwide/rustup-home/toolchains/1.83.0-x86_64-unknown-linux-gnu/lib/rustlib/x86_64-unknown-linux-gnu/lib/libminiz_oxide-aca15549d5bff974.rlib" "/opt/rustwide/rustup-home/toolchains/1.83.0-x86_64-unknown-linux-gnu/lib/rustlib/x86_64-unknown-linux-gnu/lib/libadler-8251d2cef7072448.rlib" "/opt/rustwide/rustup-home/toolchains/1.83.0-x86_64-unknown-linux-gnu/lib/rustlib/x86_64-unknown-linux-gnu/lib/libunwind-7d50b86011c66411.rlib" "/opt/rustwide/rustup-home/toolchains/1.83.0-x86_64-unknown-linux-gnu/lib/rustlib/x86_64-unknown-linux-gnu/lib/libcfg_if-51ea098fce5006bf.rlib" "/opt/rustwide/rustup-home/toolchains/1.83.0-x86_64-unknown-linux-gnu/lib/rustlib/x86_64-unknown-linux-gnu/lib/liblibc-5a14e0d0b712e731.rlib" "/opt/rustwide/rustup-home/toolchains/1.83.0-x86_64-unknown-linux-gnu/lib/rustlib/x86_64-unknown-linux-gnu/lib/liballoc-8b83dbf3a7b8f999.rlib" "/opt/rustwide/rustup-home/toolchains/1.83.0-x86_64-unknown-linux-gnu/lib/rustlib/x86_64-unknown-linux-gnu/lib/librustc_std_workspace_core-c6fd227bdc7b39ff.rlib" "/opt/rustwide/rustup-home/toolchains/1.83.0-x86_64-unknown-linux-gnu/lib/rustlib/x86_64-unknown-linux-gnu/lib/libcore-959d3389fa3da8a5.rlib" "/opt/rustwide/rustup-home/toolchains/1.83.0-x86_64-unknown-linux-gnu/lib/rustlib/x86_64-unknown-linux-gnu/lib/libcompiler_builtins-abe05db089cc2c62.rlib" "-Wl,-Bdynamic" "-lgcc_s" "-lutil" "-lrt" "-lpthread" "-lm" "-ldl" "-lc" "-Wl,--eh-frame-hdr" "-Wl,-z,noexecstack" "-L" "/opt/rustwide/rustup-home/toolchains/1.83.0-x86_64-unknown-linux-gnu/lib/rustlib/x86_64-unknown-linux-gnu/lib" "-o" "/tmp/rustdoctestXQ8e1y/rust_out" "-Wl,--gc-sections" "-pie" "-Wl,-z,relro,-z,now" "-nodefaultlibs"
[INFO] [stdout]   = note: /usr/bin/ld: final link failed: No space left on device
[INFO] [stdout]           collect2: error: ld returned 1 exit status
[INFO] [stdout]           
[INFO] [stdout] 
[INFO] [stdout] error: aborting due to 1 previous error
[INFO] [stdout] 
[INFO] [stdout] Couldn't compile the test.
[INFO] [stdout] ---- src/macros.rs - FixedI16<Frac>::count_zeros (line 74) stdout ----
[INFO] [stdout] error: linking with `cc` failed: exit status: 1
[INFO] [stdout]   |
[INFO] [stdout]   = note: LC_ALL="C" PATH="/opt/rustwide/rustup-home/toolchains/1.83.0-x86_64-unknown-linux-gnu/lib/rustlib/x86_64-unknown-linux-gnu/bin:/opt/rustwide/cargo-home/bin:/usr/local/sbin:/usr/local/bin:/usr/sbin:/usr/bin:/sbin:/bin" VSLANG="1033" "cc" "-m64" "/tmp/rustcJTL1It/symbols.o" "/tmp/rustdoctesth2aEjy/rust_out.rust_out.cb03291d53e4e161-cgu.0.rcgu.o" "/tmp/rustdoctesth2aEjy/rust_out.1s7umcihpz0t7nkz1uc2ifee9.rcgu.o" "-Wl,--as-needed" "-Wl,-Bstatic" "/opt/rustwide/target/debug/deps/libsubstrate_fixed-47b2cf0057be7d73.rlib" "/opt/rustwide/target/debug/deps/libsubstrate_typenum-9276cf258cc3087f.rlib" "/opt/rustwide/target/debug/deps/libscale_info-936fcc6c240e0c0e.rlib" "/opt/rustwide/target/debug/deps/libderive_more-043a828cf1f3a782.rlib" "/opt/rustwide/target/debug/deps/libcfg_if-8217498f8667ada9.rlib" "/opt/rustwide/target/debug/deps/libparity_scale_codec-ae5de803f6e60f68.rlib" "/opt/rustwide/target/debug/deps/libarrayvec-dcbc86b9b46e39a1.rlib" "/opt/rustwide/target/debug/deps/libbyte_slice_cast-a6c452221acc6a81.rlib" "/opt/rustwide/rustup-home/toolchains/1.83.0-x86_64-unknown-linux-gnu/lib/rustlib/x86_64-unknown-linux-gnu/lib/libstd-ca74a2d9c5166d9f.rlib" "/opt/rustwide/rustup-home/toolchains/1.83.0-x86_64-unknown-linux-gnu/lib/rustlib/x86_64-unknown-linux-gnu/lib/libpanic_unwind-e31ab23316ed5080.rlib" "/opt/rustwide/rustup-home/toolchains/1.83.0-x86_64-unknown-linux-gnu/lib/rustlib/x86_64-unknown-linux-gnu/lib/libobject-27dc4aa955912662.rlib" "/opt/rustwide/rustup-home/toolchains/1.83.0-x86_64-unknown-linux-gnu/lib/rustlib/x86_64-unknown-linux-gnu/lib/libmemchr-bd0d6cccce077b99.rlib" "/opt/rustwide/rustup-home/toolchains/1.83.0-x86_64-unknown-linux-gnu/lib/rustlib/x86_64-unknown-linux-gnu/lib/libaddr2line-8d001680935b5e3c.rlib" "/opt/rustwide/rustup-home/toolchains/1.83.0-x86_64-unknown-linux-gnu/lib/rustlib/x86_64-unknown-linux-gnu/lib/libgimli-ba8ce71964f984f4.rlib" "/opt/rustwide/rustup-home/toolchains/1.83.0-x86_64-unknown-linux-gnu/lib/rustlib/x86_64-unknown-linux-gnu/lib/librustc_demangle-99a73526abcec14b.rlib" "/opt/rustwide/rustup-home/toolchains/1.83.0-x86_64-unknown-linux-gnu/lib/rustlib/x86_64-unknown-linux-gnu/lib/libstd_detect-63ac0d22cff92579.rlib" "/opt/rustwide/rustup-home/toolchains/1.83.0-x86_64-unknown-linux-gnu/lib/rustlib/x86_64-unknown-linux-gnu/lib/libhashbrown-9057355c92c922d5.rlib" "/opt/rustwide/rustup-home/toolchains/1.83.0-x86_64-unknown-linux-gnu/lib/rustlib/x86_64-unknown-linux-gnu/lib/librustc_std_workspace_alloc-358be9bc1f6bab04.rlib" "/opt/rustwide/rustup-home/toolchains/1.83.0-x86_64-unknown-linux-gnu/lib/rustlib/x86_64-unknown-linux-gnu/lib/libminiz_oxide-aca15549d5bff974.rlib" "/opt/rustwide/rustup-home/toolchains/1.83.0-x86_64-unknown-linux-gnu/lib/rustlib/x86_64-unknown-linux-gnu/lib/libadler-8251d2cef7072448.rlib" "/opt/rustwide/rustup-home/toolchains/1.83.0-x86_64-unknown-linux-gnu/lib/rustlib/x86_64-unknown-linux-gnu/lib/libunwind-7d50b86011c66411.rlib" "/opt/rustwide/rustup-home/toolchains/1.83.0-x86_64-unknown-linux-gnu/lib/rustlib/x86_64-unknown-linux-gnu/lib/libcfg_if-51ea098fce5006bf.rlib" "/opt/rustwide/rustup-home/toolchains/1.83.0-x86_64-unknown-linux-gnu/lib/rustlib/x86_64-unknown-linux-gnu/lib/liblibc-5a14e0d0b712e731.rlib" "/opt/rustwide/rustup-home/toolchains/1.83.0-x86_64-unknown-linux-gnu/lib/rustlib/x86_64-unknown-linux-gnu/lib/liballoc-8b83dbf3a7b8f999.rlib" "/opt/rustwide/rustup-home/toolchains/1.83.0-x86_64-unknown-linux-gnu/lib/rustlib/x86_64-unknown-linux-gnu/lib/librustc_std_workspace_core-c6fd227bdc7b39ff.rlib" "/opt/rustwide/rustup-home/toolchains/1.83.0-x86_64-unknown-linux-gnu/lib/rustlib/x86_64-unknown-linux-gnu/lib/libcore-959d3389fa3da8a5.rlib" "/opt/rustwide/rustup-home/toolchains/1.83.0-x86_64-unknown-linux-gnu/lib/rustlib/x86_64-unknown-linux-gnu/lib/libcompiler_builtins-abe05db089cc2c62.rlib" "-Wl,-Bdynamic" "-lgcc_s" "-lutil" "-lrt" "-lpthread" "-lm" "-ldl" "-lc" "-Wl,--eh-frame-hdr" "-Wl,-z,noexecstack" "-L" "/opt/rustwide/rustup-home/toolchains/1.83.0-x86_64-unknown-linux-gnu/lib/rustlib/x86_64-unknown-linux-gnu/lib" "-o" "/tmp/rustdoctesth2aEjy/rust_out" "-Wl,--gc-sections" "-pie" "-Wl,-z,relro,-z,now" "-nodefaultlibs"
[INFO] [stdout]   = note: /usr/bin/ld: final link failed: No space left on device
[INFO] [stdout]           collect2: error: ld returned 1 exit status
[INFO] [stdout]           
[INFO] [stdout] 
[INFO] [stdout] error: aborting due to 1 previous error
[INFO] [stdout] 
[INFO] [stdout] Couldn't compile the test.
[INFO] [stdout] ---- src/macros.rs - FixedI16<Frac>::from_be_bytes (line 74) stdout ----
[INFO] [stdout] rustc-LLVM ERROR: IO failure on output stream: No space left on device
[INFO] [stdout] Couldn't compile the test.
[INFO] [stdout] ---- src/macros.rs - FixedI16<Frac>::checked_shr (line 74) stdout ----
[INFO] [stdout] error: linking with `cc` failed: exit status: 1
[INFO] [stdout]   |
[INFO] [stdout]   = note: LC_ALL="C" PATH="/opt/rustwide/rustup-home/toolchains/1.83.0-x86_64-unknown-linux-gnu/lib/rustlib/x86_64-unknown-linux-gnu/bin:/opt/rustwide/cargo-home/bin:/usr/local/sbin:/usr/local/bin:/usr/sbin:/usr/bin:/sbin:/bin" VSLANG="1033" "cc" "-m64" "/tmp/rustcwbht4G/symbols.o" "/tmp/rustdoctestCzmQlg/rust_out.rust_out.cb03291d53e4e161-cgu.0.rcgu.o" "/tmp/rustdoctestCzmQlg/rust_out.1s7umcihpz0t7nkz1uc2ifee9.rcgu.o" "-Wl,--as-needed" "-Wl,-Bstatic" "/opt/rustwide/target/debug/deps/libsubstrate_fixed-47b2cf0057be7d73.rlib" "/opt/rustwide/target/debug/deps/libsubstrate_typenum-9276cf258cc3087f.rlib" "/opt/rustwide/target/debug/deps/libscale_info-936fcc6c240e0c0e.rlib" "/opt/rustwide/target/debug/deps/libderive_more-043a828cf1f3a782.rlib" "/opt/rustwide/target/debug/deps/libcfg_if-8217498f8667ada9.rlib" "/opt/rustwide/target/debug/deps/libparity_scale_codec-ae5de803f6e60f68.rlib" "/opt/rustwide/target/debug/deps/libarrayvec-dcbc86b9b46e39a1.rlib" "/opt/rustwide/target/debug/deps/libbyte_slice_cast-a6c452221acc6a81.rlib" "/opt/rustwide/rustup-home/toolchains/1.83.0-x86_64-unknown-linux-gnu/lib/rustlib/x86_64-unknown-linux-gnu/lib/libstd-ca74a2d9c5166d9f.rlib" "/opt/rustwide/rustup-home/toolchains/1.83.0-x86_64-unknown-linux-gnu/lib/rustlib/x86_64-unknown-linux-gnu/lib/libpanic_unwind-e31ab23316ed5080.rlib" "/opt/rustwide/rustup-home/toolchains/1.83.0-x86_64-unknown-linux-gnu/lib/rustlib/x86_64-unknown-linux-gnu/lib/libobject-27dc4aa955912662.rlib" "/opt/rustwide/rustup-home/toolchains/1.83.0-x86_64-unknown-linux-gnu/lib/rustlib/x86_64-unknown-linux-gnu/lib/libmemchr-bd0d6cccce077b99.rlib" "/opt/rustwide/rustup-home/toolchains/1.83.0-x86_64-unknown-linux-gnu/lib/rustlib/x86_64-unknown-linux-gnu/lib/libaddr2line-8d001680935b5e3c.rlib" "/opt/rustwide/rustup-home/toolchains/1.83.0-x86_64-unknown-linux-gnu/lib/rustlib/x86_64-unknown-linux-gnu/lib/libgimli-ba8ce71964f984f4.rlib" "/opt/rustwide/rustup-home/toolchains/1.83.0-x86_64-unknown-linux-gnu/lib/rustlib/x86_64-unknown-linux-gnu/lib/librustc_demangle-99a73526abcec14b.rlib" "/opt/rustwide/rustup-home/toolchains/1.83.0-x86_64-unknown-linux-gnu/lib/rustlib/x86_64-unknown-linux-gnu/lib/libstd_detect-63ac0d22cff92579.rlib" "/opt/rustwide/rustup-home/toolchains/1.83.0-x86_64-unknown-linux-gnu/lib/rustlib/x86_64-unknown-linux-gnu/lib/libhashbrown-9057355c92c922d5.rlib" "/opt/rustwide/rustup-home/toolchains/1.83.0-x86_64-unknown-linux-gnu/lib/rustlib/x86_64-unknown-linux-gnu/lib/librustc_std_workspace_alloc-358be9bc1f6bab04.rlib" "/opt/rustwide/rustup-home/toolchains/1.83.0-x86_64-unknown-linux-gnu/lib/rustlib/x86_64-unknown-linux-gnu/lib/libminiz_oxide-aca15549d5bff974.rlib" "/opt/rustwide/rustup-home/toolchains/1.83.0-x86_64-unknown-linux-gnu/lib/rustlib/x86_64-unknown-linux-gnu/lib/libadler-8251d2cef7072448.rlib" "/opt/rustwide/rustup-home/toolchains/1.83.0-x86_64-unknown-linux-gnu/lib/rustlib/x86_64-unknown-linux-gnu/lib/libunwind-7d50b86011c66411.rlib" "/opt/rustwide/rustup-home/toolchains/1.83.0-x86_64-unknown-linux-gnu/lib/rustlib/x86_64-unknown-linux-gnu/lib/libcfg_if-51ea098fce5006bf.rlib" "/opt/rustwide/rustup-home/toolchains/1.83.0-x86_64-unknown-linux-gnu/lib/rustlib/x86_64-unknown-linux-gnu/lib/liblibc-5a14e0d0b712e731.rlib" "/opt/rustwide/rustup-home/toolchains/1.83.0-x86_64-unknown-linux-gnu/lib/rustlib/x86_64-unknown-linux-gnu/lib/liballoc-8b83dbf3a7b8f999.rlib" "/opt/rustwide/rustup-home/toolchains/1.83.0-x86_64-unknown-linux-gnu/lib/rustlib/x86_64-unknown-linux-gnu/lib/librustc_std_workspace_core-c6fd227bdc7b39ff.rlib" "/opt/rustwide/rustup-home/toolchains/1.83.0-x86_64-unknown-linux-gnu/lib/rustlib/x86_64-unknown-linux-gnu/lib/libcore-959d3389fa3da8a5.rlib" "/opt/rustwide/rustup-home/toolchains/1.83.0-x86_64-unknown-linux-gnu/lib/rustlib/x86_64-unknown-linux-gnu/lib/libcompiler_builtins-abe05db089cc2c62.rlib" "-Wl,-Bdynamic" "-lgcc_s" "-lutil" "-lrt" "-lpthread" "-lm" "-ldl" "-lc" "-Wl,--eh-frame-hdr" "-Wl,-z,noexecstack" "-L" "/opt/rustwide/rustup-home/toolchains/1.83.0-x86_64-unknown-linux-gnu/lib/rustlib/x86_64-unknown-linux-gnu/lib" "-o" "/tmp/rustdoctestCzmQlg/rust_out" "-Wl,--gc-sections" "-pie" "-Wl,-z,relro,-z,now" "-nodefaultlibs"
[INFO] [stdout]   = note: /usr/bin/ld: final link failed: No space left on device
[INFO] [stdout]           collect2: error: ld returned 1 exit status
[INFO] [stdout]           
[INFO] [stdout] 
[INFO] [stdout] error: aborting due to 1 previous error
[INFO] [stdout] 
[INFO] [stdout] Couldn't compile the test.
[INFO] [stdout] ---- src/macros.rs - FixedI16<Frac>::div_euclid_int (line 83) stdout ----
[INFO] [stdout] error: linking with `cc` failed: exit status: 1
[INFO] [stdout]   |
[INFO] [stdout]   = note: LC_ALL="C" PATH="/opt/rustwide/rustup-home/toolchains/1.83.0-x86_64-unknown-linux-gnu/lib/rustlib/x86_64-unknown-linux-gnu/bin:/opt/rustwide/cargo-home/bin:/usr/local/sbin:/usr/local/bin:/usr/sbin:/usr/bin:/sbin:/bin" VSLANG="1033" "cc" "-m64" "/tmp/rustcLTw4Sq/symbols.o" "/tmp/rustdoctestjcoNq0/rust_out.rust_out.cb03291d53e4e161-cgu.0.rcgu.o" "/tmp/rustdoctestjcoNq0/rust_out.1s7umcihpz0t7nkz1uc2ifee9.rcgu.o" "-Wl,--as-needed" "-Wl,-Bstatic" "/opt/rustwide/target/debug/deps/libsubstrate_fixed-47b2cf0057be7d73.rlib" "/opt/rustwide/target/debug/deps/libsubstrate_typenum-9276cf258cc3087f.rlib" "/opt/rustwide/target/debug/deps/libscale_info-936fcc6c240e0c0e.rlib" "/opt/rustwide/target/debug/deps/libderive_more-043a828cf1f3a782.rlib" "/opt/rustwide/target/debug/deps/libcfg_if-8217498f8667ada9.rlib" "/opt/rustwide/target/debug/deps/libparity_scale_codec-ae5de803f6e60f68.rlib" "/opt/rustwide/target/debug/deps/libarrayvec-dcbc86b9b46e39a1.rlib" "/opt/rustwide/target/debug/deps/libbyte_slice_cast-a6c452221acc6a81.rlib" "/opt/rustwide/rustup-home/toolchains/1.83.0-x86_64-unknown-linux-gnu/lib/rustlib/x86_64-unknown-linux-gnu/lib/libstd-ca74a2d9c5166d9f.rlib" "/opt/rustwide/rustup-home/toolchains/1.83.0-x86_64-unknown-linux-gnu/lib/rustlib/x86_64-unknown-linux-gnu/lib/libpanic_unwind-e31ab23316ed5080.rlib" "/opt/rustwide/rustup-home/toolchains/1.83.0-x86_64-unknown-linux-gnu/lib/rustlib/x86_64-unknown-linux-gnu/lib/libobject-27dc4aa955912662.rlib" "/opt/rustwide/rustup-home/toolchains/1.83.0-x86_64-unknown-linux-gnu/lib/rustlib/x86_64-unknown-linux-gnu/lib/libmemchr-bd0d6cccce077b99.rlib" "/opt/rustwide/rustup-home/toolchains/1.83.0-x86_64-unknown-linux-gnu/lib/rustlib/x86_64-unknown-linux-gnu/lib/libaddr2line-8d001680935b5e3c.rlib" "/opt/rustwide/rustup-home/toolchains/1.83.0-x86_64-unknown-linux-gnu/lib/rustlib/x86_64-unknown-linux-gnu/lib/libgimli-ba8ce71964f984f4.rlib" "/opt/rustwide/rustup-home/toolchains/1.83.0-x86_64-unknown-linux-gnu/lib/rustlib/x86_64-unknown-linux-gnu/lib/librustc_demangle-99a73526abcec14b.rlib" "/opt/rustwide/rustup-home/toolchains/1.83.0-x86_64-unknown-linux-gnu/lib/rustlib/x86_64-unknown-linux-gnu/lib/libstd_detect-63ac0d22cff92579.rlib" "/opt/rustwide/rustup-home/toolchains/1.83.0-x86_64-unknown-linux-gnu/lib/rustlib/x86_64-unknown-linux-gnu/lib/libhashbrown-9057355c92c922d5.rlib" "/opt/rustwide/rustup-home/toolchains/1.83.0-x86_64-unknown-linux-gnu/lib/rustlib/x86_64-unknown-linux-gnu/lib/librustc_std_workspace_alloc-358be9bc1f6bab04.rlib" "/opt/rustwide/rustup-home/toolchains/1.83.0-x86_64-unknown-linux-gnu/lib/rustlib/x86_64-unknown-linux-gnu/lib/libminiz_oxide-aca15549d5bff974.rlib" "/opt/rustwide/rustup-home/toolchains/1.83.0-x86_64-unknown-linux-gnu/lib/rustlib/x86_64-unknown-linux-gnu/lib/libadler-8251d2cef7072448.rlib" "/opt/rustwide/rustup-home/toolchains/1.83.0-x86_64-unknown-linux-gnu/lib/rustlib/x86_64-unknown-linux-gnu/lib/libunwind-7d50b86011c66411.rlib" "/opt/rustwide/rustup-home/toolchains/1.83.0-x86_64-unknown-linux-gnu/lib/rustlib/x86_64-unknown-linux-gnu/lib/libcfg_if-51ea098fce5006bf.rlib" "/opt/rustwide/rustup-home/toolchains/1.83.0-x86_64-unknown-linux-gnu/lib/rustlib/x86_64-unknown-linux-gnu/lib/liblibc-5a14e0d0b712e731.rlib" "/opt/rustwide/rustup-home/toolchains/1.83.0-x86_64-unknown-linux-gnu/lib/rustlib/x86_64-unknown-linux-gnu/lib/liballoc-8b83dbf3a7b8f999.rlib" "/opt/rustwide/rustup-home/toolchains/1.83.0-x86_64-unknown-linux-gnu/lib/rustlib/x86_64-unknown-linux-gnu/lib/librustc_std_workspace_core-c6fd227bdc7b39ff.rlib" "/opt/rustwide/rustup-home/toolchains/1.83.0-x86_64-unknown-linux-gnu/lib/rustlib/x86_64-unknown-linux-gnu/lib/libcore-959d3389fa3da8a5.rlib" "/opt/rustwide/rustup-home/toolchains/1.83.0-x86_64-unknown-linux-gnu/lib/rustlib/x86_64-unknown-linux-gnu/lib/libcompiler_builtins-abe05db089cc2c62.rlib" "-Wl,-Bdynamic" "-lgcc_s" "-lutil" "-lrt" "-lpthread" "-lm" "-ldl" "-lc" "-Wl,--eh-frame-hdr" "-Wl,-z,noexecstack" "-L" "/opt/rustwide/rustup-home/toolchains/1.83.0-x86_64-unknown-linux-gnu/lib/rustlib/x86_64-unknown-linux-gnu/lib" "-o" "/tmp/rustdoctestjcoNq0/rust_out" "-Wl,--gc-sections" "-pie" "-Wl,-z,relro,-z,now" "-nodefaultlibs"
[INFO] [stdout]   = note: /usr/bin/ld: final link failed: No space left on device
[INFO] [stdout]           collect2: error: ld returned 1 exit status
[INFO] [stdout]           
[INFO] [stdout] 
[INFO] [stdout] error: aborting due to 1 previous error
[INFO] [stdout] 
[INFO] [stdout] Couldn't compile the test.
[INFO] [stdout] ---- src/macros.rs - FixedI16<Frac>::frac (line 79) stdout ----
[INFO] [stdout] error: linking with `cc` failed: exit status: 1
[INFO] [stdout]   |
[INFO] [stdout]   = note: LC_ALL="C" PATH="/opt/rustwide/rustup-home/toolchains/1.83.0-x86_64-unknown-linux-gnu/lib/rustlib/x86_64-unknown-linux-gnu/bin:/opt/rustwide/cargo-home/bin:/usr/local/sbin:/usr/local/bin:/usr/sbin:/usr/bin:/sbin:/bin" VSLANG="1033" "cc" "-m64" "/tmp/rustcWNoVVD/symbols.o" "/tmp/rustdoctestSwljfc/rust_out.rust_out.cb03291d53e4e161-cgu.0.rcgu.o" "/tmp/rustdoctestSwljfc/rust_out.1s7umcihpz0t7nkz1uc2ifee9.rcgu.o" "-Wl,--as-needed" "-Wl,-Bstatic" "/opt/rustwide/target/debug/deps/libsubstrate_fixed-47b2cf0057be7d73.rlib" "/opt/rustwide/target/debug/deps/libsubstrate_typenum-9276cf258cc3087f.rlib" "/opt/rustwide/target/debug/deps/libscale_info-936fcc6c240e0c0e.rlib" "/opt/rustwide/target/debug/deps/libderive_more-043a828cf1f3a782.rlib" "/opt/rustwide/target/debug/deps/libcfg_if-8217498f8667ada9.rlib" "/opt/rustwide/target/debug/deps/libparity_scale_codec-ae5de803f6e60f68.rlib" "/opt/rustwide/target/debug/deps/libarrayvec-dcbc86b9b46e39a1.rlib" "/opt/rustwide/target/debug/deps/libbyte_slice_cast-a6c452221acc6a81.rlib" "/opt/rustwide/rustup-home/toolchains/1.83.0-x86_64-unknown-linux-gnu/lib/rustlib/x86_64-unknown-linux-gnu/lib/libstd-ca74a2d9c5166d9f.rlib" "/opt/rustwide/rustup-home/toolchains/1.83.0-x86_64-unknown-linux-gnu/lib/rustlib/x86_64-unknown-linux-gnu/lib/libpanic_unwind-e31ab23316ed5080.rlib" "/opt/rustwide/rustup-home/toolchains/1.83.0-x86_64-unknown-linux-gnu/lib/rustlib/x86_64-unknown-linux-gnu/lib/libobject-27dc4aa955912662.rlib" "/opt/rustwide/rustup-home/toolchains/1.83.0-x86_64-unknown-linux-gnu/lib/rustlib/x86_64-unknown-linux-gnu/lib/libmemchr-bd0d6cccce077b99.rlib" "/opt/rustwide/rustup-home/toolchains/1.83.0-x86_64-unknown-linux-gnu/lib/rustlib/x86_64-unknown-linux-gnu/lib/libaddr2line-8d001680935b5e3c.rlib" "/opt/rustwide/rustup-home/toolchains/1.83.0-x86_64-unknown-linux-gnu/lib/rustlib/x86_64-unknown-linux-gnu/lib/libgimli-ba8ce71964f984f4.rlib" "/opt/rustwide/rustup-home/toolchains/1.83.0-x86_64-unknown-linux-gnu/lib/rustlib/x86_64-unknown-linux-gnu/lib/librustc_demangle-99a73526abcec14b.rlib" "/opt/rustwide/rustup-home/toolchains/1.83.0-x86_64-unknown-linux-gnu/lib/rustlib/x86_64-unknown-linux-gnu/lib/libstd_detect-63ac0d22cff92579.rlib" "/opt/rustwide/rustup-home/toolchains/1.83.0-x86_64-unknown-linux-gnu/lib/rustlib/x86_64-unknown-linux-gnu/lib/libhashbrown-9057355c92c922d5.rlib" "/opt/rustwide/rustup-home/toolchains/1.83.0-x86_64-unknown-linux-gnu/lib/rustlib/x86_64-unknown-linux-gnu/lib/librustc_std_workspace_alloc-358be9bc1f6bab04.rlib" "/opt/rustwide/rustup-home/toolchains/1.83.0-x86_64-unknown-linux-gnu/lib/rustlib/x86_64-unknown-linux-gnu/lib/libminiz_oxide-aca15549d5bff974.rlib" "/opt/rustwide/rustup-home/toolchains/1.83.0-x86_64-unknown-linux-gnu/lib/rustlib/x86_64-unknown-linux-gnu/lib/libadler-8251d2cef7072448.rlib" "/opt/rustwide/rustup-home/toolchains/1.83.0-x86_64-unknown-linux-gnu/lib/rustlib/x86_64-unknown-linux-gnu/lib/libunwind-7d50b86011c66411.rlib" "/opt/rustwide/rustup-home/toolchains/1.83.0-x86_64-unknown-linux-gnu/lib/rustlib/x86_64-unknown-linux-gnu/lib/libcfg_if-51ea098fce5006bf.rlib" "/opt/rustwide/rustup-home/toolchains/1.83.0-x86_64-unknown-linux-gnu/lib/rustlib/x86_64-unknown-linux-gnu/lib/liblibc-5a14e0d0b712e731.rlib" "/opt/rustwide/rustup-home/toolchains/1.83.0-x86_64-unknown-linux-gnu/lib/rustlib/x86_64-unknown-linux-gnu/lib/liballoc-8b83dbf3a7b8f999.rlib" "/opt/rustwide/rustup-home/toolchains/1.83.0-x86_64-unknown-linux-gnu/lib/rustlib/x86_64-unknown-linux-gnu/lib/librustc_std_workspace_core-c6fd227bdc7b39ff.rlib" "/opt/rustwide/rustup-home/toolchains/1.83.0-x86_64-unknown-linux-gnu/lib/rustlib/x86_64-unknown-linux-gnu/lib/libcore-959d3389fa3da8a5.rlib" "/opt/rustwide/rustup-home/toolchains/1.83.0-x86_64-unknown-linux-gnu/lib/rustlib/x86_64-unknown-linux-gnu/lib/libcompiler_builtins-abe05db089cc2c62.rlib" "-Wl,-Bdynamic" "-lgcc_s" "-lutil" "-lrt" "-lpthread" "-lm" "-ldl" "-lc" "-Wl,--eh-frame-hdr" "-Wl,-z,noexecstack" "-L" "/opt/rustwide/rustup-home/toolchains/1.83.0-x86_64-unknown-linux-gnu/lib/rustlib/x86_64-unknown-linux-gnu/lib" "-o" "/tmp/rustdoctestSwljfc/rust_out" "-Wl,--gc-sections" "-pie" "-Wl,-z,relro,-z,now" "-nodefaultlibs"
[INFO] [stdout]   = note: /usr/bin/ld: final link failed: No space left on device
[INFO] [stdout]           collect2: error: ld returned 1 exit status
[INFO] [stdout]           
[INFO] [stdout] 
[INFO] [stdout] error: aborting due to 1 previous error
[INFO] [stdout] 
[INFO] [stdout] Couldn't compile the test.
[INFO] [stdout] ---- src/macros.rs - FixedI16<Frac>::checked_to_num (line 88) stdout ----
[INFO] [stdout] error: linking with `cc` failed: exit status: 1
[INFO] [stdout]   |
[INFO] [stdout]   = note: LC_ALL="C" PATH="/opt/rustwide/rustup-home/toolchains/1.83.0-x86_64-unknown-linux-gnu/lib/rustlib/x86_64-unknown-linux-gnu/bin:/opt/rustwide/cargo-home/bin:/usr/local/sbin:/usr/local/bin:/usr/sbin:/usr/bin:/sbin:/bin" VSLANG="1033" "cc" "-m64" "/tmp/rustcOvt9rg/symbols.o" "/tmp/rustdoctestumxaiD/rust_out.rust_out.cb03291d53e4e161-cgu.0.rcgu.o" "/tmp/rustdoctestumxaiD/rust_out.1s7umcihpz0t7nkz1uc2ifee9.rcgu.o" "-Wl,--as-needed" "-Wl,-Bstatic" "/opt/rustwide/target/debug/deps/libsubstrate_fixed-47b2cf0057be7d73.rlib" "/opt/rustwide/target/debug/deps/libsubstrate_typenum-9276cf258cc3087f.rlib" "/opt/rustwide/target/debug/deps/libscale_info-936fcc6c240e0c0e.rlib" "/opt/rustwide/target/debug/deps/libderive_more-043a828cf1f3a782.rlib" "/opt/rustwide/target/debug/deps/libcfg_if-8217498f8667ada9.rlib" "/opt/rustwide/target/debug/deps/libparity_scale_codec-ae5de803f6e60f68.rlib" "/opt/rustwide/target/debug/deps/libarrayvec-dcbc86b9b46e39a1.rlib" "/opt/rustwide/target/debug/deps/libbyte_slice_cast-a6c452221acc6a81.rlib" "/opt/rustwide/rustup-home/toolchains/1.83.0-x86_64-unknown-linux-gnu/lib/rustlib/x86_64-unknown-linux-gnu/lib/libstd-ca74a2d9c5166d9f.rlib" "/opt/rustwide/rustup-home/toolchains/1.83.0-x86_64-unknown-linux-gnu/lib/rustlib/x86_64-unknown-linux-gnu/lib/libpanic_unwind-e31ab23316ed5080.rlib" "/opt/rustwide/rustup-home/toolchains/1.83.0-x86_64-unknown-linux-gnu/lib/rustlib/x86_64-unknown-linux-gnu/lib/libobject-27dc4aa955912662.rlib" "/opt/rustwide/rustup-home/toolchains/1.83.0-x86_64-unknown-linux-gnu/lib/rustlib/x86_64-unknown-linux-gnu/lib/libmemchr-bd0d6cccce077b99.rlib" "/opt/rustwide/rustup-home/toolchains/1.83.0-x86_64-unknown-linux-gnu/lib/rustlib/x86_64-unknown-linux-gnu/lib/libaddr2line-8d001680935b5e3c.rlib" "/opt/rustwide/rustup-home/toolchains/1.83.0-x86_64-unknown-linux-gnu/lib/rustlib/x86_64-unknown-linux-gnu/lib/libgimli-ba8ce71964f984f4.rlib" "/opt/rustwide/rustup-home/toolchains/1.83.0-x86_64-unknown-linux-gnu/lib/rustlib/x86_64-unknown-linux-gnu/lib/librustc_demangle-99a73526abcec14b.rlib" "/opt/rustwide/rustup-home/toolchains/1.83.0-x86_64-unknown-linux-gnu/lib/rustlib/x86_64-unknown-linux-gnu/lib/libstd_detect-63ac0d22cff92579.rlib" "/opt/rustwide/rustup-home/toolchains/1.83.0-x86_64-unknown-linux-gnu/lib/rustlib/x86_64-unknown-linux-gnu/lib/libhashbrown-9057355c92c922d5.rlib" "/opt/rustwide/rustup-home/toolchains/1.83.0-x86_64-unknown-linux-gnu/lib/rustlib/x86_64-unknown-linux-gnu/lib/librustc_std_workspace_alloc-358be9bc1f6bab04.rlib" "/opt/rustwide/rustup-home/toolchains/1.83.0-x86_64-unknown-linux-gnu/lib/rustlib/x86_64-unknown-linux-gnu/lib/libminiz_oxide-aca15549d5bff974.rlib" "/opt/rustwide/rustup-home/toolchains/1.83.0-x86_64-unknown-linux-gnu/lib/rustlib/x86_64-unknown-linux-gnu/lib/libadler-8251d2cef7072448.rlib" "/opt/rustwide/rustup-home/toolchains/1.83.0-x86_64-unknown-linux-gnu/lib/rustlib/x86_64-unknown-linux-gnu/lib/libunwind-7d50b86011c66411.rlib" "/opt/rustwide/rustup-home/toolchains/1.83.0-x86_64-unknown-linux-gnu/lib/rustlib/x86_64-unknown-linux-gnu/lib/libcfg_if-51ea098fce5006bf.rlib" "/opt/rustwide/rustup-home/toolchains/1.83.0-x86_64-unknown-linux-gnu/lib/rustlib/x86_64-unknown-linux-gnu/lib/liblibc-5a14e0d0b712e731.rlib" "/opt/rustwide/rustup-home/toolchains/1.83.0-x86_64-unknown-linux-gnu/lib/rustlib/x86_64-unknown-linux-gnu/lib/liballoc-8b83dbf3a7b8f999.rlib" "/opt/rustwide/rustup-home/toolchains/1.83.0-x86_64-unknown-linux-gnu/lib/rustlib/x86_64-unknown-linux-gnu/lib/librustc_std_workspace_core-c6fd227bdc7b39ff.rlib" "/opt/rustwide/rustup-home/toolchains/1.83.0-x86_64-unknown-linux-gnu/lib/rustlib/x86_64-unknown-linux-gnu/lib/libcore-959d3389fa3da8a5.rlib" "/opt/rustwide/rustup-home/toolchains/1.83.0-x86_64-unknown-linux-gnu/lib/rustlib/x86_64-unknown-linux-gnu/lib/libcompiler_builtins-abe05db089cc2c62.rlib" "-Wl,-Bdynamic" "-lgcc_s" "-lutil" "-lrt" "-lpthread" "-lm" "-ldl" "-lc" "-Wl,--eh-frame-hdr" "-Wl,-z,noexecstack" "-L" "/opt/rustwide/rustup-home/toolchains/1.83.0-x86_64-unknown-linux-gnu/lib/rustlib/x86_64-unknown-linux-gnu/lib" "-o" "/tmp/rustdoctestumxaiD/rust_out" "-Wl,--gc-sections" "-pie" "-Wl,-z,relro,-z,now" "-nodefaultlibs"
[INFO] [stdout]   = note: /usr/bin/ld: final link failed: No space left on device
[INFO] [stdout]           collect2: error: ld returned 1 exit status
[INFO] [stdout]           
[INFO] [stdout] 
[INFO] [stdout] error: aborting due to 1 previous error
[INFO] [stdout] 
[INFO] [stdout] Couldn't compile the test.
[INFO] [stdout] ---- src/macros.rs - FixedI16<Frac>::overflowing_div_euclid_int (line 81) stdout ----
[INFO] [stdout] error: linking with `cc` failed: exit status: 1
[INFO] [stdout]   |
[INFO] [stdout]   = note: LC_ALL="C" PATH="/opt/rustwide/rustup-home/toolchains/1.83.0-x86_64-unknown-linux-gnu/lib/rustlib/x86_64-unknown-linux-gnu/bin:/opt/rustwide/cargo-home/bin:/usr/local/sbin:/usr/local/bin:/usr/sbin:/usr/bin:/sbin:/bin" VSLANG="1033" "cc" "-m64" "/tmp/rustcvZscmX/symbols.o" "/tmp/rustdoctestqKlkSw/rust_out.rust_out.cb03291d53e4e161-cgu.0.rcgu.o" "/tmp/rustdoctestqKlkSw/rust_out.1s7umcihpz0t7nkz1uc2ifee9.rcgu.o" "-Wl,--as-needed" "-Wl,-Bstatic" "/opt/rustwide/target/debug/deps/libsubstrate_fixed-47b2cf0057be7d73.rlib" "/opt/rustwide/target/debug/deps/libsubstrate_typenum-9276cf258cc3087f.rlib" "/opt/rustwide/target/debug/deps/libscale_info-936fcc6c240e0c0e.rlib" "/opt/rustwide/target/debug/deps/libderive_more-043a828cf1f3a782.rlib" "/opt/rustwide/target/debug/deps/libcfg_if-8217498f8667ada9.rlib" "/opt/rustwide/target/debug/deps/libparity_scale_codec-ae5de803f6e60f68.rlib" "/opt/rustwide/target/debug/deps/libarrayvec-dcbc86b9b46e39a1.rlib" "/opt/rustwide/target/debug/deps/libbyte_slice_cast-a6c452221acc6a81.rlib" "/opt/rustwide/rustup-home/toolchains/1.83.0-x86_64-unknown-linux-gnu/lib/rustlib/x86_64-unknown-linux-gnu/lib/libstd-ca74a2d9c5166d9f.rlib" "/opt/rustwide/rustup-home/toolchains/1.83.0-x86_64-unknown-linux-gnu/lib/rustlib/x86_64-unknown-linux-gnu/lib/libpanic_unwind-e31ab23316ed5080.rlib" "/opt/rustwide/rustup-home/toolchains/1.83.0-x86_64-unknown-linux-gnu/lib/rustlib/x86_64-unknown-linux-gnu/lib/libobject-27dc4aa955912662.rlib" "/opt/rustwide/rustup-home/toolchains/1.83.0-x86_64-unknown-linux-gnu/lib/rustlib/x86_64-unknown-linux-gnu/lib/libmemchr-bd0d6cccce077b99.rlib" "/opt/rustwide/rustup-home/toolchains/1.83.0-x86_64-unknown-linux-gnu/lib/rustlib/x86_64-unknown-linux-gnu/lib/libaddr2line-8d001680935b5e3c.rlib" "/opt/rustwide/rustup-home/toolchains/1.83.0-x86_64-unknown-linux-gnu/lib/rustlib/x86_64-unknown-linux-gnu/lib/libgimli-ba8ce71964f984f4.rlib" "/opt/rustwide/rustup-home/toolchains/1.83.0-x86_64-unknown-linux-gnu/lib/rustlib/x86_64-unknown-linux-gnu/lib/librustc_demangle-99a73526abcec14b.rlib" "/opt/rustwide/rustup-home/toolchains/1.83.0-x86_64-unknown-linux-gnu/lib/rustlib/x86_64-unknown-linux-gnu/lib/libstd_detect-63ac0d22cff92579.rlib" "/opt/rustwide/rustup-home/toolchains/1.83.0-x86_64-unknown-linux-gnu/lib/rustlib/x86_64-unknown-linux-gnu/lib/libhashbrown-9057355c92c922d5.rlib" "/opt/rustwide/rustup-home/toolchains/1.83.0-x86_64-unknown-linux-gnu/lib/rustlib/x86_64-unknown-linux-gnu/lib/librustc_std_workspace_alloc-358be9bc1f6bab04.rlib" "/opt/rustwide/rustup-home/toolchains/1.83.0-x86_64-unknown-linux-gnu/lib/rustlib/x86_64-unknown-linux-gnu/lib/libminiz_oxide-aca15549d5bff974.rlib" "/opt/rustwide/rustup-home/toolchains/1.83.0-x86_64-unknown-linux-gnu/lib/rustlib/x86_64-unknown-linux-gnu/lib/libadler-8251d2cef7072448.rlib" "/opt/rustwide/rustup-home/toolchains/1.83.0-x86_64-unknown-linux-gnu/lib/rustlib/x86_64-unknown-linux-gnu/lib/libunwind-7d50b86011c66411.rlib" "/opt/rustwide/rustup-home/toolchains/1.83.0-x86_64-unknown-linux-gnu/lib/rustlib/x86_64-unknown-linux-gnu/lib/libcfg_if-51ea098fce5006bf.rlib" "/opt/rustwide/rustup-home/toolchains/1.83.0-x86_64-unknown-linux-gnu/lib/rustlib/x86_64-unknown-linux-gnu/lib/liblibc-5a14e0d0b712e731.rlib" "/opt/rustwide/rustup-home/toolchains/1.83.0-x86_64-unknown-linux-gnu/lib/rustlib/x86_64-unknown-linux-gnu/lib/liballoc-8b83dbf3a7b8f999.rlib" "/opt/rustwide/rustup-home/toolchains/1.83.0-x86_64-unknown-linux-gnu/lib/rustlib/x86_64-unknown-linux-gnu/lib/librustc_std_workspace_core-c6fd227bdc7b39ff.rlib" "/opt/rustwide/rustup-home/toolchains/1.83.0-x86_64-unknown-linux-gnu/lib/rustlib/x86_64-unknown-linux-gnu/lib/libcore-959d3389fa3da8a5.rlib" "/opt/rustwide/rustup-home/toolchains/1.83.0-x86_64-unknown-linux-gnu/lib/rustlib/x86_64-unknown-linux-gnu/lib/libcompiler_builtins-abe05db089cc2c62.rlib" "-Wl,-Bdynamic" "-lgcc_s" "-lutil" "-lrt" "-lpthread" "-lm" "-ldl" "-lc" "-Wl,--eh-frame-hdr" "-Wl,-z,noexecstack" "-L" "/opt/rustwide/rustup-home/toolchains/1.83.0-x86_64-unknown-linux-gnu/lib/rustlib/x86_64-unknown-linux-gnu/lib" "-o" "/tmp/rustdoctestqKlkSw/rust_out" "-Wl,--gc-sections" "-pie" "-Wl,-z,relro,-z,now" "-nodefaultlibs"
[INFO] [stdout]   = note: /usr/bin/ld: final link failed: No space left on device
[INFO] [stdout]           collect2: error: ld returned 1 exit status
[INFO] [stdout]           
[INFO] [stdout] 
[INFO] [stdout] error: aborting due to 1 previous error
[INFO] [stdout] 
[INFO] [stdout] Couldn't compile the test.
[INFO] [stdout] ---- src/macros.rs - FixedI16<Frac>::overflowing_neg (line 78) stdout ----
[INFO] [stdout] error: couldn't create a temp dir: No space left on device (os error 28) at path "/tmp/rustdoctest0eH8fM/rmetaGrDWCc"
[INFO] [stdout] 
[INFO] [stdout] error: aborting due to 1 previous error
[INFO] [stdout] 
[INFO] [stdout] Couldn't compile the test.
[INFO] [stdout] ---- src/wrapping.rs - wrapping::Wrapping<F>::is_negative (line 638) stdout ----
[INFO] [stdout] error: linking with `cc` failed: exit status: 1
[INFO] [stdout]   |
[INFO] [stdout]   = note: LC_ALL="C" PATH="/opt/rustwide/rustup-home/toolchains/1.83.0-x86_64-unknown-linux-gnu/lib/rustlib/x86_64-unknown-linux-gnu/bin:/opt/rustwide/cargo-home/bin:/usr/local/sbin:/usr/local/bin:/usr/sbin:/usr/bin:/sbin:/bin" VSLANG="1033" "cc" "-m64" "/tmp/rustcvXPHZK/symbols.o" "/tmp/rustdoctest4j3IE3/rust_out.rust_out.cb03291d53e4e161-cgu.0.rcgu.o" "/tmp/rustdoctest4j3IE3/rust_out.1s7umcihpz0t7nkz1uc2ifee9.rcgu.o" "-Wl,--as-needed" "-Wl,-Bstatic" "/opt/rustwide/target/debug/deps/libsubstrate_fixed-47b2cf0057be7d73.rlib" "/opt/rustwide/target/debug/deps/libsubstrate_typenum-9276cf258cc3087f.rlib" "/opt/rustwide/target/debug/deps/libscale_info-936fcc6c240e0c0e.rlib" "/opt/rustwide/target/debug/deps/libderive_more-043a828cf1f3a782.rlib" "/opt/rustwide/target/debug/deps/libcfg_if-8217498f8667ada9.rlib" "/opt/rustwide/target/debug/deps/libparity_scale_codec-ae5de803f6e60f68.rlib" "/opt/rustwide/target/debug/deps/libarrayvec-dcbc86b9b46e39a1.rlib" "/opt/rustwide/target/debug/deps/libbyte_slice_cast-a6c452221acc6a81.rlib" "/opt/rustwide/rustup-home/toolchains/1.83.0-x86_64-unknown-linux-gnu/lib/rustlib/x86_64-unknown-linux-gnu/lib/libstd-ca74a2d9c5166d9f.rlib" "/opt/rustwide/rustup-home/toolchains/1.83.0-x86_64-unknown-linux-gnu/lib/rustlib/x86_64-unknown-linux-gnu/lib/libpanic_unwind-e31ab23316ed5080.rlib" "/opt/rustwide/rustup-home/toolchains/1.83.0-x86_64-unknown-linux-gnu/lib/rustlib/x86_64-unknown-linux-gnu/lib/libobject-27dc4aa955912662.rlib" "/opt/rustwide/rustup-home/toolchains/1.83.0-x86_64-unknown-linux-gnu/lib/rustlib/x86_64-unknown-linux-gnu/lib/libmemchr-bd0d6cccce077b99.rlib" "/opt/rustwide/rustup-home/toolchains/1.83.0-x86_64-unknown-linux-gnu/lib/rustlib/x86_64-unknown-linux-gnu/lib/libaddr2line-8d001680935b5e3c.rlib" "/opt/rustwide/rustup-home/toolchains/1.83.0-x86_64-unknown-linux-gnu/lib/rustlib/x86_64-unknown-linux-gnu/lib/libgimli-ba8ce71964f984f4.rlib" "/opt/rustwide/rustup-home/toolchains/1.83.0-x86_64-unknown-linux-gnu/lib/rustlib/x86_64-unknown-linux-gnu/lib/librustc_demangle-99a73526abcec14b.rlib" "/opt/rustwide/rustup-home/toolchains/1.83.0-x86_64-unknown-linux-gnu/lib/rustlib/x86_64-unknown-linux-gnu/lib/libstd_detect-63ac0d22cff92579.rlib" "/opt/rustwide/rustup-home/toolchains/1.83.0-x86_64-unknown-linux-gnu/lib/rustlib/x86_64-unknown-linux-gnu/lib/libhashbrown-9057355c92c922d5.rlib" "/opt/rustwide/rustup-home/toolchains/1.83.0-x86_64-unknown-linux-gnu/lib/rustlib/x86_64-unknown-linux-gnu/lib/librustc_std_workspace_alloc-358be9bc1f6bab04.rlib" "/opt/rustwide/rustup-home/toolchains/1.83.0-x86_64-unknown-linux-gnu/lib/rustlib/x86_64-unknown-linux-gnu/lib/libminiz_oxide-aca15549d5bff974.rlib" "/opt/rustwide/rustup-home/toolchains/1.83.0-x86_64-unknown-linux-gnu/lib/rustlib/x86_64-unknown-linux-gnu/lib/libadler-8251d2cef7072448.rlib" "/opt/rustwide/rustup-home/toolchains/1.83.0-x86_64-unknown-linux-gnu/lib/rustlib/x86_64-unknown-linux-gnu/lib/libunwind-7d50b86011c66411.rlib" "/opt/rustwide/rustup-home/toolchains/1.83.0-x86_64-unknown-linux-gnu/lib/rustlib/x86_64-unknown-linux-gnu/lib/libcfg_if-51ea098fce5006bf.rlib" "/opt/rustwide/rustup-home/toolchains/1.83.0-x86_64-unknown-linux-gnu/lib/rustlib/x86_64-unknown-linux-gnu/lib/liblibc-5a14e0d0b712e731.rlib" "/opt/rustwide/rustup-home/toolchains/1.83.0-x86_64-unknown-linux-gnu/lib/rustlib/x86_64-unknown-linux-gnu/lib/liballoc-8b83dbf3a7b8f999.rlib" "/opt/rustwide/rustup-home/toolchains/1.83.0-x86_64-unknown-linux-gnu/lib/rustlib/x86_64-unknown-linux-gnu/lib/librustc_std_workspace_core-c6fd227bdc7b39ff.rlib" "/opt/rustwide/rustup-home/toolchains/1.83.0-x86_64-unknown-linux-gnu/lib/rustlib/x86_64-unknown-linux-gnu/lib/libcore-959d3389fa3da8a5.rlib" "/opt/rustwide/rustup-home/toolchains/1.83.0-x86_64-unknown-linux-gnu/lib/rustlib/x86_64-unknown-linux-gnu/lib/libcompiler_builtins-abe05db089cc2c62.rlib" "-Wl,-Bdynamic" "-lgcc_s" "-lutil" "-lrt" "-lpthread" "-lm" "-ldl" "-lc" "-Wl,--eh-frame-hdr" "-Wl,-z,noexecstack" "-L" "/opt/rustwide/rustup-home/toolchains/1.83.0-x86_64-unknown-linux-gnu/lib/rustlib/x86_64-unknown-linux-gnu/lib" "-o" "/tmp/rustdoctest4j3IE3/rust_out" "-Wl,--gc-sections" "-pie" "-Wl,-z,relro,-z,now" "-nodefaultlibs"
[INFO] [stdout]   = note: /usr/bin/ld: final link failed: No space left on device
[INFO] [stdout]           collect2: error: ld returned 1 exit status
[INFO] [stdout]           
[INFO] [stdout] 
[INFO] [stdout] error: aborting due to 1 previous error
[INFO] [stdout] 
[INFO] [stdout] Couldn't compile the test.
[INFO] [stdout] ---- src/wrapping.rs - wrapping::Wrapping<F>::from_str_hex (line 303) stdout ----
[INFO] [stdout] error: linking with `cc` failed: exit status: 1
[INFO] [stdout]   |
[INFO] [stdout]   = note: LC_ALL="C" PATH="/opt/rustwide/rustup-home/toolchains/1.83.0-x86_64-unknown-linux-gnu/lib/rustlib/x86_64-unknown-linux-gnu/bin:/opt/rustwide/cargo-home/bin:/usr/local/sbin:/usr/local/bin:/usr/sbin:/usr/bin:/sbin:/bin" VSLANG="1033" "cc" "-m64" "/tmp/rustcZObS2b/symbols.o" "/tmp/rustdoctestMNpEaP/rust_out.rust_out.cb03291d53e4e161-cgu.0.rcgu.o" "/tmp/rustdoctestMNpEaP/rust_out.1s7umcihpz0t7nkz1uc2ifee9.rcgu.o" "-Wl,--as-needed" "-Wl,-Bstatic" "/opt/rustwide/target/debug/deps/libsubstrate_fixed-47b2cf0057be7d73.rlib" "/opt/rustwide/target/debug/deps/libsubstrate_typenum-9276cf258cc3087f.rlib" "/opt/rustwide/target/debug/deps/libscale_info-936fcc6c240e0c0e.rlib" "/opt/rustwide/target/debug/deps/libderive_more-043a828cf1f3a782.rlib" "/opt/rustwide/target/debug/deps/libcfg_if-8217498f8667ada9.rlib" "/opt/rustwide/target/debug/deps/libparity_scale_codec-ae5de803f6e60f68.rlib" "/opt/rustwide/target/debug/deps/libarrayvec-dcbc86b9b46e39a1.rlib" "/opt/rustwide/target/debug/deps/libbyte_slice_cast-a6c452221acc6a81.rlib" "/opt/rustwide/rustup-home/toolchains/1.83.0-x86_64-unknown-linux-gnu/lib/rustlib/x86_64-unknown-linux-gnu/lib/libstd-ca74a2d9c5166d9f.rlib" "/opt/rustwide/rustup-home/toolchains/1.83.0-x86_64-unknown-linux-gnu/lib/rustlib/x86_64-unknown-linux-gnu/lib/libpanic_unwind-e31ab23316ed5080.rlib" "/opt/rustwide/rustup-home/toolchains/1.83.0-x86_64-unknown-linux-gnu/lib/rustlib/x86_64-unknown-linux-gnu/lib/libobject-27dc4aa955912662.rlib" "/opt/rustwide/rustup-home/toolchains/1.83.0-x86_64-unknown-linux-gnu/lib/rustlib/x86_64-unknown-linux-gnu/lib/libmemchr-bd0d6cccce077b99.rlib" "/opt/rustwide/rustup-home/toolchains/1.83.0-x86_64-unknown-linux-gnu/lib/rustlib/x86_64-unknown-linux-gnu/lib/libaddr2line-8d001680935b5e3c.rlib" "/opt/rustwide/rustup-home/toolchains/1.83.0-x86_64-unknown-linux-gnu/lib/rustlib/x86_64-unknown-linux-gnu/lib/libgimli-ba8ce71964f984f4.rlib" "/opt/rustwide/rustup-home/toolchains/1.83.0-x86_64-unknown-linux-gnu/lib/rustlib/x86_64-unknown-linux-gnu/lib/librustc_demangle-99a73526abcec14b.rlib" "/opt/rustwide/rustup-home/toolchains/1.83.0-x86_64-unknown-linux-gnu/lib/rustlib/x86_64-unknown-linux-gnu/lib/libstd_detect-63ac0d22cff92579.rlib" "/opt/rustwide/rustup-home/toolchains/1.83.0-x86_64-unknown-linux-gnu/lib/rustlib/x86_64-unknown-linux-gnu/lib/libhashbrown-9057355c92c922d5.rlib" "/opt/rustwide/rustup-home/toolchains/1.83.0-x86_64-unknown-linux-gnu/lib/rustlib/x86_64-unknown-linux-gnu/lib/librustc_std_workspace_alloc-358be9bc1f6bab04.rlib" "/opt/rustwide/rustup-home/toolchains/1.83.0-x86_64-unknown-linux-gnu/lib/rustlib/x86_64-unknown-linux-gnu/lib/libminiz_oxide-aca15549d5bff974.rlib" "/opt/rustwide/rustup-home/toolchains/1.83.0-x86_64-unknown-linux-gnu/lib/rustlib/x86_64-unknown-linux-gnu/lib/libadler-8251d2cef7072448.rlib" "/opt/rustwide/rustup-home/toolchains/1.83.0-x86_64-unknown-linux-gnu/lib/rustlib/x86_64-unknown-linux-gnu/lib/libunwind-7d50b86011c66411.rlib" "/opt/rustwide/rustup-home/toolchains/1.83.0-x86_64-unknown-linux-gnu/lib/rustlib/x86_64-unknown-linux-gnu/lib/libcfg_if-51ea098fce5006bf.rlib" "/opt/rustwide/rustup-home/toolchains/1.83.0-x86_64-unknown-linux-gnu/lib/rustlib/x86_64-unknown-linux-gnu/lib/liblibc-5a14e0d0b712e731.rlib" "/opt/rustwide/rustup-home/toolchains/1.83.0-x86_64-unknown-linux-gnu/lib/rustlib/x86_64-unknown-linux-gnu/lib/liballoc-8b83dbf3a7b8f999.rlib" "/opt/rustwide/rustup-home/toolchains/1.83.0-x86_64-unknown-linux-gnu/lib/rustlib/x86_64-unknown-linux-gnu/lib/librustc_std_workspace_core-c6fd227bdc7b39ff.rlib" "/opt/rustwide/rustup-home/toolchains/1.83.0-x86_64-unknown-linux-gnu/lib/rustlib/x86_64-unknown-linux-gnu/lib/libcore-959d3389fa3da8a5.rlib" "/opt/rustwide/rustup-home/toolchains/1.83.0-x86_64-unknown-linux-gnu/lib/rustlib/x86_64-unknown-linux-gnu/lib/libcompiler_builtins-abe05db089cc2c62.rlib" "-Wl,-Bdynamic" "-lgcc_s" "-lutil" "-lrt" "-lpthread" "-lm" "-ldl" "-lc" "-Wl,--eh-frame-hdr" "-Wl,-z,noexecstack" "-L" "/opt/rustwide/rustup-home/toolchains/1.83.0-x86_64-unknown-linux-gnu/lib/rustlib/x86_64-unknown-linux-gnu/lib" "-o" "/tmp/rustdoctestMNpEaP/rust_out" "-Wl,--gc-sections" "-pie" "-Wl,-z,relro,-z,now" "-nodefaultlibs"
[INFO] [stdout]   = note: /usr/bin/ld: final link failed: No space left on device
[INFO] [stdout]           collect2: error: ld returned 1 exit status
[INFO] [stdout]           
[INFO] [stdout] 
[INFO] [stdout] error: aborting due to 1 previous error
[INFO] [stdout] 
[INFO] [stdout] Couldn't compile the test.
[INFO] [stdout] ---- src/wrapping.rs - wrapping::Wrapping<F>::rotate_right (line 524) stdout ----
[INFO] [stdout] error: linking with `cc` failed: exit status: 1
[INFO] [stdout]   |
[INFO] [stdout]   = note: LC_ALL="C" PATH="/opt/rustwide/rustup-home/toolchains/1.83.0-x86_64-unknown-linux-gnu/lib/rustlib/x86_64-unknown-linux-gnu/bin:/opt/rustwide/cargo-home/bin:/usr/local/sbin:/usr/local/bin:/usr/sbin:/usr/bin:/sbin:/bin" VSLANG="1033" "cc" "-m64" "/tmp/rustc6W3kVg/symbols.o" "/tmp/rustdoctestL8wQm9/rust_out.rust_out.cb03291d53e4e161-cgu.0.rcgu.o" "/tmp/rustdoctestL8wQm9/rust_out.1s7umcihpz0t7nkz1uc2ifee9.rcgu.o" "-Wl,--as-needed" "-Wl,-Bstatic" "/opt/rustwide/target/debug/deps/libsubstrate_fixed-47b2cf0057be7d73.rlib" "/opt/rustwide/target/debug/deps/libsubstrate_typenum-9276cf258cc3087f.rlib" "/opt/rustwide/target/debug/deps/libscale_info-936fcc6c240e0c0e.rlib" "/opt/rustwide/target/debug/deps/libderive_more-043a828cf1f3a782.rlib" "/opt/rustwide/target/debug/deps/libcfg_if-8217498f8667ada9.rlib" "/opt/rustwide/target/debug/deps/libparity_scale_codec-ae5de803f6e60f68.rlib" "/opt/rustwide/target/debug/deps/libarrayvec-dcbc86b9b46e39a1.rlib" "/opt/rustwide/target/debug/deps/libbyte_slice_cast-a6c452221acc6a81.rlib" "/opt/rustwide/rustup-home/toolchains/1.83.0-x86_64-unknown-linux-gnu/lib/rustlib/x86_64-unknown-linux-gnu/lib/libstd-ca74a2d9c5166d9f.rlib" "/opt/rustwide/rustup-home/toolchains/1.83.0-x86_64-unknown-linux-gnu/lib/rustlib/x86_64-unknown-linux-gnu/lib/libpanic_unwind-e31ab23316ed5080.rlib" "/opt/rustwide/rustup-home/toolchains/1.83.0-x86_64-unknown-linux-gnu/lib/rustlib/x86_64-unknown-linux-gnu/lib/libobject-27dc4aa955912662.rlib" "/opt/rustwide/rustup-home/toolchains/1.83.0-x86_64-unknown-linux-gnu/lib/rustlib/x86_64-unknown-linux-gnu/lib/libmemchr-bd0d6cccce077b99.rlib" "/opt/rustwide/rustup-home/toolchains/1.83.0-x86_64-unknown-linux-gnu/lib/rustlib/x86_64-unknown-linux-gnu/lib/libaddr2line-8d001680935b5e3c.rlib" "/opt/rustwide/rustup-home/toolchains/1.83.0-x86_64-unknown-linux-gnu/lib/rustlib/x86_64-unknown-linux-gnu/lib/libgimli-ba8ce71964f984f4.rlib" "/opt/rustwide/rustup-home/toolchains/1.83.0-x86_64-unknown-linux-gnu/lib/rustlib/x86_64-unknown-linux-gnu/lib/librustc_demangle-99a73526abcec14b.rlib" "/opt/rustwide/rustup-home/toolchains/1.83.0-x86_64-unknown-linux-gnu/lib/rustlib/x86_64-unknown-linux-gnu/lib/libstd_detect-63ac0d22cff92579.rlib" "/opt/rustwide/rustup-home/toolchains/1.83.0-x86_64-unknown-linux-gnu/lib/rustlib/x86_64-unknown-linux-gnu/lib/libhashbrown-9057355c92c922d5.rlib" "/opt/rustwide/rustup-home/toolchains/1.83.0-x86_64-unknown-linux-gnu/lib/rustlib/x86_64-unknown-linux-gnu/lib/librustc_std_workspace_alloc-358be9bc1f6bab04.rlib" "/opt/rustwide/rustup-home/toolchains/1.83.0-x86_64-unknown-linux-gnu/lib/rustlib/x86_64-unknown-linux-gnu/lib/libminiz_oxide-aca15549d5bff974.rlib" "/opt/rustwide/rustup-home/toolchains/1.83.0-x86_64-unknown-linux-gnu/lib/rustlib/x86_64-unknown-linux-gnu/lib/libadler-8251d2cef7072448.rlib" "/opt/rustwide/rustup-home/toolchains/1.83.0-x86_64-unknown-linux-gnu/lib/rustlib/x86_64-unknown-linux-gnu/lib/libunwind-7d50b86011c66411.rlib" "/opt/rustwide/rustup-home/toolchains/1.83.0-x86_64-unknown-linux-gnu/lib/rustlib/x86_64-unknown-linux-gnu/lib/libcfg_if-51ea098fce5006bf.rlib" "/opt/rustwide/rustup-home/toolchains/1.83.0-x86_64-unknown-linux-gnu/lib/rustlib/x86_64-unknown-linux-gnu/lib/liblibc-5a14e0d0b712e731.rlib" "/opt/rustwide/rustup-home/toolchains/1.83.0-x86_64-unknown-linux-gnu/lib/rustlib/x86_64-unknown-linux-gnu/lib/liballoc-8b83dbf3a7b8f999.rlib" "/opt/rustwide/rustup-home/toolchains/1.83.0-x86_64-unknown-linux-gnu/lib/rustlib/x86_64-unknown-linux-gnu/lib/librustc_std_workspace_core-c6fd227bdc7b39ff.rlib" "/opt/rustwide/rustup-home/toolchains/1.83.0-x86_64-unknown-linux-gnu/lib/rustlib/x86_64-unknown-linux-gnu/lib/libcore-959d3389fa3da8a5.rlib" "/opt/rustwide/rustup-home/toolchains/1.83.0-x86_64-unknown-linux-gnu/lib/rustlib/x86_64-unknown-linux-gnu/lib/libcompiler_builtins-abe05db089cc2c62.rlib" "-Wl,-Bdynamic" "-lgcc_s" "-lutil" "-lrt" "-lpthread" "-lm" "-ldl" "-lc" "-Wl,--eh-frame-hdr" "-Wl,-z,noexecstack" "-L" "/opt/rustwide/rustup-home/toolchains/1.83.0-x86_64-unknown-linux-gnu/lib/rustlib/x86_64-unknown-linux-gnu/lib" "-o" "/tmp/rustdoctestL8wQm9/rust_out" "-Wl,--gc-sections" "-pie" "-Wl,-z,relro,-z,now" "-nodefaultlibs"
[INFO] [stdout]   = note: /usr/bin/ld: final link failed: No space left on device
[INFO] [stdout]           collect2: error: ld returned 1 exit status
[INFO] [stdout]           
[INFO] [stdout] 
[INFO] [stdout] error: aborting due to 1 previous error
[INFO] [stdout] 
[INFO] [stdout] Couldn't compile the test.
[INFO] [stdout] ---- src/wrapping.rs - wrapping::Wrapping<F>::next_power_of_two (line 735) stdout ----
[INFO] [stdout] error: linking with `cc` failed: exit status: 1
[INFO] [stdout]   |
[INFO] [stdout]   = note: LC_ALL="C" PATH="/opt/rustwide/rustup-home/toolchains/1.83.0-x86_64-unknown-linux-gnu/lib/rustlib/x86_64-unknown-linux-gnu/bin:/opt/rustwide/cargo-home/bin:/usr/local/sbin:/usr/local/bin:/usr/sbin:/usr/bin:/sbin:/bin" VSLANG="1033" "cc" "-m64" "/tmp/rustcJXNwND/symbols.o" "/tmp/rustdoctest9E0Mhd/rust_out.rust_out.cb03291d53e4e161-cgu.0.rcgu.o" "/tmp/rustdoctest9E0Mhd/rust_out.1s7umcihpz0t7nkz1uc2ifee9.rcgu.o" "-Wl,--as-needed" "-Wl,-Bstatic" "/opt/rustwide/target/debug/deps/libsubstrate_fixed-47b2cf0057be7d73.rlib" "/opt/rustwide/target/debug/deps/libsubstrate_typenum-9276cf258cc3087f.rlib" "/opt/rustwide/target/debug/deps/libscale_info-936fcc6c240e0c0e.rlib" "/opt/rustwide/target/debug/deps/libderive_more-043a828cf1f3a782.rlib" "/opt/rustwide/target/debug/deps/libcfg_if-8217498f8667ada9.rlib" "/opt/rustwide/target/debug/deps/libparity_scale_codec-ae5de803f6e60f68.rlib" "/opt/rustwide/target/debug/deps/libarrayvec-dcbc86b9b46e39a1.rlib" "/opt/rustwide/target/debug/deps/libbyte_slice_cast-a6c452221acc6a81.rlib" "/opt/rustwide/rustup-home/toolchains/1.83.0-x86_64-unknown-linux-gnu/lib/rustlib/x86_64-unknown-linux-gnu/lib/libstd-ca74a2d9c5166d9f.rlib" "/opt/rustwide/rustup-home/toolchains/1.83.0-x86_64-unknown-linux-gnu/lib/rustlib/x86_64-unknown-linux-gnu/lib/libpanic_unwind-e31ab23316ed5080.rlib" "/opt/rustwide/rustup-home/toolchains/1.83.0-x86_64-unknown-linux-gnu/lib/rustlib/x86_64-unknown-linux-gnu/lib/libobject-27dc4aa955912662.rlib" "/opt/rustwide/rustup-home/toolchains/1.83.0-x86_64-unknown-linux-gnu/lib/rustlib/x86_64-unknown-linux-gnu/lib/libmemchr-bd0d6cccce077b99.rlib" "/opt/rustwide/rustup-home/toolchains/1.83.0-x86_64-unknown-linux-gnu/lib/rustlib/x86_64-unknown-linux-gnu/lib/libaddr2line-8d001680935b5e3c.rlib" "/opt/rustwide/rustup-home/toolchains/1.83.0-x86_64-unknown-linux-gnu/lib/rustlib/x86_64-unknown-linux-gnu/lib/libgimli-ba8ce71964f984f4.rlib" "/opt/rustwide/rustup-home/toolchains/1.83.0-x86_64-unknown-linux-gnu/lib/rustlib/x86_64-unknown-linux-gnu/lib/librustc_demangle-99a73526abcec14b.rlib" "/opt/rustwide/rustup-home/toolchains/1.83.0-x86_64-unknown-linux-gnu/lib/rustlib/x86_64-unknown-linux-gnu/lib/libstd_detect-63ac0d22cff92579.rlib" "/opt/rustwide/rustup-home/toolchains/1.83.0-x86_64-unknown-linux-gnu/lib/rustlib/x86_64-unknown-linux-gnu/lib/libhashbrown-9057355c92c922d5.rlib" "/opt/rustwide/rustup-home/toolchains/1.83.0-x86_64-unknown-linux-gnu/lib/rustlib/x86_64-unknown-linux-gnu/lib/librustc_std_workspace_alloc-358be9bc1f6bab04.rlib" "/opt/rustwide/rustup-home/toolchains/1.83.0-x86_64-unknown-linux-gnu/lib/rustlib/x86_64-unknown-linux-gnu/lib/libminiz_oxide-aca15549d5bff974.rlib" "/opt/rustwide/rustup-home/toolchains/1.83.0-x86_64-unknown-linux-gnu/lib/rustlib/x86_64-unknown-linux-gnu/lib/libadler-8251d2cef7072448.rlib" "/opt/rustwide/rustup-home/toolchains/1.83.0-x86_64-unknown-linux-gnu/lib/rustlib/x86_64-unknown-linux-gnu/lib/libunwind-7d50b86011c66411.rlib" "/opt/rustwide/rustup-home/toolchains/1.83.0-x86_64-unknown-linux-gnu/lib/rustlib/x86_64-unknown-linux-gnu/lib/libcfg_if-51ea098fce5006bf.rlib" "/opt/rustwide/rustup-home/toolchains/1.83.0-x86_64-unknown-linux-gnu/lib/rustlib/x86_64-unknown-linux-gnu/lib/liblibc-5a14e0d0b712e731.rlib" "/opt/rustwide/rustup-home/toolchains/1.83.0-x86_64-unknown-linux-gnu/lib/rustlib/x86_64-unknown-linux-gnu/lib/liballoc-8b83dbf3a7b8f999.rlib" "/opt/rustwide/rustup-home/toolchains/1.83.0-x86_64-unknown-linux-gnu/lib/rustlib/x86_64-unknown-linux-gnu/lib/librustc_std_workspace_core-c6fd227bdc7b39ff.rlib" "/opt/rustwide/rustup-home/toolchains/1.83.0-x86_64-unknown-linux-gnu/lib/rustlib/x86_64-unknown-linux-gnu/lib/libcore-959d3389fa3da8a5.rlib" "/opt/rustwide/rustup-home/toolchains/1.83.0-x86_64-unknown-linux-gnu/lib/rustlib/x86_64-unknown-linux-gnu/lib/libcompiler_builtins-abe05db089cc2c62.rlib" "-Wl,-Bdynamic" "-lgcc_s" "-lutil" "-lrt" "-lpthread" "-lm" "-ldl" "-lc" "-Wl,--eh-frame-hdr" "-Wl,-z,noexecstack" "-L" "/opt/rustwide/rustup-home/toolchains/1.83.0-x86_64-unknown-linux-gnu/lib/rustlib/x86_64-unknown-linux-gnu/lib" "-o" "/tmp/rustdoctest9E0Mhd/rust_out" "-Wl,--gc-sections" "-pie" "-Wl,-z,relro,-z,now" "-nodefaultlibs"
[INFO] [stdout]   = note: /usr/bin/ld: final link failed: No space left on device
[INFO] [stdout]           collect2: error: ld returned 1 exit status
[INFO] [stdout]           
[INFO] [stdout] 
[INFO] [stdout] error: aborting due to 1 previous error
[INFO] [stdout] 
[INFO] [stdout] Couldn't compile the test.
[INFO] [stdout] ---- src/wrapping.rs - wrapping::Wrapping<F>::rem_euclid_int (line 604) stdout ----
[INFO] [stdout] error: linking with `cc` failed: exit status: 1
[INFO] [stdout]   |
[INFO] [stdout]   = note: LC_ALL="C" PATH="/opt/rustwide/rustup-home/toolchains/1.83.0-x86_64-unknown-linux-gnu/lib/rustlib/x86_64-unknown-linux-gnu/bin:/opt/rustwide/cargo-home/bin:/usr/local/sbin:/usr/local/bin:/usr/sbin:/usr/bin:/sbin:/bin" VSLANG="1033" "cc" "-m64" "/tmp/rustcvLrdLc/symbols.o" "/tmp/rustdoctestpcdTcc/rust_out.rust_out.cb03291d53e4e161-cgu.0.rcgu.o" "/tmp/rustdoctestpcdTcc/rust_out.1s7umcihpz0t7nkz1uc2ifee9.rcgu.o" "-Wl,--as-needed" "-Wl,-Bstatic" "/opt/rustwide/target/debug/deps/libsubstrate_fixed-47b2cf0057be7d73.rlib" "/opt/rustwide/target/debug/deps/libsubstrate_typenum-9276cf258cc3087f.rlib" "/opt/rustwide/target/debug/deps/libscale_info-936fcc6c240e0c0e.rlib" "/opt/rustwide/target/debug/deps/libderive_more-043a828cf1f3a782.rlib" "/opt/rustwide/target/debug/deps/libcfg_if-8217498f8667ada9.rlib" "/opt/rustwide/target/debug/deps/libparity_scale_codec-ae5de803f6e60f68.rlib" "/opt/rustwide/target/debug/deps/libarrayvec-dcbc86b9b46e39a1.rlib" "/opt/rustwide/target/debug/deps/libbyte_slice_cast-a6c452221acc6a81.rlib" "/opt/rustwide/rustup-home/toolchains/1.83.0-x86_64-unknown-linux-gnu/lib/rustlib/x86_64-unknown-linux-gnu/lib/libstd-ca74a2d9c5166d9f.rlib" "/opt/rustwide/rustup-home/toolchains/1.83.0-x86_64-unknown-linux-gnu/lib/rustlib/x86_64-unknown-linux-gnu/lib/libpanic_unwind-e31ab23316ed5080.rlib" "/opt/rustwide/rustup-home/toolchains/1.83.0-x86_64-unknown-linux-gnu/lib/rustlib/x86_64-unknown-linux-gnu/lib/libobject-27dc4aa955912662.rlib" "/opt/rustwide/rustup-home/toolchains/1.83.0-x86_64-unknown-linux-gnu/lib/rustlib/x86_64-unknown-linux-gnu/lib/libmemchr-bd0d6cccce077b99.rlib" "/opt/rustwide/rustup-home/toolchains/1.83.0-x86_64-unknown-linux-gnu/lib/rustlib/x86_64-unknown-linux-gnu/lib/libaddr2line-8d001680935b5e3c.rlib" "/opt/rustwide/rustup-home/toolchains/1.83.0-x86_64-unknown-linux-gnu/lib/rustlib/x86_64-unknown-linux-gnu/lib/libgimli-ba8ce71964f984f4.rlib" "/opt/rustwide/rustup-home/toolchains/1.83.0-x86_64-unknown-linux-gnu/lib/rustlib/x86_64-unknown-linux-gnu/lib/librustc_demangle-99a73526abcec14b.rlib" "/opt/rustwide/rustup-home/toolchains/1.83.0-x86_64-unknown-linux-gnu/lib/rustlib/x86_64-unknown-linux-gnu/lib/libstd_detect-63ac0d22cff92579.rlib" "/opt/rustwide/rustup-home/toolchains/1.83.0-x86_64-unknown-linux-gnu/lib/rustlib/x86_64-unknown-linux-gnu/lib/libhashbrown-9057355c92c922d5.rlib" "/opt/rustwide/rustup-home/toolchains/1.83.0-x86_64-unknown-linux-gnu/lib/rustlib/x86_64-unknown-linux-gnu/lib/librustc_std_workspace_alloc-358be9bc1f6bab04.rlib" "/opt/rustwide/rustup-home/toolchains/1.83.0-x86_64-unknown-linux-gnu/lib/rustlib/x86_64-unknown-linux-gnu/lib/libminiz_oxide-aca15549d5bff974.rlib" "/opt/rustwide/rustup-home/toolchains/1.83.0-x86_64-unknown-linux-gnu/lib/rustlib/x86_64-unknown-linux-gnu/lib/libadler-8251d2cef7072448.rlib" "/opt/rustwide/rustup-home/toolchains/1.83.0-x86_64-unknown-linux-gnu/lib/rustlib/x86_64-unknown-linux-gnu/lib/libunwind-7d50b86011c66411.rlib" "/opt/rustwide/rustup-home/toolchains/1.83.0-x86_64-unknown-linux-gnu/lib/rustlib/x86_64-unknown-linux-gnu/lib/libcfg_if-51ea098fce5006bf.rlib" "/opt/rustwide/rustup-home/toolchains/1.83.0-x86_64-unknown-linux-gnu/lib/rustlib/x86_64-unknown-linux-gnu/lib/liblibc-5a14e0d0b712e731.rlib" "/opt/rustwide/rustup-home/toolchains/1.83.0-x86_64-unknown-linux-gnu/lib/rustlib/x86_64-unknown-linux-gnu/lib/liballoc-8b83dbf3a7b8f999.rlib" "/opt/rustwide/rustup-home/toolchains/1.83.0-x86_64-unknown-linux-gnu/lib/rustlib/x86_64-unknown-linux-gnu/lib/librustc_std_workspace_core-c6fd227bdc7b39ff.rlib" "/opt/rustwide/rustup-home/toolchains/1.83.0-x86_64-unknown-linux-gnu/lib/rustlib/x86_64-unknown-linux-gnu/lib/libcore-959d3389fa3da8a5.rlib" "/opt/rustwide/rustup-home/toolchains/1.83.0-x86_64-unknown-linux-gnu/lib/rustlib/x86_64-unknown-linux-gnu/lib/libcompiler_builtins-abe05db089cc2c62.rlib" "-Wl,-Bdynamic" "-lgcc_s" "-lutil" "-lrt" "-lpthread" "-lm" "-ldl" "-lc" "-Wl,--eh-frame-hdr" "-Wl,-z,noexecstack" "-L" "/opt/rustwide/rustup-home/toolchains/1.83.0-x86_64-unknown-linux-gnu/lib/rustlib/x86_64-unknown-linux-gnu/lib" "-o" "/tmp/rustdoctestpcdTcc/rust_out" "-Wl,--gc-sections" "-pie" "-Wl,-z,relro,-z,now" "-nodefaultlibs"
[INFO] [stdout]   = note: /usr/bin/ld: final link failed: No space left on device
[INFO] [stdout]           collect2: error: ld returned 1 exit status
[INFO] [stdout]           
[INFO] [stdout] 
[INFO] [stdout] error: aborting due to 1 previous error
[INFO] [stdout] 
[INFO] [stdout] Couldn't compile the test.
[INFO] [stdout] ---- src/wrapping.rs - wrapping::Wrapping<F>::round_ties_to_even (line 436) stdout ----
[INFO] [stdout] error: linking with `cc` failed: exit status: 1
[INFO] [stdout]   |
[INFO] [stdout]   = note: LC_ALL="C" PATH="/opt/rustwide/rustup-home/toolchains/1.83.0-x86_64-unknown-linux-gnu/lib/rustlib/x86_64-unknown-linux-gnu/bin:/opt/rustwide/cargo-home/bin:/usr/local/sbin:/usr/local/bin:/usr/sbin:/usr/bin:/sbin:/bin" VSLANG="1033" "cc" "-m64" "/tmp/rustcPOoIJ3/symbols.o" "/tmp/rustdoctestJzuXBd/rust_out.rust_out.cb03291d53e4e161-cgu.0.rcgu.o" "/tmp/rustdoctestJzuXBd/rust_out.1s7umcihpz0t7nkz1uc2ifee9.rcgu.o" "-Wl,--as-needed" "-Wl,-Bstatic" "/opt/rustwide/target/debug/deps/libsubstrate_fixed-47b2cf0057be7d73.rlib" "/opt/rustwide/target/debug/deps/libsubstrate_typenum-9276cf258cc3087f.rlib" "/opt/rustwide/target/debug/deps/libscale_info-936fcc6c240e0c0e.rlib" "/opt/rustwide/target/debug/deps/libderive_more-043a828cf1f3a782.rlib" "/opt/rustwide/target/debug/deps/libcfg_if-8217498f8667ada9.rlib" "/opt/rustwide/target/debug/deps/libparity_scale_codec-ae5de803f6e60f68.rlib" "/opt/rustwide/target/debug/deps/libarrayvec-dcbc86b9b46e39a1.rlib" "/opt/rustwide/target/debug/deps/libbyte_slice_cast-a6c452221acc6a81.rlib" "/opt/rustwide/rustup-home/toolchains/1.83.0-x86_64-unknown-linux-gnu/lib/rustlib/x86_64-unknown-linux-gnu/lib/libstd-ca74a2d9c5166d9f.rlib" "/opt/rustwide/rustup-home/toolchains/1.83.0-x86_64-unknown-linux-gnu/lib/rustlib/x86_64-unknown-linux-gnu/lib/libpanic_unwind-e31ab23316ed5080.rlib" "/opt/rustwide/rustup-home/toolchains/1.83.0-x86_64-unknown-linux-gnu/lib/rustlib/x86_64-unknown-linux-gnu/lib/libobject-27dc4aa955912662.rlib" "/opt/rustwide/rustup-home/toolchains/1.83.0-x86_64-unknown-linux-gnu/lib/rustlib/x86_64-unknown-linux-gnu/lib/libmemchr-bd0d6cccce077b99.rlib" "/opt/rustwide/rustup-home/toolchains/1.83.0-x86_64-unknown-linux-gnu/lib/rustlib/x86_64-unknown-linux-gnu/lib/libaddr2line-8d001680935b5e3c.rlib" "/opt/rustwide/rustup-home/toolchains/1.83.0-x86_64-unknown-linux-gnu/lib/rustlib/x86_64-unknown-linux-gnu/lib/libgimli-ba8ce71964f984f4.rlib" "/opt/rustwide/rustup-home/toolchains/1.83.0-x86_64-unknown-linux-gnu/lib/rustlib/x86_64-unknown-linux-gnu/lib/librustc_demangle-99a73526abcec14b.rlib" "/opt/rustwide/rustup-home/toolchains/1.83.0-x86_64-unknown-linux-gnu/lib/rustlib/x86_64-unknown-linux-gnu/lib/libstd_detect-63ac0d22cff92579.rlib" "/opt/rustwide/rustup-home/toolchains/1.83.0-x86_64-unknown-linux-gnu/lib/rustlib/x86_64-unknown-linux-gnu/lib/libhashbrown-9057355c92c922d5.rlib" "/opt/rustwide/rustup-home/toolchains/1.83.0-x86_64-unknown-linux-gnu/lib/rustlib/x86_64-unknown-linux-gnu/lib/librustc_std_workspace_alloc-358be9bc1f6bab04.rlib" "/opt/rustwide/rustup-home/toolchains/1.83.0-x86_64-unknown-linux-gnu/lib/rustlib/x86_64-unknown-linux-gnu/lib/libminiz_oxide-aca15549d5bff974.rlib" "/opt/rustwide/rustup-home/toolchains/1.83.0-x86_64-unknown-linux-gnu/lib/rustlib/x86_64-unknown-linux-gnu/lib/libadler-8251d2cef7072448.rlib" "/opt/rustwide/rustup-home/toolchains/1.83.0-x86_64-unknown-linux-gnu/lib/rustlib/x86_64-unknown-linux-gnu/lib/libunwind-7d50b86011c66411.rlib" "/opt/rustwide/rustup-home/toolchains/1.83.0-x86_64-unknown-linux-gnu/lib/rustlib/x86_64-unknown-linux-gnu/lib/libcfg_if-51ea098fce5006bf.rlib" "/opt/rustwide/rustup-home/toolchains/1.83.0-x86_64-unknown-linux-gnu/lib/rustlib/x86_64-unknown-linux-gnu/lib/liblibc-5a14e0d0b712e731.rlib" "/opt/rustwide/rustup-home/toolchains/1.83.0-x86_64-unknown-linux-gnu/lib/rustlib/x86_64-unknown-linux-gnu/lib/liballoc-8b83dbf3a7b8f999.rlib" "/opt/rustwide/rustup-home/toolchains/1.83.0-x86_64-unknown-linux-gnu/lib/rustlib/x86_64-unknown-linux-gnu/lib/librustc_std_workspace_core-c6fd227bdc7b39ff.rlib" "/opt/rustwide/rustup-home/toolchains/1.83.0-x86_64-unknown-linux-gnu/lib/rustlib/x86_64-unknown-linux-gnu/lib/libcore-959d3389fa3da8a5.rlib" "/opt/rustwide/rustup-home/toolchains/1.83.0-x86_64-unknown-linux-gnu/lib/rustlib/x86_64-unknown-linux-gnu/lib/libcompiler_builtins-abe05db089cc2c62.rlib" "-Wl,-Bdynamic" "-lgcc_s" "-lutil" "-lrt" "-lpthread" "-lm" "-ldl" "-lc" "-Wl,--eh-frame-hdr" "-Wl,-z,noexecstack" "-L" "/opt/rustwide/rustup-home/toolchains/1.83.0-x86_64-unknown-linux-gnu/lib/rustlib/x86_64-unknown-linux-gnu/lib" "-o" "/tmp/rustdoctestJzuXBd/rust_out" "-Wl,--gc-sections" "-pie" "-Wl,-z,relro,-z,now" "-nodefaultlibs"
[INFO] [stdout]   = note: /usr/bin/ld: final link failed: No space left on device
[INFO] [stdout]           collect2: error: ld returned 1 exit status
[INFO] [stdout]           
[INFO] [stdout] 
[INFO] [stdout] error: aborting due to 1 previous error
[INFO] [stdout] 
[INFO] [stdout] Couldn't compile the test.
[INFO] [stdout] ---- src/wrapping.rs - wrapping::Wrapping<F>::signum (line 688) stdout ----
[INFO] [stdout] error: linking with `cc` failed: exit status: 1
[INFO] [stdout]   |
[INFO] [stdout]   = note: LC_ALL="C" PATH="/opt/rustwide/rustup-home/toolchains/1.83.0-x86_64-unknown-linux-gnu/lib/rustlib/x86_64-unknown-linux-gnu/bin:/opt/rustwide/cargo-home/bin:/usr/local/sbin:/usr/local/bin:/usr/sbin:/usr/bin:/sbin:/bin" VSLANG="1033" "cc" "-m64" "/tmp/rustcuJfk63/symbols.o" "/tmp/rustdoctestbJg93z/rust_out.rust_out.cb03291d53e4e161-cgu.0.rcgu.o" "/tmp/rustdoctestbJg93z/rust_out.1s7umcihpz0t7nkz1uc2ifee9.rcgu.o" "-Wl,--as-needed" "-Wl,-Bstatic" "/opt/rustwide/target/debug/deps/libsubstrate_fixed-47b2cf0057be7d73.rlib" "/opt/rustwide/target/debug/deps/libsubstrate_typenum-9276cf258cc3087f.rlib" "/opt/rustwide/target/debug/deps/libscale_info-936fcc6c240e0c0e.rlib" "/opt/rustwide/target/debug/deps/libderive_more-043a828cf1f3a782.rlib" "/opt/rustwide/target/debug/deps/libcfg_if-8217498f8667ada9.rlib" "/opt/rustwide/target/debug/deps/libparity_scale_codec-ae5de803f6e60f68.rlib" "/opt/rustwide/target/debug/deps/libarrayvec-dcbc86b9b46e39a1.rlib" "/opt/rustwide/target/debug/deps/libbyte_slice_cast-a6c452221acc6a81.rlib" "/opt/rustwide/rustup-home/toolchains/1.83.0-x86_64-unknown-linux-gnu/lib/rustlib/x86_64-unknown-linux-gnu/lib/libstd-ca74a2d9c5166d9f.rlib" "/opt/rustwide/rustup-home/toolchains/1.83.0-x86_64-unknown-linux-gnu/lib/rustlib/x86_64-unknown-linux-gnu/lib/libpanic_unwind-e31ab23316ed5080.rlib" "/opt/rustwide/rustup-home/toolchains/1.83.0-x86_64-unknown-linux-gnu/lib/rustlib/x86_64-unknown-linux-gnu/lib/libobject-27dc4aa955912662.rlib" "/opt/rustwide/rustup-home/toolchains/1.83.0-x86_64-unknown-linux-gnu/lib/rustlib/x86_64-unknown-linux-gnu/lib/libmemchr-bd0d6cccce077b99.rlib" "/opt/rustwide/rustup-home/toolchains/1.83.0-x86_64-unknown-linux-gnu/lib/rustlib/x86_64-unknown-linux-gnu/lib/libaddr2line-8d001680935b5e3c.rlib" "/opt/rustwide/rustup-home/toolchains/1.83.0-x86_64-unknown-linux-gnu/lib/rustlib/x86_64-unknown-linux-gnu/lib/libgimli-ba8ce71964f984f4.rlib" "/opt/rustwide/rustup-home/toolchains/1.83.0-x86_64-unknown-linux-gnu/lib/rustlib/x86_64-unknown-linux-gnu/lib/librustc_demangle-99a73526abcec14b.rlib" "/opt/rustwide/rustup-home/toolchains/1.83.0-x86_64-unknown-linux-gnu/lib/rustlib/x86_64-unknown-linux-gnu/lib/libstd_detect-63ac0d22cff92579.rlib" "/opt/rustwide/rustup-home/toolchains/1.83.0-x86_64-unknown-linux-gnu/lib/rustlib/x86_64-unknown-linux-gnu/lib/libhashbrown-9057355c92c922d5.rlib" "/opt/rustwide/rustup-home/toolchains/1.83.0-x86_64-unknown-linux-gnu/lib/rustlib/x86_64-unknown-linux-gnu/lib/librustc_std_workspace_alloc-358be9bc1f6bab04.rlib" "/opt/rustwide/rustup-home/toolchains/1.83.0-x86_64-unknown-linux-gnu/lib/rustlib/x86_64-unknown-linux-gnu/lib/libminiz_oxide-aca15549d5bff974.rlib" "/opt/rustwide/rustup-home/toolchains/1.83.0-x86_64-unknown-linux-gnu/lib/rustlib/x86_64-unknown-linux-gnu/lib/libadler-8251d2cef7072448.rlib" "/opt/rustwide/rustup-home/toolchains/1.83.0-x86_64-unknown-linux-gnu/lib/rustlib/x86_64-unknown-linux-gnu/lib/libunwind-7d50b86011c66411.rlib" "/opt/rustwide/rustup-home/toolchains/1.83.0-x86_64-unknown-linux-gnu/lib/rustlib/x86_64-unknown-linux-gnu/lib/libcfg_if-51ea098fce5006bf.rlib" "/opt/rustwide/rustup-home/toolchains/1.83.0-x86_64-unknown-linux-gnu/lib/rustlib/x86_64-unknown-linux-gnu/lib/liblibc-5a14e0d0b712e731.rlib" "/opt/rustwide/rustup-home/toolchains/1.83.0-x86_64-unknown-linux-gnu/lib/rustlib/x86_64-unknown-linux-gnu/lib/liballoc-8b83dbf3a7b8f999.rlib" "/opt/rustwide/rustup-home/toolchains/1.83.0-x86_64-unknown-linux-gnu/lib/rustlib/x86_64-unknown-linux-gnu/lib/librustc_std_workspace_core-c6fd227bdc7b39ff.rlib" "/opt/rustwide/rustup-home/toolchains/1.83.0-x86_64-unknown-linux-gnu/lib/rustlib/x86_64-unknown-linux-gnu/lib/libcore-959d3389fa3da8a5.rlib" "/opt/rustwide/rustup-home/toolchains/1.83.0-x86_64-unknown-linux-gnu/lib/rustlib/x86_64-unknown-linux-gnu/lib/libcompiler_builtins-abe05db089cc2c62.rlib" "-Wl,-Bdynamic" "-lgcc_s" "-lutil" "-lrt" "-lpthread" "-lm" "-ldl" "-lc" "-Wl,--eh-frame-hdr" "-Wl,-z,noexecstack" "-L" "/opt/rustwide/rustup-home/toolchains/1.83.0-x86_64-unknown-linux-gnu/lib/rustlib/x86_64-unknown-linux-gnu/lib" "-o" "/tmp/rustdoctestbJg93z/rust_out" "-Wl,--gc-sections" "-pie" "-Wl,-z,relro,-z,now" "-nodefaultlibs"
[INFO] [stdout]   = note: /usr/bin/ld: final link failed: No space left on device
[INFO] [stdout]           collect2: error: ld returned 1 exit status
[INFO] [stdout]           
[INFO] [stdout] 
[INFO] [stdout] error: aborting due to 1 previous error
[INFO] [stdout] 
[INFO] [stdout] Couldn't compile the test.
[INFO] [stdout] ---- src/wrapping.rs - wrapping::Wrapping<F>::round_to_zero (line 365) stdout ----
[INFO] [stdout] error: linking with `cc` failed: exit status: 1
[INFO] [stdout]   |
[INFO] [stdout]   = note: LC_ALL="C" PATH="/opt/rustwide/rustup-home/toolchains/1.83.0-x86_64-unknown-linux-gnu/lib/rustlib/x86_64-unknown-linux-gnu/bin:/opt/rustwide/cargo-home/bin:/usr/local/sbin:/usr/local/bin:/usr/sbin:/usr/bin:/sbin:/bin" VSLANG="1033" "cc" "-m64" "/tmp/rustcrWF2hB/symbols.o" "/tmp/rustdoctestsGMneF/rust_out.rust_out.cb03291d53e4e161-cgu.0.rcgu.o" "/tmp/rustdoctestsGMneF/rust_out.1s7umcihpz0t7nkz1uc2ifee9.rcgu.o" "-Wl,--as-needed" "-Wl,-Bstatic" "/opt/rustwide/target/debug/deps/libsubstrate_fixed-47b2cf0057be7d73.rlib" "/opt/rustwide/target/debug/deps/libsubstrate_typenum-9276cf258cc3087f.rlib" "/opt/rustwide/target/debug/deps/libscale_info-936fcc6c240e0c0e.rlib" "/opt/rustwide/target/debug/deps/libderive_more-043a828cf1f3a782.rlib" "/opt/rustwide/target/debug/deps/libcfg_if-8217498f8667ada9.rlib" "/opt/rustwide/target/debug/deps/libparity_scale_codec-ae5de803f6e60f68.rlib" "/opt/rustwide/target/debug/deps/libarrayvec-dcbc86b9b46e39a1.rlib" "/opt/rustwide/target/debug/deps/libbyte_slice_cast-a6c452221acc6a81.rlib" "/opt/rustwide/rustup-home/toolchains/1.83.0-x86_64-unknown-linux-gnu/lib/rustlib/x86_64-unknown-linux-gnu/lib/libstd-ca74a2d9c5166d9f.rlib" "/opt/rustwide/rustup-home/toolchains/1.83.0-x86_64-unknown-linux-gnu/lib/rustlib/x86_64-unknown-linux-gnu/lib/libpanic_unwind-e31ab23316ed5080.rlib" "/opt/rustwide/rustup-home/toolchains/1.83.0-x86_64-unknown-linux-gnu/lib/rustlib/x86_64-unknown-linux-gnu/lib/libobject-27dc4aa955912662.rlib" "/opt/rustwide/rustup-home/toolchains/1.83.0-x86_64-unknown-linux-gnu/lib/rustlib/x86_64-unknown-linux-gnu/lib/libmemchr-bd0d6cccce077b99.rlib" "/opt/rustwide/rustup-home/toolchains/1.83.0-x86_64-unknown-linux-gnu/lib/rustlib/x86_64-unknown-linux-gnu/lib/libaddr2line-8d001680935b5e3c.rlib" "/opt/rustwide/rustup-home/toolchains/1.83.0-x86_64-unknown-linux-gnu/lib/rustlib/x86_64-unknown-linux-gnu/lib/libgimli-ba8ce71964f984f4.rlib" "/opt/rustwide/rustup-home/toolchains/1.83.0-x86_64-unknown-linux-gnu/lib/rustlib/x86_64-unknown-linux-gnu/lib/librustc_demangle-99a73526abcec14b.rlib" "/opt/rustwide/rustup-home/toolchains/1.83.0-x86_64-unknown-linux-gnu/lib/rustlib/x86_64-unknown-linux-gnu/lib/libstd_detect-63ac0d22cff92579.rlib" "/opt/rustwide/rustup-home/toolchains/1.83.0-x86_64-unknown-linux-gnu/lib/rustlib/x86_64-unknown-linux-gnu/lib/libhashbrown-9057355c92c922d5.rlib" "/opt/rustwide/rustup-home/toolchains/1.83.0-x86_64-unknown-linux-gnu/lib/rustlib/x86_64-unknown-linux-gnu/lib/librustc_std_workspace_alloc-358be9bc1f6bab04.rlib" "/opt/rustwide/rustup-home/toolchains/1.83.0-x86_64-unknown-linux-gnu/lib/rustlib/x86_64-unknown-linux-gnu/lib/libminiz_oxide-aca15549d5bff974.rlib" "/opt/rustwide/rustup-home/toolchains/1.83.0-x86_64-unknown-linux-gnu/lib/rustlib/x86_64-unknown-linux-gnu/lib/libadler-8251d2cef7072448.rlib" "/opt/rustwide/rustup-home/toolchains/1.83.0-x86_64-unknown-linux-gnu/lib/rustlib/x86_64-unknown-linux-gnu/lib/libunwind-7d50b86011c66411.rlib" "/opt/rustwide/rustup-home/toolchains/1.83.0-x86_64-unknown-linux-gnu/lib/rustlib/x86_64-unknown-linux-gnu/lib/libcfg_if-51ea098fce5006bf.rlib" "/opt/rustwide/rustup-home/toolchains/1.83.0-x86_64-unknown-linux-gnu/lib/rustlib/x86_64-unknown-linux-gnu/lib/liblibc-5a14e0d0b712e731.rlib" "/opt/rustwide/rustup-home/toolchains/1.83.0-x86_64-unknown-linux-gnu/lib/rustlib/x86_64-unknown-linux-gnu/lib/liballoc-8b83dbf3a7b8f999.rlib" "/opt/rustwide/rustup-home/toolchains/1.83.0-x86_64-unknown-linux-gnu/lib/rustlib/x86_64-unknown-linux-gnu/lib/librustc_std_workspace_core-c6fd227bdc7b39ff.rlib" "/opt/rustwide/rustup-home/toolchains/1.83.0-x86_64-unknown-linux-gnu/lib/rustlib/x86_64-unknown-linux-gnu/lib/libcore-959d3389fa3da8a5.rlib" "/opt/rustwide/rustup-home/toolchains/1.83.0-x86_64-unknown-linux-gnu/lib/rustlib/x86_64-unknown-linux-gnu/lib/libcompiler_builtins-abe05db089cc2c62.rlib" "-Wl,-Bdynamic" "-lgcc_s" "-lutil" "-lrt" "-lpthread" "-lm" "-ldl" "-lc" "-Wl,--eh-frame-hdr" "-Wl,-z,noexecstack" "-L" "/opt/rustwide/rustup-home/toolchains/1.83.0-x86_64-unknown-linux-gnu/lib/rustlib/x86_64-unknown-linux-gnu/lib" "-o" "/tmp/rustdoctestsGMneF/rust_out" "-Wl,--gc-sections" "-pie" "-Wl,-z,relro,-z,now" "-nodefaultlibs"
[INFO] [stdout]   = note: /usr/bin/ld: final link failed: No space left on device
[INFO] [stdout]           collect2: error: ld returned 1 exit status
[INFO] [stdout]           
[INFO] [stdout] 
[INFO] [stdout] error: aborting due to 1 previous error
[INFO] [stdout] 
[INFO] [stdout] Couldn't compile the test.
[INFO] [stdout] ---- src/wrapping.rs - wrapping::Wrapping<F>::to_num (line 224) stdout ----
[INFO] [stdout] error: linking with `cc` failed: exit status: 1
[INFO] [stdout]   |
[INFO] [stdout]   = note: LC_ALL="C" PATH="/opt/rustwide/rustup-home/toolchains/1.83.0-x86_64-unknown-linux-gnu/lib/rustlib/x86_64-unknown-linux-gnu/bin:/opt/rustwide/cargo-home/bin:/usr/local/sbin:/usr/local/bin:/usr/sbin:/usr/bin:/sbin:/bin" VSLANG="1033" "cc" "-m64" "/tmp/rustc2u9SBT/symbols.o" "/tmp/rustdoctestzJMJZQ/rust_out.rust_out.cb03291d53e4e161-cgu.0.rcgu.o" "/tmp/rustdoctestzJMJZQ/rust_out.1s7umcihpz0t7nkz1uc2ifee9.rcgu.o" "-Wl,--as-needed" "-Wl,-Bstatic" "/opt/rustwide/target/debug/deps/libsubstrate_fixed-47b2cf0057be7d73.rlib" "/opt/rustwide/target/debug/deps/libsubstrate_typenum-9276cf258cc3087f.rlib" "/opt/rustwide/target/debug/deps/libscale_info-936fcc6c240e0c0e.rlib" "/opt/rustwide/target/debug/deps/libderive_more-043a828cf1f3a782.rlib" "/opt/rustwide/target/debug/deps/libcfg_if-8217498f8667ada9.rlib" "/opt/rustwide/target/debug/deps/libparity_scale_codec-ae5de803f6e60f68.rlib" "/opt/rustwide/target/debug/deps/libarrayvec-dcbc86b9b46e39a1.rlib" "/opt/rustwide/target/debug/deps/libbyte_slice_cast-a6c452221acc6a81.rlib" "/opt/rustwide/rustup-home/toolchains/1.83.0-x86_64-unknown-linux-gnu/lib/rustlib/x86_64-unknown-linux-gnu/lib/libstd-ca74a2d9c5166d9f.rlib" "/opt/rustwide/rustup-home/toolchains/1.83.0-x86_64-unknown-linux-gnu/lib/rustlib/x86_64-unknown-linux-gnu/lib/libpanic_unwind-e31ab23316ed5080.rlib" "/opt/rustwide/rustup-home/toolchains/1.83.0-x86_64-unknown-linux-gnu/lib/rustlib/x86_64-unknown-linux-gnu/lib/libobject-27dc4aa955912662.rlib" "/opt/rustwide/rustup-home/toolchains/1.83.0-x86_64-unknown-linux-gnu/lib/rustlib/x86_64-unknown-linux-gnu/lib/libmemchr-bd0d6cccce077b99.rlib" "/opt/rustwide/rustup-home/toolchains/1.83.0-x86_64-unknown-linux-gnu/lib/rustlib/x86_64-unknown-linux-gnu/lib/libaddr2line-8d001680935b5e3c.rlib" "/opt/rustwide/rustup-home/toolchains/1.83.0-x86_64-unknown-linux-gnu/lib/rustlib/x86_64-unknown-linux-gnu/lib/libgimli-ba8ce71964f984f4.rlib" "/opt/rustwide/rustup-home/toolchains/1.83.0-x86_64-unknown-linux-gnu/lib/rustlib/x86_64-unknown-linux-gnu/lib/librustc_demangle-99a73526abcec14b.rlib" "/opt/rustwide/rustup-home/toolchains/1.83.0-x86_64-unknown-linux-gnu/lib/rustlib/x86_64-unknown-linux-gnu/lib/libstd_detect-63ac0d22cff92579.rlib" "/opt/rustwide/rustup-home/toolchains/1.83.0-x86_64-unknown-linux-gnu/lib/rustlib/x86_64-unknown-linux-gnu/lib/libhashbrown-9057355c92c922d5.rlib" "/opt/rustwide/rustup-home/toolchains/1.83.0-x86_64-unknown-linux-gnu/lib/rustlib/x86_64-unknown-linux-gnu/lib/librustc_std_workspace_alloc-358be9bc1f6bab04.rlib" "/opt/rustwide/rustup-home/toolchains/1.83.0-x86_64-unknown-linux-gnu/lib/rustlib/x86_64-unknown-linux-gnu/lib/libminiz_oxide-aca15549d5bff974.rlib" "/opt/rustwide/rustup-home/toolchains/1.83.0-x86_64-unknown-linux-gnu/lib/rustlib/x86_64-unknown-linux-gnu/lib/libadler-8251d2cef7072448.rlib" "/opt/rustwide/rustup-home/toolchains/1.83.0-x86_64-unknown-linux-gnu/lib/rustlib/x86_64-unknown-linux-gnu/lib/libunwind-7d50b86011c66411.rlib" "/opt/rustwide/rustup-home/toolchains/1.83.0-x86_64-unknown-linux-gnu/lib/rustlib/x86_64-unknown-linux-gnu/lib/libcfg_if-51ea098fce5006bf.rlib" "/opt/rustwide/rustup-home/toolchains/1.83.0-x86_64-unknown-linux-gnu/lib/rustlib/x86_64-unknown-linux-gnu/lib/liblibc-5a14e0d0b712e731.rlib" "/opt/rustwide/rustup-home/toolchains/1.83.0-x86_64-unknown-linux-gnu/lib/rustlib/x86_64-unknown-linux-gnu/lib/liballoc-8b83dbf3a7b8f999.rlib" "/opt/rustwide/rustup-home/toolchains/1.83.0-x86_64-unknown-linux-gnu/lib/rustlib/x86_64-unknown-linux-gnu/lib/librustc_std_workspace_core-c6fd227bdc7b39ff.rlib" "/opt/rustwide/rustup-home/toolchains/1.83.0-x86_64-unknown-linux-gnu/lib/rustlib/x86_64-unknown-linux-gnu/lib/libcore-959d3389fa3da8a5.rlib" "/opt/rustwide/rustup-home/toolchains/1.83.0-x86_64-unknown-linux-gnu/lib/rustlib/x86_64-unknown-linux-gnu/lib/libcompiler_builtins-abe05db089cc2c62.rlib" "-Wl,-Bdynamic" "-lgcc_s" "-lutil" "-lrt" "-lpthread" "-lm" "-ldl" "-lc" "-Wl,--eh-frame-hdr" "-Wl,-z,noexecstack" "-L" "/opt/rustwide/rustup-home/toolchains/1.83.0-x86_64-unknown-linux-gnu/lib/rustlib/x86_64-unknown-linux-gnu/lib" "-o" "/tmp/rustdoctestzJMJZQ/rust_out" "-Wl,--gc-sections" "-pie" "-Wl,-z,relro,-z,now" "-nodefaultlibs"
[INFO] [stdout]   = note: /usr/bin/ld: final link failed: No space left on device
[INFO] [stdout]           collect2: error: ld returned 1 exit status
[INFO] [stdout]           
[INFO] [stdout] 
[INFO] [stdout] error: aborting due to 1 previous error
[INFO] [stdout] 
[INFO] [stdout] Couldn't compile the test.
[INFO] [stdout] ---- src/wrapping.rs - wrapping::Wrapping<F>::trailing_zeros (line 496) stdout ----
[INFO] [stdout] error: linking with `cc` failed: exit status: 1
[INFO] [stdout]   |
[INFO] [stdout]   = note: LC_ALL="C" PATH="/opt/rustwide/rustup-home/toolchains/1.83.0-x86_64-unknown-linux-gnu/lib/rustlib/x86_64-unknown-linux-gnu/bin:/opt/rustwide/cargo-home/bin:/usr/local/sbin:/usr/local/bin:/usr/sbin:/usr/bin:/sbin:/bin" VSLANG="1033" "cc" "-m64" "/tmp/rustcSzb0Dw/symbols.o" "/tmp/rustdoctestqvltgB/rust_out.rust_out.cb03291d53e4e161-cgu.0.rcgu.o" "/tmp/rustdoctestqvltgB/rust_out.1s7umcihpz0t7nkz1uc2ifee9.rcgu.o" "-Wl,--as-needed" "-Wl,-Bstatic" "/opt/rustwide/target/debug/deps/libsubstrate_fixed-47b2cf0057be7d73.rlib" "/opt/rustwide/target/debug/deps/libsubstrate_typenum-9276cf258cc3087f.rlib" "/opt/rustwide/target/debug/deps/libscale_info-936fcc6c240e0c0e.rlib" "/opt/rustwide/target/debug/deps/libderive_more-043a828cf1f3a782.rlib" "/opt/rustwide/target/debug/deps/libcfg_if-8217498f8667ada9.rlib" "/opt/rustwide/target/debug/deps/libparity_scale_codec-ae5de803f6e60f68.rlib" "/opt/rustwide/target/debug/deps/libarrayvec-dcbc86b9b46e39a1.rlib" "/opt/rustwide/target/debug/deps/libbyte_slice_cast-a6c452221acc6a81.rlib" "/opt/rustwide/rustup-home/toolchains/1.83.0-x86_64-unknown-linux-gnu/lib/rustlib/x86_64-unknown-linux-gnu/lib/libstd-ca74a2d9c5166d9f.rlib" "/opt/rustwide/rustup-home/toolchains/1.83.0-x86_64-unknown-linux-gnu/lib/rustlib/x86_64-unknown-linux-gnu/lib/libpanic_unwind-e31ab23316ed5080.rlib" "/opt/rustwide/rustup-home/toolchains/1.83.0-x86_64-unknown-linux-gnu/lib/rustlib/x86_64-unknown-linux-gnu/lib/libobject-27dc4aa955912662.rlib" "/opt/rustwide/rustup-home/toolchains/1.83.0-x86_64-unknown-linux-gnu/lib/rustlib/x86_64-unknown-linux-gnu/lib/libmemchr-bd0d6cccce077b99.rlib" "/opt/rustwide/rustup-home/toolchains/1.83.0-x86_64-unknown-linux-gnu/lib/rustlib/x86_64-unknown-linux-gnu/lib/libaddr2line-8d001680935b5e3c.rlib" "/opt/rustwide/rustup-home/toolchains/1.83.0-x86_64-unknown-linux-gnu/lib/rustlib/x86_64-unknown-linux-gnu/lib/libgimli-ba8ce71964f984f4.rlib" "/opt/rustwide/rustup-home/toolchains/1.83.0-x86_64-unknown-linux-gnu/lib/rustlib/x86_64-unknown-linux-gnu/lib/librustc_demangle-99a73526abcec14b.rlib" "/opt/rustwide/rustup-home/toolchains/1.83.0-x86_64-unknown-linux-gnu/lib/rustlib/x86_64-unknown-linux-gnu/lib/libstd_detect-63ac0d22cff92579.rlib" "/opt/rustwide/rustup-home/toolchains/1.83.0-x86_64-unknown-linux-gnu/lib/rustlib/x86_64-unknown-linux-gnu/lib/libhashbrown-9057355c92c922d5.rlib" "/opt/rustwide/rustup-home/toolchains/1.83.0-x86_64-unknown-linux-gnu/lib/rustlib/x86_64-unknown-linux-gnu/lib/librustc_std_workspace_alloc-358be9bc1f6bab04.rlib" "/opt/rustwide/rustup-home/toolchains/1.83.0-x86_64-unknown-linux-gnu/lib/rustlib/x86_64-unknown-linux-gnu/lib/libminiz_oxide-aca15549d5bff974.rlib" "/opt/rustwide/rustup-home/toolchains/1.83.0-x86_64-unknown-linux-gnu/lib/rustlib/x86_64-unknown-linux-gnu/lib/libadler-8251d2cef7072448.rlib" "/opt/rustwide/rustup-home/toolchains/1.83.0-x86_64-unknown-linux-gnu/lib/rustlib/x86_64-unknown-linux-gnu/lib/libunwind-7d50b86011c66411.rlib" "/opt/rustwide/rustup-home/toolchains/1.83.0-x86_64-unknown-linux-gnu/lib/rustlib/x86_64-unknown-linux-gnu/lib/libcfg_if-51ea098fce5006bf.rlib" "/opt/rustwide/rustup-home/toolchains/1.83.0-x86_64-unknown-linux-gnu/lib/rustlib/x86_64-unknown-linux-gnu/lib/liblibc-5a14e0d0b712e731.rlib" "/opt/rustwide/rustup-home/toolchains/1.83.0-x86_64-unknown-linux-gnu/lib/rustlib/x86_64-unknown-linux-gnu/lib/liballoc-8b83dbf3a7b8f999.rlib" "/opt/rustwide/rustup-home/toolchains/1.83.0-x86_64-unknown-linux-gnu/lib/rustlib/x86_64-unknown-linux-gnu/lib/librustc_std_workspace_core-c6fd227bdc7b39ff.rlib" "/opt/rustwide/rustup-home/toolchains/1.83.0-x86_64-unknown-linux-gnu/lib/rustlib/x86_64-unknown-linux-gnu/lib/libcore-959d3389fa3da8a5.rlib" "/opt/rustwide/rustup-home/toolchains/1.83.0-x86_64-unknown-linux-gnu/lib/rustlib/x86_64-unknown-linux-gnu/lib/libcompiler_builtins-abe05db089cc2c62.rlib" "-Wl,-Bdynamic" "-lgcc_s" "-lutil" "-lrt" "-lpthread" "-lm" "-ldl" "-lc" "-Wl,--eh-frame-hdr" "-Wl,-z,noexecstack" "-L" "/opt/rustwide/rustup-home/toolchains/1.83.0-x86_64-unknown-linux-gnu/lib/rustlib/x86_64-unknown-linux-gnu/lib" "-o" "/tmp/rustdoctestqvltgB/rust_out" "-Wl,--gc-sections" "-pie" "-Wl,-z,relro,-z,now" "-nodefaultlibs"
[INFO] [stdout]   = note: /usr/bin/ld: final link failed: No space left on device
[INFO] [stdout]           collect2: error: ld returned 1 exit status
[INFO] [stdout]           
[INFO] [stdout] 
[INFO] [stdout] error: aborting due to 1 previous error
[INFO] [stdout] 
[INFO] [stdout] Couldn't compile the test.
[INFO] [stdout] ---- src/wrapping.rs - wrapping::Wrapping<F>::to_bits (line 125) stdout ----
[INFO] [stdout] error: linking with `cc` failed: exit status: 1
[INFO] [stdout]   |
[INFO] [stdout]   = note: LC_ALL="C" PATH="/opt/rustwide/rustup-home/toolchains/1.83.0-x86_64-unknown-linux-gnu/lib/rustlib/x86_64-unknown-linux-gnu/bin:/opt/rustwide/cargo-home/bin:/usr/local/sbin:/usr/local/bin:/usr/sbin:/usr/bin:/sbin:/bin" VSLANG="1033" "cc" "-m64" "/tmp/rustcrmi6lO/symbols.o" "/tmp/rustdoctestbb4Qv5/rust_out.rust_out.cb03291d53e4e161-cgu.0.rcgu.o" "/tmp/rustdoctestbb4Qv5/rust_out.1s7umcihpz0t7nkz1uc2ifee9.rcgu.o" "-Wl,--as-needed" "-Wl,-Bstatic" "/opt/rustwide/target/debug/deps/libsubstrate_fixed-47b2cf0057be7d73.rlib" "/opt/rustwide/target/debug/deps/libsubstrate_typenum-9276cf258cc3087f.rlib" "/opt/rustwide/target/debug/deps/libscale_info-936fcc6c240e0c0e.rlib" "/opt/rustwide/target/debug/deps/libderive_more-043a828cf1f3a782.rlib" "/opt/rustwide/target/debug/deps/libcfg_if-8217498f8667ada9.rlib" "/opt/rustwide/target/debug/deps/libparity_scale_codec-ae5de803f6e60f68.rlib" "/opt/rustwide/target/debug/deps/libarrayvec-dcbc86b9b46e39a1.rlib" "/opt/rustwide/target/debug/deps/libbyte_slice_cast-a6c452221acc6a81.rlib" "/opt/rustwide/rustup-home/toolchains/1.83.0-x86_64-unknown-linux-gnu/lib/rustlib/x86_64-unknown-linux-gnu/lib/libstd-ca74a2d9c5166d9f.rlib" "/opt/rustwide/rustup-home/toolchains/1.83.0-x86_64-unknown-linux-gnu/lib/rustlib/x86_64-unknown-linux-gnu/lib/libpanic_unwind-e31ab23316ed5080.rlib" "/opt/rustwide/rustup-home/toolchains/1.83.0-x86_64-unknown-linux-gnu/lib/rustlib/x86_64-unknown-linux-gnu/lib/libobject-27dc4aa955912662.rlib" "/opt/rustwide/rustup-home/toolchains/1.83.0-x86_64-unknown-linux-gnu/lib/rustlib/x86_64-unknown-linux-gnu/lib/libmemchr-bd0d6cccce077b99.rlib" "/opt/rustwide/rustup-home/toolchains/1.83.0-x86_64-unknown-linux-gnu/lib/rustlib/x86_64-unknown-linux-gnu/lib/libaddr2line-8d001680935b5e3c.rlib" "/opt/rustwide/rustup-home/toolchains/1.83.0-x86_64-unknown-linux-gnu/lib/rustlib/x86_64-unknown-linux-gnu/lib/libgimli-ba8ce71964f984f4.rlib" "/opt/rustwide/rustup-home/toolchains/1.83.0-x86_64-unknown-linux-gnu/lib/rustlib/x86_64-unknown-linux-gnu/lib/librustc_demangle-99a73526abcec14b.rlib" "/opt/rustwide/rustup-home/toolchains/1.83.0-x86_64-unknown-linux-gnu/lib/rustlib/x86_64-unknown-linux-gnu/lib/libstd_detect-63ac0d22cff92579.rlib" "/opt/rustwide/rustup-home/toolchains/1.83.0-x86_64-unknown-linux-gnu/lib/rustlib/x86_64-unknown-linux-gnu/lib/libhashbrown-9057355c92c922d5.rlib" "/opt/rustwide/rustup-home/toolchains/1.83.0-x86_64-unknown-linux-gnu/lib/rustlib/x86_64-unknown-linux-gnu/lib/librustc_std_workspace_alloc-358be9bc1f6bab04.rlib" "/opt/rustwide/rustup-home/toolchains/1.83.0-x86_64-unknown-linux-gnu/lib/rustlib/x86_64-unknown-linux-gnu/lib/libminiz_oxide-aca15549d5bff974.rlib" "/opt/rustwide/rustup-home/toolchains/1.83.0-x86_64-unknown-linux-gnu/lib/rustlib/x86_64-unknown-linux-gnu/lib/libadler-8251d2cef7072448.rlib" "/opt/rustwide/rustup-home/toolchains/1.83.0-x86_64-unknown-linux-gnu/lib/rustlib/x86_64-unknown-linux-gnu/lib/libunwind-7d50b86011c66411.rlib" "/opt/rustwide/rustup-home/toolchains/1.83.0-x86_64-unknown-linux-gnu/lib/rustlib/x86_64-unknown-linux-gnu/lib/libcfg_if-51ea098fce5006bf.rlib" "/opt/rustwide/rustup-home/toolchains/1.83.0-x86_64-unknown-linux-gnu/lib/rustlib/x86_64-unknown-linux-gnu/lib/liblibc-5a14e0d0b712e731.rlib" "/opt/rustwide/rustup-home/toolchains/1.83.0-x86_64-unknown-linux-gnu/lib/rustlib/x86_64-unknown-linux-gnu/lib/liballoc-8b83dbf3a7b8f999.rlib" "/opt/rustwide/rustup-home/toolchains/1.83.0-x86_64-unknown-linux-gnu/lib/rustlib/x86_64-unknown-linux-gnu/lib/librustc_std_workspace_core-c6fd227bdc7b39ff.rlib" "/opt/rustwide/rustup-home/toolchains/1.83.0-x86_64-unknown-linux-gnu/lib/rustlib/x86_64-unknown-linux-gnu/lib/libcore-959d3389fa3da8a5.rlib" "/opt/rustwide/rustup-home/toolchains/1.83.0-x86_64-unknown-linux-gnu/lib/rustlib/x86_64-unknown-linux-gnu/lib/libcompiler_builtins-abe05db089cc2c62.rlib" "-Wl,-Bdynamic" "-lgcc_s" "-lutil" "-lrt" "-lpthread" "-lm" "-ldl" "-lc" "-Wl,--eh-frame-hdr" "-Wl,-z,noexecstack" "-L" "/opt/rustwide/rustup-home/toolchains/1.83.0-x86_64-unknown-linux-gnu/lib/rustlib/x86_64-unknown-linux-gnu/lib" "-o" "/tmp/rustdoctestbb4Qv5/rust_out" "-Wl,--gc-sections" "-pie" "-Wl,-z,relro,-z,now" "-nodefaultlibs"
[INFO] [stdout]   = note: /usr/bin/ld: final link failed: No space left on device
[INFO] [stdout]           collect2: error: ld returned 1 exit status
[INFO] [stdout]           
[INFO] [stdout] 
[INFO] [stdout] error: aborting due to 1 previous error
[INFO] [stdout] 
[INFO] [stdout] Couldn't compile the test.
[INFO] [stdout] 
[INFO] [stdout] failures:
[INFO] [stdout]     src/macros.rs - FixedI16<Frac>::checked_shl (line 74)
[INFO] [stdout]     src/macros.rs - FixedI16<Frac>::checked_shr (line 74)
[INFO] [stdout]     src/macros.rs - FixedI16<Frac>::checked_to_num (line 88)
[INFO] [stdout]     src/macros.rs - FixedI16<Frac>::count_zeros (line 74)
[INFO] [stdout]     src/macros.rs - FixedI16<Frac>::div_euclid_int (line 83)
[INFO] [stdout]     src/macros.rs - FixedI16<Frac>::floor (line 82)
[INFO] [stdout]     src/macros.rs - FixedI16<Frac>::frac (line 79)
[INFO] [stdout]     src/macros.rs - FixedI16<Frac>::from_be_bytes (line 74)
[INFO] [stdout]     src/macros.rs - FixedI16<Frac>::overflowing_div_euclid_int (line 81)
[INFO] [stdout]     src/macros.rs - FixedI16<Frac>::overflowing_neg (line 78)
[INFO] [stdout]     src/wrapping.rs - wrapping::Wrapping<F>::from_str_hex (line 303)
[INFO] [stdout]     src/wrapping.rs - wrapping::Wrapping<F>::is_negative (line 638)
[INFO] [stdout]     src/wrapping.rs - wrapping::Wrapping<F>::next_power_of_two (line 735)
[INFO] [stdout]     src/wrapping.rs - wrapping::Wrapping<F>::rem_euclid_int (line 604)
[INFO] [stdout]     src/wrapping.rs - wrapping::Wrapping<F>::rotate_right (line 524)
[INFO] [stdout]     src/wrapping.rs - wrapping::Wrapping<F>::round_ties_to_even (line 436)
[INFO] [stdout]     src/wrapping.rs - wrapping::Wrapping<F>::round_to_zero (line 365)
[INFO] [stdout]     src/wrapping.rs - wrapping::Wrapping<F>::signum (line 688)
[INFO] [stdout]     src/wrapping.rs - wrapping::Wrapping<F>::to_bits (line 125)
[INFO] [stdout]     src/wrapping.rs - wrapping::Wrapping<F>::to_num (line 224)
[INFO] [stdout]     src/wrapping.rs - wrapping::Wrapping<F>::trailing_zeros (line 496)
[INFO] [stdout] 
[INFO] [stdout] test result: FAILED. 1289 passed; 21 failed; 0 ignored; 0 measured; 0 filtered out; finished in 339.38s
[INFO] [stdout] 
[INFO] [stderr] error: doctest failed, to rerun pass `--doc`
[INFO] running `Command { std: "docker" "inspect" "a5d84339fa4be325000e9b68a04d91eb4ad9e1db08258d7457c45f1ae357eede", kill_on_drop: false }`
[INFO] running `Command { std: "docker" "rm" "-f" "a5d84339fa4be325000e9b68a04d91eb4ad9e1db08258d7457c45f1ae357eede", kill_on_drop: false }`
[INFO] [stdout] a5d84339fa4be325000e9b68a04d91eb4ad9e1db08258d7457c45f1ae357eede
