[INFO] fetching crate string-number 0.3.0...
[INFO] testing string-number-0.3.0 against 1.83.0 for beta-1.84.0-4-retry
[INFO] extracting crate string-number 0.3.0 into /workspace/builds/worker-5-tc1/source
[INFO] validating manifest of crates.io crate string-number 0.3.0 on toolchain 1.83.0
[INFO] running `Command { std: CARGO_HOME="/workspace/cargo-home" RUSTUP_HOME="/workspace/rustup-home" "/workspace/cargo-home/bin/cargo" "+1.83.0" "metadata" "--manifest-path" "Cargo.toml" "--no-deps", kill_on_drop: false }`
[INFO] started tweaking crates.io crate string-number 0.3.0
[INFO] finished tweaking crates.io crate string-number 0.3.0
[INFO] tweaked toml for crates.io crate string-number 0.3.0 written to /workspace/builds/worker-5-tc1/source/Cargo.toml
[INFO] running `Command { std: CARGO_HOME="/workspace/cargo-home" RUSTUP_HOME="/workspace/rustup-home" "/workspace/cargo-home/bin/cargo" "+1.83.0" "generate-lockfile" "--manifest-path" "Cargo.toml", kill_on_drop: false }`
[INFO] [stderr]     Updating crates.io index
[INFO] [stderr]      Locking 90 packages to latest compatible versions
[INFO] [stderr]       Adding bigdecimal v0.2.2 (available: v0.4.7)
[INFO] [stderr]       Adding criterion v0.3.6 (available: v0.5.1)
[INFO] [stderr]       Adding num-bigint v0.3.3 (available: v0.4.6)
[INFO] [stderr]       Adding rstest v0.10.0 (available: v0.23.0)
[INFO] running `Command { std: CARGO_HOME="/workspace/cargo-home" RUSTUP_HOME="/workspace/rustup-home" "/workspace/cargo-home/bin/cargo" "+1.83.0" "fetch" "--manifest-path" "Cargo.toml", kill_on_drop: false }`
[INFO] [stderr]  Downloading crates ...
[INFO] [stderr]   Downloaded quickcheck v1.0.3
[INFO] [stderr]   Downloaded quickcheck_macros v1.0.0
[INFO] [stderr]   Downloaded bigdecimal v0.2.2
[INFO] [stderr]   Downloaded rstest v0.10.0
[INFO] running `Command { std: "docker" "create" "-v" "/var/lib/crater-agent-workspace/builds/worker-5-tc1/target:/opt/rustwide/target:rw,Z" "-v" "/var/lib/crater-agent-workspace/builds/worker-5-tc1/source:/opt/rustwide/workdir:ro,Z" "-v" "/var/lib/crater-agent-workspace/cargo-home:/opt/rustwide/cargo-home:ro,Z" "-v" "/var/lib/crater-agent-workspace/rustup-home:/opt/rustwide/rustup-home:ro,Z" "-e" "SOURCE_DIR=/opt/rustwide/workdir" "-e" "CARGO_TARGET_DIR=/opt/rustwide/target" "-e" "CARGO_HOME=/opt/rustwide/cargo-home" "-e" "RUSTUP_HOME=/opt/rustwide/rustup-home" "-w" "/opt/rustwide/workdir" "-m" "1610612736" "--user" "0:0" "--network" "none" "ghcr.io/rust-lang/crates-build-env/linux@sha256:f3a9d4ad9d972b27faf3965f35b62e55ba32bbce8f20bc8fe909558a86702fde" "/opt/rustwide/cargo-home/bin/cargo" "+1.83.0" "metadata" "--no-deps" "--format-version=1", kill_on_drop: false }`
[INFO] [stdout] 24ba6b332d523713919c84000ed2eecef662752db918db190ff5215d26c8c33f
[INFO] running `Command { std: "docker" "start" "-a" "24ba6b332d523713919c84000ed2eecef662752db918db190ff5215d26c8c33f", kill_on_drop: false }`
[INFO] running `Command { std: "docker" "inspect" "24ba6b332d523713919c84000ed2eecef662752db918db190ff5215d26c8c33f", kill_on_drop: false }`
[INFO] running `Command { std: "docker" "rm" "-f" "24ba6b332d523713919c84000ed2eecef662752db918db190ff5215d26c8c33f", kill_on_drop: false }`
[INFO] [stdout] 24ba6b332d523713919c84000ed2eecef662752db918db190ff5215d26c8c33f
[INFO] running `Command { std: "docker" "create" "-v" "/var/lib/crater-agent-workspace/builds/worker-5-tc1/target:/opt/rustwide/target:rw,Z" "-v" "/var/lib/crater-agent-workspace/builds/worker-5-tc1/source:/opt/rustwide/workdir:ro,Z" "-v" "/var/lib/crater-agent-workspace/cargo-home:/opt/rustwide/cargo-home:ro,Z" "-v" "/var/lib/crater-agent-workspace/rustup-home:/opt/rustwide/rustup-home:ro,Z" "-e" "SOURCE_DIR=/opt/rustwide/workdir" "-e" "CARGO_TARGET_DIR=/opt/rustwide/target" "-e" "CARGO_INCREMENTAL=0" "-e" "RUST_BACKTRACE=full" "-e" "RUSTFLAGS=--cap-lints=warn" "-e" "RUSTDOCFLAGS=--cap-lints=warn" "-e" "CARGO_HOME=/opt/rustwide/cargo-home" "-e" "RUSTUP_HOME=/opt/rustwide/rustup-home" "-w" "/opt/rustwide/workdir" "-m" "1610612736" "--user" "0:0" "--network" "none" "ghcr.io/rust-lang/crates-build-env/linux@sha256:f3a9d4ad9d972b27faf3965f35b62e55ba32bbce8f20bc8fe909558a86702fde" "/opt/rustwide/cargo-home/bin/cargo" "+1.83.0" "build" "--frozen" "--message-format=json", kill_on_drop: false }`
[INFO] [stdout] 3c2fbb057b4e2a6900bb1182739dba713956747f9babf709e64ea84060648d2e
[INFO] running `Command { std: "docker" "start" "-a" "3c2fbb057b4e2a6900bb1182739dba713956747f9babf709e64ea84060648d2e", kill_on_drop: false }`
[INFO] [stderr]    Compiling string-number v0.3.0 (/opt/rustwide/workdir)
[INFO] [stdout] warning: unnecessary parentheses around match arm expression
[INFO] [stdout]    --> src/lib.rs:246:40
[INFO] [stdout]     |
[INFO] [stdout] 246 |                 Number::Negative(r) => (l - r.positive()),
[INFO] [stdout]     |                                        ^                ^
[INFO] [stdout]     |
[INFO] [stdout]     = note: `#[warn(unused_parens)]` on by default
[INFO] [stdout] help: remove these parentheses
[INFO] [stdout]     |
[INFO] [stdout] 246 -                 Number::Negative(r) => (l - r.positive()),
[INFO] [stdout] 246 +                 Number::Negative(r) => l - r.positive(),
[INFO] [stdout]     |
[INFO] [stdout] 
[INFO] [stdout] 
[INFO] [stdout] warning: unnecessary parentheses around match arm expression
[INFO] [stdout]    --> src/lib.rs:250:40
[INFO] [stdout]     |
[INFO] [stdout] 250 |                 Number::Positive(r) => (r - l.positive()),
[INFO] [stdout]     |                                        ^                ^
[INFO] [stdout]     |
[INFO] [stdout] help: remove these parentheses
[INFO] [stdout]     |
[INFO] [stdout] 250 -                 Number::Positive(r) => (r - l.positive()),
[INFO] [stdout] 250 +                 Number::Positive(r) => r - l.positive(),
[INFO] [stdout]     |
[INFO] [stdout] 
[INFO] [stdout] 
[INFO] [stdout] warning: unnecessary parentheses around match arm expression
[INFO] [stdout]    --> src/lib.rs:274:40
[INFO] [stdout]     |
[INFO] [stdout] 274 |                 Number::Positive(r) => (l - r),
[INFO] [stdout]     |                                        ^     ^
[INFO] [stdout]     |
[INFO] [stdout] help: remove these parentheses
[INFO] [stdout]     |
[INFO] [stdout] 274 -                 Number::Positive(r) => (l - r),
[INFO] [stdout] 274 +                 Number::Positive(r) => l - r,
[INFO] [stdout]     |
[INFO] [stdout] 
[INFO] [stdout] 
[INFO] [stderr]     Finished `dev` profile [unoptimized + debuginfo] target(s) in 0.52s
[INFO] running `Command { std: "docker" "inspect" "3c2fbb057b4e2a6900bb1182739dba713956747f9babf709e64ea84060648d2e", kill_on_drop: false }`
[INFO] running `Command { std: "docker" "rm" "-f" "3c2fbb057b4e2a6900bb1182739dba713956747f9babf709e64ea84060648d2e", kill_on_drop: false }`
[INFO] [stdout] 3c2fbb057b4e2a6900bb1182739dba713956747f9babf709e64ea84060648d2e
[INFO] running `Command { std: "docker" "create" "-v" "/var/lib/crater-agent-workspace/builds/worker-5-tc1/target:/opt/rustwide/target:rw,Z" "-v" "/var/lib/crater-agent-workspace/builds/worker-5-tc1/source:/opt/rustwide/workdir:ro,Z" "-v" "/var/lib/crater-agent-workspace/cargo-home:/opt/rustwide/cargo-home:ro,Z" "-v" "/var/lib/crater-agent-workspace/rustup-home:/opt/rustwide/rustup-home:ro,Z" "-e" "SOURCE_DIR=/opt/rustwide/workdir" "-e" "CARGO_TARGET_DIR=/opt/rustwide/target" "-e" "CARGO_INCREMENTAL=0" "-e" "RUST_BACKTRACE=full" "-e" "RUSTFLAGS=--cap-lints=warn" "-e" "RUSTDOCFLAGS=--cap-lints=warn" "-e" "CARGO_HOME=/opt/rustwide/cargo-home" "-e" "RUSTUP_HOME=/opt/rustwide/rustup-home" "-w" "/opt/rustwide/workdir" "-m" "1610612736" "--user" "0:0" "--network" "none" "ghcr.io/rust-lang/crates-build-env/linux@sha256:f3a9d4ad9d972b27faf3965f35b62e55ba32bbce8f20bc8fe909558a86702fde" "/opt/rustwide/cargo-home/bin/cargo" "+1.83.0" "test" "--frozen" "--no-run" "--message-format=json", kill_on_drop: false }`
[INFO] [stdout] 09b03fb710248abe35b171244bc538a8746a089fa3a36912248e84d60e46e09f
[INFO] running `Command { std: "docker" "start" "-a" "09b03fb710248abe35b171244bc538a8746a089fa3a36912248e84d60e46e09f", kill_on_drop: false }`
[INFO] [stderr]    Compiling thiserror v2.0.7
[INFO] [stderr]    Compiling ucd-trie v0.1.7
[INFO] [stderr]    Compiling serde v1.0.216
[INFO] [stderr]    Compiling regex-syntax v0.8.5
[INFO] [stderr]    Compiling aho-corasick v1.1.3
[INFO] [stderr]    Compiling syn v1.0.109
[INFO] [stderr]    Compiling num-bigint v0.3.3
[INFO] [stderr]    Compiling unicode-width v0.1.14
[INFO] [stderr]    Compiling plotters-backend v0.3.7
[INFO] [stderr]    Compiling csv-core v0.1.11
[INFO] [stderr]    Compiling syn v2.0.90
[INFO] [stderr]    Compiling getrandom v0.2.15
[INFO] [stderr]    Compiling log v0.4.22
[INFO] [stderr]    Compiling num-integer v0.1.46
[INFO] [stderr]    Compiling criterion-plot v0.4.5
[INFO] [stderr]    Compiling atty v0.2.14
[INFO] [stderr]    Compiling oorandom v11.1.4
[INFO] [stdout] warning: unnecessary parentheses around match arm expression
[INFO] [stdout]    --> src/lib.rs:246:40
[INFO] [stdout]     |
[INFO] [stdout] 246 |                 Number::Negative(r) => (l - r.positive()),
[INFO] [stdout]     |                                        ^                ^
[INFO] [stdout]     |
[INFO] [stdout]     = note: `#[warn(unused_parens)]` on by default
[INFO] [stdout] help: remove these parentheses
[INFO] [stdout]     |
[INFO] [stdout] 246 -                 Number::Negative(r) => (l - r.positive()),
[INFO] [stdout] 246 +                 Number::Negative(r) => l - r.positive(),
[INFO] [stdout]     |
[INFO] [stdout] 
[INFO] [stdout] 
[INFO] [stdout] warning: unnecessary parentheses around match arm expression
[INFO] [stdout]    --> src/lib.rs:250:40
[INFO] [stdout]     |
[INFO] [stdout] 250 |                 Number::Positive(r) => (r - l.positive()),
[INFO] [stdout]     |                                        ^                ^
[INFO] [stdout]     |
[INFO] [stdout] help: remove these parentheses
[INFO] [stdout]     |
[INFO] [stdout] 250 -                 Number::Positive(r) => (r - l.positive()),
[INFO] [stdout] 250 +                 Number::Positive(r) => r - l.positive(),
[INFO] [stdout]     |
[INFO] [stdout] 
[INFO] [stdout] 
[INFO] [stdout] warning: unnecessary parentheses around match arm expression
[INFO] [stdout]    --> src/lib.rs:274:40
[INFO] [stdout]     |
[INFO] [stdout] 274 |                 Number::Positive(r) => (l - r),
[INFO] [stdout]     |                                        ^     ^
[INFO] [stdout]     |
[INFO] [stdout] help: remove these parentheses
[INFO] [stdout]     |
[INFO] [stdout] 274 -                 Number::Positive(r) => (l - r),
[INFO] [stdout] 274 +                 Number::Positive(r) => l - r,
[INFO] [stdout]     |
[INFO] [stdout] 
[INFO] [stdout] 
[INFO] [stderr]    Compiling rand_core v0.6.4
[INFO] [stderr]    Compiling textwrap v0.11.0
[INFO] [stderr]    Compiling rand v0.8.5
[INFO] [stderr]    Compiling clap v2.34.0
[INFO] [stderr]    Compiling plotters-svg v0.3.7
[INFO] [stderr]    Compiling plotters v0.3.7
[INFO] [stderr]    Compiling regex-automata v0.4.9
[INFO] [stderr]    Compiling bigdecimal v0.2.2
[INFO] [stderr]    Compiling thiserror-impl v2.0.7
[INFO] [stderr]    Compiling serde_derive v1.0.216
[INFO] [stderr]    Compiling regex v1.11.1
[INFO] [stderr]    Compiling serde_json v1.0.133
[INFO] [stderr]    Compiling serde_cbor v0.11.2
[INFO] [stderr]    Compiling csv v1.3.1
[INFO] [stderr]    Compiling env_logger v0.8.4
[INFO] [stderr]    Compiling quickcheck v1.0.3
[INFO] [stderr]    Compiling quickcheck_macros v1.0.0
[INFO] [stderr]    Compiling pest v2.7.15
[INFO] [stderr]    Compiling tinytemplate v1.2.1
[INFO] [stderr]    Compiling criterion v0.3.6
[INFO] [stderr]    Compiling semver-parser v0.10.3
[INFO] [stderr]    Compiling semver v0.11.0
[INFO] [stderr]    Compiling rustc_version v0.3.3
[INFO] [stderr]    Compiling rstest v0.10.0
[INFO] [stderr]    Compiling string-number v0.3.0 (/opt/rustwide/workdir)
[INFO] [stdout] warning: unnecessary parentheses around match arm expression
[INFO] [stdout]    --> src/lib.rs:246:40
[INFO] [stdout]     |
[INFO] [stdout] 246 |                 Number::Negative(r) => (l - r.positive()),
[INFO] [stdout]     |                                        ^                ^
[INFO] [stdout]     |
[INFO] [stdout]     = note: `#[warn(unused_parens)]` on by default
[INFO] [stdout] help: remove these parentheses
[INFO] [stdout]     |
[INFO] [stdout] 246 -                 Number::Negative(r) => (l - r.positive()),
[INFO] [stdout] 246 +                 Number::Negative(r) => l - r.positive(),
[INFO] [stdout]     |
[INFO] [stdout] 
[INFO] [stdout] 
[INFO] [stdout] warning: unnecessary parentheses around match arm expression
[INFO] [stdout]    --> src/lib.rs:250:40
[INFO] [stdout]     |
[INFO] [stdout] 250 |                 Number::Positive(r) => (r - l.positive()),
[INFO] [stdout]     |                                        ^                ^
[INFO] [stdout]     |
[INFO] [stdout] help: remove these parentheses
[INFO] [stdout]     |
[INFO] [stdout] 250 -                 Number::Positive(r) => (r - l.positive()),
[INFO] [stdout] 250 +                 Number::Positive(r) => r - l.positive(),
[INFO] [stdout]     |
[INFO] [stdout] 
[INFO] [stdout] 
[INFO] [stdout] warning: unnecessary parentheses around match arm expression
[INFO] [stdout]    --> src/lib.rs:274:40
[INFO] [stdout]     |
[INFO] [stdout] 274 |                 Number::Positive(r) => (l - r),
[INFO] [stdout]     |                                        ^     ^
[INFO] [stdout]     |
[INFO] [stdout] help: remove these parentheses
[INFO] [stdout]     |
[INFO] [stdout] 274 -                 Number::Positive(r) => (l - r),
[INFO] [stdout] 274 +                 Number::Positive(r) => l - r,
[INFO] [stdout]     |
[INFO] [stdout] 
[INFO] [stdout] 
[INFO] [stderr]     Finished `test` profile [unoptimized + debuginfo] target(s) in 31.73s
[INFO] [stderr] warning: the following packages contain code that will be rejected by a future version of Rust: rstest v0.10.0
[INFO] [stderr] note: to see what the problems were, use the option `--future-incompat-report`, or run `cargo report future-incompatibilities --id 1`
[INFO] running `Command { std: "docker" "inspect" "09b03fb710248abe35b171244bc538a8746a089fa3a36912248e84d60e46e09f", kill_on_drop: false }`
[INFO] running `Command { std: "docker" "rm" "-f" "09b03fb710248abe35b171244bc538a8746a089fa3a36912248e84d60e46e09f", kill_on_drop: false }`
[INFO] [stdout] 09b03fb710248abe35b171244bc538a8746a089fa3a36912248e84d60e46e09f
[INFO] running `Command { std: "docker" "create" "-v" "/var/lib/crater-agent-workspace/builds/worker-5-tc1/target:/opt/rustwide/target:rw,Z" "-v" "/var/lib/crater-agent-workspace/builds/worker-5-tc1/source:/opt/rustwide/workdir:ro,Z" "-v" "/var/lib/crater-agent-workspace/cargo-home:/opt/rustwide/cargo-home:ro,Z" "-v" "/var/lib/crater-agent-workspace/rustup-home:/opt/rustwide/rustup-home:ro,Z" "-e" "SOURCE_DIR=/opt/rustwide/workdir" "-e" "CARGO_TARGET_DIR=/opt/rustwide/target" "-e" "CARGO_INCREMENTAL=0" "-e" "RUST_BACKTRACE=full" "-e" "RUSTFLAGS=--cap-lints=warn" "-e" "RUSTDOCFLAGS=--cap-lints=warn" "-e" "CARGO_HOME=/opt/rustwide/cargo-home" "-e" "RUSTUP_HOME=/opt/rustwide/rustup-home" "-w" "/opt/rustwide/workdir" "-m" "1610612736" "--user" "0:0" "--network" "none" "ghcr.io/rust-lang/crates-build-env/linux@sha256:f3a9d4ad9d972b27faf3965f35b62e55ba32bbce8f20bc8fe909558a86702fde" "/opt/rustwide/cargo-home/bin/cargo" "+1.83.0" "test" "--frozen", kill_on_drop: false }`
[INFO] [stdout] ebe0d2610c3c13f075a05f2c189c596d3912ba6b39d8aa7b5d665d76c9cacf69
[INFO] running `Command { std: "docker" "start" "-a" "ebe0d2610c3c13f075a05f2c189c596d3912ba6b39d8aa7b5d665d76c9cacf69", kill_on_drop: false }`
[INFO] [stderr] warning: unnecessary parentheses around match arm expression
[INFO] [stderr]    --> src/lib.rs:246:40
[INFO] [stderr]     |
[INFO] [stderr] 246 |                 Number::Negative(r) => (l - r.positive()),
[INFO] [stderr]     |                                        ^                ^
[INFO] [stderr]     |
[INFO] [stderr]     = note: `#[warn(unused_parens)]` on by default
[INFO] [stderr] help: remove these parentheses
[INFO] [stderr]     |
[INFO] [stderr] 246 -                 Number::Negative(r) => (l - r.positive()),
[INFO] [stderr] 246 +                 Number::Negative(r) => l - r.positive(),
[INFO] [stderr]     |
[INFO] [stderr] 
[INFO] [stderr] warning: unnecessary parentheses around match arm expression
[INFO] [stderr]    --> src/lib.rs:250:40
[INFO] [stderr]     |
[INFO] [stderr] 250 |                 Number::Positive(r) => (r - l.positive()),
[INFO] [stderr]     |                                        ^                ^
[INFO] [stderr]     |
[INFO] [stderr] help: remove these parentheses
[INFO] [stderr]     |
[INFO] [stderr] 250 -                 Number::Positive(r) => (r - l.positive()),
[INFO] [stderr] 250 +                 Number::Positive(r) => r - l.positive(),
[INFO] [stderr]     |
[INFO] [stderr] 
[INFO] [stderr] warning: unnecessary parentheses around match arm expression
[INFO] [stderr]    --> src/lib.rs:274:40
[INFO] [stderr]     |
[INFO] [stderr] 274 |                 Number::Positive(r) => (l - r),
[INFO] [stderr]     |                                        ^     ^
[INFO] [stderr]     |
[INFO] [stderr] help: remove these parentheses
[INFO] [stderr]     |
[INFO] [stderr] 274 -                 Number::Positive(r) => (l - r),
[INFO] [stderr] 274 +                 Number::Positive(r) => l - r,
[INFO] [stderr]     |
[INFO] [stderr] 
[INFO] [stderr] warning: `string-number` (lib) generated 3 warnings (run `cargo fix --lib -p string-number` to apply 3 suggestions)
[INFO] [stderr] warning: `string-number` (lib test) generated 3 warnings (3 duplicates)
[INFO] [stderr]     Finished `test` profile [unoptimized + debuginfo] target(s) in 0.11s
[INFO] [stderr] warning: the following packages contain code that will be rejected by a future version of Rust: rstest v0.10.0
[INFO] [stderr] note: to see what the problems were, use the option `--future-incompat-report`, or run `cargo report future-incompatibilities --id 1`
[INFO] [stderr]      Running unittests src/lib.rs (/opt/rustwide/target/debug/deps/string_number-463f3cd215fe583e)
[INFO] [stdout] 
[INFO] [stdout] running 131 tests
[INFO] [stdout] test tests::add::case_03 ... ok
[INFO] [stdout] test tests::add::case_02 ... ok
[INFO] [stdout] test tests::add::case_05 ... ok
[INFO] [stdout] test tests::add::case_07 ... ok
[INFO] [stdout] test tests::add::case_06 ... ok
[INFO] [stdout] test tests::add::case_01 ... ok
[INFO] [stdout] test tests::add::case_08 ... ok
[INFO] [stdout] test tests::add::case_04 ... ok
[INFO] [stdout] test tests::add::case_09 ... ok
[INFO] [stdout] test tests::add::case_11 ... ok
[INFO] [stdout] test tests::add::case_13 ... ok
[INFO] [stdout] test tests::add::case_14 ... ok
[INFO] [stdout] test tests::add::case_15 ... ok
[INFO] [stdout] test tests::add::case_16 ... ok
[INFO] [stdout] test tests::add::case_10 ... ok
[INFO] [stdout] test tests::add::case_12 ... ok
[INFO] [stdout] test tests::add::case_17 ... ok
[INFO] [stdout] test tests::add::case_18 ... ok
[INFO] [stdout] test tests::add::case_19 ... ok
[INFO] [stdout] test tests::add::case_21 ... ok
[INFO] [stdout] test tests::add::case_22 ... ok
[INFO] [stdout] test tests::add::case_23 ... ok
[INFO] [stdout] test tests::digits_to_string::case_5 ... ok
[INFO] [stdout] test tests::add::case_20 ... ok
[INFO] [stdout] test tests::add::case_24 ... ok
[INFO] [stdout] test tests::digits_to_string::case_3 ... ok
[INFO] [stdout] test tests::digits_to_string::case_2 ... ok
[INFO] [stdout] test tests::digits_to_string::case_1 ... ok
[INFO] [stdout] test tests::digits_to_string::case_4 ... ok
[INFO] [stdout] test tests::digits_to_string::case_8 ... ok
[INFO] [stdout] test tests::fix_zeros::case_6 ... ok
[INFO] [stdout] test tests::digits_to_string::case_9 ... ok
[INFO] [stdout] test tests::fix_zeros::case_7 ... ok
[INFO] [stdout] test tests::get_digit::case_02 ... ok
[INFO] [stdout] test tests::get_digit::case_03 ... ok
[INFO] [stdout] test tests::get_digit::case_01 ... ok
[INFO] [stdout] test tests::get_digit::case_05 ... ok
[INFO] [stdout] test tests::fix_zeros::case_2 ... ok
[INFO] [stdout] test tests::digits_to_string_panic ... ok
[INFO] [stdout] test tests::fix_zeros::case_3 ... ok
[INFO] [stdout] test tests::get_digit::case_09 ... ok
[INFO] [stdout] test tests::digits_to_string::case_6 ... ok
[INFO] [stdout] test tests::get_digit::case_10 ... ok
[INFO] [stdout] test tests::get_digit::case_04 ... ok
[INFO] [stdout] test tests::get_digit::case_08 ... ok
[INFO] [stdout] test tests::fix_zeros::case_1 ... ok
[INFO] [stdout] test tests::fix_zeros::case_5 ... ok
[INFO] [stdout] test tests::get_digit::case_07 ... ok
[INFO] [stdout] test tests::fix_zeros::case_4 ... ok
[INFO] [stdout] test tests::get_digit::case_06 ... ok
[INFO] [stdout] test tests::digits_to_string::case_7 ... ok
[INFO] [stdout] test tests::left_most_index_right_most_index::case_1 ... ok
[INFO] [stdout] test tests::get_digit::case_11 ... ok
[INFO] [stdout] test tests::left_most_index_right_most_index::case_2 ... ok
[INFO] [stdout] test tests::left_most_index_right_most_index::case_3 ... ok
[INFO] [stdout] test tests::left_most_index_right_most_index::case_4 ... ok
[INFO] [stdout] test tests::mul::case_01 ... ok
[INFO] [stdout] test tests::mul::case_02 ... ok
[INFO] [stdout] test tests::mul::case_04 ... ok
[INFO] [stdout] test tests::mul::case_05 ... ok
[INFO] [stdout] test tests::mul::case_07 ... ok
[INFO] [stdout] test tests::mul::case_11 ... ok
[INFO] [stdout] test tests::mul::case_13 ... ok
[INFO] [stdout] test tests::mul::case_14 ... ok
[INFO] [stdout] test tests::mul::case_17 ... ok
[INFO] [stdout] test tests::mul_10_power::case_02 ... ok
[INFO] [stdout] test tests::mul_10_power::case_03 ... ok
[INFO] [stdout] test tests::mul::case_09 ... ok
[INFO] [stdout] test tests::mul_10_power::case_04 ... ok
[INFO] [stdout] test tests::mul_10_power::case_05 ... ok
[INFO] [stdout] test tests::mul::case_10 ... ok
[INFO] [stdout] test tests::mul::case_06 ... ok
[INFO] [stdout] test tests::mul_10_power::case_07 ... ok
[INFO] [stdout] test tests::mul::case_08 ... ok
[INFO] [stdout] test tests::mul_by_single_digit::case_02 ... ok
[INFO] [stdout] test tests::mul_10_power::case_09 ... ok
[INFO] [stdout] test tests::mul_by_single_digit::case_03 ... ok
[INFO] [stdout] test tests::mul_10_power::case_06 ... ok
[INFO] [stdout] test tests::mul::case_12 ... ok
[INFO] [stdout] test tests::mul_10_power::case_08 ... ok
[INFO] [stdout] test tests::mul_10_power::case_10 ... ok
[INFO] [stdout] test tests::mul::case_15 ... ok
[INFO] [stdout] test tests::mul::case_16 ... ok
[INFO] [stdout] test tests::mul_10_power::case_01 ... ok
[INFO] [stdout] test tests::mul_by_single_digit::case_04 ... ok
[INFO] [stdout] test tests::mul::case_03 ... ok
[INFO] [stdout] test tests::mul_by_single_digit::case_09 ... ok
[INFO] [stdout] test tests::mul_by_single_digit::case_06 ... ok
[INFO] [stdout] test tests::mul_by_single_digit::case_08 ... ok
[INFO] [stdout] test tests::mul_by_single_digit::case_01 ... ok
[INFO] [stdout] test tests::mul_by_single_digit::case_05 ... ok
[INFO] [stdout] test tests::mul_by_single_digit::case_10 ... ok
[INFO] [stdout] test tests::mul_by_single_digit::case_11 ... ok
[INFO] [stdout] test tests::mul_by_single_digit::case_12 ... ok
[INFO] [stdout] test tests::mul_by_single_digit::case_13 ... ok
[INFO] [stdout] test tests::partial_cmp::case_01 ... ok
[INFO] [stdout] test tests::partial_cmp::case_02 ... ok
[INFO] [stdout] test tests::partial_cmp::case_03 ... ok
[INFO] [stdout] test tests::partial_cmp::case_04 ... ok
[INFO] [stdout] test tests::partial_cmp::case_05 ... ok
[INFO] [stdout] test tests::partial_cmp::case_06 ... ok
[INFO] [stdout] test tests::partial_cmp::case_07 ... ok
[INFO] [stdout] test tests::partial_cmp::case_09 ... ok
[INFO] [stdout] test tests::partial_cmp::case_16 ... ok
[INFO] [stdout] test tests::partial_cmp::case_17 ... ok
[INFO] [stdout] test tests::sub::case_01 ... ok
[INFO] [stdout] test tests::partial_cmp::case_08 ... ok
[INFO] [stdout] test tests::partial_cmp::case_10 ... ok
[INFO] [stdout] test tests::sub::case_02 ... ok
[INFO] [stdout] test tests::partial_cmp::case_12 ... ok
[INFO] [stdout] test tests::partial_cmp::case_13 ... ok
[INFO] [stdout] test tests::partial_cmp::case_19 ... ok
[INFO] [stdout] test tests::sub::case_03 ... ok
[INFO] [stdout] test tests::partial_cmp_quickcheck ... ok
[INFO] [stdout] test tests::sub::case_05 ... ok
[INFO] [stdout] test tests::partial_cmp::case_15 ... ok
[INFO] [stdout] test tests::mul_by_single_digit::case_07 ... ok
[INFO] [stdout] test tests::partial_cmp::case_18 ... ok
[INFO] [stdout] test tests::sub::case_06 ... ok
[INFO] [stdout] test tests::sub::case_07 ... ok
[INFO] [stdout] test tests::sub::case_08 ... ok
[INFO] [stdout] test tests::sub::case_10 ... ok
[INFO] [stdout] test tests::sub::case_11 ... ok
[INFO] [stdout] test tests::partial_cmp::case_11 ... ok
[INFO] [stdout] test tests::partial_cmp::case_14 ... ok
[INFO] [stdout] test tests::sub::case_09 ... ok
[INFO] [stdout] test tests::sub::case_04 ... ok
[INFO] [stdout] test tests::sub::case_12 ... ok
[INFO] [stdout] test tests::sub_quickcheck ... ok
[INFO] [stdout] test tests::add_quickcheck ... ok
[INFO] [stdout] test tests::mul_quickcheck ... FAILED
[INFO] [stdout] 
[INFO] [stdout] failures:
[INFO] [stdout] 
[INFO] [stdout] ---- tests::mul_quickcheck stdout ----
[INFO] [stdout] thread 'tests::mul_quickcheck' panicked at /opt/rustwide/cargo-home/registry/src/index.crates.io-6f17d22bba15001f/quickcheck-1.0.3/src/tester.rs:165:28:
[INFO] [stdout] [quickcheck] TEST FAILED. Arguments: (NoShrink { inner: BigDecimal(BigDecimal("5148346964549825099683526149201436602869616155909076475258247437017350644405735809204533228969940311196658645999794670969341318227375336284105602741110240117475955979210626542431332616855388097152974222715712627129404004172498885399521147740453285788155078295846382998151120112229521574905878686585459672578785827376982728953857857869469223037671558461454584231104645727388814384129019698029729202123199228544600268237705852021987264502888459352151821494813908816505520098887445848791583309635238965138577508004669817543352206487048423134987151759296131220986969265284712492382115259975607314046789784547900867063536518308064009875834174719589389106025197782753025923993341433472266318809174477292367001707787301289896133734741382122760924103266394332234112692522415535667135513520193860819199663073090855305103771283357797580138677169604762787261889311403971894996782710491586266904711735275707018020249079815623038944773209372111943736713561227827745913844872654982744642651355091391431038131482492601872905750236313994212256789587837702699767791764798409111202630675061099497940921280667096186876477776191412400297632536098691393932609161148764748.157039076696800556919297845645912044250386096957995552")) }, NoShrink { inner: BigDecimal(BigDecimal("8893513039242461797168257636513681108143053575812080070310551293899254373799227275797679750114658435404180379739676176359533528249285074469337199212539861859675164884173377311507009512737026896082575268737544358690066379327781649189296814898296605987766443646070746194263462499195435842428045602705188601715871677223737602366881772405356036147460351138906800068762078460359945641958638373195750813670903236264031444081513081249505709017517666658159568175746325068866298068450186999047895393324135218222794808093245339955556485909002055534769736650863332322766225223295392874820346025078370776783806513757008506843022954058378177258648471784715842643406024353412041767769439731255897487237790343465496253302528875258760851269957487834849773478095022983069240033259910587821979048894455663263115908259185267612734554476224962144762040530731749263939970131684920829175571256383511696815426276347881369427305010825720076237088287107914906404139034588233975335722742227598917580259078292841666967220408143895724385994923668286488635469709835856660642599297492210761747063867374266338393975883024812703606408415848665877204618268114231416740432598318785017811159120793817819232450155887208587267069831271497343051832739962723251748272345529047436275371277717640389764090254707861476849354549452800735497109529305017501732982186409964717506.51910184928468172812715438816329129045121289470697455486134187138833348656654817177090243352556396981978861444533365413321382223039770394625")) })
[INFO] [stdout] stack backtrace:
[INFO] [stdout]    0:     0x6012380566da - std::backtrace_rs::backtrace::libunwind::trace::h5a5b8284f2d0c266
[INFO] [stdout]                                at /rustc/90b35a6239c3d8bdabc530a6a0816f7ff89a0aaf/library/std/src/../../backtrace/src/backtrace/libunwind.rs:116:5
[INFO] [stdout]    1:     0x6012380566da - std::backtrace_rs::backtrace::trace_unsynchronized::h76d4f1c9b0b875e3
[INFO] [stdout]                                at /rustc/90b35a6239c3d8bdabc530a6a0816f7ff89a0aaf/library/std/src/../../backtrace/src/backtrace/mod.rs:66:5
[INFO] [stdout]    2:     0x6012380566da - std::sys::backtrace::_print_fmt::hc4546b8364a537c6
[INFO] [stdout]                                at /rustc/90b35a6239c3d8bdabc530a6a0816f7ff89a0aaf/library/std/src/sys/backtrace.rs:66:9
[INFO] [stdout]    3:     0x6012380566da - <std::sys::backtrace::BacktraceLock::print::DisplayBacktrace as core::fmt::Display>::fmt::h5b6bd5631a6d1f6b
[INFO] [stdout]                                at /rustc/90b35a6239c3d8bdabc530a6a0816f7ff89a0aaf/library/std/src/sys/backtrace.rs:39:26
[INFO] [stdout]    4:     0x60123807c473 - core::fmt::rt::Argument::fmt::h270f6602a2b96f62
[INFO] [stdout]                                at /rustc/90b35a6239c3d8bdabc530a6a0816f7ff89a0aaf/library/core/src/fmt/rt.rs:177:76
[INFO] [stdout]    5:     0x60123807c473 - core::fmt::write::h7550c97b06c86515
[INFO] [stdout]                                at /rustc/90b35a6239c3d8bdabc530a6a0816f7ff89a0aaf/library/core/src/fmt/mod.rs:1186:21
[INFO] [stdout]    6:     0x6012380538a3 - std::io::Write::write_fmt::h509ff860e5956e5e
[INFO] [stdout]                                at /rustc/90b35a6239c3d8bdabc530a6a0816f7ff89a0aaf/library/std/src/io/mod.rs:1839:15
[INFO] [stdout]    7:     0x601238056522 - std::sys::backtrace::BacktraceLock::print::h2395ccd2c84ba3aa
[INFO] [stdout]                                at /rustc/90b35a6239c3d8bdabc530a6a0816f7ff89a0aaf/library/std/src/sys/backtrace.rs:42:9
[INFO] [stdout]    8:     0x601238057b3a - std::panicking::default_hook::{{closure}}::he19d4c7230e07961
[INFO] [stdout]                                at /rustc/90b35a6239c3d8bdabc530a6a0816f7ff89a0aaf/library/std/src/panicking.rs:268:22
[INFO] [stdout]    9:     0x601238057944 - std::panicking::default_hook::hf614597d3c67bbdb
[INFO] [stdout]                                at /rustc/90b35a6239c3d8bdabc530a6a0816f7ff89a0aaf/library/std/src/panicking.rs:292:9
[INFO] [stdout]   10:     0x601237d64be9 - <alloc::boxed::Box<F,A> as core::ops::function::Fn<Args>>::call::h39b51ce4599c23d1
[INFO] [stdout]                                at /rustc/90b35a6239c3d8bdabc530a6a0816f7ff89a0aaf/library/alloc/src/boxed.rs:2468:9
[INFO] [stdout]   11:     0x601237d64be9 - test::test_main::{{closure}}::he977ae839a582784
[INFO] [stdout]                                at /rustc/90b35a6239c3d8bdabc530a6a0816f7ff89a0aaf/library/test/src/lib.rs:133:21
[INFO] [stdout]   12:     0x6012380581d8 - <alloc::boxed::Box<F,A> as core::ops::function::Fn<Args>>::call::h9455091b6b06f9fb
[INFO] [stdout]                                at /rustc/90b35a6239c3d8bdabc530a6a0816f7ff89a0aaf/library/alloc/src/boxed.rs:2468:9
[INFO] [stdout]   13:     0x6012380581d8 - std::panicking::rust_panic_with_hook::h8942133a8b252070
[INFO] [stdout]                                at /rustc/90b35a6239c3d8bdabc530a6a0816f7ff89a0aaf/library/std/src/panicking.rs:809:13
[INFO] [stdout]   14:     0x601237d1600b - std::panicking::begin_panic::{{closure}}::h887d37d850129b60
[INFO] [stdout]                                at /rustc/90b35a6239c3d8bdabc530a6a0816f7ff89a0aaf/library/std/src/panicking.rs:738:9
[INFO] [stdout]   15:     0x601237d15b56 - std::sys::backtrace::__rust_end_short_backtrace::hcead9e252f0b0822
[INFO] [stdout]                                at /rustc/90b35a6239c3d8bdabc530a6a0816f7ff89a0aaf/library/std/src/sys/backtrace.rs:170:18
[INFO] [stdout]   16:     0x601237d15fae - std::panicking::begin_panic::h2388c54fe648b61c
[INFO] [stdout]                                at /rustc/90b35a6239c3d8bdabc530a6a0816f7ff89a0aaf/library/std/src/panicking.rs:737:5
[INFO] [stdout]   17:     0x601237cff4cf - quickcheck::tester::QuickCheck::quickcheck::h7c4e8b8028423355
[INFO] [stdout]                                at /opt/rustwide/cargo-home/registry/src/index.crates.io-6f17d22bba15001f/quickcheck-1.0.3/src/tester.rs:165:28
[INFO] [stdout]   18:     0x601237cffef3 - quickcheck::tester::quickcheck::hf1be3f2c0b6f7749
[INFO] [stdout]                                at /opt/rustwide/cargo-home/registry/src/index.crates.io-6f17d22bba15001f/quickcheck-1.0.3/src/tester.rs:183:5
[INFO] [stdout]   19:     0x601237d1400d - string_number::tests::mul_quickcheck::hff179f1c0fcc4e42
[INFO] [stdout]                                at /opt/rustwide/workdir/src/lib.rs:992:5
[INFO] [stdout]   20:     0x601237d13fe7 - string_number::tests::mul_quickcheck::{{closure}}::h31c982a766e87bfc
[INFO] [stdout]                                at /opt/rustwide/workdir/src/lib.rs:992:18
[INFO] [stdout]   21:     0x601237d17c26 - core::ops::function::FnOnce::call_once::h72678d933317b2d5
[INFO] [stdout]                                at /rustc/90b35a6239c3d8bdabc530a6a0816f7ff89a0aaf/library/core/src/ops/function.rs:250:5
[INFO] [stdout]   22:     0x601237d695ab - core::ops::function::FnOnce::call_once::h109cf8051a59b34e
[INFO] [stdout]                                at /rustc/90b35a6239c3d8bdabc530a6a0816f7ff89a0aaf/library/core/src/ops/function.rs:250:5
[INFO] [stdout]   23:     0x601237d695ab - test::__rust_begin_short_backtrace::hf4fff89d377446ba
[INFO] [stdout]                                at /rustc/90b35a6239c3d8bdabc530a6a0816f7ff89a0aaf/library/test/src/lib.rs:621:18
[INFO] [stdout]   24:     0x601237d68de7 - test::run_test_in_process::{{closure}}::h0e39181dd7ee5a43
[INFO] [stdout]                                at /rustc/90b35a6239c3d8bdabc530a6a0816f7ff89a0aaf/library/test/src/lib.rs:644:60
[INFO] [stdout]   25:     0x601237d68de7 - <core::panic::unwind_safe::AssertUnwindSafe<F> as core::ops::function::FnOnce<()>>::call_once::hc5a66a30f0bdfd1f
[INFO] [stdout]                                at /rustc/90b35a6239c3d8bdabc530a6a0816f7ff89a0aaf/library/core/src/panic/unwind_safe.rs:272:9
[INFO] [stdout]   26:     0x601237d68de7 - std::panicking::try::do_call::h873b7cf639554a5e
[INFO] [stdout]                                at /rustc/90b35a6239c3d8bdabc530a6a0816f7ff89a0aaf/library/std/src/panicking.rs:557:40
[INFO] [stdout]   27:     0x601237d68de7 - std::panicking::try::hdb19862fad9c8bd1
[INFO] [stdout]                                at /rustc/90b35a6239c3d8bdabc530a6a0816f7ff89a0aaf/library/std/src/panicking.rs:520:19
[INFO] [stdout]   28:     0x601237d68de7 - std::panic::catch_unwind::h281fe732d236d260
[INFO] [stdout]                                at /rustc/90b35a6239c3d8bdabc530a6a0816f7ff89a0aaf/library/std/src/panic.rs:358:14
[INFO] [stdout]   29:     0x601237d68de7 - test::run_test_in_process::h949b6df8457ed338
[INFO] [stdout]                                at /rustc/90b35a6239c3d8bdabc530a6a0816f7ff89a0aaf/library/test/src/lib.rs:644:27
[INFO] [stdout]   30:     0x601237d68de7 - test::run_test::{{closure}}::h52c556a6d4740e10
[INFO] [stdout]                                at /rustc/90b35a6239c3d8bdabc530a6a0816f7ff89a0aaf/library/test/src/lib.rs:565:43
[INFO] [stdout]   31:     0x601237d2e0c4 - test::run_test::{{closure}}::h4237f6381c45ccb9
[INFO] [stdout]                                at /rustc/90b35a6239c3d8bdabc530a6a0816f7ff89a0aaf/library/test/src/lib.rs:595:41
[INFO] [stdout]   32:     0x601237d2e0c4 - std::sys::backtrace::__rust_begin_short_backtrace::h505c97a579eca628
[INFO] [stdout]                                at /rustc/90b35a6239c3d8bdabc530a6a0816f7ff89a0aaf/library/std/src/sys/backtrace.rs:154:18
[INFO] [stdout]   33:     0x601237d3178e - std::thread::Builder::spawn_unchecked_::{{closure}}::{{closure}}::h9e86b2e2bc107ea3
[INFO] [stdout]                                at /rustc/90b35a6239c3d8bdabc530a6a0816f7ff89a0aaf/library/std/src/thread/mod.rs:538:17
[INFO] [stdout]   34:     0x601237d3178e - <core::panic::unwind_safe::AssertUnwindSafe<F> as core::ops::function::FnOnce<()>>::call_once::h8b06ddb275ff4a25
[INFO] [stdout]                                at /rustc/90b35a6239c3d8bdabc530a6a0816f7ff89a0aaf/library/core/src/panic/unwind_safe.rs:272:9
[INFO] [stdout]   35:     0x601237d3178e - std::panicking::try::do_call::hb26ecd7cd9a9355d
[INFO] [stdout]                                at /rustc/90b35a6239c3d8bdabc530a6a0816f7ff89a0aaf/library/std/src/panicking.rs:557:40
[INFO] [stdout]   36:     0x601237d3178e - std::panicking::try::h8ddeca9d705f9069
[INFO] [stdout]                                at /rustc/90b35a6239c3d8bdabc530a6a0816f7ff89a0aaf/library/std/src/panicking.rs:520:19
[INFO] [stdout]   37:     0x601237d3178e - std::panic::catch_unwind::h49e1c33078844c46
[INFO] [stdout]                                at /rustc/90b35a6239c3d8bdabc530a6a0816f7ff89a0aaf/library/std/src/panic.rs:358:14
[INFO] [stdout]   38:     0x601237d3178e - std::thread::Builder::spawn_unchecked_::{{closure}}::h6073db6ff56ad35d
[INFO] [stdout]                                at /rustc/90b35a6239c3d8bdabc530a6a0816f7ff89a0aaf/library/std/src/thread/mod.rs:537:30
[INFO] [stdout]   39:     0x601237d3178e - core::ops::function::FnOnce::call_once{{vtable.shim}}::h2c5a5f3779c774f1
[INFO] [stdout]                                at /rustc/90b35a6239c3d8bdabc530a6a0816f7ff89a0aaf/library/core/src/ops/function.rs:250:5
[INFO] [stdout]   40:     0x60123805bf2b - <alloc::boxed::Box<F,A> as core::ops::function::FnOnce<Args>>::call_once::hf75717d9f28faebf
[INFO] [stdout]                                at /rustc/90b35a6239c3d8bdabc530a6a0816f7ff89a0aaf/library/alloc/src/boxed.rs:2454:9
[INFO] [stdout]   41:     0x60123805bf2b - <alloc::boxed::Box<F,A> as core::ops::function::FnOnce<Args>>::call_once::h7bd883a5f3c5f3c1
[INFO] [stdout]                                at /rustc/90b35a6239c3d8bdabc530a6a0816f7ff89a0aaf/library/alloc/src/boxed.rs:2454:9
[INFO] [stdout]   42:     0x60123805bf2b - std::sys::pal::unix::thread::Thread::new::thread_start::hcc78f3943333fa94
[INFO] [stdout]                                at /rustc/90b35a6239c3d8bdabc530a6a0816f7ff89a0aaf/library/std/src/sys/pal/unix/thread.rs:105:17
[INFO] [stdout]   43:     0x76c924918ac3 - <unknown>
[INFO] [stdout]   44:     0x76c9249a9a04 - clone
[INFO] [stdout]   45:                0x0 - <unknown>
[INFO] [stdout] 
[INFO] [stdout] 
[INFO] [stdout] failures:
[INFO] [stdout]     tests::mul_quickcheck
[INFO] [stdout] 
[INFO] [stdout] test result: FAILED. 130 passed; 1 failed; 0 ignored; 0 measured; 0 filtered out; finished in 13.84s
[INFO] [stdout] 
[INFO] [stderr] error: test failed, to rerun pass `--lib`
[INFO] running `Command { std: "docker" "inspect" "ebe0d2610c3c13f075a05f2c189c596d3912ba6b39d8aa7b5d665d76c9cacf69", kill_on_drop: false }`
[INFO] running `Command { std: "docker" "rm" "-f" "ebe0d2610c3c13f075a05f2c189c596d3912ba6b39d8aa7b5d665d76c9cacf69", kill_on_drop: false }`
[INFO] [stdout] ebe0d2610c3c13f075a05f2c189c596d3912ba6b39d8aa7b5d665d76c9cacf69
