[INFO] fetching crate ruhvro 0.2.1...
[INFO] testing ruhvro-0.2.1 against 1.83.0 for beta-1.84.0-4-retry
[INFO] extracting crate ruhvro 0.2.1 into /workspace/builds/worker-5-tc1/source
[INFO] validating manifest of crates.io crate ruhvro 0.2.1 on toolchain 1.83.0
[INFO] running `Command { std: CARGO_HOME="/workspace/cargo-home" RUSTUP_HOME="/workspace/rustup-home" "/workspace/cargo-home/bin/cargo" "+1.83.0" "metadata" "--manifest-path" "Cargo.toml" "--no-deps", kill_on_drop: false }`
[INFO] started tweaking crates.io crate ruhvro 0.2.1
[INFO] finished tweaking crates.io crate ruhvro 0.2.1
[INFO] tweaked toml for crates.io crate ruhvro 0.2.1 written to /workspace/builds/worker-5-tc1/source/Cargo.toml
[INFO] running `Command { std: CARGO_HOME="/workspace/cargo-home" RUSTUP_HOME="/workspace/rustup-home" "/workspace/cargo-home/bin/cargo" "+1.83.0" "generate-lockfile" "--manifest-path" "Cargo.toml", kill_on_drop: false }`
[INFO] [stderr]     Blocking waiting for file lock on package cache
[INFO] [stderr]     Updating crates.io index
[INFO] [stderr]     Blocking waiting for file lock on package cache
[INFO] [stderr]      Locking 148 packages to latest compatible versions
[INFO] [stderr]       Adding apache-avro v0.16.0 (available: v0.17.0)
[INFO] [stderr]       Adding arrow v52.2.0 (available: v53.3.0)
[INFO] running `Command { std: CARGO_HOME="/workspace/cargo-home" RUSTUP_HOME="/workspace/rustup-home" "/workspace/cargo-home/bin/cargo" "+1.83.0" "fetch" "--manifest-path" "Cargo.toml", kill_on_drop: false }`
[INFO] [stderr]  Downloading crates ...
[INFO] [stderr]   Downloaded arrow-ipc v52.2.0
[INFO] [stderr]   Downloaded arrow-csv v52.2.0
[INFO] [stderr]   Downloaded arrow-json v52.2.0
[INFO] running `Command { std: "docker" "create" "-v" "/var/lib/crater-agent-workspace/builds/worker-5-tc1/target:/opt/rustwide/target:rw,Z" "-v" "/var/lib/crater-agent-workspace/builds/worker-5-tc1/source:/opt/rustwide/workdir:ro,Z" "-v" "/var/lib/crater-agent-workspace/cargo-home:/opt/rustwide/cargo-home:ro,Z" "-v" "/var/lib/crater-agent-workspace/rustup-home:/opt/rustwide/rustup-home:ro,Z" "-e" "SOURCE_DIR=/opt/rustwide/workdir" "-e" "CARGO_TARGET_DIR=/opt/rustwide/target" "-e" "CARGO_HOME=/opt/rustwide/cargo-home" "-e" "RUSTUP_HOME=/opt/rustwide/rustup-home" "-w" "/opt/rustwide/workdir" "-m" "1610612736" "--user" "0:0" "--network" "none" "ghcr.io/rust-lang/crates-build-env/linux@sha256:f3a9d4ad9d972b27faf3965f35b62e55ba32bbce8f20bc8fe909558a86702fde" "/opt/rustwide/cargo-home/bin/cargo" "+1.83.0" "metadata" "--no-deps" "--format-version=1", kill_on_drop: false }`
[INFO] [stdout] ad3568b1e48fc57b7aeaa566fc21d1d0ffdca73b1e08f794f0430dd686e10208
[INFO] running `Command { std: "docker" "start" "-a" "ad3568b1e48fc57b7aeaa566fc21d1d0ffdca73b1e08f794f0430dd686e10208", kill_on_drop: false }`
[INFO] running `Command { std: "docker" "inspect" "ad3568b1e48fc57b7aeaa566fc21d1d0ffdca73b1e08f794f0430dd686e10208", kill_on_drop: false }`
[INFO] running `Command { std: "docker" "rm" "-f" "ad3568b1e48fc57b7aeaa566fc21d1d0ffdca73b1e08f794f0430dd686e10208", kill_on_drop: false }`
[INFO] [stdout] ad3568b1e48fc57b7aeaa566fc21d1d0ffdca73b1e08f794f0430dd686e10208
[INFO] running `Command { std: "docker" "create" "-v" "/var/lib/crater-agent-workspace/builds/worker-5-tc1/target:/opt/rustwide/target:rw,Z" "-v" "/var/lib/crater-agent-workspace/builds/worker-5-tc1/source:/opt/rustwide/workdir:ro,Z" "-v" "/var/lib/crater-agent-workspace/cargo-home:/opt/rustwide/cargo-home:ro,Z" "-v" "/var/lib/crater-agent-workspace/rustup-home:/opt/rustwide/rustup-home:ro,Z" "-e" "SOURCE_DIR=/opt/rustwide/workdir" "-e" "CARGO_TARGET_DIR=/opt/rustwide/target" "-e" "CARGO_INCREMENTAL=0" "-e" "RUST_BACKTRACE=full" "-e" "RUSTFLAGS=--cap-lints=warn" "-e" "RUSTDOCFLAGS=--cap-lints=warn" "-e" "CARGO_HOME=/opt/rustwide/cargo-home" "-e" "RUSTUP_HOME=/opt/rustwide/rustup-home" "-w" "/opt/rustwide/workdir" "-m" "1610612736" "--user" "0:0" "--network" "none" "ghcr.io/rust-lang/crates-build-env/linux@sha256:f3a9d4ad9d972b27faf3965f35b62e55ba32bbce8f20bc8fe909558a86702fde" "/opt/rustwide/cargo-home/bin/cargo" "+1.83.0" "build" "--frozen" "--message-format=json", kill_on_drop: false }`
[INFO] [stdout] 704ef4b5caf7f7fcd450c065cef91d71247acefa6666f1a80b9e54703a830dac
[INFO] running `Command { std: "docker" "start" "-a" "704ef4b5caf7f7fcd450c065cef91d71247acefa6666f1a80b9e54703a830dac", kill_on_drop: false }`
[INFO] [stderr]    Compiling proc-macro2 v1.0.92
[INFO] [stderr]    Compiling autocfg v1.4.0
[INFO] [stderr]    Compiling unicode-ident v1.0.14
[INFO] [stderr]    Compiling cfg-if v1.0.0
[INFO] [stderr]    Compiling libm v0.2.11
[INFO] [stderr]    Compiling libc v0.2.168
[INFO] [stderr]    Compiling version_check v0.9.5
[INFO] [stderr]    Compiling byteorder v1.5.0
[INFO] [stderr]    Compiling once_cell v1.20.2
[INFO] [stderr]    Compiling allocator-api2 v0.2.21
[INFO] [stderr]    Compiling memchr v2.7.4
[INFO] [stderr]    Compiling bitflags v2.6.0
[INFO] [stderr]    Compiling bytes v1.9.0
[INFO] [stderr]    Compiling iana-time-zone v0.1.61
[INFO] [stderr]    Compiling target-lexicon v0.12.16
[INFO] [stderr]    Compiling static_assertions v1.1.0
[INFO] [stderr]    Compiling lexical-util v0.8.5
[INFO] [stderr]    Compiling serde v1.0.216
[INFO] [stderr]    Compiling semver v1.0.24
[INFO] [stderr]    Compiling arrow-schema v52.2.0
[INFO] [stderr]    Compiling ryu v1.0.18
[INFO] [stderr]    Compiling typenum v1.17.0
[INFO] [stderr]    Compiling ahash v0.8.11
[INFO] [stderr]    Compiling generic-array v0.14.7
[INFO] [stderr]    Compiling itoa v1.0.14
[INFO] [stderr]    Compiling crossbeam-utils v0.8.20
[INFO] [stderr]    Compiling parking_lot_core v0.9.10
[INFO] [stderr]    Compiling base64 v0.22.1
[INFO] [stderr]    Compiling num-traits v0.2.19
[INFO] [stderr]    Compiling lock_api v0.4.12
[INFO] [stderr]    Compiling lexical-parse-integer v0.8.6
[INFO] [stderr]    Compiling lexical-write-integer v0.8.5
[INFO] [stderr]    Compiling serde_json v1.0.133
[INFO] [stderr]    Compiling regex-syntax v0.8.5
[INFO] [stderr]    Compiling lexical-write-float v0.8.5
[INFO] [stderr]    Compiling rustc_version v0.4.1
[INFO] [stderr]    Compiling lexical-parse-float v0.8.5
[INFO] [stderr]    Compiling aho-corasick v1.1.3
[INFO] [stderr]    Compiling memoffset v0.9.1
[INFO] [stderr]    Compiling smallvec v1.13.2
[INFO] [stderr]    Compiling quote v1.0.37
[INFO] [stderr]    Compiling syn v2.0.90
[INFO] [stderr]    Compiling getrandom v0.2.15
[INFO] [stderr]    Compiling pyo3-build-config v0.21.2
[INFO] [stderr]    Compiling flatbuffers v24.3.25
[INFO] [stderr]    Compiling portable-atomic v1.10.0
[INFO] [stderr]    Compiling lexical-core v0.8.5
[INFO] [stderr]    Compiling rustversion v1.0.18
[INFO] [stderr]    Compiling scopeguard v1.2.0
[INFO] [stderr]    Compiling rand_core v0.6.4
[INFO] [stderr]    Compiling crossbeam-epoch v0.9.18
[INFO] [stderr]    Compiling csv-core v0.1.11
[INFO] [stderr]    Compiling core2 v0.4.0
[INFO] [stderr]    Compiling equivalent v1.0.1
[INFO] [stderr]    Compiling rle-decode-fast v1.0.3
[INFO] [stderr]    Compiling rayon-core v1.12.1
[INFO] [stderr]    Compiling lazy_static v1.5.0
[INFO] [stderr]    Compiling bitflags v1.3.2
[INFO] [stderr]    Compiling hashbrown v0.15.2
[INFO] [stderr]    Compiling thiserror v1.0.69
[INFO] [stderr]    Compiling crossbeam-deque v0.8.5
[INFO] [stderr]    Compiling parking_lot v0.12.3
[INFO] [stderr]    Compiling crc32fast v1.4.2
[INFO] [stderr]    Compiling adler32 v1.2.0
[INFO] [stderr]    Compiling heck v0.4.1
[INFO] [stderr]    Compiling anyhow v1.0.94
[INFO] [stderr]    Compiling dary_heap v0.3.7
[INFO] [stderr]    Compiling regex-lite v0.1.6
[INFO] [stderr]    Compiling num-integer v0.1.46
[INFO] [stderr]    Compiling num-complex v0.4.6
[INFO] [stderr]    Compiling half v2.4.1
[INFO] [stderr]    Compiling chrono v0.4.39
[INFO] [stderr]    Compiling atoi v2.0.0
[INFO] [stderr]    Compiling strum v0.25.0
[INFO] [stderr]    Compiling log v0.4.22
[INFO] [stderr]    Compiling indexmap v2.7.0
[INFO] [stderr]    Compiling either v1.13.0
[INFO] [stderr]    Compiling num-bigint v0.4.6
[INFO] [stderr]    Compiling num-iter v0.1.45
[INFO] [stderr]    Compiling block-buffer v0.10.4
[INFO] [stderr]    Compiling crypto-common v0.1.6
[INFO] [stderr]    Compiling rayon v1.10.0
[INFO] [stderr]    Compiling digest v0.10.7
[INFO] [stderr]    Compiling pyo3-ffi v0.21.2
[INFO] [stderr]    Compiling pyo3 v0.21.2
[INFO] [stderr]    Compiling regex-automata v0.4.9
[INFO] [stderr]    Compiling num-rational v0.4.2
[INFO] [stderr]    Compiling num v0.4.3
[INFO] [stderr]    Compiling arrow-buffer v52.2.0
[INFO] [stderr]    Compiling arrow-data v52.2.0
[INFO] [stderr]    Compiling regex v1.11.1
[INFO] [stderr]    Compiling zerocopy-derive v0.7.35
[INFO] [stderr]    Compiling serde_derive v1.0.216
[INFO] [stderr]    Compiling thiserror-impl v1.0.69
[INFO] [stderr]    Compiling typed-builder-macro v0.16.2
[INFO] [stderr]    Compiling strum_macros v0.25.3
[INFO] [stderr]    Compiling zerocopy v0.7.35
[INFO] [stderr]    Compiling typed-builder v0.16.2
[INFO] [stderr]    Compiling ppv-lite86 v0.2.20
[INFO] [stderr]    Compiling hashbrown v0.14.5
[INFO] [stderr]    Compiling rand_chacha v0.3.1
[INFO] [stderr]    Compiling rand v0.8.5
[INFO] [stderr]    Compiling arrow-array v52.2.0
[INFO] [stderr]    Compiling libflate_lz77 v2.1.0
[INFO] [stderr]    Compiling libflate v2.1.0
[INFO] [stderr]    Compiling arrow-select v52.2.0
[INFO] [stderr]    Compiling arrow-row v52.2.0
[INFO] [stderr]    Compiling arrow-arith v52.2.0
[INFO] [stderr]    Compiling arrow-cast v52.2.0
[INFO] [stderr]    Compiling arrow-string v52.2.0
[INFO] [stderr]    Compiling arrow-ord v52.2.0
[INFO] [stderr]    Compiling csv v1.3.1
[INFO] [stderr]    Compiling uuid v1.11.0
[INFO] [stderr]    Compiling arrow-csv v52.2.0
[INFO] [stderr]    Compiling arrow-ipc v52.2.0
[INFO] [stderr]    Compiling arrow-json v52.2.0
[INFO] [stderr]    Compiling apache-avro v0.16.0
[INFO] [stderr]    Compiling arrow v52.2.0
[INFO] [stderr]    Compiling ruhvro v0.2.1 (/opt/rustwide/workdir)
[INFO] [stderr]     Finished `dev` profile [unoptimized + debuginfo] target(s) in 1m 09s
[INFO] running `Command { std: "docker" "inspect" "704ef4b5caf7f7fcd450c065cef91d71247acefa6666f1a80b9e54703a830dac", kill_on_drop: false }`
[INFO] running `Command { std: "docker" "rm" "-f" "704ef4b5caf7f7fcd450c065cef91d71247acefa6666f1a80b9e54703a830dac", kill_on_drop: false }`
[INFO] [stdout] 704ef4b5caf7f7fcd450c065cef91d71247acefa6666f1a80b9e54703a830dac
[INFO] running `Command { std: "docker" "create" "-v" "/var/lib/crater-agent-workspace/builds/worker-5-tc1/target:/opt/rustwide/target:rw,Z" "-v" "/var/lib/crater-agent-workspace/builds/worker-5-tc1/source:/opt/rustwide/workdir:ro,Z" "-v" "/var/lib/crater-agent-workspace/cargo-home:/opt/rustwide/cargo-home:ro,Z" "-v" "/var/lib/crater-agent-workspace/rustup-home:/opt/rustwide/rustup-home:ro,Z" "-e" "SOURCE_DIR=/opt/rustwide/workdir" "-e" "CARGO_TARGET_DIR=/opt/rustwide/target" "-e" "CARGO_INCREMENTAL=0" "-e" "RUST_BACKTRACE=full" "-e" "RUSTFLAGS=--cap-lints=warn" "-e" "RUSTDOCFLAGS=--cap-lints=warn" "-e" "CARGO_HOME=/opt/rustwide/cargo-home" "-e" "RUSTUP_HOME=/opt/rustwide/rustup-home" "-w" "/opt/rustwide/workdir" "-m" "1610612736" "--user" "0:0" "--network" "none" "ghcr.io/rust-lang/crates-build-env/linux@sha256:f3a9d4ad9d972b27faf3965f35b62e55ba32bbce8f20bc8fe909558a86702fde" "/opt/rustwide/cargo-home/bin/cargo" "+1.83.0" "test" "--frozen" "--no-run" "--message-format=json", kill_on_drop: false }`
[INFO] [stdout] f1761aa5707211b972492fba6e056b420bf19a569c9986ac1d44c58f31688f56
[INFO] running `Command { std: "docker" "start" "-a" "f1761aa5707211b972492fba6e056b420bf19a569c9986ac1d44c58f31688f56", kill_on_drop: false }`
[INFO] [stderr]    Compiling ruhvro v0.2.1 (/opt/rustwide/workdir)
[INFO] [stdout] warning: unused variable: `deserialized`
[INFO] [stdout]    --> src/serialize.rs:205:13
[INFO] [stdout]     |
[INFO] [stdout] 205 |         let deserialized = crate::deserialize::per_datum_deserialize(&ra[0], &parsed_schmea);
[INFO] [stdout]     |             ^^^^^^^^^^^^ help: if this is intentional, prefix it with an underscore: `_deserialized`
[INFO] [stdout]     |
[INFO] [stdout]     = note: `#[warn(unused_variables)]` on by default
[INFO] [stdout] 
[INFO] [stdout] 
[INFO] [stdout] warning: unused variable: `serialized`
[INFO] [stdout]    --> src/lib.rs:163:13
[INFO] [stdout]     |
[INFO] [stdout] 163 |         let serialized = crate::serialize::serialize_record_batch(result, &parsed_schema, 1);
[INFO] [stdout]     |             ^^^^^^^^^^ help: if this is intentional, prefix it with an underscore: `_serialized`
[INFO] [stdout] 
[INFO] [stdout] 
[INFO] [stderr]     Finished `test` profile [unoptimized + debuginfo] target(s) in 7.08s
[INFO] running `Command { std: "docker" "inspect" "f1761aa5707211b972492fba6e056b420bf19a569c9986ac1d44c58f31688f56", kill_on_drop: false }`
[INFO] running `Command { std: "docker" "rm" "-f" "f1761aa5707211b972492fba6e056b420bf19a569c9986ac1d44c58f31688f56", kill_on_drop: false }`
[INFO] [stdout] f1761aa5707211b972492fba6e056b420bf19a569c9986ac1d44c58f31688f56
[INFO] running `Command { std: "docker" "create" "-v" "/var/lib/crater-agent-workspace/builds/worker-5-tc1/target:/opt/rustwide/target:rw,Z" "-v" "/var/lib/crater-agent-workspace/builds/worker-5-tc1/source:/opt/rustwide/workdir:ro,Z" "-v" "/var/lib/crater-agent-workspace/cargo-home:/opt/rustwide/cargo-home:ro,Z" "-v" "/var/lib/crater-agent-workspace/rustup-home:/opt/rustwide/rustup-home:ro,Z" "-e" "SOURCE_DIR=/opt/rustwide/workdir" "-e" "CARGO_TARGET_DIR=/opt/rustwide/target" "-e" "CARGO_INCREMENTAL=0" "-e" "RUST_BACKTRACE=full" "-e" "RUSTFLAGS=--cap-lints=warn" "-e" "RUSTDOCFLAGS=--cap-lints=warn" "-e" "CARGO_HOME=/opt/rustwide/cargo-home" "-e" "RUSTUP_HOME=/opt/rustwide/rustup-home" "-w" "/opt/rustwide/workdir" "-m" "1610612736" "--user" "0:0" "--network" "none" "ghcr.io/rust-lang/crates-build-env/linux@sha256:f3a9d4ad9d972b27faf3965f35b62e55ba32bbce8f20bc8fe909558a86702fde" "/opt/rustwide/cargo-home/bin/cargo" "+1.83.0" "test" "--frozen", kill_on_drop: false }`
[INFO] [stdout] bde2c03225d10fa9fc25b40572a3a358d123ed7393d018d889081e3b9ee1a6cd
[INFO] running `Command { std: "docker" "start" "-a" "bde2c03225d10fa9fc25b40572a3a358d123ed7393d018d889081e3b9ee1a6cd", kill_on_drop: false }`
[INFO] [stderr] warning: unused variable: `deserialized`
[INFO] [stderr]    --> src/serialize.rs:205:13
[INFO] [stderr]     |
[INFO] [stderr] 205 |         let deserialized = crate::deserialize::per_datum_deserialize(&ra[0], &parsed_schmea);
[INFO] [stderr]     |             ^^^^^^^^^^^^ help: if this is intentional, prefix it with an underscore: `_deserialized`
[INFO] [stderr]     |
[INFO] [stderr]     = note: `#[warn(unused_variables)]` on by default
[INFO] [stderr] 
[INFO] [stderr] warning: unused variable: `serialized`
[INFO] [stderr]    --> src/lib.rs:163:13
[INFO] [stderr]     |
[INFO] [stderr] 163 |         let serialized = crate::serialize::serialize_record_batch(result, &parsed_schema, 1);
[INFO] [stderr]     |             ^^^^^^^^^^ help: if this is intentional, prefix it with an underscore: `_serialized`
[INFO] [stderr] 
[INFO] [stderr] warning: `ruhvro` (lib test) generated 2 warnings
[INFO] [stderr]     Finished `test` profile [unoptimized + debuginfo] target(s) in 0.14s
[INFO] [stderr]      Running unittests src/lib.rs (/opt/rustwide/target/debug/deps/ruhvro-9a2479975a344c99)
[INFO] [stdout] 
[INFO] [stdout] running 30 tests
[INFO] [stdout] test complex::tests::test_build_list_array ... ok
[INFO] [stdout] test complex::tests::test_add_add_data_to_array_null ... ok
[INFO] [stdout] test complex::tests::test_struct_array ... ok
[INFO] [stdout] test complex::tests::test_struct_array_with_nulls ... ok
[INFO] [stdout] test complex::tests::test_nested_struct ... ok
[INFO] [stdout] test complex::tests::test_union_array ... ok
[INFO] [stdout] test complex::tests::test_union_array_with_many_vals ... ok
[INFO] [stdout] test complex::tests::test_simple_builder ... ok
[INFO] [stdout] test serialization_containers::tests::test_enum_container ... ok
[INFO] [stdout] test serialization_containers::tests::test_null_info_complex_union ... ok
[INFO] [stdout] test serialization_containers::tests::test_null_info_simple_union ... ok
[INFO] [stdout] test serialization_containers::tests::test_primarr_null ... ok
[INFO] [stdout] test serialization_containers::tests::test_next_chunk ... ok
[INFO] [stdout] test serialization_containers::tests::test_map_container ... ok
[INFO] [stdout] test deserialize::tests::test_struct_nested_in_list ... ok
[INFO] [stdout] test deserialize::tests::test_record_with_nulls ... ok
[INFO] [stdout] test deserialize::tests::test_enum ... ok
[INFO] [stdout] test deserialize::tests::test_per_datum_deserialize_arrow ... ok
[INFO] [stdout] test serialization_containers::tests::test_prim_arr ... ok
[INFO] [stdout] test serialize::test::test_timestamp_type ... ok
[INFO] [stdout] test schema_translate::test_sample ... ok
[INFO] [stdout] test serialization_containers::tests::test_struct_next_chunk ... ok
[INFO] [stdout] test serialization_containers::tests::test_union_multiple_types_including_null ... ok
[INFO] [stdout] test serialize::test::test_convert_to_avro ... ok
[INFO] [stdout] test serialize::test::test_nested_nullable_record ... ok
[INFO] [stdout] test serialize::test::test_map_record_round_trip ... ok
[INFO] [stdout] test complex::tests::test_map_array ... FAILED
[INFO] [stdout] test serialization_containers::tests::test_null_info_no_nulls ... ok
[INFO] [stdout] test serialization_containers::tests::test_create_union_multiple_types ... ok
[INFO] [stdout] test tests::test_round_trip ... ok
[INFO] [stdout] 
[INFO] [stdout] failures:
[INFO] [stdout] 
[INFO] [stdout] ---- complex::tests::test_map_array stdout ----
[INFO] [stdout] thread 'complex::tests::test_map_array' panicked at src/complex.rs:713:9:
[INFO] [stdout] assertion `left == right` failed
[INFO] [stdout]   left: StringArray
[INFO] [stdout] [
[INFO] [stdout]   "second",
[INFO] [stdout]   "my_key",
[INFO] [stdout] ]
[INFO] [stdout]  right: StringArray
[INFO] [stdout] [
[INFO] [stdout]   "my_key",
[INFO] [stdout]   "second",
[INFO] [stdout] ]
[INFO] [stdout] stack backtrace:
[INFO] [stdout]    0:     0x597cf184579a - std::backtrace_rs::backtrace::libunwind::trace::h5a5b8284f2d0c266
[INFO] [stdout]                                at /rustc/90b35a6239c3d8bdabc530a6a0816f7ff89a0aaf/library/std/src/../../backtrace/src/backtrace/libunwind.rs:116:5
[INFO] [stdout]    1:     0x597cf184579a - std::backtrace_rs::backtrace::trace_unsynchronized::h76d4f1c9b0b875e3
[INFO] [stdout]                                at /rustc/90b35a6239c3d8bdabc530a6a0816f7ff89a0aaf/library/std/src/../../backtrace/src/backtrace/mod.rs:66:5
[INFO] [stdout]    2:     0x597cf184579a - std::sys::backtrace::_print_fmt::hc4546b8364a537c6
[INFO] [stdout]                                at /rustc/90b35a6239c3d8bdabc530a6a0816f7ff89a0aaf/library/std/src/sys/backtrace.rs:66:9
[INFO] [stdout]    3:     0x597cf184579a - <std::sys::backtrace::BacktraceLock::print::DisplayBacktrace as core::fmt::Display>::fmt::h5b6bd5631a6d1f6b
[INFO] [stdout]                                at /rustc/90b35a6239c3d8bdabc530a6a0816f7ff89a0aaf/library/std/src/sys/backtrace.rs:39:26
[INFO] [stdout]    4:     0x597cf186c483 - core::fmt::rt::Argument::fmt::h270f6602a2b96f62
[INFO] [stdout]                                at /rustc/90b35a6239c3d8bdabc530a6a0816f7ff89a0aaf/library/core/src/fmt/rt.rs:177:76
[INFO] [stdout]    5:     0x597cf186c483 - core::fmt::write::h7550c97b06c86515
[INFO] [stdout]                                at /rustc/90b35a6239c3d8bdabc530a6a0816f7ff89a0aaf/library/core/src/fmt/mod.rs:1186:21
[INFO] [stdout]    6:     0x597cf1842723 - std::io::Write::write_fmt::h509ff860e5956e5e
[INFO] [stdout]                                at /rustc/90b35a6239c3d8bdabc530a6a0816f7ff89a0aaf/library/std/src/io/mod.rs:1839:15
[INFO] [stdout]    7:     0x597cf18455e2 - std::sys::backtrace::BacktraceLock::print::h2395ccd2c84ba3aa
[INFO] [stdout]                                at /rustc/90b35a6239c3d8bdabc530a6a0816f7ff89a0aaf/library/std/src/sys/backtrace.rs:42:9
[INFO] [stdout]    8:     0x597cf1846bfa - std::panicking::default_hook::{{closure}}::he19d4c7230e07961
[INFO] [stdout]                                at /rustc/90b35a6239c3d8bdabc530a6a0816f7ff89a0aaf/library/std/src/panicking.rs:268:22
[INFO] [stdout]    9:     0x597cf1846a04 - std::panicking::default_hook::hf614597d3c67bbdb
[INFO] [stdout]                                at /rustc/90b35a6239c3d8bdabc530a6a0816f7ff89a0aaf/library/std/src/panicking.rs:292:9
[INFO] [stdout]   10:     0x597cf154e5f9 - <alloc::boxed::Box<F,A> as core::ops::function::Fn<Args>>::call::h39b51ce4599c23d1
[INFO] [stdout]                                at /rustc/90b35a6239c3d8bdabc530a6a0816f7ff89a0aaf/library/alloc/src/boxed.rs:2468:9
[INFO] [stdout]   11:     0x597cf154e5f9 - test::test_main::{{closure}}::he977ae839a582784
[INFO] [stdout]                                at /rustc/90b35a6239c3d8bdabc530a6a0816f7ff89a0aaf/library/test/src/lib.rs:133:21
[INFO] [stdout]   12:     0x597cf1847298 - <alloc::boxed::Box<F,A> as core::ops::function::Fn<Args>>::call::h9455091b6b06f9fb
[INFO] [stdout]                                at /rustc/90b35a6239c3d8bdabc530a6a0816f7ff89a0aaf/library/alloc/src/boxed.rs:2468:9
[INFO] [stdout]   13:     0x597cf1847298 - std::panicking::rust_panic_with_hook::h8942133a8b252070
[INFO] [stdout]                                at /rustc/90b35a6239c3d8bdabc530a6a0816f7ff89a0aaf/library/std/src/panicking.rs:809:13
[INFO] [stdout]   14:     0x597cf184705a - std::panicking::begin_panic_handler::{{closure}}::hb5f5963570096b29
[INFO] [stdout]                                at /rustc/90b35a6239c3d8bdabc530a6a0816f7ff89a0aaf/library/std/src/panicking.rs:674:13
[INFO] [stdout]   15:     0x597cf1845c79 - std::sys::backtrace::__rust_end_short_backtrace::h6208cedc1922feda
[INFO] [stdout]                                at /rustc/90b35a6239c3d8bdabc530a6a0816f7ff89a0aaf/library/std/src/sys/backtrace.rs:170:18
[INFO] [stdout]   16:     0x597cf1846cec - rust_begin_unwind
[INFO] [stdout]                                at /rustc/90b35a6239c3d8bdabc530a6a0816f7ff89a0aaf/library/std/src/panicking.rs:665:5
[INFO] [stdout]   17:     0x597cf14a60d0 - core::panicking::panic_fmt::h0c3082644d1bf418
[INFO] [stdout]                                at /rustc/90b35a6239c3d8bdabc530a6a0816f7ff89a0aaf/library/core/src/panicking.rs:74:14
[INFO] [stdout]   18:     0x597cf14a64d4 - core::panicking::assert_failed_inner::h2ddf1fcc067fa858
[INFO] [stdout]   19:     0x597cf14fc9df - core::panicking::assert_failed::h124bbe25f54865ee
[INFO] [stdout]                                at /rustc/90b35a6239c3d8bdabc530a6a0816f7ff89a0aaf/library/core/src/panicking.rs:367:5
[INFO] [stdout]   20:     0x597cf14cdba2 - ruhvro::complex::tests::test_map_array::hd51635864702b44c
[INFO] [stdout]                                at /opt/rustwide/workdir/src/complex.rs:713:9
[INFO] [stdout]   21:     0x597cf14cce37 - ruhvro::complex::tests::test_map_array::{{closure}}::h5b6ccb248537dc3d
[INFO] [stdout]                                at /opt/rustwide/workdir/src/complex.rs:682:24
[INFO] [stdout]   22:     0x597cf14ec3a6 - core::ops::function::FnOnce::call_once::ha240c569008b46d6
[INFO] [stdout]                                at /rustc/90b35a6239c3d8bdabc530a6a0816f7ff89a0aaf/library/core/src/ops/function.rs:250:5
[INFO] [stdout]   23:     0x597cf1552fbb - core::ops::function::FnOnce::call_once::h109cf8051a59b34e
[INFO] [stdout]                                at /rustc/90b35a6239c3d8bdabc530a6a0816f7ff89a0aaf/library/core/src/ops/function.rs:250:5
[INFO] [stdout]   24:     0x597cf1552fbb - test::__rust_begin_short_backtrace::hf4fff89d377446ba
[INFO] [stdout]                                at /rustc/90b35a6239c3d8bdabc530a6a0816f7ff89a0aaf/library/test/src/lib.rs:621:18
[INFO] [stdout]   25:     0x597cf15527f7 - test::run_test_in_process::{{closure}}::h0e39181dd7ee5a43
[INFO] [stdout]                                at /rustc/90b35a6239c3d8bdabc530a6a0816f7ff89a0aaf/library/test/src/lib.rs:644:60
[INFO] [stdout]   26:     0x597cf15527f7 - <core::panic::unwind_safe::AssertUnwindSafe<F> as core::ops::function::FnOnce<()>>::call_once::hc5a66a30f0bdfd1f
[INFO] [stdout]                                at /rustc/90b35a6239c3d8bdabc530a6a0816f7ff89a0aaf/library/core/src/panic/unwind_safe.rs:272:9
[INFO] [stdout]   27:     0x597cf15527f7 - std::panicking::try::do_call::h873b7cf639554a5e
[INFO] [stdout]                                at /rustc/90b35a6239c3d8bdabc530a6a0816f7ff89a0aaf/library/std/src/panicking.rs:557:40
[INFO] [stdout]   28:     0x597cf15527f7 - std::panicking::try::hdb19862fad9c8bd1
[INFO] [stdout]                                at /rustc/90b35a6239c3d8bdabc530a6a0816f7ff89a0aaf/library/std/src/panicking.rs:520:19
[INFO] [stdout]   29:     0x597cf15527f7 - std::panic::catch_unwind::h281fe732d236d260
[INFO] [stdout]                                at /rustc/90b35a6239c3d8bdabc530a6a0816f7ff89a0aaf/library/std/src/panic.rs:358:14
[INFO] [stdout]   30:     0x597cf15527f7 - test::run_test_in_process::h949b6df8457ed338
[INFO] [stdout]                                at /rustc/90b35a6239c3d8bdabc530a6a0816f7ff89a0aaf/library/test/src/lib.rs:644:27
[INFO] [stdout]   31:     0x597cf15527f7 - test::run_test::{{closure}}::h52c556a6d4740e10
[INFO] [stdout]                                at /rustc/90b35a6239c3d8bdabc530a6a0816f7ff89a0aaf/library/test/src/lib.rs:565:43
[INFO] [stdout]   32:     0x597cf1517ad4 - test::run_test::{{closure}}::h4237f6381c45ccb9
[INFO] [stdout]                                at /rustc/90b35a6239c3d8bdabc530a6a0816f7ff89a0aaf/library/test/src/lib.rs:595:41
[INFO] [stdout]   33:     0x597cf1517ad4 - std::sys::backtrace::__rust_begin_short_backtrace::h505c97a579eca628
[INFO] [stdout]                                at /rustc/90b35a6239c3d8bdabc530a6a0816f7ff89a0aaf/library/std/src/sys/backtrace.rs:154:18
[INFO] [stdout]   34:     0x597cf151b19e - std::thread::Builder::spawn_unchecked_::{{closure}}::{{closure}}::h9e86b2e2bc107ea3
[INFO] [stdout]                                at /rustc/90b35a6239c3d8bdabc530a6a0816f7ff89a0aaf/library/std/src/thread/mod.rs:538:17
[INFO] [stdout]   35:     0x597cf151b19e - <core::panic::unwind_safe::AssertUnwindSafe<F> as core::ops::function::FnOnce<()>>::call_once::h8b06ddb275ff4a25
[INFO] [stdout]                                at /rustc/90b35a6239c3d8bdabc530a6a0816f7ff89a0aaf/library/core/src/panic/unwind_safe.rs:272:9
[INFO] [stdout]   36:     0x597cf151b19e - std::panicking::try::do_call::hb26ecd7cd9a9355d
[INFO] [stdout]                                at /rustc/90b35a6239c3d8bdabc530a6a0816f7ff89a0aaf/library/std/src/panicking.rs:557:40
[INFO] [stdout]   37:     0x597cf151b19e - std::panicking::try::h8ddeca9d705f9069
[INFO] [stdout]                                at /rustc/90b35a6239c3d8bdabc530a6a0816f7ff89a0aaf/library/std/src/panicking.rs:520:19
[INFO] [stdout]   38:     0x597cf151b19e - std::panic::catch_unwind::h49e1c33078844c46
[INFO] [stdout]                                at /rustc/90b35a6239c3d8bdabc530a6a0816f7ff89a0aaf/library/std/src/panic.rs:358:14
[INFO] [stdout]   39:     0x597cf151b19e - std::thread::Builder::spawn_unchecked_::{{closure}}::h6073db6ff56ad35d
[INFO] [stdout]                                at /rustc/90b35a6239c3d8bdabc530a6a0816f7ff89a0aaf/library/std/src/thread/mod.rs:537:30
[INFO] [stdout]   40:     0x597cf151b19e - core::ops::function::FnOnce::call_once{{vtable.shim}}::h2c5a5f3779c774f1
[INFO] [stdout]                                at /rustc/90b35a6239c3d8bdabc530a6a0816f7ff89a0aaf/library/core/src/ops/function.rs:250:5
[INFO] [stdout]   41:     0x597cf184b0eb - <alloc::boxed::Box<F,A> as core::ops::function::FnOnce<Args>>::call_once::hf75717d9f28faebf
[INFO] [stdout]                                at /rustc/90b35a6239c3d8bdabc530a6a0816f7ff89a0aaf/library/alloc/src/boxed.rs:2454:9
[INFO] [stdout]   42:     0x597cf184b0eb - <alloc::boxed::Box<F,A> as core::ops::function::FnOnce<Args>>::call_once::h7bd883a5f3c5f3c1
[INFO] [stdout]                                at /rustc/90b35a6239c3d8bdabc530a6a0816f7ff89a0aaf/library/alloc/src/boxed.rs:2454:9
[INFO] [stdout]   43:     0x597cf184b0eb - std::sys::pal::unix::thread::Thread::new::thread_start::hcc78f3943333fa94
[INFO] [stdout]                                at /rustc/90b35a6239c3d8bdabc530a6a0816f7ff89a0aaf/library/std/src/sys/pal/unix/thread.rs:105:17
[INFO] [stdout]   44:     0x7fef41bc9ac3 - <unknown>
[INFO] [stdout]   45:     0x7fef41c5aa04 - clone
[INFO] [stdout]   46:                0x0 - <unknown>
[INFO] [stdout] 
[INFO] [stdout] 
[INFO] [stdout] failures:
[INFO] [stdout]     complex::tests::test_map_array
[INFO] [stdout] 
[INFO] [stdout] test result: FAILED. 29 passed; 1 failed; 0 ignored; 0 measured; 0 filtered out; finished in 0.23s
[INFO] [stdout] 
[INFO] [stderr] error: test failed, to rerun pass `--lib`
[INFO] running `Command { std: "docker" "inspect" "bde2c03225d10fa9fc25b40572a3a358d123ed7393d018d889081e3b9ee1a6cd", kill_on_drop: false }`
[INFO] running `Command { std: "docker" "rm" "-f" "bde2c03225d10fa9fc25b40572a3a358d123ed7393d018d889081e3b9ee1a6cd", kill_on_drop: false }`
[INFO] [stdout] bde2c03225d10fa9fc25b40572a3a358d123ed7393d018d889081e3b9ee1a6cd
