[INFO] fetching crate paralight 0.0.5...
[INFO] testing paralight-0.0.5 against 1.83.0 for beta-1.84.0-4-retry
[INFO] extracting crate paralight 0.0.5 into /workspace/builds/worker-2-tc1/source
[INFO] validating manifest of crates.io crate paralight 0.0.5 on toolchain 1.83.0
[INFO] running `Command { std: CARGO_HOME="/workspace/cargo-home" RUSTUP_HOME="/workspace/rustup-home" "/workspace/cargo-home/bin/cargo" "+1.83.0" "metadata" "--manifest-path" "Cargo.toml" "--no-deps", kill_on_drop: false }`
[INFO] started tweaking crates.io crate paralight 0.0.5
[INFO] finished tweaking crates.io crate paralight 0.0.5
[INFO] tweaked toml for crates.io crate paralight 0.0.5 written to /workspace/builds/worker-2-tc1/source/Cargo.toml
[INFO] running `Command { std: CARGO_HOME="/workspace/cargo-home" RUSTUP_HOME="/workspace/rustup-home" "/workspace/cargo-home/bin/cargo" "+1.83.0" "generate-lockfile" "--manifest-path" "Cargo.toml", kill_on_drop: false }`
[INFO] [stderr]     Updating crates.io index
[INFO] [stderr]     Blocking waiting for file lock on package cache
[INFO] [stderr]      Locking 99 packages to latest compatible versions
[INFO] running `Command { std: CARGO_HOME="/workspace/cargo-home" RUSTUP_HOME="/workspace/rustup-home" "/workspace/cargo-home/bin/cargo" "+1.83.0" "fetch" "--manifest-path" "Cargo.toml", kill_on_drop: false }`
[INFO] [stderr]  Downloading crates ...
[INFO] [stderr]   Downloaded condtype v1.3.0
[INFO] [stderr]   Downloaded divan-macros v0.1.17
[INFO] [stderr]   Downloaded divan v0.1.17
[INFO] running `Command { std: "docker" "create" "-v" "/var/lib/crater-agent-workspace/builds/worker-2-tc1/target:/opt/rustwide/target:rw,Z" "-v" "/var/lib/crater-agent-workspace/builds/worker-2-tc1/source:/opt/rustwide/workdir:ro,Z" "-v" "/var/lib/crater-agent-workspace/cargo-home:/opt/rustwide/cargo-home:ro,Z" "-v" "/var/lib/crater-agent-workspace/rustup-home:/opt/rustwide/rustup-home:ro,Z" "-e" "SOURCE_DIR=/opt/rustwide/workdir" "-e" "CARGO_TARGET_DIR=/opt/rustwide/target" "-e" "CARGO_HOME=/opt/rustwide/cargo-home" "-e" "RUSTUP_HOME=/opt/rustwide/rustup-home" "-w" "/opt/rustwide/workdir" "-m" "1610612736" "--user" "0:0" "--network" "none" "ghcr.io/rust-lang/crates-build-env/linux@sha256:f3a9d4ad9d972b27faf3965f35b62e55ba32bbce8f20bc8fe909558a86702fde" "/opt/rustwide/cargo-home/bin/cargo" "+1.83.0" "metadata" "--no-deps" "--format-version=1", kill_on_drop: false }`
[INFO] [stdout] 6a76b4f782d5f406eed1b2f5dd0e7894adb1172ff25a1a2c1e72e754be57e4da
[INFO] running `Command { std: "docker" "start" "-a" "6a76b4f782d5f406eed1b2f5dd0e7894adb1172ff25a1a2c1e72e754be57e4da", kill_on_drop: false }`
[INFO] running `Command { std: "docker" "inspect" "6a76b4f782d5f406eed1b2f5dd0e7894adb1172ff25a1a2c1e72e754be57e4da", kill_on_drop: false }`
[INFO] running `Command { std: "docker" "rm" "-f" "6a76b4f782d5f406eed1b2f5dd0e7894adb1172ff25a1a2c1e72e754be57e4da", kill_on_drop: false }`
[INFO] [stdout] 6a76b4f782d5f406eed1b2f5dd0e7894adb1172ff25a1a2c1e72e754be57e4da
[INFO] running `Command { std: "docker" "create" "-v" "/var/lib/crater-agent-workspace/builds/worker-2-tc1/target:/opt/rustwide/target:rw,Z" "-v" "/var/lib/crater-agent-workspace/builds/worker-2-tc1/source:/opt/rustwide/workdir:ro,Z" "-v" "/var/lib/crater-agent-workspace/cargo-home:/opt/rustwide/cargo-home:ro,Z" "-v" "/var/lib/crater-agent-workspace/rustup-home:/opt/rustwide/rustup-home:ro,Z" "-e" "SOURCE_DIR=/opt/rustwide/workdir" "-e" "CARGO_TARGET_DIR=/opt/rustwide/target" "-e" "CARGO_INCREMENTAL=0" "-e" "RUST_BACKTRACE=full" "-e" "RUSTFLAGS=--cap-lints=warn" "-e" "RUSTDOCFLAGS=--cap-lints=warn" "-e" "CARGO_HOME=/opt/rustwide/cargo-home" "-e" "RUSTUP_HOME=/opt/rustwide/rustup-home" "-w" "/opt/rustwide/workdir" "-m" "1610612736" "--user" "0:0" "--network" "none" "ghcr.io/rust-lang/crates-build-env/linux@sha256:f3a9d4ad9d972b27faf3965f35b62e55ba32bbce8f20bc8fe909558a86702fde" "/opt/rustwide/cargo-home/bin/cargo" "+1.83.0" "build" "--frozen" "--message-format=json", kill_on_drop: false }`
[INFO] [stdout] aad988dcd182a8608c5958f32d30ef766c02c5282866902c9df83d640f0cf30e
[INFO] running `Command { std: "docker" "start" "-a" "aad988dcd182a8608c5958f32d30ef766c02c5282866902c9df83d640f0cf30e", kill_on_drop: false }`
[INFO] [stderr]    Compiling cfg_aliases v0.2.1
[INFO] [stderr]    Compiling libc v0.2.168
[INFO] [stderr]    Compiling crossbeam-utils v0.8.20
[INFO] [stderr]    Compiling bitflags v2.6.0
[INFO] [stderr]    Compiling nix v0.29.0
[INFO] [stderr]    Compiling paralight v0.0.5 (/opt/rustwide/workdir)
[INFO] [stderr]     Finished `dev` profile [unoptimized + debuginfo] target(s) in 4.53s
[INFO] running `Command { std: "docker" "inspect" "aad988dcd182a8608c5958f32d30ef766c02c5282866902c9df83d640f0cf30e", kill_on_drop: false }`
[INFO] running `Command { std: "docker" "rm" "-f" "aad988dcd182a8608c5958f32d30ef766c02c5282866902c9df83d640f0cf30e", kill_on_drop: false }`
[INFO] [stdout] aad988dcd182a8608c5958f32d30ef766c02c5282866902c9df83d640f0cf30e
[INFO] running `Command { std: "docker" "create" "-v" "/var/lib/crater-agent-workspace/builds/worker-2-tc1/target:/opt/rustwide/target:rw,Z" "-v" "/var/lib/crater-agent-workspace/builds/worker-2-tc1/source:/opt/rustwide/workdir:ro,Z" "-v" "/var/lib/crater-agent-workspace/cargo-home:/opt/rustwide/cargo-home:ro,Z" "-v" "/var/lib/crater-agent-workspace/rustup-home:/opt/rustwide/rustup-home:ro,Z" "-e" "SOURCE_DIR=/opt/rustwide/workdir" "-e" "CARGO_TARGET_DIR=/opt/rustwide/target" "-e" "CARGO_INCREMENTAL=0" "-e" "RUST_BACKTRACE=full" "-e" "RUSTFLAGS=--cap-lints=warn" "-e" "RUSTDOCFLAGS=--cap-lints=warn" "-e" "CARGO_HOME=/opt/rustwide/cargo-home" "-e" "RUSTUP_HOME=/opt/rustwide/rustup-home" "-w" "/opt/rustwide/workdir" "-m" "1610612736" "--user" "0:0" "--network" "none" "ghcr.io/rust-lang/crates-build-env/linux@sha256:f3a9d4ad9d972b27faf3965f35b62e55ba32bbce8f20bc8fe909558a86702fde" "/opt/rustwide/cargo-home/bin/cargo" "+1.83.0" "test" "--frozen" "--no-run" "--message-format=json", kill_on_drop: false }`
[INFO] [stdout] 470b06f39aa858b55a4a3e9954418533bce2394a9cc092a4e4bbb8fd0d345eff
[INFO] running `Command { std: "docker" "start" "-a" "470b06f39aa858b55a4a3e9954418533bce2394a9cc092a4e4bbb8fd0d345eff", kill_on_drop: false }`
[INFO] [stderr]    Compiling memchr v2.7.4
[INFO] [stderr]    Compiling bitflags v2.6.0
[INFO] [stderr]    Compiling rustix v0.38.42
[INFO] [stderr]    Compiling anstyle v1.0.10
[INFO] [stderr]    Compiling linux-raw-sys v0.4.14
[INFO] [stderr]    Compiling serde v1.0.216
[INFO] [stderr]    Compiling regex-syntax v0.8.5
[INFO] [stderr]    Compiling serde_json v1.0.133
[INFO] [stderr]    Compiling clap_lex v0.7.4
[INFO] [stderr]    Compiling num-traits v0.2.19
[INFO] [stderr]    Compiling rayon-core v1.12.1
[INFO] [stderr]    Compiling half v2.4.1
[INFO] [stderr]    Compiling syn v2.0.90
[INFO] [stderr]    Compiling crossbeam-epoch v0.9.18
[INFO] [stderr]    Compiling getrandom v0.2.15
[INFO] [stderr]    Compiling utf8parse v0.2.2
[INFO] [stderr]    Compiling ciborium-io v0.2.2
[INFO] [stderr]    Compiling plotters-backend v0.3.7
[INFO] [stderr]    Compiling itoa v1.0.14
[INFO] [stderr]    Compiling ryu v1.0.18
[INFO] [stderr]    Compiling rand_core v0.6.4
[INFO] [stderr]    Compiling anstyle-parse v0.2.6
[INFO] [stderr]    Compiling itertools v0.10.5
[INFO] [stderr]    Compiling anstyle-query v1.1.2
[INFO] [stderr]    Compiling crossbeam-deque v0.8.5
[INFO] [stderr]    Compiling is_terminal_polyfill v1.70.1
[INFO] [stderr]    Compiling same-file v1.0.6
[INFO] [stderr]    Compiling cast v0.3.0
[INFO] [stderr]    Compiling log v0.4.22
[INFO] [stderr]    Compiling ciborium-ll v0.2.2
[INFO] [stderr]    Compiling colorchoice v1.0.3
[INFO] [stderr]    Compiling walkdir v2.5.0
[INFO] [stderr]    Compiling nix v0.29.0
[INFO] [stderr]    Compiling plotters-svg v0.3.7
[INFO] [stderr]    Compiling anstream v0.6.18
[INFO] [stderr]    Compiling is-terminal v0.4.13
[INFO] [stderr]    Compiling once_cell v1.20.2
[INFO] [stderr]    Compiling oorandom v11.1.4
[INFO] [stderr]    Compiling anes v0.1.6
[INFO] [stderr]    Compiling condtype v1.3.0
[INFO] [stderr]    Compiling humantime v2.1.0
[INFO] [stderr]    Compiling regex-lite v0.1.6
[INFO] [stderr]    Compiling aho-corasick v1.1.3
[INFO] [stderr]    Compiling rayon v1.10.0
[INFO] [stderr]    Compiling paralight v0.0.5 (/opt/rustwide/workdir)
[INFO] [stderr]    Compiling terminal_size v0.4.1
[INFO] [stderr]    Compiling clap_builder v4.5.23
[INFO] [stderr]    Compiling plotters v0.3.7
[INFO] [stderr]    Compiling regex-automata v0.4.9
[INFO] [stderr]    Compiling criterion-plot v0.5.0
[INFO] [stderr]    Compiling serde_derive v1.0.216
[INFO] [stderr]    Compiling zerocopy-derive v0.7.35
[INFO] [stderr]    Compiling divan-macros v0.1.17
[INFO] [stderr]    Compiling clap v4.5.23
[INFO] [stderr]    Compiling divan v0.1.17
[INFO] [stderr]    Compiling zerocopy v0.7.35
[INFO] [stderr]    Compiling ppv-lite86 v0.2.20
[INFO] [stderr]    Compiling rand_chacha v0.3.1
[INFO] [stderr]    Compiling regex v1.11.1
[INFO] [stderr]    Compiling rand v0.8.5
[INFO] [stderr]    Compiling env_filter v0.1.2
[INFO] [stderr]    Compiling env_logger v0.11.5
[INFO] [stderr]    Compiling ciborium v0.2.2
[INFO] [stderr]    Compiling tinytemplate v1.2.1
[INFO] [stderr]    Compiling criterion v0.5.1
[INFO] [stderr]     Finished `test` profile [unoptimized + debuginfo] target(s) in 41.34s
[INFO] running `Command { std: "docker" "inspect" "470b06f39aa858b55a4a3e9954418533bce2394a9cc092a4e4bbb8fd0d345eff", kill_on_drop: false }`
[INFO] running `Command { std: "docker" "rm" "-f" "470b06f39aa858b55a4a3e9954418533bce2394a9cc092a4e4bbb8fd0d345eff", kill_on_drop: false }`
[INFO] [stdout] 470b06f39aa858b55a4a3e9954418533bce2394a9cc092a4e4bbb8fd0d345eff
[INFO] running `Command { std: "docker" "create" "-v" "/var/lib/crater-agent-workspace/builds/worker-2-tc1/target:/opt/rustwide/target:rw,Z" "-v" "/var/lib/crater-agent-workspace/builds/worker-2-tc1/source:/opt/rustwide/workdir:ro,Z" "-v" "/var/lib/crater-agent-workspace/cargo-home:/opt/rustwide/cargo-home:ro,Z" "-v" "/var/lib/crater-agent-workspace/rustup-home:/opt/rustwide/rustup-home:ro,Z" "-e" "SOURCE_DIR=/opt/rustwide/workdir" "-e" "CARGO_TARGET_DIR=/opt/rustwide/target" "-e" "CARGO_INCREMENTAL=0" "-e" "RUST_BACKTRACE=full" "-e" "RUSTFLAGS=--cap-lints=warn" "-e" "RUSTDOCFLAGS=--cap-lints=warn" "-e" "CARGO_HOME=/opt/rustwide/cargo-home" "-e" "RUSTUP_HOME=/opt/rustwide/rustup-home" "-w" "/opt/rustwide/workdir" "-m" "1610612736" "--user" "0:0" "--network" "none" "ghcr.io/rust-lang/crates-build-env/linux@sha256:f3a9d4ad9d972b27faf3965f35b62e55ba32bbce8f20bc8fe909558a86702fde" "/opt/rustwide/cargo-home/bin/cargo" "+1.83.0" "test" "--frozen", kill_on_drop: false }`
[INFO] [stdout] 05c36c162a37772c4fc81a15578ae26ab122516a0bc04a4044823b3b95642242
[INFO] running `Command { std: "docker" "start" "-a" "05c36c162a37772c4fc81a15578ae26ab122516a0bc04a4044823b3b95642242", kill_on_drop: false }`
[INFO] [stderr]     Finished `test` profile [unoptimized + debuginfo] target(s) in 0.12s
[INFO] [stderr]      Running unittests src/lib.rs (/opt/rustwide/target/debug/deps/paralight-15a925199a132a3e)
[INFO] [stdout] 
[INFO] [stdout] running 199 tests
[INFO] [stdout] test core::range::test::test_default_packed_range_is_empty ... ok
[INFO] [stdout] test core::range::test::test_packed_range_increment_start ... ok
[INFO] [stdout] test core::range::test::test_packed_range_split ... ok
[INFO] [stdout] test core::range::test::test_packed_range_split_is_exhaustive ... ok
[INFO] [stdout] test core::range::test::test_packed_range_split_is_fair ... ok
[INFO] [stdout] test core::range::test::test_packed_range_split_overflow ... ok
[INFO] [stdout] test core::range::test::test_fixed_range_factory_splits_evenly ... ok
[INFO] [stdout] test core::range::test::test_packed_range_is_consistent ... ok
[INFO] [stdout] test core::range::test::test_work_stealing_range_many_items ... ok
[INFO] [stdout] test core::util::test::dyn_lifetime_view_bad_lifetime ... ignored
[INFO] [stdout] test core::util::test::dyn_lifetime_view_bad_mut ... ignored
[INFO] [stdout] test core::util::test::view_bad_lifetime ... ignored
[INFO] [stdout] test core::util::test::view_bad_mut ... ignored
[INFO] [stdout] test core::util::test::view_basic_usage ... ok
[INFO] [stdout] test core::thread_pool::test::test_thread_count_try_from_usize ... ok
[INFO] [stdout] test core::util::test::dyn_lifetime_view_basic_usage ... ok
[INFO] [stdout] test iter::source::zip::test::assert_eq_lens ... ok
[INFO] [stdout] test core::util::test::view_multi_threaded ... ok
[INFO] [stdout] test core::util::test::dyn_lifetime_view_multi_threaded ... ok
[INFO] [stdout] test test::fixed::test_adaptor_any ... ok
[INFO] [stdout] test iter::source::zip::test::min_lens ... ok
[INFO] [stdout] test core::thread_pool::test::test_build_thread_pool_fixed_thread_count ... ok
[INFO] [stdout] test core::thread_pool::test::test_build_thread_pool_available_parallelism ... ok
[INFO] [stdout] test core::thread_pool::test::test_num_threads ... ok
[INFO] [stdout] test core::range::test::test_packed_range_increment_start_overflow - should panic ... ok
[INFO] [stdout] test test::fixed::test_adaptor_all ... ok
[INFO] [stdout] test core::thread_pool::test::test_build_thread_pool_cpu_pinning_always ... ok
[INFO] [stdout] test core::range::test::test_work_stealing_range_too_many_items - should panic ... ok
[INFO] [stdout] test core::range::test::test_work_stealing_range_too_many_threads - should panic ... ok
[INFO] [stdout] test iter::source::zip::test::assert_eq_lens_unequal_2 - should panic ... ok
[INFO] [stdout] test iter::source::zip::test::assert_eq_lens_unequal_3 - should panic ... ok
[INFO] [stdout] test test::fixed::test_adaptor_copied ... ok
[INFO] [stdout] test core::thread_pool::test::test_build_thread_pool_cpu_pinning_if_supported ... ok
[INFO] [stdout] test test::fixed::test_adaptor_cmp_by ... ok
[INFO] [stdout] test test::fixed::test_adaptor_cmp ... ok
[INFO] [stdout] test core::range::test::test_fixed_range ... ok
[INFO] [stdout] test test::fixed::test_adaptor_eq ... ok
[INFO] [stdout] test test::fixed::test_adaptor_cmp_by_keys ... ok
[INFO] [stdout] test test::fixed::test_adaptor_filter ... ok
[INFO] [stdout] test test::fixed::test_adaptor_cmp_by_key ... ok
[INFO] [stdout] test test::fixed::test_adaptor_eq_by_key ... ok
[INFO] [stdout] test test::fixed::test_adaptor_find_map_first ... ok
[INFO] [stdout] test test::fixed::test_adaptor_filter_map ... ok
[INFO] [stdout] test test::fixed::test_adaptor_find_any ... ok
[INFO] [stdout] test test::fixed::test_adaptor_find_first ... ok
[INFO] [stdout] test test::fixed::test_adaptor_inspect ... ok
[INFO] [stdout] test test::fixed::test_adaptor_max_by ... ok
[INFO] [stdout] test test::fixed::test_adaptor_max ... ok
[INFO] [stdout] test test::fixed::test_adaptor_map ... ok
[INFO] [stdout] test test::fixed::test_adaptor_for_each_init ... ok
[INFO] [stdout] test test::fixed::test_adaptor_min ... ok
[INFO] [stdout] test test::fixed::test_adaptor_map_init ... ok
[INFO] [stdout] test test::fixed::test_adaptor_min_by ... ok
[INFO] [stdout] test test::fixed::test_adaptor_find_map_any ... ok
[INFO] [stdout] test core::range::test::test_work_stealing_range_multi_threaded ... ok
[INFO] [stdout] test test::fixed::test_adaptor_eq_by_keys ... ok
[INFO] [stdout] test test::fixed::test_adaptor_cloned ... ok
[INFO] [stdout] test test::fixed::test_adaptor_max_by_key ... ok
[INFO] [stdout] test test::fixed::test_adaptor_product ... ok
[INFO] [stdout] test test::fixed::test_adaptor_reduce ... ok
[INFO] [stdout] test test::fixed::test_pipeline_empty_input ... ok
[INFO] [stdout] test test::fixed::test_pipeline_local_lifetime_accumulator ... ok
[INFO] [stdout] test test::fixed::test_adaptor_min_by_key ... ok
[INFO] [stdout] test test::fixed::test_adaptor_ne_by_key ... ok
[INFO] [stdout] test test::fixed::test_pipeline_non_sync_accumulator ... ok
[INFO] [stdout] test test::fixed::test_adaptor_sum ... ok
[INFO] [stdout] test test::fixed::test_adaptor_try_for_each_init ... ok
[INFO] [stdout] test test::fixed::test_adaptor_ne_by_keys ... ok
[INFO] [stdout] test test::fixed::test_adaptor_ne ... ok
[INFO] [stdout] test test::fixed::test_adaptor_try_for_each ... ok
[INFO] [stdout] test test::fixed::test_pipeline_local_lifetime_input ... ok
[INFO] [stdout] test test::fixed::test_pipeline_local_lifetime_output ... ok
[INFO] [stdout] test test::fixed::test_pipeline_local_lifetime_functions ... ok
[INFO] [stdout] test test::fixed::test_pipeline_non_send_sync_accumulator ... ok
[INFO] [stdout] test test::fixed::test_pipelines_several_accumulators ... ok
[INFO] [stdout] test test::fixed::test_pipeline_one_panic - should panic ... ok
[INFO] [stdout] test test::fixed::test_pipeline_some_panics - should panic ... ok
[INFO] [stdout] test test::fixed::test_adaptor_partial_cmp_by ... ok
[INFO] [stdout] test test::fixed::test_adaptor_partial_cmp ... ok
[INFO] [stdout] test test::fixed::test_pipelines_several_functions ... ok
[INFO] [stdout] test test::fixed::test_pipeline_non_sync_output ... ok
[INFO] [stdout] test test::fixed::test_pipeline_many_panics - should panic ... ok
[INFO] [stdout] test test::fixed::test_source_adaptor_chain_overflow - should panic ... ok
[INFO] [stdout] test test::fixed::test_source_adaptor_skip_exact ... ok
[INFO] [stdout] test test::fixed::test_source_adaptor_skip_exact_too_much - should panic ... ok
[INFO] [stdout] test test::fixed::test_source_adaptor_chain ... ok
[INFO] [stdout] test test::fixed::test_pipeline_sum_integers ... ok
[INFO] [stdout] test test::fixed::test_pipelines_several_inputs ... ok
[INFO] [stdout] test test::fixed::test_source_adaptor_skip ... ok
[INFO] [stdout] test test::fixed::test_pipelines_several_types ... ok
[INFO] [stdout] test test::fixed::test_pipelines_sum_twice ... ok
[INFO] [stdout] test test::fixed::test_source_adaptor_enumerate ... ok
[INFO] [stdout] test test::fixed::test_source_adaptor_step_by ... ok
[INFO] [stdout] test test::fixed::test_adaptor_partial_cmp_by_keys ... ok
[INFO] [stdout] test test::fixed::test_source_adaptor_step_by_zero - should panic ... ok
[INFO] [stdout] test test::fixed::test_adaptor_partial_cmp_by_key ... ok
[INFO] [stdout] test test::fixed::test_source_adaptor_zip_eq_unequal - should panic ... ok
[INFO] [stdout] test test::fixed::test_source_adaptor_step_by_zero_empty - should panic ... ok
[INFO] [stdout] test test::fixed::test_source_adaptor_take_exact_too_much - should panic ... ok
[INFO] [stdout] test test::fixed::test_source_adaptor_rev ... ok
[INFO] [stdout] test test::test_expected_sum_lengths ... ok
[INFO] [stdout] test test::fixed::test_source_range_inclusive ... ok
[INFO] [stdout] test test::fixed::test_source_range_inclusive_too_large - should panic ... ok
[INFO] [stdout] test test::fixed::test_source_adaptor_take_exact ... ok
[INFO] [stdout] test test::fixed::test_source_adaptor_take ... ok
[INFO] [stdout] test test::fixed::test_adaptor_for_each ... ok
[INFO] [stdout] test test::fixed::test_pipelines_several_input_types ... ok
[INFO] [stdout] test test::work_stealing::test_adaptor_any ... ok
[INFO] [stdout] test test::fixed::test_source_adaptor_zip_max ... ok
[INFO] [stdout] test test::fixed::test_source_adaptor_zip_eq ... ok
[INFO] [stdout] test test::fixed::test_source_range_backwards - should panic ... ok
[INFO] [stdout] test test::fixed::test_source_range ... ok
[INFO] [stdout] test test::fixed::test_source_range_inclusive_backwards - should panic ... ok
[INFO] [stdout] test test::fixed::test_source_slice_mut ... ok
[INFO] [stdout] test test::fixed::test_source_adaptor_zip_min ... ok
[INFO] [stdout] test test::work_stealing::test_adaptor_all ... ok
[INFO] [stdout] test test::fixed::test_source_slice ... ok
[INFO] [stdout] test test::work_stealing::test_adaptor_cloned ... ok
[INFO] [stdout] test test::work_stealing::test_adaptor_eq_by_keys ... ok
[INFO] [stdout] test test::work_stealing::test_adaptor_eq ... ok
[INFO] [stdout] test test::fixed::test_source_slice_mut_not_sync ... ok
[INFO] [stdout] test test::work_stealing::test_adaptor_cmp_by_key ... ok
[INFO] [stdout] test test::work_stealing::test_adaptor_find_first ... ok
[INFO] [stdout] test test::work_stealing::test_adaptor_find_map_any ... ok
[INFO] [stdout] test test::work_stealing::test_adaptor_filter_map ... ok
[INFO] [stdout] test test::work_stealing::test_adaptor_cmp ... ok
[INFO] [stdout] test test::work_stealing::test_adaptor_copied ... ok
[INFO] [stdout] test test::work_stealing::test_adaptor_filter ... ok
[INFO] [stdout] test test::work_stealing::test_adaptor_cmp_by_keys ... ok
[INFO] [stdout] test test::work_stealing::test_adaptor_cmp_by ... ok
[INFO] [stdout] test test::work_stealing::test_adaptor_max_by ... ok
[INFO] [stdout] test test::work_stealing::test_adaptor_min_by ... ok
[INFO] [stdout] test test::work_stealing::test_adaptor_find_map_first ... ok
[INFO] [stdout] test test::work_stealing::test_adaptor_map ... ok
[INFO] [stdout] test test::work_stealing::test_adaptor_max_by_key ... ok
[INFO] [stdout] test test::work_stealing::test_adaptor_eq_by_key ... ok
[INFO] [stdout] test test::work_stealing::test_adaptor_find_any ... ok
[INFO] [stdout] test test::work_stealing::test_adaptor_for_each_init ... ok
[INFO] [stdout] test test::work_stealing::test_adaptor_min ... ok
[INFO] [stdout] test test::work_stealing::test_adaptor_min_by_key ... ok
[INFO] [stdout] test test::work_stealing::test_adaptor_ne ... ok
[INFO] [stdout] test test::work_stealing::test_adaptor_map_init ... ok
[INFO] [stdout] test test::work_stealing::test_adaptor_product ... ok
[INFO] [stdout] test test::work_stealing::test_adaptor_sum ... ok
[INFO] [stdout] test test::work_stealing::test_adaptor_inspect ... ok
[INFO] [stdout] test test::work_stealing::test_adaptor_max ... ok
[INFO] [stdout] test test::work_stealing::test_adaptor_reduce ... ok
[INFO] [stdout] test test::work_stealing::test_pipeline_empty_input ... ok
[INFO] [stdout] test test::work_stealing::test_adaptor_ne_by_key ... ok
[INFO] [stdout] test test::work_stealing::test_pipeline_local_lifetime_functions ... ok
[INFO] [stdout] test test::work_stealing::test_adaptor_partial_cmp ... ok
[INFO] [stdout] test test::work_stealing::test_adaptor_partial_cmp_by ... ok
[INFO] [stdout] test test::work_stealing::test_adaptor_ne_by_keys ... ok
[INFO] [stdout] test test::work_stealing::test_pipeline_local_lifetime_input ... ok
[INFO] [stdout] test test::work_stealing::test_pipeline_non_send_sync_accumulator ... ok
[INFO] [stdout] test test::work_stealing::test_pipeline_local_lifetime_accumulator ... ok
[INFO] [stdout] test test::work_stealing::test_pipeline_non_sync_accumulator ... ok
[INFO] [stdout] test test::work_stealing::test_pipeline_one_panic - should panic ... ok
[INFO] [stdout] test test::work_stealing::test_pipeline_many_panics - should panic ... ok
[INFO] [stdout] test test::work_stealing::test_pipeline_some_panics - should panic ... ok
[INFO] [stdout] test test::work_stealing::test_pipeline_local_lifetime_output ... ok
[INFO] [stdout] test test::work_stealing::test_pipeline_non_sync_output ... ok
[INFO] [stdout] test test::work_stealing::test_adaptor_try_for_each ... ok
[INFO] [stdout] test test::work_stealing::test_adaptor_try_for_each_init ... ok
[INFO] [stdout] test test::work_stealing::test_source_adaptor_chain ... ok
[INFO] [stdout] test test::work_stealing::test_source_adaptor_chain_overflow - should panic ... ok
[INFO] [stdout] test test::work_stealing::test_pipelines_several_accumulators ... FAILED
[INFO] [stdout] test test::work_stealing::test_pipelines_sum_twice ... ok
[INFO] [stdout] test test::work_stealing::test_source_adaptor_enumerate ... ok
[INFO] [stdout] test test::work_stealing::test_source_adaptor_rev ... ok
[INFO] [stdout] test test::work_stealing::test_source_adaptor_skip ... ok
[INFO] [stdout] test test::work_stealing::test_pipelines_several_types ... ok
[INFO] [stdout] test test::work_stealing::test_source_adaptor_skip_exact ... ok
[INFO] [stdout] test test::work_stealing::test_pipeline_sum_integers ... ok
[INFO] [stdout] test test::work_stealing::test_adaptor_partial_cmp_by_key ... ok
[INFO] [stdout] test test::work_stealing::test_pipelines_several_functions ... ok
[INFO] [stdout] test test::work_stealing::test_adaptor_partial_cmp_by_keys ... ok
[INFO] [stdout] test test::work_stealing::test_pipelines_several_inputs ... ok
[INFO] [stdout] test test::work_stealing::test_source_adaptor_step_by_zero - should panic ... ok
[INFO] [stdout] test test::work_stealing::test_source_adaptor_skip_exact_too_much - should panic ... ok
[INFO] [stdout] test test::work_stealing::test_source_adaptor_zip_eq ... ok
[INFO] [stdout] test test::work_stealing::test_source_adaptor_step_by_zero_empty - should panic ... ok
[INFO] [stdout] test test::work_stealing::test_source_adaptor_zip_max ... ok
[INFO] [stdout] test test::work_stealing::test_source_range_inclusive_too_large - should panic ... ok
[INFO] [stdout] test test::work_stealing::test_pipelines_several_input_types ... ok
[INFO] [stdout] test test::work_stealing::test_source_adaptor_take_exact ... ok
[INFO] [stdout] test test::work_stealing::test_source_adaptor_zip_min ... ok
[INFO] [stdout] test test::work_stealing::test_source_adaptor_zip_eq_unequal - should panic ... ok
[INFO] [stdout] test test::work_stealing::test_source_adaptor_take_exact_too_much - should panic ... ok
[INFO] [stdout] test test::work_stealing::test_source_adaptor_take ... ok
[INFO] [stdout] test test::work_stealing::test_source_range_inclusive_backwards - should panic ... ok
[INFO] [stdout] test test::work_stealing::test_source_adaptor_step_by ... ok
[INFO] [stdout] test test::work_stealing::test_source_range_backwards - should panic ... ok
[INFO] [stdout] test test::work_stealing::test_source_slice_mut_not_sync ... ok
[INFO] [stdout] test test::work_stealing::test_source_range ... ok
[INFO] [stdout] test test::work_stealing::test_source_slice ... ok
[INFO] [stdout] test test::work_stealing::test_source_range_inclusive ... ok
[INFO] [stdout] test test::work_stealing::test_source_slice_mut ... ok
[INFO] [stdout] test test::work_stealing::test_adaptor_for_each ... ok
[INFO] [stdout] 
[INFO] [stdout] failures:
[INFO] [stdout] 
[INFO] [stdout] ---- test::work_stealing::test_pipelines_several_accumulators stdout ----
[INFO] [stdout] thread '<unnamed>' panicked at src/lib.rs:422:29:
[INFO] [stdout] attempt to add with overflow
[INFO] [stdout] stack backtrace:
[INFO] [stdout]    0:     0x5c4db0f39bda - std::backtrace_rs::backtrace::libunwind::trace::h5a5b8284f2d0c266
[INFO] [stdout]                                at /rustc/90b35a6239c3d8bdabc530a6a0816f7ff89a0aaf/library/std/src/../../backtrace/src/backtrace/libunwind.rs:116:5
[INFO] [stdout]    1:     0x5c4db0f39bda - std::backtrace_rs::backtrace::trace_unsynchronized::h76d4f1c9b0b875e3
[INFO] [stdout]                                at /rustc/90b35a6239c3d8bdabc530a6a0816f7ff89a0aaf/library/std/src/../../backtrace/src/backtrace/mod.rs:66:5
[INFO] [stdout]    2:     0x5c4db0f39bda - std::sys::backtrace::_print_fmt::hc4546b8364a537c6
[INFO] [stdout]                                at /rustc/90b35a6239c3d8bdabc530a6a0816f7ff89a0aaf/library/std/src/sys/backtrace.rs:66:9
[INFO] [stdout]    3:     0x5c4db0f39bda - <std::sys::backtrace::BacktraceLock::print::DisplayBacktrace as core::fmt::Display>::fmt::h5b6bd5631a6d1f6b
[INFO] [stdout]                                at /rustc/90b35a6239c3d8bdabc530a6a0816f7ff89a0aaf/library/std/src/sys/backtrace.rs:39:26
[INFO] [stdout]    4:     0x5c4db0f5f253 - core::fmt::rt::Argument::fmt::h270f6602a2b96f62
[INFO] [stdout]                                at /rustc/90b35a6239c3d8bdabc530a6a0816f7ff89a0aaf/library/core/src/fmt/rt.rs:177:76
[INFO] [stdout]    5:     0x5c4db0f5f253 - core::fmt::write::h7550c97b06c86515
[INFO] [stdout]                                at /rustc/90b35a6239c3d8bdabc530a6a0816f7ff89a0aaf/library/core/src/fmt/mod.rs:1186:21
[INFO] [stdout]    6:     0x5c4db0f369f3 - std::io::Write::write_fmt::h509ff860e5956e5e
[INFO] [stdout]                                at /rustc/90b35a6239c3d8bdabc530a6a0816f7ff89a0aaf/library/std/src/io/mod.rs:1839:15
[INFO] [stdout]    7:     0x5c4db0f39a22 - std::sys::backtrace::BacktraceLock::print::h2395ccd2c84ba3aa
[INFO] [stdout]                                at /rustc/90b35a6239c3d8bdabc530a6a0816f7ff89a0aaf/library/std/src/sys/backtrace.rs:42:9
[INFO] [stdout]    8:     0x5c4db0f3b03a - std::panicking::default_hook::{{closure}}::he19d4c7230e07961
[INFO] [stdout]                                at /rustc/90b35a6239c3d8bdabc530a6a0816f7ff89a0aaf/library/std/src/panicking.rs:268:22
[INFO] [stdout]    9:     0x5c4db0f3ae44 - std::panicking::default_hook::hf614597d3c67bbdb
[INFO] [stdout]                                at /rustc/90b35a6239c3d8bdabc530a6a0816f7ff89a0aaf/library/std/src/panicking.rs:292:9
[INFO] [stdout]   10:     0x5c4db0ec46a9 - <alloc::boxed::Box<F,A> as core::ops::function::Fn<Args>>::call::h39b51ce4599c23d1
[INFO] [stdout]                                at /rustc/90b35a6239c3d8bdabc530a6a0816f7ff89a0aaf/library/alloc/src/boxed.rs:2468:9
[INFO] [stdout]   11:     0x5c4db0ec46a9 - test::test_main::{{closure}}::he977ae839a582784
[INFO] [stdout]                                at /rustc/90b35a6239c3d8bdabc530a6a0816f7ff89a0aaf/library/test/src/lib.rs:133:21
[INFO] [stdout]   12:     0x5c4db0f3b6d8 - <alloc::boxed::Box<F,A> as core::ops::function::Fn<Args>>::call::h9455091b6b06f9fb
[INFO] [stdout]                                at /rustc/90b35a6239c3d8bdabc530a6a0816f7ff89a0aaf/library/alloc/src/boxed.rs:2468:9
[INFO] [stdout]   13:     0x5c4db0f3b6d8 - std::panicking::rust_panic_with_hook::h8942133a8b252070
[INFO] [stdout]                                at /rustc/90b35a6239c3d8bdabc530a6a0816f7ff89a0aaf/library/std/src/panicking.rs:809:13
[INFO] [stdout]   14:     0x5c4db0f3b466 - std::panicking::begin_panic_handler::{{closure}}::hb5f5963570096b29
[INFO] [stdout]                                at /rustc/90b35a6239c3d8bdabc530a6a0816f7ff89a0aaf/library/std/src/panicking.rs:667:13
[INFO] [stdout]   15:     0x5c4db0f3a0b9 - std::sys::backtrace::__rust_end_short_backtrace::h6208cedc1922feda
[INFO] [stdout]                                at /rustc/90b35a6239c3d8bdabc530a6a0816f7ff89a0aaf/library/std/src/sys/backtrace.rs:170:18
[INFO] [stdout]   16:     0x5c4db0f3b12c - rust_begin_unwind
[INFO] [stdout]                                at /rustc/90b35a6239c3d8bdabc530a6a0816f7ff89a0aaf/library/std/src/panicking.rs:665:5
[INFO] [stdout]   17:     0x5c4db0bdffe0 - core::panicking::panic_fmt::h0c3082644d1bf418
[INFO] [stdout]                                at /rustc/90b35a6239c3d8bdabc530a6a0816f7ff89a0aaf/library/core/src/panicking.rs:74:14
[INFO] [stdout]   18:     0x5c4db0be0737 - core::panicking::panic_const::panic_const_add_overflow::hf2f4fb688348b3b0
[INFO] [stdout]                                at /rustc/90b35a6239c3d8bdabc530a6a0816f7ff89a0aaf/library/core/src/panicking.rs:181:21
[INFO] [stdout]   19:     0x5c4db0e5a1c9 - paralight::test::test_pipelines_several_accumulators::{{closure}}::h8b6e7be8fb310905
[INFO] [stdout]                                at /opt/rustwide/workdir/src/lib.rs:422:29
[INFO] [stdout]   20:     0x5c4db0d824a6 - <paralight::iter::IterAccumulator<Init,ProcessItem,Finalize> as paralight::iter::Accumulator<Item,Output>>::accumulate::h46db768424fa4562
[INFO] [stdout]                                at /opt/rustwide/workdir/src/iter/mod.rs:291:27
[INFO] [stdout]   21:     0x5c4db0e164a1 - <paralight::iter::source::FetchAccumulator<Inner,FetchItem> as paralight::iter::Accumulator<usize,Output>>::accumulate::hf93474f4c736fc54
[INFO] [stdout]                                at /opt/rustwide/workdir/src/iter/source/mod.rs:835:9
[INFO] [stdout]   22:     0x5c4db0d71275 - <paralight::core::thread_pool::IterPipelineImpl<Output,Accum> as paralight::core::thread_pool::Pipeline<R>>::run::hd87bda4805b3ddef
[INFO] [stdout]                                at /opt/rustwide/workdir/src/core/thread_pool.rs:510:22
[INFO] [stdout]   23:     0x5c4db0d75863 - paralight::core::thread_pool::ThreadContext<R>::run::{{closure}}::h79e7e1a166d0b3c9
[INFO] [stdout]                                at /opt/rustwide/workdir/src/core/thread_pool.rs:530:17
[INFO] [stdout]   24:     0x5c4db0e4462d - paralight::core::sync::Borrower<T>::borrow::h2f495d7a2663c2e8
[INFO] [stdout]                                at /opt/rustwide/workdir/src/core/sync.rs:254:21
[INFO] [stdout]   25:     0x5c4db0d757d4 - paralight::core::thread_pool::ThreadContext<R>::run::h340aa8560c092aa1
[INFO] [stdout]                                at /opt/rustwide/workdir/src/core/thread_pool.rs:529:19
[INFO] [stdout]   26:     0x5c4db0cdb59b - paralight::core::thread_pool::ThreadPoolImpl<F>::new::{{closure}}::{{closure}}::hc713d218ab888fb6
[INFO] [stdout]                                at /opt/rustwide/workdir/src/core/thread_pool.rs:340:25
[INFO] [stdout]   27:     0x5c4db0e57426 - std::sys::backtrace::__rust_begin_short_backtrace::hb103662b47239090
[INFO] [stdout]                                at /rustc/90b35a6239c3d8bdabc530a6a0816f7ff89a0aaf/library/std/src/sys/backtrace.rs:154:18
[INFO] [stdout]   28:     0x5c4db0e294f0 - std::thread::Builder::spawn_unchecked_::{{closure}}::{{closure}}::h41a69bcef2c6024f
[INFO] [stdout]                                at /rustc/90b35a6239c3d8bdabc530a6a0816f7ff89a0aaf/library/std/src/thread/mod.rs:538:17
[INFO] [stdout]   29:     0x5c4db0e72e50 - <core::panic::unwind_safe::AssertUnwindSafe<F> as core::ops::function::FnOnce<()>>::call_once::had999410eabe5c7d
[INFO] [stdout]                                at /rustc/90b35a6239c3d8bdabc530a6a0816f7ff89a0aaf/library/core/src/panic/unwind_safe.rs:272:9
[INFO] [stdout]   30:     0x5c4db0e477a0 - std::panicking::try::do_call::ha5bcdccac14f74e7
[INFO] [stdout]                                at /rustc/90b35a6239c3d8bdabc530a6a0816f7ff89a0aaf/library/std/src/panicking.rs:557:40
[INFO] [stdout]   31:     0x5c4db0e2a88b - __rust_try
[INFO] [stdout]   32:     0x5c4db0e279ed - std::panicking::try::h750610f5d5d8c440
[INFO] [stdout]                                at /rustc/90b35a6239c3d8bdabc530a6a0816f7ff89a0aaf/library/std/src/panicking.rs:520:19
[INFO] [stdout]   33:     0x5c4db0e279ed - std::panic::catch_unwind::hb7ba55279c90bbce
[INFO] [stdout]                                at /rustc/90b35a6239c3d8bdabc530a6a0816f7ff89a0aaf/library/std/src/panic.rs:358:14
[INFO] [stdout]   34:     0x5c4db0e279ed - std::thread::Builder::spawn_unchecked_::{{closure}}::ha68465452124e38c
[INFO] [stdout]                                at /rustc/90b35a6239c3d8bdabc530a6a0816f7ff89a0aaf/library/std/src/thread/mod.rs:537:30
[INFO] [stdout]   35:     0x5c4db0e486ce - core::ops::function::FnOnce::call_once{{vtable.shim}}::h482908055d45ff4b
[INFO] [stdout]                                at /rustc/90b35a6239c3d8bdabc530a6a0816f7ff89a0aaf/library/core/src/ops/function.rs:250:5
[INFO] [stdout]   36:     0x5c4db0f3f52b - <alloc::boxed::Box<F,A> as core::ops::function::FnOnce<Args>>::call_once::hf75717d9f28faebf
[INFO] [stdout]                                at /rustc/90b35a6239c3d8bdabc530a6a0816f7ff89a0aaf/library/alloc/src/boxed.rs:2454:9
[INFO] [stdout]   37:     0x5c4db0f3f52b - <alloc::boxed::Box<F,A> as core::ops::function::FnOnce<Args>>::call_once::h7bd883a5f3c5f3c1
[INFO] [stdout]                                at /rustc/90b35a6239c3d8bdabc530a6a0816f7ff89a0aaf/library/alloc/src/boxed.rs:2454:9
[INFO] [stdout]   38:     0x5c4db0f3f52b - std::sys::pal::unix::thread::Thread::new::thread_start::hcc78f3943333fa94
[INFO] [stdout]                                at /rustc/90b35a6239c3d8bdabc530a6a0816f7ff89a0aaf/library/std/src/sys/pal/unix/thread.rs:105:17
[INFO] [stdout]   39:     0x7af3681deac3 - <unknown>
[INFO] [stdout]   40:     0x7af36826fa04 - clone
[INFO] [stdout]   41:                0x0 - <unknown>
[INFO] [stdout] thread 'test::work_stealing::test_pipelines_several_accumulators' panicked at src/core/sync.rs:156:13:
[INFO] [stdout] 1 worker thread(s) panicked!
[INFO] [stdout] stack backtrace:
[INFO] [stdout]    0:     0x5c4db0f39bda - std::backtrace_rs::backtrace::libunwind::trace::h5a5b8284f2d0c266
[INFO] [stdout]                                at /rustc/90b35a6239c3d8bdabc530a6a0816f7ff89a0aaf/library/std/src/../../backtrace/src/backtrace/libunwind.rs:116:5
[INFO] [stdout]    1:     0x5c4db0f39bda - std::backtrace_rs::backtrace::trace_unsynchronized::h76d4f1c9b0b875e3
[INFO] [stdout]                                at /rustc/90b35a6239c3d8bdabc530a6a0816f7ff89a0aaf/library/std/src/../../backtrace/src/backtrace/mod.rs:66:5
[INFO] [stdout]    2:     0x5c4db0f39bda - std::sys::backtrace::_print_fmt::hc4546b8364a537c6
[INFO] [stdout]                                at /rustc/90b35a6239c3d8bdabc530a6a0816f7ff89a0aaf/library/std/src/sys/backtrace.rs:66:9
[INFO] [stdout]    3:     0x5c4db0f39bda - <std::sys::backtrace::BacktraceLock::print::DisplayBacktrace as core::fmt::Display>::fmt::h5b6bd5631a6d1f6b
[INFO] [stdout]                                at /rustc/90b35a6239c3d8bdabc530a6a0816f7ff89a0aaf/library/std/src/sys/backtrace.rs:39:26
[INFO] [stdout]    4:     0x5c4db0f5f253 - core::fmt::rt::Argument::fmt::h270f6602a2b96f62
[INFO] [stdout]                                at /rustc/90b35a6239c3d8bdabc530a6a0816f7ff89a0aaf/library/core/src/fmt/rt.rs:177:76
[INFO] [stdout]    5:     0x5c4db0f5f253 - core::fmt::write::h7550c97b06c86515
[INFO] [stdout]                                at /rustc/90b35a6239c3d8bdabc530a6a0816f7ff89a0aaf/library/core/src/fmt/mod.rs:1186:21
[INFO] [stdout]    6:     0x5c4db0f369f3 - std::io::Write::write_fmt::h509ff860e5956e5e
[INFO] [stdout]                                at /rustc/90b35a6239c3d8bdabc530a6a0816f7ff89a0aaf/library/std/src/io/mod.rs:1839:15
[INFO] [stdout]    7:     0x5c4db0f39a22 - std::sys::backtrace::BacktraceLock::print::h2395ccd2c84ba3aa
[INFO] [stdout]                                at /rustc/90b35a6239c3d8bdabc530a6a0816f7ff89a0aaf/library/std/src/sys/backtrace.rs:42:9
[INFO] [stdout]    8:     0x5c4db0f3b03a - std::panicking::default_hook::{{closure}}::he19d4c7230e07961
[INFO] [stdout]                                at /rustc/90b35a6239c3d8bdabc530a6a0816f7ff89a0aaf/library/std/src/panicking.rs:268:22
[INFO] [stdout]    9:     0x5c4db0f3ae44 - std::panicking::default_hook::hf614597d3c67bbdb
[INFO] [stdout]                                at /rustc/90b35a6239c3d8bdabc530a6a0816f7ff89a0aaf/library/std/src/panicking.rs:292:9
[INFO] [stdout]   10:     0x5c4db0ec46a9 - <alloc::boxed::Box<F,A> as core::ops::function::Fn<Args>>::call::h39b51ce4599c23d1
[INFO] [stdout]                                at /rustc/90b35a6239c3d8bdabc530a6a0816f7ff89a0aaf/library/alloc/src/boxed.rs:2468:9
[INFO] [stdout]   11:     0x5c4db0ec46a9 - test::test_main::{{closure}}::he977ae839a582784
[INFO] [stdout]                                at /rustc/90b35a6239c3d8bdabc530a6a0816f7ff89a0aaf/library/test/src/lib.rs:133:21
[INFO] [stdout]   12:     0x5c4db0f3b6d8 - <alloc::boxed::Box<F,A> as core::ops::function::Fn<Args>>::call::h9455091b6b06f9fb
[INFO] [stdout]                                at /rustc/90b35a6239c3d8bdabc530a6a0816f7ff89a0aaf/library/alloc/src/boxed.rs:2468:9
[INFO] [stdout]   13:     0x5c4db0f3b6d8 - std::panicking::rust_panic_with_hook::h8942133a8b252070
[INFO] [stdout]                                at /rustc/90b35a6239c3d8bdabc530a6a0816f7ff89a0aaf/library/std/src/panicking.rs:809:13
[INFO] [stdout]   14:     0x5c4db0f3b49a - std::panicking::begin_panic_handler::{{closure}}::hb5f5963570096b29
[INFO] [stdout]                                at /rustc/90b35a6239c3d8bdabc530a6a0816f7ff89a0aaf/library/std/src/panicking.rs:674:13
[INFO] [stdout]   15:     0x5c4db0f3a0b9 - std::sys::backtrace::__rust_end_short_backtrace::h6208cedc1922feda
[INFO] [stdout]                                at /rustc/90b35a6239c3d8bdabc530a6a0816f7ff89a0aaf/library/std/src/sys/backtrace.rs:170:18
[INFO] [stdout]   16:     0x5c4db0f3b12c - rust_begin_unwind
[INFO] [stdout]                                at /rustc/90b35a6239c3d8bdabc530a6a0816f7ff89a0aaf/library/std/src/panicking.rs:665:5
[INFO] [stdout]   17:     0x5c4db0bdffe0 - core::panicking::panic_fmt::h0c3082644d1bf418
[INFO] [stdout]                                at /rustc/90b35a6239c3d8bdabc530a6a0816f7ff89a0aaf/library/core/src/panicking.rs:74:14
[INFO] [stdout]   18:     0x5c4db0e440d5 - paralight::core::sync::Lender<T>::lend::h68cf69f159374729
[INFO] [stdout]                                at /opt/rustwide/workdir/src/core/sync.rs:156:13
[INFO] [stdout]   19:     0x5c4db0d1d4a4 - paralight::core::thread_pool::ThreadPoolImpl<F>::iter_pipeline::hfaf09f00448dfcaa
[INFO] [stdout]                                at /opt/rustwide/workdir/src/core/thread_pool.rs:412:9
[INFO] [stdout]   20:     0x5c4db0cd83c1 - paralight::core::thread_pool::ThreadPoolEnum::iter_pipeline::h77cf084a52bb3b1d
[INFO] [stdout]                                at /opt/rustwide/workdir/src/core/thread_pool.rs:245:52
[INFO] [stdout]   21:     0x5c4db0cd44dc - paralight::core::thread_pool::ThreadPool::iter_pipeline::hc0c27b0cad1a158f
[INFO] [stdout]                                at /opt/rustwide/workdir/src/core/thread_pool.rs:168:9
[INFO] [stdout]   22:     0x5c4db0e0c97a - <paralight::iter::source::BaseParallelIterator<S> as paralight::iter::ParallelIterator>::iter_pipeline::h0c89b8ec169d943e
[INFO] [stdout]                                at /opt/rustwide/workdir/src/iter/source/mod.rs:818:9
[INFO] [stdout]   23:     0x5c4db0e18856 - paralight::iter::ParallelIterator::pipeline::hbd9a51f0e78363a2
[INFO] [stdout]                                at /opt/rustwide/workdir/src/iter/mod.rs:83:9
[INFO] [stdout]   24:     0x5c4db0e59f26 - paralight::test::test_pipelines_several_accumulators::h02eeead9a93f877d
[INFO] [stdout]                                at /opt/rustwide/workdir/src/lib.rs:417:20
[INFO] [stdout]   25:     0x5c4db0e55bb4 - paralight::test::work_stealing::test_pipelines_several_accumulators::h86b404eba676c21f
[INFO] [stdout]                                at /opt/rustwide/workdir/src/lib.rs:57:17
[INFO] [stdout]   26:     0x5c4db0e55b87 - paralight::test::work_stealing::test_pipelines_several_accumulators::{{closure}}::hb2a75ea5791249c3
[INFO] [stdout]                                at /opt/rustwide/workdir/src/lib.rs:54:23
[INFO] [stdout]   27:     0x5c4db0e49236 - core::ops::function::FnOnce::call_once::h346119dae60502f9
[INFO] [stdout]                                at /rustc/90b35a6239c3d8bdabc530a6a0816f7ff89a0aaf/library/core/src/ops/function.rs:250:5
[INFO] [stdout]   28:     0x5c4db0ec906b - core::ops::function::FnOnce::call_once::h109cf8051a59b34e
[INFO] [stdout]                                at /rustc/90b35a6239c3d8bdabc530a6a0816f7ff89a0aaf/library/core/src/ops/function.rs:250:5
[INFO] [stdout]   29:     0x5c4db0ec906b - test::__rust_begin_short_backtrace::hf4fff89d377446ba
[INFO] [stdout]                                at /rustc/90b35a6239c3d8bdabc530a6a0816f7ff89a0aaf/library/test/src/lib.rs:621:18
[INFO] [stdout]   30:     0x5c4db0ec88a7 - test::run_test_in_process::{{closure}}::h0e39181dd7ee5a43
[INFO] [stdout]                                at /rustc/90b35a6239c3d8bdabc530a6a0816f7ff89a0aaf/library/test/src/lib.rs:644:60
[INFO] [stdout]   31:     0x5c4db0ec88a7 - <core::panic::unwind_safe::AssertUnwindSafe<F> as core::ops::function::FnOnce<()>>::call_once::hc5a66a30f0bdfd1f
[INFO] [stdout]                                at /rustc/90b35a6239c3d8bdabc530a6a0816f7ff89a0aaf/library/core/src/panic/unwind_safe.rs:272:9
[INFO] [stdout]   32:     0x5c4db0ec88a7 - std::panicking::try::do_call::h873b7cf639554a5e
[INFO] [stdout]                                at /rustc/90b35a6239c3d8bdabc530a6a0816f7ff89a0aaf/library/std/src/panicking.rs:557:40
[INFO] [stdout]   33:     0x5c4db0ec88a7 - std::panicking::try::hdb19862fad9c8bd1
[INFO] [stdout]                                at /rustc/90b35a6239c3d8bdabc530a6a0816f7ff89a0aaf/library/std/src/panicking.rs:520:19
[INFO] [stdout]   34:     0x5c4db0ec88a7 - std::panic::catch_unwind::h281fe732d236d260
[INFO] [stdout]                                at /rustc/90b35a6239c3d8bdabc530a6a0816f7ff89a0aaf/library/std/src/panic.rs:358:14
[INFO] [stdout]   35:     0x5c4db0ec88a7 - test::run_test_in_process::h949b6df8457ed338
[INFO] [stdout]                                at /rustc/90b35a6239c3d8bdabc530a6a0816f7ff89a0aaf/library/test/src/lib.rs:644:27
[INFO] [stdout]   36:     0x5c4db0ec88a7 - test::run_test::{{closure}}::h52c556a6d4740e10
[INFO] [stdout]                                at /rustc/90b35a6239c3d8bdabc530a6a0816f7ff89a0aaf/library/test/src/lib.rs:565:43
[INFO] [stdout]   37:     0x5c4db0e8db84 - test::run_test::{{closure}}::h4237f6381c45ccb9
[INFO] [stdout]                                at /rustc/90b35a6239c3d8bdabc530a6a0816f7ff89a0aaf/library/test/src/lib.rs:595:41
[INFO] [stdout]   38:     0x5c4db0e8db84 - std::sys::backtrace::__rust_begin_short_backtrace::h505c97a579eca628
[INFO] [stdout]                                at /rustc/90b35a6239c3d8bdabc530a6a0816f7ff89a0aaf/library/std/src/sys/backtrace.rs:154:18
[INFO] [stdout]   39:     0x5c4db0e9124e - std::thread::Builder::spawn_unchecked_::{{closure}}::{{closure}}::h9e86b2e2bc107ea3
[INFO] [stdout]                                at /rustc/90b35a6239c3d8bdabc530a6a0816f7ff89a0aaf/library/std/src/thread/mod.rs:538:17
[INFO] [stdout]   40:     0x5c4db0e9124e - <core::panic::unwind_safe::AssertUnwindSafe<F> as core::ops::function::FnOnce<()>>::call_once::h8b06ddb275ff4a25
[INFO] [stdout]                                at /rustc/90b35a6239c3d8bdabc530a6a0816f7ff89a0aaf/library/core/src/panic/unwind_safe.rs:272:9
[INFO] [stdout]   41:     0x5c4db0e9124e - std::panicking::try::do_call::hb26ecd7cd9a9355d
[INFO] [stdout]                                at /rustc/90b35a6239c3d8bdabc530a6a0816f7ff89a0aaf/library/std/src/panicking.rs:557:40
[INFO] [stdout]   42:     0x5c4db0e9124e - std::panicking::try::h8ddeca9d705f9069
[INFO] [stdout]                                at /rustc/90b35a6239c3d8bdabc530a6a0816f7ff89a0aaf/library/std/src/panicking.rs:520:19
[INFO] [stdout]   43:     0x5c4db0e9124e - std::panic::catch_unwind::h49e1c33078844c46
[INFO] [stdout]                                at /rustc/90b35a6239c3d8bdabc530a6a0816f7ff89a0aaf/library/std/src/panic.rs:358:14
[INFO] [stdout]   44:     0x5c4db0e9124e - std::thread::Builder::spawn_unchecked_::{{closure}}::h6073db6ff56ad35d
[INFO] [stdout]                                at /rustc/90b35a6239c3d8bdabc530a6a0816f7ff89a0aaf/library/std/src/thread/mod.rs:537:30
[INFO] [stdout]   45:     0x5c4db0e9124e - core::ops::function::FnOnce::call_once{{vtable.shim}}::h2c5a5f3779c774f1
[INFO] [stdout]                                at /rustc/90b35a6239c3d8bdabc530a6a0816f7ff89a0aaf/library/core/src/ops/function.rs:250:5
[INFO] [stdout]   46:     0x5c4db0f3f52b - <alloc::boxed::Box<F,A> as core::ops::function::FnOnce<Args>>::call_once::hf75717d9f28faebf
[INFO] [stdout]                                at /rustc/90b35a6239c3d8bdabc530a6a0816f7ff89a0aaf/library/alloc/src/boxed.rs:2454:9
[INFO] [stdout]   47:     0x5c4db0f3f52b - <alloc::boxed::Box<F,A> as core::ops::function::FnOnce<Args>>::call_once::h7bd883a5f3c5f3c1
[INFO] [stdout]                                at /rustc/90b35a6239c3d8bdabc530a6a0816f7ff89a0aaf/library/alloc/src/boxed.rs:2454:9
[INFO] [stdout]   48:     0x5c4db0f3f52b - std::sys::pal::unix::thread::Thread::new::thread_start::hcc78f3943333fa94
[INFO] [stdout]                                at /rustc/90b35a6239c3d8bdabc530a6a0816f7ff89a0aaf/library/std/src/sys/pal/unix/thread.rs:105:17
[INFO] [stdout]   49:     0x7af3681deac3 - <unknown>
[INFO] [stdout]   50:     0x7af36826fa04 - clone
[INFO] [stdout]   51:                0x0 - <unknown>
[INFO] [stdout] 
[INFO] [stdout] 
[INFO] [stdout] failures:
[INFO] [stdout]     test::work_stealing::test_pipelines_several_accumulators
[INFO] [stdout] 
[INFO] [stdout] test result: FAILED. 194 passed; 1 failed; 4 ignored; 0 measured; 0 filtered out; finished in 2.65s
[INFO] [stdout] 
[INFO] [stderr] error: test failed, to rerun pass `--lib`
[INFO] running `Command { std: "docker" "inspect" "05c36c162a37772c4fc81a15578ae26ab122516a0bc04a4044823b3b95642242", kill_on_drop: false }`
[INFO] running `Command { std: "docker" "rm" "-f" "05c36c162a37772c4fc81a15578ae26ab122516a0bc04a4044823b3b95642242", kill_on_drop: false }`
[INFO] [stdout] 05c36c162a37772c4fc81a15578ae26ab122516a0bc04a4044823b3b95642242
