[INFO] fetching crate git-snapshot 0.1.1...
[INFO] testing git-snapshot-0.1.1 against 1.83.0 for beta-1.84.0-4-retry
[INFO] extracting crate git-snapshot 0.1.1 into /workspace/builds/worker-6-tc1/source
[INFO] validating manifest of crates.io crate git-snapshot 0.1.1 on toolchain 1.83.0
[INFO] running `Command { std: CARGO_HOME="/workspace/cargo-home" RUSTUP_HOME="/workspace/rustup-home" "/workspace/cargo-home/bin/cargo" "+1.83.0" "metadata" "--manifest-path" "Cargo.toml" "--no-deps", kill_on_drop: false }`
[INFO] started tweaking crates.io crate git-snapshot 0.1.1
[INFO] finished tweaking crates.io crate git-snapshot 0.1.1
[INFO] tweaked toml for crates.io crate git-snapshot 0.1.1 written to /workspace/builds/worker-6-tc1/source/Cargo.toml
[INFO] crate crates.io crate git-snapshot 0.1.1 already has a lockfile, it will not be regenerated
[INFO] running `Command { std: CARGO_HOME="/workspace/cargo-home" RUSTUP_HOME="/workspace/rustup-home" "/workspace/cargo-home/bin/cargo" "+1.83.0" "fetch" "--manifest-path" "Cargo.toml", kill_on_drop: false }`
[INFO] running `Command { std: "docker" "create" "-v" "/var/lib/crater-agent-workspace/builds/worker-6-tc1/target:/opt/rustwide/target:rw,Z" "-v" "/var/lib/crater-agent-workspace/builds/worker-6-tc1/source:/opt/rustwide/workdir:ro,Z" "-v" "/var/lib/crater-agent-workspace/cargo-home:/opt/rustwide/cargo-home:ro,Z" "-v" "/var/lib/crater-agent-workspace/rustup-home:/opt/rustwide/rustup-home:ro,Z" "-e" "SOURCE_DIR=/opt/rustwide/workdir" "-e" "CARGO_TARGET_DIR=/opt/rustwide/target" "-e" "CARGO_HOME=/opt/rustwide/cargo-home" "-e" "RUSTUP_HOME=/opt/rustwide/rustup-home" "-w" "/opt/rustwide/workdir" "-m" "1610612736" "--user" "0:0" "--network" "none" "ghcr.io/rust-lang/crates-build-env/linux@sha256:f3a9d4ad9d972b27faf3965f35b62e55ba32bbce8f20bc8fe909558a86702fde" "/opt/rustwide/cargo-home/bin/cargo" "+1.83.0" "metadata" "--no-deps" "--format-version=1", kill_on_drop: false }`
[INFO] [stdout] 1f6ab5a9b1c2edd201b0b861b6e5949c63088be2f918194402b11fd92df97093
[INFO] running `Command { std: "docker" "start" "-a" "1f6ab5a9b1c2edd201b0b861b6e5949c63088be2f918194402b11fd92df97093", kill_on_drop: false }`
[INFO] running `Command { std: "docker" "inspect" "1f6ab5a9b1c2edd201b0b861b6e5949c63088be2f918194402b11fd92df97093", kill_on_drop: false }`
[INFO] running `Command { std: "docker" "rm" "-f" "1f6ab5a9b1c2edd201b0b861b6e5949c63088be2f918194402b11fd92df97093", kill_on_drop: false }`
[INFO] [stdout] 1f6ab5a9b1c2edd201b0b861b6e5949c63088be2f918194402b11fd92df97093
[INFO] running `Command { std: "docker" "create" "-v" "/var/lib/crater-agent-workspace/builds/worker-6-tc1/target:/opt/rustwide/target:rw,Z" "-v" "/var/lib/crater-agent-workspace/builds/worker-6-tc1/source:/opt/rustwide/workdir:ro,Z" "-v" "/var/lib/crater-agent-workspace/cargo-home:/opt/rustwide/cargo-home:ro,Z" "-v" "/var/lib/crater-agent-workspace/rustup-home:/opt/rustwide/rustup-home:ro,Z" "-e" "SOURCE_DIR=/opt/rustwide/workdir" "-e" "CARGO_TARGET_DIR=/opt/rustwide/target" "-e" "CARGO_INCREMENTAL=0" "-e" "RUST_BACKTRACE=full" "-e" "RUSTFLAGS=--cap-lints=warn" "-e" "RUSTDOCFLAGS=--cap-lints=warn" "-e" "CARGO_HOME=/opt/rustwide/cargo-home" "-e" "RUSTUP_HOME=/opt/rustwide/rustup-home" "-w" "/opt/rustwide/workdir" "-m" "1610612736" "--user" "0:0" "--network" "none" "ghcr.io/rust-lang/crates-build-env/linux@sha256:f3a9d4ad9d972b27faf3965f35b62e55ba32bbce8f20bc8fe909558a86702fde" "/opt/rustwide/cargo-home/bin/cargo" "+1.83.0" "build" "--frozen" "--message-format=json", kill_on_drop: false }`
[INFO] [stdout] 249658e1b33285c2e2e0ecb0dbf1fc46ef172c013732467a6098935aa02683af
[INFO] running `Command { std: "docker" "start" "-a" "249658e1b33285c2e2e0ecb0dbf1fc46ef172c013732467a6098935aa02683af", kill_on_drop: false }`
[INFO] [stderr]    Compiling libc v0.2.126
[INFO] [stderr]    Compiling proc-macro2 v1.0.40
[INFO] [stderr]    Compiling unicode-ident v1.0.1
[INFO] [stderr]    Compiling quote v1.0.20
[INFO] [stderr]    Compiling syn v1.0.98
[INFO] [stderr]    Compiling pkg-config v0.3.25
[INFO] [stderr]    Compiling cfg-if v1.0.0
[INFO] [stderr]    Compiling version_check v0.9.4
[INFO] [stderr]    Compiling autocfg v1.1.0
[INFO] [stderr]    Compiling log v0.4.17
[INFO] [stderr]    Compiling memchr v2.5.0
[INFO] [stderr]    Compiling once_cell v1.12.0
[INFO] [stderr]    Compiling tinyvec_macros v0.1.0
[INFO] [stderr]    Compiling serde_derive v1.0.137
[INFO] [stderr]    Compiling bitflags v1.3.2
[INFO] [stderr]    Compiling serde v1.0.137
[INFO] [stderr]    Compiling tinyvec v1.6.0
[INFO] [stderr]    Compiling futures-core v0.3.21
[INFO] [stderr]    Compiling matches v0.1.9
[INFO] [stderr]    Compiling crossbeam-utils v0.8.9
[INFO] [stderr]    Compiling unicode-width v0.1.9
[INFO] [stderr]    Compiling pin-project-lite v0.2.9
[INFO] [stderr]    Compiling quick-error v1.2.3
[INFO] [stderr]    Compiling unicode-bidi v0.3.8
[INFO] [stderr]    Compiling percent-encoding v2.1.0
[INFO] [stderr]    Compiling regex-syntax v0.6.26
[INFO] [stderr]    Compiling proc-macro-error-attr v1.0.4
[INFO] [stderr]    Compiling proc-macro-error v1.0.4
[INFO] [stderr]    Compiling unicode-segmentation v1.9.0
[INFO] [stderr]    Compiling humantime v1.3.0
[INFO] [stderr]    Compiling form_urlencoded v1.0.1
[INFO] [stderr]    Compiling textwrap v0.11.0
[INFO] [stderr]    Compiling futures-sink v0.3.21
[INFO] [stderr]    Compiling serde_json v1.0.81
[INFO] [stderr]    Compiling vec_map v0.8.2
[INFO] [stderr]    Compiling bytes v1.1.0
[INFO] [stderr]    Compiling strsim v0.8.0
[INFO] [stderr]    Compiling anyhow v1.0.58
[INFO] [stderr]    Compiling ansi_term v0.12.1
[INFO] [stderr]    Compiling aho-corasick v0.7.18
[INFO] [stderr]    Compiling same-file v1.0.6
[INFO] [stderr]    Compiling termcolor v1.1.3
[INFO] [stderr]    Compiling heck v0.3.3
[INFO] [stderr]    Compiling walkdir v2.3.2
[INFO] [stderr]    Compiling crossbeam-channel v0.5.5
[INFO] [stderr]    Compiling openssl-probe v0.1.5
[INFO] [stderr]    Compiling unicode-normalization v0.1.19
[INFO] [stderr]    Compiling itoa v1.0.2
[INFO] [stderr]    Compiling ryu v1.0.10
[INFO] [stderr]    Compiling humantime v2.1.0
[INFO] [stderr]    Compiling lazy_static v1.4.0
[INFO] [stderr]    Compiling jobserver v0.1.24
[INFO] [stderr]    Compiling atty v0.2.14
[INFO] [stderr]    Compiling num_cpus v1.13.1
[INFO] [stderr]    Compiling dirs-sys-next v0.1.2
[INFO] [stderr]    Compiling inotify-sys v0.1.5
[INFO] [stderr]    Compiling clap v2.34.0
[INFO] [stderr]    Compiling dirs-sys v0.3.7
[INFO] [stderr]    Compiling inotify v0.9.6
[INFO] [stderr]    Compiling mio v0.8.4
[INFO] [stderr]    Compiling filetime v0.2.16
[INFO] [stderr]    Compiling dirs-next v2.0.0
[INFO] [stderr]    Compiling dirs v4.0.0
[INFO] [stderr]    Compiling shellexpand v2.1.0
[INFO] [stderr]    Compiling idna v0.2.3
[INFO] [stderr]    Compiling cc v1.0.73
[INFO] [stderr]    Compiling notify v5.0.0-pre.15
[INFO] [stderr]    Compiling url v2.2.2
[INFO] [stderr]    Compiling openssl-sys v0.9.74
[INFO] [stderr]    Compiling libz-sys v1.1.8
[INFO] [stderr]    Compiling libssh2-sys v0.2.23
[INFO] [stderr]    Compiling libgit2-sys v0.13.4+1.4.2
[INFO] [stderr]    Compiling regex v1.5.6
[INFO] [stderr]    Compiling env_logger v0.7.1
[INFO] [stderr]    Compiling pretty_env_logger v0.4.0
[INFO] [stderr]    Compiling tokio-macros v1.8.0
[INFO] [stderr]    Compiling structopt-derive v0.4.18
[INFO] [stderr]    Compiling thiserror-impl v1.0.31
[INFO] [stderr]    Compiling tokio v1.19.2
[INFO] [stderr]    Compiling structopt v0.3.26
[INFO] [stderr]    Compiling thiserror v1.0.31
[INFO] [stderr]    Compiling tokio-util v0.7.3
[INFO] [stderr]    Compiling git2 v0.14.4
[INFO] [stderr]    Compiling tokio-stream v0.1.9
[INFO] [stderr]    Compiling humantime-serde v1.1.1
[INFO] [stderr]    Compiling git-snapshot v0.1.1 (/opt/rustwide/workdir)
[INFO] [stdout] warning: field `0` is never read
[INFO] [stdout]   --> src/repo_watcher.rs:34:24
[INFO] [stdout]    |
[INFO] [stdout] 34 | pub struct RepoWatcher(SyncWatcher);
[INFO] [stdout]    |            ----------- ^^^^^^^^^^^
[INFO] [stdout]    |            |
[INFO] [stdout]    |            field in this struct
[INFO] [stdout]    |
[INFO] [stdout]    = help: consider removing this field
[INFO] [stdout]    = note: `#[warn(dead_code)]` on by default
[INFO] [stdout] 
[INFO] [stdout] 
[INFO] [stdout] warning: call to `.clone()` on a reference in this situation does nothing
[INFO] [stdout]    --> src/repo.rs:173:32
[INFO] [stdout]     |
[INFO] [stdout] 173 |             let config = config.clone();
[INFO] [stdout]     |                                ^^^^^^^^
[INFO] [stdout]     |
[INFO] [stdout]     = note: the type `git2::Config` does not implement `Clone`, so calling `clone` on `&git2::Config` copies the reference, which does not do anything and can be removed
[INFO] [stdout]     = note: `#[warn(noop_method_call)]` on by default
[INFO] [stdout] help: remove this redundant call
[INFO] [stdout]     |
[INFO] [stdout] 173 -             let config = config.clone();
[INFO] [stdout] 173 +             let config = config;
[INFO] [stdout]     |
[INFO] [stdout] help: if you meant to clone `git2::Config`, implement `Clone` for it
[INFO] [stdout]    --> /opt/rustwide/cargo-home/registry/src/index.crates.io-6f17d22bba15001f/git2-0.14.4/src/config.rs:12:1
[INFO] [stdout]     |
[INFO] [stdout] 12  + #[derive(Clone)]
[INFO] [stdout] 13  | pub struct Config {
[INFO] [stdout]     |
[INFO] [stdout] 
[INFO] [stdout] 
[INFO] [stderr]     Finished `dev` profile [unoptimized + debuginfo] target(s) in 30.08s
[INFO] running `Command { std: "docker" "inspect" "249658e1b33285c2e2e0ecb0dbf1fc46ef172c013732467a6098935aa02683af", kill_on_drop: false }`
[INFO] running `Command { std: "docker" "rm" "-f" "249658e1b33285c2e2e0ecb0dbf1fc46ef172c013732467a6098935aa02683af", kill_on_drop: false }`
[INFO] [stdout] 249658e1b33285c2e2e0ecb0dbf1fc46ef172c013732467a6098935aa02683af
[INFO] running `Command { std: "docker" "create" "-v" "/var/lib/crater-agent-workspace/builds/worker-6-tc1/target:/opt/rustwide/target:rw,Z" "-v" "/var/lib/crater-agent-workspace/builds/worker-6-tc1/source:/opt/rustwide/workdir:ro,Z" "-v" "/var/lib/crater-agent-workspace/cargo-home:/opt/rustwide/cargo-home:ro,Z" "-v" "/var/lib/crater-agent-workspace/rustup-home:/opt/rustwide/rustup-home:ro,Z" "-e" "SOURCE_DIR=/opt/rustwide/workdir" "-e" "CARGO_TARGET_DIR=/opt/rustwide/target" "-e" "CARGO_INCREMENTAL=0" "-e" "RUST_BACKTRACE=full" "-e" "RUSTFLAGS=--cap-lints=warn" "-e" "RUSTDOCFLAGS=--cap-lints=warn" "-e" "CARGO_HOME=/opt/rustwide/cargo-home" "-e" "RUSTUP_HOME=/opt/rustwide/rustup-home" "-w" "/opt/rustwide/workdir" "-m" "1610612736" "--user" "0:0" "--network" "none" "ghcr.io/rust-lang/crates-build-env/linux@sha256:f3a9d4ad9d972b27faf3965f35b62e55ba32bbce8f20bc8fe909558a86702fde" "/opt/rustwide/cargo-home/bin/cargo" "+1.83.0" "test" "--frozen" "--no-run" "--message-format=json", kill_on_drop: false }`
[INFO] [stdout] 77251b48adaeb81ee4e1b453027464c46ed8cc8de9b9deaf808083cd8f1fcf19
[INFO] running `Command { std: "docker" "start" "-a" "77251b48adaeb81ee4e1b453027464c46ed8cc8de9b9deaf808083cd8f1fcf19", kill_on_drop: false }`
[INFO] [stderr]    Compiling fastrand v1.7.0
[INFO] [stderr]    Compiling remove_dir_all v0.5.3
[INFO] [stdout] warning: field `0` is never read
[INFO] [stdout]   --> src/repo_watcher.rs:34:24
[INFO] [stdout]    |
[INFO] [stdout] 34 | pub struct RepoWatcher(SyncWatcher);
[INFO] [stdout]    |            ----------- ^^^^^^^^^^^
[INFO] [stdout]    |            |
[INFO] [stdout]    |            field in this struct
[INFO] [stdout]    |
[INFO] [stdout]    = help: consider removing this field
[INFO] [stdout]    = note: `#[warn(dead_code)]` on by default
[INFO] [stdout] 
[INFO] [stdout] 
[INFO] [stdout] warning: call to `.clone()` on a reference in this situation does nothing
[INFO] [stdout]    --> src/repo.rs:173:32
[INFO] [stdout]     |
[INFO] [stdout] 173 |             let config = config.clone();
[INFO] [stdout]     |                                ^^^^^^^^
[INFO] [stdout]     |
[INFO] [stdout]     = note: the type `git2::Config` does not implement `Clone`, so calling `clone` on `&git2::Config` copies the reference, which does not do anything and can be removed
[INFO] [stdout]     = note: `#[warn(noop_method_call)]` on by default
[INFO] [stdout] help: remove this redundant call
[INFO] [stdout]     |
[INFO] [stdout] 173 -             let config = config.clone();
[INFO] [stdout] 173 +             let config = config;
[INFO] [stdout]     |
[INFO] [stdout] help: if you meant to clone `git2::Config`, implement `Clone` for it
[INFO] [stdout]    --> /opt/rustwide/cargo-home/registry/src/index.crates.io-6f17d22bba15001f/git2-0.14.4/src/config.rs:12:1
[INFO] [stdout]     |
[INFO] [stdout] 12  + #[derive(Clone)]
[INFO] [stdout] 13  | pub struct Config {
[INFO] [stdout]     |
[INFO] [stdout] 
[INFO] [stdout] 
[INFO] [stderr]    Compiling tempfile v3.3.0
[INFO] [stderr]    Compiling git-snapshot v0.1.1 (/opt/rustwide/workdir)
[INFO] [stdout] warning: field `0` is never read
[INFO] [stdout]   --> src/repo_watcher.rs:34:24
[INFO] [stdout]    |
[INFO] [stdout] 34 | pub struct RepoWatcher(SyncWatcher);
[INFO] [stdout]    |            ----------- ^^^^^^^^^^^
[INFO] [stdout]    |            |
[INFO] [stdout]    |            field in this struct
[INFO] [stdout]    |
[INFO] [stdout]    = help: consider removing this field
[INFO] [stdout]    = note: `#[warn(dead_code)]` on by default
[INFO] [stdout] 
[INFO] [stdout] 
[INFO] [stdout] warning: call to `.clone()` on a reference in this situation does nothing
[INFO] [stdout]    --> src/repo.rs:173:32
[INFO] [stdout]     |
[INFO] [stdout] 173 |             let config = config.clone();
[INFO] [stdout]     |                                ^^^^^^^^
[INFO] [stdout]     |
[INFO] [stdout]     = note: the type `git2::Config` does not implement `Clone`, so calling `clone` on `&git2::Config` copies the reference, which does not do anything and can be removed
[INFO] [stdout]     = note: `#[warn(noop_method_call)]` on by default
[INFO] [stdout] help: remove this redundant call
[INFO] [stdout]     |
[INFO] [stdout] 173 -             let config = config.clone();
[INFO] [stdout] 173 +             let config = config;
[INFO] [stdout]     |
[INFO] [stdout] help: if you meant to clone `git2::Config`, implement `Clone` for it
[INFO] [stdout]    --> /opt/rustwide/cargo-home/registry/src/index.crates.io-6f17d22bba15001f/git2-0.14.4/src/config.rs:12:1
[INFO] [stdout]     |
[INFO] [stdout] 12  + #[derive(Clone)]
[INFO] [stdout] 13  | pub struct Config {
[INFO] [stdout]     |
[INFO] [stdout] 
[INFO] [stdout] 
[INFO] [stderr]     Finished `test` profile [unoptimized + debuginfo] target(s) in 4.37s
[INFO] running `Command { std: "docker" "inspect" "77251b48adaeb81ee4e1b453027464c46ed8cc8de9b9deaf808083cd8f1fcf19", kill_on_drop: false }`
[INFO] running `Command { std: "docker" "rm" "-f" "77251b48adaeb81ee4e1b453027464c46ed8cc8de9b9deaf808083cd8f1fcf19", kill_on_drop: false }`
[INFO] [stdout] 77251b48adaeb81ee4e1b453027464c46ed8cc8de9b9deaf808083cd8f1fcf19
[INFO] running `Command { std: "docker" "create" "-v" "/var/lib/crater-agent-workspace/builds/worker-6-tc1/target:/opt/rustwide/target:rw,Z" "-v" "/var/lib/crater-agent-workspace/builds/worker-6-tc1/source:/opt/rustwide/workdir:ro,Z" "-v" "/var/lib/crater-agent-workspace/cargo-home:/opt/rustwide/cargo-home:ro,Z" "-v" "/var/lib/crater-agent-workspace/rustup-home:/opt/rustwide/rustup-home:ro,Z" "-e" "SOURCE_DIR=/opt/rustwide/workdir" "-e" "CARGO_TARGET_DIR=/opt/rustwide/target" "-e" "CARGO_INCREMENTAL=0" "-e" "RUST_BACKTRACE=full" "-e" "RUSTFLAGS=--cap-lints=warn" "-e" "RUSTDOCFLAGS=--cap-lints=warn" "-e" "CARGO_HOME=/opt/rustwide/cargo-home" "-e" "RUSTUP_HOME=/opt/rustwide/rustup-home" "-w" "/opt/rustwide/workdir" "-m" "1610612736" "--user" "0:0" "--network" "none" "ghcr.io/rust-lang/crates-build-env/linux@sha256:f3a9d4ad9d972b27faf3965f35b62e55ba32bbce8f20bc8fe909558a86702fde" "/opt/rustwide/cargo-home/bin/cargo" "+1.83.0" "test" "--frozen", kill_on_drop: false }`
[INFO] [stdout] 59801369d76e00fe454a6fdc76ec48417ecd7bd458b4fbf3f8923f1adf7b772e
[INFO] running `Command { std: "docker" "start" "-a" "59801369d76e00fe454a6fdc76ec48417ecd7bd458b4fbf3f8923f1adf7b772e", kill_on_drop: false }`
[INFO] [stderr] warning: field `0` is never read
[INFO] [stderr]   --> src/repo_watcher.rs:34:24
[INFO] [stderr]    |
[INFO] [stderr] 34 | pub struct RepoWatcher(SyncWatcher);
[INFO] [stderr]    |            ----------- ^^^^^^^^^^^
[INFO] [stderr]    |            |
[INFO] [stderr]    |            field in this struct
[INFO] [stderr]    |
[INFO] [stderr]    = help: consider removing this field
[INFO] [stderr]    = note: `#[warn(dead_code)]` on by default
[INFO] [stderr] 
[INFO] [stderr] warning: call to `.clone()` on a reference in this situation does nothing
[INFO] [stderr]    --> src/repo.rs:173:32
[INFO] [stderr]     |
[INFO] [stderr] 173 |             let config = config.clone();
[INFO] [stderr]     |                                ^^^^^^^^
[INFO] [stderr]     |
[INFO] [stderr]     = note: the type `git2::Config` does not implement `Clone`, so calling `clone` on `&git2::Config` copies the reference, which does not do anything and can be removed
[INFO] [stderr]     = note: `#[warn(noop_method_call)]` on by default
[INFO] [stderr] help: remove this redundant call
[INFO] [stderr]     |
[INFO] [stderr] 173 -             let config = config.clone();
[INFO] [stderr] 173 +             let config = config;
[INFO] [stderr]     |
[INFO] [stderr] help: if you meant to clone `git2::Config`, implement `Clone` for it
[INFO] [stderr]    --> /opt/rustwide/cargo-home/registry/src/index.crates.io-6f17d22bba15001f/git2-0.14.4/src/config.rs:12:1
[INFO] [stderr]     |
[INFO] [stderr] 12  + #[derive(Clone)]
[INFO] [stderr] 13  | pub struct Config {
[INFO] [stderr]     |
[INFO] [stderr] 
[INFO] [stderr] warning: `git-snapshot` (lib) generated 2 warnings (run `cargo fix --lib -p git-snapshot` to apply 1 suggestion)
[INFO] [stderr] warning: `git-snapshot` (lib test) generated 2 warnings (2 duplicates)
[INFO] [stderr]     Finished `test` profile [unoptimized + debuginfo] target(s) in 0.12s
[INFO] [stderr]      Running unittests src/lib.rs (/opt/rustwide/target/debug/deps/git_snapshot-ffe40f370f99eafc)
[INFO] [stdout] 
[INFO] [stdout] running 23 tests
[INFO] [stdout] test repo::tests::snapshot_branch_config_disabled ... ok
[INFO] [stdout] test util::tests::bool_from_config ... ok
[INFO] [stdout] test repo::tests::test_snapshot_empty_branch ... ok
[INFO] [stdout] test repo::tests::snapshot_invalid_head ... ok
[INFO] [stdout] test util::tests::default_value ... ok
[INFO] [stdout] test util::tests::mutliple_keys ... ok
[INFO] [stdout] test repo::tests::snapshot_branch_config_snapshotbranch ... ok
[INFO] [stdout] test repo::tests::repo_from_path ... ok
[INFO] [stdout] test repo::tests::snapshot_snapshot_config_env_expansion ... ok
[INFO] [stdout] test repo::tests::snapshot_snapshot_config_snapshotbranch ... ok
[INFO] [stdout] test repo::tests::snapshot_no_changes ... ok
[INFO] [stdout] test util::tests::string_from_config ... ok
[INFO] [stdout] test repo::tests::snapshot ... ok
[INFO] [stdout] test repo::tests::snapshot_remote_config_snapshotdisabled ... ok
[INFO] [stdout] test repo::tests::snapshot_remote_push ... ok
[INFO] [stdout] test repo::tests::snapshot_remote_config_snapshotbranch ... ok
[INFO] [stdout] test watcher::tests::unwatch ... ok
[INFO] [stdout] test repo_watcher::tests::repo_watcher ... ok
[INFO] [stdout] test watcher::tests::poll_watcher ... ok
[INFO] [stdout] test watcher::tests::debounce ... ok
[INFO] [stdout] test watcher::tests::event_watcher ... ok
[INFO] [stdout] test repo_watcher::tests::config_file ... FAILED
[INFO] [stdout] test repo_watcher::tests::config_file_change ... ok
[INFO] [stdout] 
[INFO] [stdout] failures:
[INFO] [stdout] 
[INFO] [stdout] ---- repo_watcher::tests::config_file stdout ----
[INFO] [stdout] thread 'repo_watcher::tests::config_file' panicked at src/repo_watcher.rs:207:9:
[INFO] [stdout] assertion failed: check_snapshot_exists(&repo)
[INFO] [stdout] stack backtrace:
[INFO] [stdout]    0:     0x5fa729eb9a6a - std::backtrace_rs::backtrace::libunwind::trace::h5a5b8284f2d0c266
[INFO] [stdout]                                at /rustc/90b35a6239c3d8bdabc530a6a0816f7ff89a0aaf/library/std/src/../../backtrace/src/backtrace/libunwind.rs:116:5
[INFO] [stdout]    1:     0x5fa729eb9a6a - std::backtrace_rs::backtrace::trace_unsynchronized::h76d4f1c9b0b875e3
[INFO] [stdout]                                at /rustc/90b35a6239c3d8bdabc530a6a0816f7ff89a0aaf/library/std/src/../../backtrace/src/backtrace/mod.rs:66:5
[INFO] [stdout]    2:     0x5fa729eb9a6a - std::sys::backtrace::_print_fmt::hc4546b8364a537c6
[INFO] [stdout]                                at /rustc/90b35a6239c3d8bdabc530a6a0816f7ff89a0aaf/library/std/src/sys/backtrace.rs:66:9
[INFO] [stdout]    3:     0x5fa729eb9a6a - <std::sys::backtrace::BacktraceLock::print::DisplayBacktrace as core::fmt::Display>::fmt::h5b6bd5631a6d1f6b
[INFO] [stdout]                                at /rustc/90b35a6239c3d8bdabc530a6a0816f7ff89a0aaf/library/std/src/sys/backtrace.rs:39:26
[INFO] [stdout]    4:     0x5fa729ee1983 - core::fmt::rt::Argument::fmt::h270f6602a2b96f62
[INFO] [stdout]                                at /rustc/90b35a6239c3d8bdabc530a6a0816f7ff89a0aaf/library/core/src/fmt/rt.rs:177:76
[INFO] [stdout]    5:     0x5fa729ee1983 - core::fmt::write::h7550c97b06c86515
[INFO] [stdout]                                at /rustc/90b35a6239c3d8bdabc530a6a0816f7ff89a0aaf/library/core/src/fmt/mod.rs:1186:21
[INFO] [stdout]    6:     0x5fa729eb6593 - std::io::Write::write_fmt::h509ff860e5956e5e
[INFO] [stdout]                                at /rustc/90b35a6239c3d8bdabc530a6a0816f7ff89a0aaf/library/std/src/io/mod.rs:1839:15
[INFO] [stdout]    7:     0x5fa729eb98b2 - std::sys::backtrace::BacktraceLock::print::h2395ccd2c84ba3aa
[INFO] [stdout]                                at /rustc/90b35a6239c3d8bdabc530a6a0816f7ff89a0aaf/library/std/src/sys/backtrace.rs:42:9
[INFO] [stdout]    8:     0x5fa729ebaf4a - std::panicking::default_hook::{{closure}}::he19d4c7230e07961
[INFO] [stdout]                                at /rustc/90b35a6239c3d8bdabc530a6a0816f7ff89a0aaf/library/std/src/panicking.rs:268:22
[INFO] [stdout]    9:     0x5fa729ebad54 - std::panicking::default_hook::hf614597d3c67bbdb
[INFO] [stdout]                                at /rustc/90b35a6239c3d8bdabc530a6a0816f7ff89a0aaf/library/std/src/panicking.rs:292:9
[INFO] [stdout]   10:     0x5fa729c21099 - <alloc::boxed::Box<F,A> as core::ops::function::Fn<Args>>::call::h39b51ce4599c23d1
[INFO] [stdout]                                at /rustc/90b35a6239c3d8bdabc530a6a0816f7ff89a0aaf/library/alloc/src/boxed.rs:2468:9
[INFO] [stdout]   11:     0x5fa729c21099 - test::test_main::{{closure}}::he977ae839a582784
[INFO] [stdout]                                at /rustc/90b35a6239c3d8bdabc530a6a0816f7ff89a0aaf/library/test/src/lib.rs:133:21
[INFO] [stdout]   12:     0x5fa729ebb5e8 - <alloc::boxed::Box<F,A> as core::ops::function::Fn<Args>>::call::h9455091b6b06f9fb
[INFO] [stdout]                                at /rustc/90b35a6239c3d8bdabc530a6a0816f7ff89a0aaf/library/alloc/src/boxed.rs:2468:9
[INFO] [stdout]   13:     0x5fa729ebb5e8 - std::panicking::rust_panic_with_hook::h8942133a8b252070
[INFO] [stdout]                                at /rustc/90b35a6239c3d8bdabc530a6a0816f7ff89a0aaf/library/std/src/panicking.rs:809:13
[INFO] [stdout]   14:     0x5fa729ebb376 - std::panicking::begin_panic_handler::{{closure}}::hb5f5963570096b29
[INFO] [stdout]                                at /rustc/90b35a6239c3d8bdabc530a6a0816f7ff89a0aaf/library/std/src/panicking.rs:667:13
[INFO] [stdout]   15:     0x5fa729eb9f49 - std::sys::backtrace::__rust_end_short_backtrace::h6208cedc1922feda
[INFO] [stdout]                                at /rustc/90b35a6239c3d8bdabc530a6a0816f7ff89a0aaf/library/std/src/sys/backtrace.rs:170:18
[INFO] [stdout]   16:     0x5fa729ebb03c - rust_begin_unwind
[INFO] [stdout]                                at /rustc/90b35a6239c3d8bdabc530a6a0816f7ff89a0aaf/library/std/src/panicking.rs:665:5
[INFO] [stdout]   17:     0x5fa729b58de0 - core::panicking::panic_fmt::h0c3082644d1bf418
[INFO] [stdout]                                at /rustc/90b35a6239c3d8bdabc530a6a0816f7ff89a0aaf/library/core/src/panicking.rs:74:14
[INFO] [stdout]   18:     0x5fa729b58e6c - core::panicking::panic::h957f98c65a3b3074
[INFO] [stdout]                                at /rustc/90b35a6239c3d8bdabc530a6a0816f7ff89a0aaf/library/core/src/panicking.rs:148:5
[INFO] [stdout]   19:     0x5fa729ba8b3a - git_snapshot::repo_watcher::tests::config_file::{{closure}}::haef83737752c3d7e
[INFO] [stdout]                                at /opt/rustwide/workdir/src/repo_watcher.rs:207:9
[INFO] [stdout]   20:     0x5fa729b9d6bf - tokio::park::thread::CachedParkThread::block_on::{{closure}}::he49113fc80ce93db
[INFO] [stdout]                                at /opt/rustwide/cargo-home/registry/src/index.crates.io-6f17d22bba15001f/tokio-1.19.2/src/park/thread.rs:263:54
[INFO] [stdout]   21:     0x5fa729b70ec3 - tokio::coop::with_budget::{{closure}}::haa8f5dcadbce1f98
[INFO] [stdout]                                at /opt/rustwide/cargo-home/registry/src/index.crates.io-6f17d22bba15001f/tokio-1.19.2/src/coop.rs:102:9
[INFO] [stdout]   22:     0x5fa729b754fa - std::thread::local::LocalKey<T>::try_with::h130ee6eecf0b3f5f
[INFO] [stdout]                                at /rustc/90b35a6239c3d8bdabc530a6a0816f7ff89a0aaf/library/std/src/thread/local.rs:283:12
[INFO] [stdout]   23:     0x5fa729b7486a - std::thread::local::LocalKey<T>::with::h295567a220be3c91
[INFO] [stdout]                                at /rustc/90b35a6239c3d8bdabc530a6a0816f7ff89a0aaf/library/std/src/thread/local.rs:260:9
[INFO] [stdout]   24:     0x5fa729b9c6fc - tokio::coop::with_budget::h07335de81559b8d8
[INFO] [stdout]                                at /opt/rustwide/cargo-home/registry/src/index.crates.io-6f17d22bba15001f/tokio-1.19.2/src/coop.rs:95:5
[INFO] [stdout]   25:     0x5fa729b9c6fc - tokio::coop::budget::hee57b8b9031ffbcf
[INFO] [stdout]                                at /opt/rustwide/cargo-home/registry/src/index.crates.io-6f17d22bba15001f/tokio-1.19.2/src/coop.rs:72:5
[INFO] [stdout]   26:     0x5fa729b9c6fc - tokio::park::thread::CachedParkThread::block_on::hceb55764d06b89b4
[INFO] [stdout]                                at /opt/rustwide/cargo-home/registry/src/index.crates.io-6f17d22bba15001f/tokio-1.19.2/src/park/thread.rs:263:31
[INFO] [stdout]   27:     0x5fa729bbe170 - tokio::runtime::enter::Enter::block_on::h2373dd2328845108
[INFO] [stdout]                                at /opt/rustwide/cargo-home/registry/src/index.crates.io-6f17d22bba15001f/tokio-1.19.2/src/runtime/enter.rs:151:13
[INFO] [stdout]   28:     0x5fa729b7e9ec - tokio::runtime::thread_pool::ThreadPool::block_on::hd5944f6afa85a5c9
[INFO] [stdout]                                at /opt/rustwide/cargo-home/registry/src/index.crates.io-6f17d22bba15001f/tokio-1.19.2/src/runtime/thread_pool/mod.rs:90:9
[INFO] [stdout]   29:     0x5fa729b7257d - tokio::runtime::Runtime::block_on::h006eeb249a6f8198
[INFO] [stdout]                                at /opt/rustwide/cargo-home/registry/src/index.crates.io-6f17d22bba15001f/tokio-1.19.2/src/runtime/mod.rs:482:43
[INFO] [stdout]   30:     0x5fa729ba7cda - git_snapshot::repo_watcher::tests::config_file::hf0cc70f7f564acd3
[INFO] [stdout]                                at /opt/rustwide/workdir/src/repo_watcher.rs:207:9
[INFO] [stdout]   31:     0x5fa729ba7b97 - git_snapshot::repo_watcher::tests::config_file::{{closure}}::h2d1ef78254f74f91
[INFO] [stdout]                                at /opt/rustwide/workdir/src/repo_watcher.rs:186:27
[INFO] [stdout]   32:     0x5fa729b9fab6 - core::ops::function::FnOnce::call_once::h01a05196f1bdf15f
[INFO] [stdout]                                at /rustc/90b35a6239c3d8bdabc530a6a0816f7ff89a0aaf/library/core/src/ops/function.rs:250:5
[INFO] [stdout]   33:     0x5fa729c25a5b - core::ops::function::FnOnce::call_once::h109cf8051a59b34e
[INFO] [stdout]                                at /rustc/90b35a6239c3d8bdabc530a6a0816f7ff89a0aaf/library/core/src/ops/function.rs:250:5
[INFO] [stdout]   34:     0x5fa729c25a5b - test::__rust_begin_short_backtrace::hf4fff89d377446ba
[INFO] [stdout]                                at /rustc/90b35a6239c3d8bdabc530a6a0816f7ff89a0aaf/library/test/src/lib.rs:621:18
[INFO] [stdout]   35:     0x5fa729c25297 - test::run_test_in_process::{{closure}}::h0e39181dd7ee5a43
[INFO] [stdout]                                at /rustc/90b35a6239c3d8bdabc530a6a0816f7ff89a0aaf/library/test/src/lib.rs:644:60
[INFO] [stdout]   36:     0x5fa729c25297 - <core::panic::unwind_safe::AssertUnwindSafe<F> as core::ops::function::FnOnce<()>>::call_once::hc5a66a30f0bdfd1f
[INFO] [stdout]                                at /rustc/90b35a6239c3d8bdabc530a6a0816f7ff89a0aaf/library/core/src/panic/unwind_safe.rs:272:9
[INFO] [stdout]   37:     0x5fa729c25297 - std::panicking::try::do_call::h873b7cf639554a5e
[INFO] [stdout]                                at /rustc/90b35a6239c3d8bdabc530a6a0816f7ff89a0aaf/library/std/src/panicking.rs:557:40
[INFO] [stdout]   38:     0x5fa729c25297 - std::panicking::try::hdb19862fad9c8bd1
[INFO] [stdout]                                at /rustc/90b35a6239c3d8bdabc530a6a0816f7ff89a0aaf/library/std/src/panicking.rs:520:19
[INFO] [stdout]   39:     0x5fa729c25297 - std::panic::catch_unwind::h281fe732d236d260
[INFO] [stdout]                                at /rustc/90b35a6239c3d8bdabc530a6a0816f7ff89a0aaf/library/std/src/panic.rs:358:14
[INFO] [stdout]   40:     0x5fa729c25297 - test::run_test_in_process::h949b6df8457ed338
[INFO] [stdout]                                at /rustc/90b35a6239c3d8bdabc530a6a0816f7ff89a0aaf/library/test/src/lib.rs:644:27
[INFO] [stdout]   41:     0x5fa729c25297 - test::run_test::{{closure}}::h52c556a6d4740e10
[INFO] [stdout]                                at /rustc/90b35a6239c3d8bdabc530a6a0816f7ff89a0aaf/library/test/src/lib.rs:565:43
[INFO] [stdout]   42:     0x5fa729bea574 - test::run_test::{{closure}}::h4237f6381c45ccb9
[INFO] [stdout]                                at /rustc/90b35a6239c3d8bdabc530a6a0816f7ff89a0aaf/library/test/src/lib.rs:595:41
[INFO] [stdout]   43:     0x5fa729bea574 - std::sys::backtrace::__rust_begin_short_backtrace::h505c97a579eca628
[INFO] [stdout]                                at /rustc/90b35a6239c3d8bdabc530a6a0816f7ff89a0aaf/library/std/src/sys/backtrace.rs:154:18
[INFO] [stdout]   44:     0x5fa729bedc3e - std::thread::Builder::spawn_unchecked_::{{closure}}::{{closure}}::h9e86b2e2bc107ea3
[INFO] [stdout]                                at /rustc/90b35a6239c3d8bdabc530a6a0816f7ff89a0aaf/library/std/src/thread/mod.rs:538:17
[INFO] [stdout]   45:     0x5fa729bedc3e - <core::panic::unwind_safe::AssertUnwindSafe<F> as core::ops::function::FnOnce<()>>::call_once::h8b06ddb275ff4a25
[INFO] [stdout]                                at /rustc/90b35a6239c3d8bdabc530a6a0816f7ff89a0aaf/library/core/src/panic/unwind_safe.rs:272:9
[INFO] [stdout]   46:     0x5fa729bedc3e - std::panicking::try::do_call::hb26ecd7cd9a9355d
[INFO] [stdout]                                at /rustc/90b35a6239c3d8bdabc530a6a0816f7ff89a0aaf/library/std/src/panicking.rs:557:40
[INFO] [stdout]   47:     0x5fa729bedc3e - std::panicking::try::h8ddeca9d705f9069
[INFO] [stdout]                                at /rustc/90b35a6239c3d8bdabc530a6a0816f7ff89a0aaf/library/std/src/panicking.rs:520:19
[INFO] [stdout]   48:     0x5fa729bedc3e - std::panic::catch_unwind::h49e1c33078844c46
[INFO] [stdout]                                at /rustc/90b35a6239c3d8bdabc530a6a0816f7ff89a0aaf/library/std/src/panic.rs:358:14
[INFO] [stdout]   49:     0x5fa729bedc3e - std::thread::Builder::spawn_unchecked_::{{closure}}::h6073db6ff56ad35d
[INFO] [stdout]                                at /rustc/90b35a6239c3d8bdabc530a6a0816f7ff89a0aaf/library/std/src/thread/mod.rs:537:30
[INFO] [stdout]   50:     0x5fa729bedc3e - core::ops::function::FnOnce::call_once{{vtable.shim}}::h2c5a5f3779c774f1
[INFO] [stdout]                                at /rustc/90b35a6239c3d8bdabc530a6a0816f7ff89a0aaf/library/core/src/ops/function.rs:250:5
[INFO] [stdout]   51:     0x5fa729ec0fbb - <alloc::boxed::Box<F,A> as core::ops::function::FnOnce<Args>>::call_once::hf75717d9f28faebf
[INFO] [stdout]                                at /rustc/90b35a6239c3d8bdabc530a6a0816f7ff89a0aaf/library/alloc/src/boxed.rs:2454:9
[INFO] [stdout]   52:     0x5fa729ec0fbb - <alloc::boxed::Box<F,A> as core::ops::function::FnOnce<Args>>::call_once::h7bd883a5f3c5f3c1
[INFO] [stdout]                                at /rustc/90b35a6239c3d8bdabc530a6a0816f7ff89a0aaf/library/alloc/src/boxed.rs:2454:9
[INFO] [stdout]   53:     0x5fa729ec0fbb - std::sys::pal::unix::thread::Thread::new::thread_start::hcc78f3943333fa94
[INFO] [stdout]                                at /rustc/90b35a6239c3d8bdabc530a6a0816f7ff89a0aaf/library/std/src/sys/pal/unix/thread.rs:105:17
[INFO] [stdout]   54:     0x7f5c61555ac3 - <unknown>
[INFO] [stdout]   55:     0x7f5c615e6a04 - clone
[INFO] [stdout]   56:                0x0 - <unknown>
[INFO] [stdout] 
[INFO] [stdout] 
[INFO] [stdout] failures:
[INFO] [stdout]     repo_watcher::tests::config_file
[INFO] [stdout] 
[INFO] [stdout] test result: FAILED. 22 passed; 1 failed; 0 ignored; 0 measured; 0 filtered out; finished in 1.39s
[INFO] [stdout] 
[INFO] [stderr] error: test failed, to rerun pass `--lib`
[INFO] running `Command { std: "docker" "inspect" "59801369d76e00fe454a6fdc76ec48417ecd7bd458b4fbf3f8923f1adf7b772e", kill_on_drop: false }`
[INFO] running `Command { std: "docker" "rm" "-f" "59801369d76e00fe454a6fdc76ec48417ecd7bd458b4fbf3f8923f1adf7b772e", kill_on_drop: false }`
[INFO] [stdout] 59801369d76e00fe454a6fdc76ec48417ecd7bd458b4fbf3f8923f1adf7b772e
