[INFO] fetching crate extra-safe 0.1.1...
[INFO] testing extra-safe-0.1.1 against 1.83.0 for beta-1.84.0-4-retry
[INFO] extracting crate extra-safe 0.1.1 into /workspace/builds/worker-1-tc1/source
[INFO] validating manifest of crates.io crate extra-safe 0.1.1 on toolchain 1.83.0
[INFO] running `Command { std: CARGO_HOME="/workspace/cargo-home" RUSTUP_HOME="/workspace/rustup-home" "/workspace/cargo-home/bin/cargo" "+1.83.0" "metadata" "--manifest-path" "Cargo.toml" "--no-deps", kill_on_drop: false }`
[INFO] removed /workspace/builds/worker-1-tc1/source/rust-toolchain.toml
[INFO] started tweaking crates.io crate extra-safe 0.1.1
[INFO] finished tweaking crates.io crate extra-safe 0.1.1
[INFO] tweaked toml for crates.io crate extra-safe 0.1.1 written to /workspace/builds/worker-1-tc1/source/Cargo.toml
[INFO] running `Command { std: CARGO_HOME="/workspace/cargo-home" RUSTUP_HOME="/workspace/rustup-home" "/workspace/cargo-home/bin/cargo" "+1.83.0" "generate-lockfile" "--manifest-path" "Cargo.toml", kill_on_drop: false }`
[INFO] [stderr]     Updating crates.io index
[INFO] [stderr]      Locking 37 packages to latest compatible versions
[INFO] [stderr]       Adding hybrid-array v0.1.0 (available: v0.2.3)
[INFO] running `Command { std: CARGO_HOME="/workspace/cargo-home" RUSTUP_HOME="/workspace/rustup-home" "/workspace/cargo-home/bin/cargo" "+1.83.0" "fetch" "--manifest-path" "Cargo.toml", kill_on_drop: false }`
[INFO] [stderr]  Downloading crates ...
[INFO] [stderr]   Downloaded hybrid-array v0.1.0
[INFO] running `Command { std: "docker" "create" "-v" "/var/lib/crater-agent-workspace/builds/worker-1-tc1/target:/opt/rustwide/target:rw,Z" "-v" "/var/lib/crater-agent-workspace/builds/worker-1-tc1/source:/opt/rustwide/workdir:ro,Z" "-v" "/var/lib/crater-agent-workspace/cargo-home:/opt/rustwide/cargo-home:ro,Z" "-v" "/var/lib/crater-agent-workspace/rustup-home:/opt/rustwide/rustup-home:ro,Z" "-e" "SOURCE_DIR=/opt/rustwide/workdir" "-e" "CARGO_TARGET_DIR=/opt/rustwide/target" "-e" "CARGO_HOME=/opt/rustwide/cargo-home" "-e" "RUSTUP_HOME=/opt/rustwide/rustup-home" "-w" "/opt/rustwide/workdir" "-m" "1610612736" "--user" "0:0" "--network" "none" "ghcr.io/rust-lang/crates-build-env/linux@sha256:f3a9d4ad9d972b27faf3965f35b62e55ba32bbce8f20bc8fe909558a86702fde" "/opt/rustwide/cargo-home/bin/cargo" "+1.83.0" "metadata" "--no-deps" "--format-version=1", kill_on_drop: false }`
[INFO] [stdout] 17cc63c6bdbcf7bd8746bf1f53d08ea836fc11acf342207649e7d0efd693c7f5
[INFO] running `Command { std: "docker" "start" "-a" "17cc63c6bdbcf7bd8746bf1f53d08ea836fc11acf342207649e7d0efd693c7f5", kill_on_drop: false }`
[INFO] running `Command { std: "docker" "inspect" "17cc63c6bdbcf7bd8746bf1f53d08ea836fc11acf342207649e7d0efd693c7f5", kill_on_drop: false }`
[INFO] running `Command { std: "docker" "rm" "-f" "17cc63c6bdbcf7bd8746bf1f53d08ea836fc11acf342207649e7d0efd693c7f5", kill_on_drop: false }`
[INFO] [stdout] 17cc63c6bdbcf7bd8746bf1f53d08ea836fc11acf342207649e7d0efd693c7f5
[INFO] running `Command { std: "docker" "create" "-v" "/var/lib/crater-agent-workspace/builds/worker-1-tc1/target:/opt/rustwide/target:rw,Z" "-v" "/var/lib/crater-agent-workspace/builds/worker-1-tc1/source:/opt/rustwide/workdir:ro,Z" "-v" "/var/lib/crater-agent-workspace/cargo-home:/opt/rustwide/cargo-home:ro,Z" "-v" "/var/lib/crater-agent-workspace/rustup-home:/opt/rustwide/rustup-home:ro,Z" "-e" "SOURCE_DIR=/opt/rustwide/workdir" "-e" "CARGO_TARGET_DIR=/opt/rustwide/target" "-e" "CARGO_INCREMENTAL=0" "-e" "RUST_BACKTRACE=full" "-e" "RUSTFLAGS=--cap-lints=warn" "-e" "RUSTDOCFLAGS=--cap-lints=warn" "-e" "CARGO_HOME=/opt/rustwide/cargo-home" "-e" "RUSTUP_HOME=/opt/rustwide/rustup-home" "-w" "/opt/rustwide/workdir" "-m" "1610612736" "--user" "0:0" "--network" "none" "ghcr.io/rust-lang/crates-build-env/linux@sha256:f3a9d4ad9d972b27faf3965f35b62e55ba32bbce8f20bc8fe909558a86702fde" "/opt/rustwide/cargo-home/bin/cargo" "+1.83.0" "build" "--frozen" "--message-format=json", kill_on_drop: false }`
[INFO] [stdout] 6d9f8139c9a96a754a5e42da380c8a314e58d79967f06ac1e7e992f70dcc1495
[INFO] running `Command { std: "docker" "start" "-a" "6d9f8139c9a96a754a5e42da380c8a314e58d79967f06ac1e7e992f70dcc1495", kill_on_drop: false }`
[INFO] [stderr]    Compiling typenum v1.17.0
[INFO] [stderr]    Compiling hybrid-array v0.1.0
[INFO] [stderr]    Compiling extra-safe v0.1.1 (/opt/rustwide/workdir)
[INFO] [stderr]     Finished `dev` profile [unoptimized + debuginfo] target(s) in 2.17s
[INFO] running `Command { std: "docker" "inspect" "6d9f8139c9a96a754a5e42da380c8a314e58d79967f06ac1e7e992f70dcc1495", kill_on_drop: false }`
[INFO] running `Command { std: "docker" "rm" "-f" "6d9f8139c9a96a754a5e42da380c8a314e58d79967f06ac1e7e992f70dcc1495", kill_on_drop: false }`
[INFO] [stdout] 6d9f8139c9a96a754a5e42da380c8a314e58d79967f06ac1e7e992f70dcc1495
[INFO] running `Command { std: "docker" "create" "-v" "/var/lib/crater-agent-workspace/builds/worker-1-tc1/target:/opt/rustwide/target:rw,Z" "-v" "/var/lib/crater-agent-workspace/builds/worker-1-tc1/source:/opt/rustwide/workdir:ro,Z" "-v" "/var/lib/crater-agent-workspace/cargo-home:/opt/rustwide/cargo-home:ro,Z" "-v" "/var/lib/crater-agent-workspace/rustup-home:/opt/rustwide/rustup-home:ro,Z" "-e" "SOURCE_DIR=/opt/rustwide/workdir" "-e" "CARGO_TARGET_DIR=/opt/rustwide/target" "-e" "CARGO_INCREMENTAL=0" "-e" "RUST_BACKTRACE=full" "-e" "RUSTFLAGS=--cap-lints=warn" "-e" "RUSTDOCFLAGS=--cap-lints=warn" "-e" "CARGO_HOME=/opt/rustwide/cargo-home" "-e" "RUSTUP_HOME=/opt/rustwide/rustup-home" "-w" "/opt/rustwide/workdir" "-m" "1610612736" "--user" "0:0" "--network" "none" "ghcr.io/rust-lang/crates-build-env/linux@sha256:f3a9d4ad9d972b27faf3965f35b62e55ba32bbce8f20bc8fe909558a86702fde" "/opt/rustwide/cargo-home/bin/cargo" "+1.83.0" "test" "--frozen" "--no-run" "--message-format=json", kill_on_drop: false }`
[INFO] [stdout] f65c0e7dabbeee4923b59fd1d793ad759e0e45c31af35557b29cd04a91a16ccf
[INFO] running `Command { std: "docker" "start" "-a" "f65c0e7dabbeee4923b59fd1d793ad759e0e45c31af35557b29cd04a91a16ccf", kill_on_drop: false }`
[INFO] [stderr]    Compiling serde v1.0.216
[INFO] [stderr]    Compiling proc-macro2 v1.0.92
[INFO] [stderr]    Compiling unicode-ident v1.0.14
[INFO] [stderr]    Compiling equivalent v1.0.1
[INFO] [stderr]    Compiling hashbrown v0.15.2
[INFO] [stderr]    Compiling target-triple v0.1.3
[INFO] [stderr]    Compiling serde_json v1.0.133
[INFO] [stderr]    Compiling winnow v0.6.20
[INFO] [stderr]    Compiling itoa v1.0.14
[INFO] [stderr]    Compiling ryu v1.0.18
[INFO] [stderr]    Compiling rustversion v1.0.18
[INFO] [stderr]    Compiling memchr v2.7.4
[INFO] [stderr]    Compiling termcolor v1.4.1
[INFO] [stderr]    Compiling glob v0.3.1
[INFO] [stderr]    Compiling dissimilar v1.0.9
[INFO] [stderr]    Compiling quote v1.0.37
[INFO] [stderr]    Compiling indexmap v2.7.0
[INFO] [stderr]    Compiling syn v2.0.90
[INFO] [stderr]    Compiling serde_derive v1.0.216
[INFO] [stderr]    Compiling serde_spanned v0.6.8
[INFO] [stderr]    Compiling toml_datetime v0.6.8
[INFO] [stderr]    Compiling toml_edit v0.22.22
[INFO] [stderr]    Compiling toml v0.8.19
[INFO] [stderr]    Compiling trybuild v1.0.101
[INFO] [stderr]    Compiling extra-safe v0.1.1 (/opt/rustwide/workdir)
[INFO] [stdout] warning: missing documentation for a module
[INFO] [stdout]    --> src/lib.rs:233:1
[INFO] [stdout]     |
[INFO] [stdout] 233 | pub mod unit_tests;
[INFO] [stdout]     | ^^^^^^^^^^^^^^^^^^
[INFO] [stdout]     |
[INFO] [stdout] note: the lint level is defined here
[INFO] [stdout]    --> src/lib.rs:3:5
[INFO] [stdout]     |
[INFO] [stdout] 3   |     missing_docs,
[INFO] [stdout]     |     ^^^^^^^^^^^^
[INFO] [stdout] 
[INFO] [stdout] 
[INFO] [stderr]     Finished `test` profile [unoptimized + debuginfo] target(s) in 19.51s
[INFO] running `Command { std: "docker" "inspect" "f65c0e7dabbeee4923b59fd1d793ad759e0e45c31af35557b29cd04a91a16ccf", kill_on_drop: false }`
[INFO] running `Command { std: "docker" "rm" "-f" "f65c0e7dabbeee4923b59fd1d793ad759e0e45c31af35557b29cd04a91a16ccf", kill_on_drop: false }`
[INFO] [stdout] f65c0e7dabbeee4923b59fd1d793ad759e0e45c31af35557b29cd04a91a16ccf
[INFO] running `Command { std: "docker" "create" "-v" "/var/lib/crater-agent-workspace/builds/worker-1-tc1/target:/opt/rustwide/target:rw,Z" "-v" "/var/lib/crater-agent-workspace/builds/worker-1-tc1/source:/opt/rustwide/workdir:ro,Z" "-v" "/var/lib/crater-agent-workspace/cargo-home:/opt/rustwide/cargo-home:ro,Z" "-v" "/var/lib/crater-agent-workspace/rustup-home:/opt/rustwide/rustup-home:ro,Z" "-e" "SOURCE_DIR=/opt/rustwide/workdir" "-e" "CARGO_TARGET_DIR=/opt/rustwide/target" "-e" "CARGO_INCREMENTAL=0" "-e" "RUST_BACKTRACE=full" "-e" "RUSTFLAGS=--cap-lints=warn" "-e" "RUSTDOCFLAGS=--cap-lints=warn" "-e" "CARGO_HOME=/opt/rustwide/cargo-home" "-e" "RUSTUP_HOME=/opt/rustwide/rustup-home" "-w" "/opt/rustwide/workdir" "-m" "1610612736" "--user" "0:0" "--network" "none" "ghcr.io/rust-lang/crates-build-env/linux@sha256:f3a9d4ad9d972b27faf3965f35b62e55ba32bbce8f20bc8fe909558a86702fde" "/opt/rustwide/cargo-home/bin/cargo" "+1.83.0" "test" "--frozen", kill_on_drop: false }`
[INFO] [stdout] 0ff302bd3def6d6caf13e22b43d213aad4fd750871c1f321827a2b31645c210e
[INFO] running `Command { std: "docker" "start" "-a" "0ff302bd3def6d6caf13e22b43d213aad4fd750871c1f321827a2b31645c210e", kill_on_drop: false }`
[INFO] [stderr] warning: missing documentation for a module
[INFO] [stderr]    --> src/lib.rs:233:1
[INFO] [stderr]     |
[INFO] [stderr] 233 | pub mod unit_tests;
[INFO] [stderr]     | ^^^^^^^^^^^^^^^^^^
[INFO] [stderr]     |
[INFO] [stderr] note: the lint level is defined here
[INFO] [stderr]    --> src/lib.rs:3:5
[INFO] [stderr]     |
[INFO] [stderr] 3   |     missing_docs,
[INFO] [stderr]     |     ^^^^^^^^^^^^
[INFO] [stderr] 
[INFO] [stderr] warning: `extra-safe` (lib test) generated 1 warning
[INFO] [stderr]     Finished `test` profile [unoptimized + debuginfo] target(s) in 0.05s
[INFO] [stderr]      Running unittests src/lib.rs (/opt/rustwide/target/debug/deps/extra_safe-1edbb8c18ee8394e)
[INFO] [stdout] 
[INFO] [stdout] running 12 tests
[INFO] [stdout] test tests::test_to_sponge_op ... ok
[INFO] [stdout] test traits::tests::uses ... ok
[INFO] [stdout] test traits::tests::normalizes ... ok
[INFO] [stdout] test unit_tests::sponge_instance::test_base_api_doesnt_protect_forgotten_finish ... ok
[INFO] [stdout] test tests::test_to_iopattern ... ok
[INFO] [stdout] test unit_tests::sponge_instance::test_pattern ... ok
[INFO] [stdout] test unit_tests::test_extrasponge_instance ... ok
[INFO] [stdout] test unit_tests::sponge_instance::test_start ... ok
[INFO] [stdout] test unit_tests::sponge_instance::test_bad_pattern - should panic ... ok
[INFO] [stdout] test unit_tests::sponge_instance::test_bad_finish - should panic ... ok
[INFO] [stdout] test unit_tests::test_extrasponge_instance_drop - should panic ... ok
[INFO] [stderr]    Compiling typenum v1.17.0
[INFO] [stderr]    Compiling rustversion v1.0.18
[INFO] [stderr]     Checking hybrid-array v0.1.0
[INFO] [stderr]     Checking extra-safe v0.1.1 (/opt/rustwide/workdir)
[INFO] [stderr]     Checking extra-safe-tests v0.0.0 (/opt/rustwide/target/tests/trybuild/extra-safe)
[INFO] [stderr]     Finished `dev` profile [unoptimized + debuginfo] target(s) in 3.12s
[INFO] [stderr] 
[INFO] [stderr] 
[INFO] [stderr] test src/unit_tests/compilation/consume.rs ... mismatch
[INFO] [stderr] 
[INFO] [stderr] EXPECTED:
[INFO] [stderr] ┈┈┈┈┈┈┈┈┈┈┈┈┈┈┈┈┈┈┈┈┈┈┈┈┈┈┈┈┈┈┈┈┈┈┈┈┈┈┈┈┈┈┈┈┈┈┈┈┈┈┈┈┈┈┈┈┈┈┈┈
[INFO] [stderr] error[E0277]: the trait bound `UTerm: PrivateSub<UInt<UTerm, B1>>` is not satisfied
[INFO] [stderr]  --> src/unit_tests/compilation/consume.rs:9:9
[INFO] [stderr]   |
[INFO] [stderr] 9 |         Use<iopat![Absorb<U3>, Squeeze<U1>, Absorb<U1>], Absorb<U6>>,
[INFO] [stderr]   |         ^^^^^^^^^^^^^^^^^^^^^^^^^^^^^^^^^^^^^^^^^^^^^^^^^^^^^^^^^^^^ the trait `PrivateSub<UInt<UTerm, B1>>` is not implemented for `UTerm`
[INFO] [stderr]   |
[INFO] [stderr]   = help: the following other types implement trait `PrivateSub<Rhs>`:
[INFO] [stderr]             <UInt<Ul, B0> as PrivateSub<UInt<Ur, B0>>>
[INFO] [stderr]             <UInt<Ul, B0> as PrivateSub<UInt<Ur, B1>>>
[INFO] [stderr]             <UInt<Ul, B1> as PrivateSub<UInt<Ur, B0>>>
[INFO] [stderr]             <UInt<Ul, B1> as PrivateSub<UInt<Ur, B1>>>
[INFO] [stderr]   = note: required for `UInt<UTerm, B1>` to implement `PrivateSub<UInt<UInt<UTerm, B1>, B1>>`
[INFO] [stderr]   = note: required for `UInt<UInt<UTerm, B1>, B1>` to implement `Sub<UInt<UInt<UInt<UTerm, B1>, B1>, B0>>`
[INFO] [stderr]   = note: required for `Cons<Absorb<UInt<UInt<UTerm, B1>, B1>>, Cons<Squeeze<UInt<UTerm, B1>>, Cons<Absorb<UInt<UTerm, B1>>, Nil>>>` to implement `Consume<extra_safe::traits::Absorb<UInt<UInt<UInt<UTerm, B1>, B1>, B0>>>`
[INFO] [stderr] ┈┈┈┈┈┈┈┈┈┈┈┈┈┈┈┈┈┈┈┈┈┈┈┈┈┈┈┈┈┈┈┈┈┈┈┈┈┈┈┈┈┈┈┈┈┈┈┈┈┈┈┈┈┈┈┈┈┈┈┈
[INFO] [stderr] 
[INFO] [stderr] ACTUAL OUTPUT:
[INFO] [stderr] ┈┈┈┈┈┈┈┈┈┈┈┈┈┈┈┈┈┈┈┈┈┈┈┈┈┈┈┈┈┈┈┈┈┈┈┈┈┈┈┈┈┈┈┈┈┈┈┈┈┈┈┈┈┈┈┈┈┈┈┈
[INFO] [stderr] error[E0277]: the trait bound `UTerm: PrivateSub<UInt<UTerm, B1>>` is not satisfied
[INFO] [stderr]  --> src/unit_tests/compilation/consume.rs:9:9
[INFO] [stderr]   |
[INFO] [stderr] 9 |         Use<iopat![Absorb<U3>, Squeeze<U1>, Absorb<U1>], Absorb<U6>>,
[INFO] [stderr]   |         ^^^^^^^^^^^^^^^^^^^^^^^^^^^^^^^^^^^^^^^^^^^^^^^^^^^^^^^^^^^^ the trait `PrivateSub<UInt<UTerm, B1>>` is not implemented for `UTerm`, which is required by `Cons<extra_safe::traits::Absorb<UInt<UInt<UTerm, B1>, B1>>, Cons<extra_safe::traits::Squeeze<UInt<UTerm, B1>>, Cons<extra_safe::traits::Absorb<UInt<UTerm, B1>>, Nil>>>: Consume<extra_safe::traits::Absorb<UInt<UInt<UInt<UTerm, B1>, B1>, B0>>>`
[INFO] [stderr]   |
[INFO] [stderr]   = help: the following other types implement trait `PrivateSub<Rhs>`:
[INFO] [stderr]             `UInt<Ul, B0>` implements `PrivateSub<UInt<Ur, B0>>`
[INFO] [stderr]             `UInt<Ul, B0>` implements `PrivateSub<UInt<Ur, B1>>`
[INFO] [stderr]             `UInt<Ul, B1>` implements `PrivateSub<UInt<Ur, B0>>`
[INFO] [stderr]             `UInt<Ul, B1>` implements `PrivateSub<UInt<Ur, B1>>`
[INFO] [stderr]   = note: required for `UInt<UTerm, B1>` to implement `PrivateSub<UInt<UInt<UTerm, B1>, B1>>`
[INFO] [stderr]   = note: required for `UInt<UInt<UTerm, B1>, B1>` to implement `Sub<UInt<UInt<UInt<UTerm, B1>, B1>, B0>>`
[INFO] [stderr]   = note: required for `Cons<extra_safe::traits::Absorb<UInt<UInt<UTerm, B1>, B1>>, Cons<extra_safe::traits::Squeeze<UInt<UTerm, B1>>, Cons<extra_safe::traits::Absorb<UInt<UTerm, B1>>, Nil>>>` to implement `Consume<extra_safe::traits::Absorb<UInt<UInt<UInt<UTerm, B1>, B1>, B0>>>`
[INFO] [stderr] 
[INFO] [stderr] error[E0277]: the trait bound `UTerm: PrivateSub<UInt<UTerm, B1>>` is not satisfied
[INFO] [stderr]   --> src/unit_tests/compilation/consume.rs:8:5
[INFO] [stderr]    |
[INFO] [stderr] 8  | /     assert_type_eq!(
[INFO] [stderr] 9  | |         Use<iopat![Absorb<U3>, Squeeze<U1>, Absorb<U1>], Absorb<U6>>,
[INFO] [stderr] 10 | |         iopat![Squeeze<U1>, Absorb<U1>]
[INFO] [stderr] 11 | |     );
[INFO] [stderr]    | |_____^ the trait `PrivateSub<UInt<UTerm, B1>>` is not implemented for `UTerm`, which is required by `Cons<extra_safe::traits::Absorb<UInt<UInt<UTerm, B1>, B1>>, Cons<extra_safe::traits::Squeeze<UInt<UTerm, B1>>, Cons<extra_safe::traits::Absorb<UInt<UTerm, B1>>, Nil>>>: Consume<extra_safe::traits::Absorb<UInt<UInt<UInt<UTerm, B1>, B1>, B0>>>`
[INFO] [stderr]    |
[INFO] [stderr]    = help: the following other types implement trait `PrivateSub<Rhs>`:
[INFO] [stderr]              `UInt<Ul, B0>` implements `PrivateSub<UInt<Ur, B0>>`
[INFO] [stderr]              `UInt<Ul, B0>` implements `PrivateSub<UInt<Ur, B1>>`
[INFO] [stderr]              `UInt<Ul, B1>` implements `PrivateSub<UInt<Ur, B0>>`
[INFO] [stderr]              `UInt<Ul, B1>` implements `PrivateSub<UInt<Ur, B1>>`
[INFO] [stderr]    = note: required for `UInt<UTerm, B1>` to implement `PrivateSub<UInt<UInt<UTerm, B1>, B1>>`
[INFO] [stderr]    = note: required for `UInt<UInt<UTerm, B1>, B1>` to implement `Sub<UInt<UInt<UInt<UTerm, B1>, B1>, B0>>`
[INFO] [stderr]    = note: required for `Cons<extra_safe::traits::Absorb<UInt<UInt<UTerm, B1>, B1>>, Cons<extra_safe::traits::Squeeze<UInt<UTerm, B1>>, Cons<extra_safe::traits::Absorb<UInt<UTerm, B1>>, Nil>>>` to implement `Consume<extra_safe::traits::Absorb<UInt<UInt<UInt<UTerm, B1>, B1>, B0>>>`
[INFO] [stderr]    = note: this error originates in the macro `assert_type_eq` (in Nightly builds, run with -Z macro-backtrace for more info)
[INFO] [stderr] ┈┈┈┈┈┈┈┈┈┈┈┈┈┈┈┈┈┈┈┈┈┈┈┈┈┈┈┈┈┈┈┈┈┈┈┈┈┈┈┈┈┈┈┈┈┈┈┈┈┈┈┈┈┈┈┈┈┈┈┈
[INFO] [stderr] note: If the actual output is the correct output you can bless it by rerunning
[INFO] [stderr]       your test with the environment variable TRYBUILD=overwrite
[INFO] [stderr] 
[INFO] [stderr] test src/unit_tests/compilation/consume_head.rs ... mismatch
[INFO] [stderr] 
[INFO] [stderr] EXPECTED:
[INFO] [stderr] ┈┈┈┈┈┈┈┈┈┈┈┈┈┈┈┈┈┈┈┈┈┈┈┈┈┈┈┈┈┈┈┈┈┈┈┈┈┈┈┈┈┈┈┈┈┈┈┈┈┈┈┈┈┈┈┈┈┈┈┈
[INFO] [stderr] error[E0277]: cannot subtract `B1` from `UInt<UTerm, B0>`
[INFO] [stderr]  --> src/unit_tests/compilation/consume_head.rs:9:9
[INFO] [stderr]   |
[INFO] [stderr] 9 |         Use<iopat![Absorb<U5>, Squeeze<U0>, Absorb<U1>], Absorb<U6>>,
[INFO] [stderr]   |         ^^^^^^^^^^^^^^^^^^^^^^^^^^^^^^^^^^^^^^^^^^^^^^^^^^^^^^^^^^^^ no implementation for `UInt<UTerm, B0> - B1`
[INFO] [stderr]   |
[INFO] [stderr]   = help: the trait `Sub<B1>` is not implemented for `UInt<UTerm, B0>`
[INFO] [stderr]   = help: the following other types implement trait `Sub<Rhs>`:
[INFO] [stderr]             <UInt<U, B0> as Sub<B1>>
[INFO] [stderr]             <UInt<U, B> as Sub<B0>>
[INFO] [stderr]             <UInt<UInt<U, B>, B1> as Sub<B1>>
[INFO] [stderr]             <UInt<UTerm, B1> as Sub<B1>>
[INFO] [stderr]             <UInt<Ul, Bl> as Sub<Ur>>
[INFO] [stderr]   = note: required for `UInt<UInt<UTerm, B1>, B0>` to implement `PrivateSub<UInt<UInt<UTerm, B1>, B1>>`
[INFO] [stderr]   = note: required for `UInt<UInt<UInt<UTerm, B1>, B0>, B1>` to implement `Sub<UInt<UInt<UInt<UTerm, B1>, B1>, B0>>`
[INFO] [stderr]   = note: required for `Cons<Absorb<UInt<UInt<UInt<UTerm, B1>, B0>, B1>>, Cons<Squeeze<UTerm>, Cons<Absorb<UInt<UTerm, B1>>, Nil>>>` to implement `Consume<extra_safe::traits::Absorb<UInt<UInt<UInt<UTerm, B1>, B1>, B0>>>`
[INFO] [stderr] ┈┈┈┈┈┈┈┈┈┈┈┈┈┈┈┈┈┈┈┈┈┈┈┈┈┈┈┈┈┈┈┈┈┈┈┈┈┈┈┈┈┈┈┈┈┈┈┈┈┈┈┈┈┈┈┈┈┈┈┈
[INFO] [stderr] 
[INFO] [stderr] ACTUAL OUTPUT:
[INFO] [stderr] ┈┈┈┈┈┈┈┈┈┈┈┈┈┈┈┈┈┈┈┈┈┈┈┈┈┈┈┈┈┈┈┈┈┈┈┈┈┈┈┈┈┈┈┈┈┈┈┈┈┈┈┈┈┈┈┈┈┈┈┈
[INFO] [stderr] error[E0277]: cannot subtract `B1` from `UInt<UTerm, B0>`
[INFO] [stderr]  --> src/unit_tests/compilation/consume_head.rs:9:9
[INFO] [stderr]   |
[INFO] [stderr] 9 |         Use<iopat![Absorb<U5>, Squeeze<U0>, Absorb<U1>], Absorb<U6>>,
[INFO] [stderr]   |         ^^^^^^^^^^^^^^^^^^^^^^^^^^^^^^^^^^^^^^^^^^^^^^^^^^^^^^^^^^^^ no implementation for `UInt<UTerm, B0> - B1`
[INFO] [stderr]   |
[INFO] [stderr]   = help: the trait `Sub<B1>` is not implemented for `UInt<UTerm, B0>`, which is required by `Cons<extra_safe::traits::Absorb<UInt<UInt<UInt<UTerm, B1>, B0>, B1>>, Cons<extra_safe::traits::Squeeze<UTerm>, Cons<extra_safe::traits::Absorb<UInt<UTerm, B1>>, Nil>>>: Consume<extra_safe::traits::Absorb<UInt<UInt<UInt<UTerm, B1>, B1>, B0>>>`
[INFO] [stderr]   = help: the following other types implement trait `Sub<Rhs>`:
[INFO] [stderr]             `UInt<U, B0>` implements `Sub<B1>`
[INFO] [stderr]             `UInt<U, B>` implements `Sub<B0>`
[INFO] [stderr]             `UInt<UInt<U, B>, B1>` implements `Sub<B1>`
[INFO] [stderr]             `UInt<UTerm, B1>` implements `Sub<B1>`
[INFO] [stderr]             `UInt<Ul, Bl>` implements `Sub<Ur>`
[INFO] [stderr]   = note: required for `UInt<UInt<UTerm, B1>, B0>` to implement `PrivateSub<UInt<UInt<UTerm, B1>, B1>>`
[INFO] [stderr]   = note: required for `UInt<UInt<UInt<UTerm, B1>, B0>, B1>` to implement `Sub<UInt<UInt<UInt<UTerm, B1>, B1>, B0>>`
[INFO] [stderr]   = note: required for `Cons<extra_safe::traits::Absorb<UInt<UInt<UInt<UTerm, B1>, B0>, B1>>, Cons<extra_safe::traits::Squeeze<UTerm>, Cons<extra_safe::traits::Absorb<UInt<UTerm, B1>>, Nil>>>` to implement `Consume<extra_safe::traits::Absorb<UInt<UInt<UInt<UTerm, B1>, B1>, B0>>>`
[INFO] [stderr] 
[INFO] [stderr] error[E0277]: cannot subtract `B1` from `UInt<UTerm, B0>`
[INFO] [stderr]   --> src/unit_tests/compilation/consume_head.rs:8:5
[INFO] [stderr]    |
[INFO] [stderr] 8  | /     assert_type_eq!(
[INFO] [stderr] 9  | |         Use<iopat![Absorb<U5>, Squeeze<U0>, Absorb<U1>], Absorb<U6>>,
[INFO] [stderr] 10 | |         Nil
[INFO] [stderr] 11 | |     );
[INFO] [stderr]    | |_____^ no implementation for `UInt<UTerm, B0> - B1`
[INFO] [stderr]    |
[INFO] [stderr]    = help: the trait `Sub<B1>` is not implemented for `UInt<UTerm, B0>`, which is required by `Cons<extra_safe::traits::Absorb<UInt<UInt<UInt<UTerm, B1>, B0>, B1>>, Cons<extra_safe::traits::Squeeze<UTerm>, Cons<extra_safe::traits::Absorb<UInt<UTerm, B1>>, Nil>>>: Consume<extra_safe::traits::Absorb<UInt<UInt<UInt<UTerm, B1>, B1>, B0>>>`
[INFO] [stderr]    = help: the following other types implement trait `Sub<Rhs>`:
[INFO] [stderr]              `UInt<U, B0>` implements `Sub<B1>`
[INFO] [stderr]              `UInt<U, B>` implements `Sub<B0>`
[INFO] [stderr]              `UInt<UInt<U, B>, B1>` implements `Sub<B1>`
[INFO] [stderr]              `UInt<UTerm, B1>` implements `Sub<B1>`
[INFO] [stderr]              `UInt<Ul, Bl>` implements `Sub<Ur>`
[INFO] [stderr]    = note: required for `UInt<UInt<UTerm, B1>, B0>` to implement `PrivateSub<UInt<UInt<UTerm, B1>, B1>>`
[INFO] [stderr]    = note: required for `UInt<UInt<UInt<UTerm, B1>, B0>, B1>` to implement `Sub<UInt<UInt<UInt<UTerm, B1>, B1>, B0>>`
[INFO] [stderr]    = note: required for `Cons<extra_safe::traits::Absorb<UInt<UInt<UInt<UTerm, B1>, B0>, B1>>, Cons<extra_safe::traits::Squeeze<UTerm>, Cons<extra_safe::traits::Absorb<UInt<UTerm, B1>>, Nil>>>` to implement `Consume<extra_safe::traits::Absorb<UInt<UInt<UInt<UTerm, B1>, B1>, B0>>>`
[INFO] [stderr]    = note: this error originates in the macro `assert_type_eq` (in Nightly builds, run with -Z macro-backtrace for more info)
[INFO] [stderr] ┈┈┈┈┈┈┈┈┈┈┈┈┈┈┈┈┈┈┈┈┈┈┈┈┈┈┈┈┈┈┈┈┈┈┈┈┈┈┈┈┈┈┈┈┈┈┈┈┈┈┈┈┈┈┈┈┈┈┈┈
[INFO] [stderr] note: If the actual output is the correct output you can bless it by rerunning
[INFO] [stderr]       your test with the environment variable TRYBUILD=overwrite
[INFO] [stderr] 
[INFO] [stderr] test src/unit_tests/compilation/normalize.rs ... mismatch
[INFO] [stderr] 
[INFO] [stderr] EXPECTED:
[INFO] [stderr] ┈┈┈┈┈┈┈┈┈┈┈┈┈┈┈┈┈┈┈┈┈┈┈┈┈┈┈┈┈┈┈┈┈┈┈┈┈┈┈┈┈┈┈┈┈┈┈┈┈┈┈┈┈┈┈┈┈┈┈┈
[INFO] [stderr] error[E0277]: the trait bound `Cons<extra_safe::traits::Absorb<UInt<UInt<UInt<UTerm, B1>, B0>, B1>>, Nil>: Same<Cons<extra_safe::traits::Absorb<UInt<UInt<UInt<UTerm, B1>, B0>, B0>>, Nil>>` is not satisfied
[INFO] [stderr]  --> src/unit_tests/compilation/normalize.rs:7:5
[INFO] [stderr]   |
[INFO] [stderr] 7 |     assert_type_eq!(Norm<iopat![Absorb<U2>, Absorb<U3>]>, iopat![Absorb<U4>]);
[INFO] [stderr]   |     ^^^^^^^^^^^^^^^^^^^^^^^^^^^^^^^^^^^^^^^^^^^^^^^^^^^^^^^^^^^^^^^^^^^^^^^^^ the trait `Same<Cons<extra_safe::traits::Absorb<UInt<UInt<UInt<UTerm, B1>, B0>, B0>>, Nil>>` is not implemented for `Cons<extra_safe::traits::Absorb<UInt<UInt<UInt<UTerm, B1>, B0>, B1>>, Nil>`
[INFO] [stderr]   |
[INFO] [stderr]   = note: this error originates in the macro `assert_type_eq` (in Nightly builds, run with -Z macro-backtrace for more info)
[INFO] [stderr] ┈┈┈┈┈┈┈┈┈┈┈┈┈┈┈┈┈┈┈┈┈┈┈┈┈┈┈┈┈┈┈┈┈┈┈┈┈┈┈┈┈┈┈┈┈┈┈┈┈┈┈┈┈┈┈┈┈┈┈┈
[INFO] [stderr] 
[INFO] [stderr] ACTUAL OUTPUT:
[INFO] [stderr] ┈┈┈┈┈┈┈┈┈┈┈┈┈┈┈┈┈┈┈┈┈┈┈┈┈┈┈┈┈┈┈┈┈┈┈┈┈┈┈┈┈┈┈┈┈┈┈┈┈┈┈┈┈┈┈┈┈┈┈┈
[INFO] [stderr] error[E0277]: the trait bound `Cons<extra_safe::traits::Absorb<UInt<UInt<UInt<UTerm, B1>, B0>, B1>>, Nil>: Same<Cons<extra_safe::traits::Absorb<UInt<UInt<UInt<UTerm, B1>, B0>, B0>>, Nil>>` is not satisfied
[INFO] [stderr]  --> src/unit_tests/compilation/normalize.rs:7:5
[INFO] [stderr]   |
[INFO] [stderr] 7 |     assert_type_eq!(Norm<iopat![Absorb<U2>, Absorb<U3>]>, iopat![Absorb<U4>]);
[INFO] [stderr]   |     ^^^^^^^^^^^^^^^^^^^^^^^^^^^^^^^^^^^^^^^^^^^^^^^^^^^^^^^^^^^^^^^^^^^^^^^^^ the trait `Same<Cons<extra_safe::traits::Absorb<UInt<UInt<UInt<UTerm, B1>, B0>, B0>>, Nil>>` is not implemented for `Cons<extra_safe::traits::Absorb<UInt<UInt<UInt<UTerm, B1>, B0>, B1>>, Nil>`
[INFO] [stderr]   |
[INFO] [stderr]   = note: this error originates in the macro `assert_type_eq` (in Nightly builds, run with -Z macro-backtrace for more info)
[INFO] [stderr] 
[INFO] [stderr] error[E0277]: the trait bound `Cons<extra_safe::traits::Absorb<UInt<UInt<UInt<UTerm, B1>, B0>, B1>>, Nil>: Same<Cons<extra_safe::traits::Absorb<UInt<UInt<UInt<UTerm, B1>, B0>, B0>>, Nil>>` is not satisfied
[INFO] [stderr]  --> src/unit_tests/compilation/normalize.rs:7:5
[INFO] [stderr]   |
[INFO] [stderr] 7 |     assert_type_eq!(Norm<iopat![Absorb<U2>, Absorb<U3>]>, iopat![Absorb<U4>]);
[INFO] [stderr]   |     ^^^^^^^^^^^^^^^^^^^^^^^^^^^^^^^^^^^^^^^^^^^^^^^^^^^^^^^^^^^^^^^^^^^^^^^^^ the trait `Same<Cons<extra_safe::traits::Absorb<UInt<UInt<UInt<UTerm, B1>, B0>, B0>>, Nil>>` is not implemented for `Cons<extra_safe::traits::Absorb<UInt<UInt<UInt<UTerm, B1>, B0>, B1>>, Nil>`
[INFO] [stderr]   |
[INFO] [stderr]   = note: this error originates in the macro `assert_type_eq` (in Nightly builds, run with -Z macro-backtrace for more info)
[INFO] [stderr] ┈┈┈┈┈┈┈┈┈┈┈┈┈┈┈┈┈┈┈┈┈┈┈┈┈┈┈┈┈┈┈┈┈┈┈┈┈┈┈┈┈┈┈┈┈┈┈┈┈┈┈┈┈┈┈┈┈┈┈┈
[INFO] [stderr] note: If the actual output is the correct output you can bless it by rerunning
[INFO] [stderr]       your test with the environment variable TRYBUILD=overwrite
[INFO] [stderr] 
[INFO] [stderr] test src/unit_tests/compilation/normalize_complex.rs ... mismatch
[INFO] [stderr] 
[INFO] [stderr] EXPECTED:
[INFO] [stderr] ┈┈┈┈┈┈┈┈┈┈┈┈┈┈┈┈┈┈┈┈┈┈┈┈┈┈┈┈┈┈┈┈┈┈┈┈┈┈┈┈┈┈┈┈┈┈┈┈┈┈┈┈┈┈┈┈┈┈┈┈
[INFO] [stderr] error[E0277]: the trait bound `Cons<extra_safe::traits::Absorb<UInt<UInt<UInt<UInt<UTerm, B1>, B0>, B0>, B0>>, Nil>: Same<Cons<extra_safe::traits::Absorb<UInt<UInt<UTerm, B1>, B0>>, Cons<extra_safe::traits::Absorb<UInt<UInt<UInt<UTerm, B1>, B1>, B0>>, Nil>>>` is not satisfied
[INFO] [stderr]   --> src/unit_tests/compilation/normalize_complex.rs:7:5
[INFO] [stderr]    |
[INFO] [stderr] 7  | /     assert_type_eq!(
[INFO] [stderr] 8  | |         Norm<iopat![Absorb<U2>, Squeeze<U0>, Absorb<U3>, Absorb<U3>]>,
[INFO] [stderr] 9  | |         iopat![Absorb<U2>, Absorb<U6>]
[INFO] [stderr] 10 | |     );
[INFO] [stderr]    | |_____^ the trait `Same<Cons<extra_safe::traits::Absorb<UInt<UInt<UTerm, B1>, B0>>, Cons<extra_safe::traits::Absorb<UInt<UInt<UInt<UTerm, B1>, B1>, B0>>, Nil>>>` is not implemented for `Cons<extra_safe::traits::Absorb<UInt<UInt<UInt<UInt<UTerm, B1>, B0>, B0>, B0>>, Nil>`
[INFO] [stderr]    |
[INFO] [stderr]    = note: this error originates in the macro `assert_type_eq` (in Nightly builds, run with -Z macro-backtrace for more info)
[INFO] [stderr] ┈┈┈┈┈┈┈┈┈┈┈┈┈┈┈┈┈┈┈┈┈┈┈┈┈┈┈┈┈┈┈┈┈┈┈┈┈┈┈┈┈┈┈┈┈┈┈┈┈┈┈┈┈┈┈┈┈┈┈┈
[INFO] [stderr] 
[INFO] [stderr] ACTUAL OUTPUT:
[INFO] [stderr] ┈┈┈┈┈┈┈┈┈┈┈┈┈┈┈┈┈┈┈┈┈┈┈┈┈┈┈┈┈┈┈┈┈┈┈┈┈┈┈┈┈┈┈┈┈┈┈┈┈┈┈┈┈┈┈┈┈┈┈┈
[INFO] [stderr] error[E0277]: the trait bound `Cons<extra_safe::traits::Absorb<UInt<UInt<UInt<UInt<UTerm, B1>, B0>, B0>, B0>>, Nil>: Same<Cons<extra_safe::traits::Absorb<UInt<UInt<UTerm, B1>, B0>>, Cons<extra_safe::traits::Absorb<UInt<UInt<UInt<UTerm, B1>, B1>, B0>>, Nil>>>` is not satisfied
[INFO] [stderr]   --> src/unit_tests/compilation/normalize_complex.rs:7:5
[INFO] [stderr]    |
[INFO] [stderr] 7  | /     assert_type_eq!(
[INFO] [stderr] 8  | |         Norm<iopat![Absorb<U2>, Squeeze<U0>, Absorb<U3>, Absorb<U3>]>,
[INFO] [stderr] 9  | |         iopat![Absorb<U2>, Absorb<U6>]
[INFO] [stderr] 10 | |     );
[INFO] [stderr]    | |_____^ the trait `Same<Cons<extra_safe::traits::Absorb<UInt<UInt<UTerm, B1>, B0>>, Cons<extra_safe::traits::Absorb<UInt<UInt<UInt<UTerm, B1>, B1>, B0>>, Nil>>>` is not implemented for `Cons<extra_safe::traits::Absorb<UInt<UInt<UInt<UInt<UTerm, B1>, B0>, B0>, B0>>, Nil>`
[INFO] [stderr]    |
[INFO] [stderr]    = note: this error originates in the macro `assert_type_eq` (in Nightly builds, run with -Z macro-backtrace for more info)
[INFO] [stderr] 
[INFO] [stderr] error[E0277]: the trait bound `Cons<extra_safe::traits::Absorb<UInt<UInt<UInt<UInt<UTerm, B1>, B0>, B0>, B0>>, Nil>: Same<Cons<extra_safe::traits::Absorb<UInt<UInt<UTerm, B1>, B0>>, Cons<extra_safe::traits::Absorb<UInt<UInt<UInt<UTerm, B1>, B1>, B0>>, Nil>>>` is not satisfied
[INFO] [stderr]   --> src/unit_tests/compilation/normalize_complex.rs:7:5
[INFO] [stderr]    |
[INFO] [stderr] 7  | /     assert_type_eq!(
[INFO] [stderr] 8  | |         Norm<iopat![Absorb<U2>, Squeeze<U0>, Absorb<U3>, Absorb<U3>]>,
[INFO] [stderr] 9  | |         iopat![Absorb<U2>, Absorb<U6>]
[INFO] [stderr] 10 | |     );
[INFO] [stderr]    | |_____^ the trait `Same<Cons<extra_safe::traits::Absorb<UInt<UInt<UTerm, B1>, B0>>, Cons<extra_safe::traits::Absorb<UInt<UInt<UInt<UTerm, B1>, B1>, B0>>, Nil>>>` is not implemented for `Cons<extra_safe::traits::Absorb<UInt<UInt<UInt<UInt<UTerm, B1>, B0>, B0>, B0>>, Nil>`
[INFO] [stderr]    |
[INFO] [stderr]    = note: this error originates in the macro `assert_type_eq` (in Nightly builds, run with -Z macro-backtrace for more info)
[INFO] [stderr] ┈┈┈┈┈┈┈┈┈┈┈┈┈┈┈┈┈┈┈┈┈┈┈┈┈┈┈┈┈┈┈┈┈┈┈┈┈┈┈┈┈┈┈┈┈┈┈┈┈┈┈┈┈┈┈┈┈┈┈┈
[INFO] [stderr] note: If the actual output is the correct output you can bless it by rerunning
[INFO] [stderr]       your test with the environment variable TRYBUILD=overwrite
[INFO] [stderr] 
[INFO] [stderr] test src/unit_tests/compilation/sponge_bad_api.rs ... mismatch
[INFO] [stderr] 
[INFO] [stderr] EXPECTED:
[INFO] [stderr] ┈┈┈┈┈┈┈┈┈┈┈┈┈┈┈┈┈┈┈┈┈┈┈┈┈┈┈┈┈┈┈┈┈┈┈┈┈┈┈┈┈┈┈┈┈┈┈┈┈┈┈┈┈┈┈┈┈┈┈┈
[INFO] [stderr] error[E0277]: cannot subtract `B1` from `UInt<UInt<UTerm, B0>, B0>`
[INFO] [stderr]   --> src/unit_tests/compilation/sponge_bad_api.rs:89:22
[INFO] [stderr]    |
[INFO] [stderr] 89 |         extra_sponge.absorb(Array::from_core_array(five_array), &mut Vec::default());
[INFO] [stderr]    |                      ^^^^^^ no implementation for `UInt<UInt<UTerm, B0>, B0> - B1`
[INFO] [stderr]    |
[INFO] [stderr]    = help: the trait `Sub<B1>` is not implemented for `UInt<UInt<UTerm, B0>, B0>`
[INFO] [stderr]    = help: the following other types implement trait `Sub<Rhs>`:
[INFO] [stderr]              <UInt<U, B0> as Sub<B1>>
[INFO] [stderr]              <UInt<U, B> as Sub<B0>>
[INFO] [stderr]              <UInt<UInt<U, B>, B1> as Sub<B1>>
[INFO] [stderr]              <UInt<UTerm, B1> as Sub<B1>>
[INFO] [stderr]              <UInt<Ul, Bl> as Sub<Ur>>
[INFO] [stderr]    = note: required for `UInt<UInt<UInt<UTerm, B1>, B0>, B0>` to implement `PrivateSub<UInt<UInt<UInt<UTerm, B1>, B0>, B1>>`
[INFO] [stderr]    = note: required for `UInt<UInt<UInt<UTerm, B1>, B0>, B0>` to implement `Sub<UInt<UInt<UInt<UTerm, B1>, B0>, B1>>`
[INFO] [stderr]    = note: required for `Cons<extra_safe::traits::Absorb<UInt<UInt<UInt<UTerm, B1>, B0>, B0>>, Cons<extra_safe::traits::Squeeze<UInt<UInt<UTerm, B1>, B1>>, Nil>>` to implement `Consume<extra_safe::traits::Absorb<UInt<UInt<UInt<UTerm, B1>, B0>, B1>>>`
[INFO] [stderr] ┈┈┈┈┈┈┈┈┈┈┈┈┈┈┈┈┈┈┈┈┈┈┈┈┈┈┈┈┈┈┈┈┈┈┈┈┈┈┈┈┈┈┈┈┈┈┈┈┈┈┈┈┈┈┈┈┈┈┈┈
[INFO] [stderr] 
[INFO] [stderr] ACTUAL OUTPUT:
[INFO] [stderr] ┈┈┈┈┈┈┈┈┈┈┈┈┈┈┈┈┈┈┈┈┈┈┈┈┈┈┈┈┈┈┈┈┈┈┈┈┈┈┈┈┈┈┈┈┈┈┈┈┈┈┈┈┈┈┈┈┈┈┈┈
[INFO] [stderr] error[E0277]: cannot subtract `B1` from `UInt<UInt<UTerm, B0>, B0>`
[INFO] [stderr]   --> src/unit_tests/compilation/sponge_bad_api.rs:89:22
[INFO] [stderr]    |
[INFO] [stderr] 89 |         extra_sponge.absorb(Array::from_core_array(five_array), &mut Vec::default());
[INFO] [stderr]    |                      ^^^^^^ no implementation for `UInt<UInt<UTerm, B0>, B0> - B1`
[INFO] [stderr]    |
[INFO] [stderr]    = help: the trait `Sub<B1>` is not implemented for `UInt<UInt<UTerm, B0>, B0>`, which is required by `Cons<extra_safe::traits::Absorb<UInt<UInt<UInt<UTerm, B1>, B0>, B0>>, Cons<extra_safe::traits::Squeeze<UInt<UInt<UTerm, B1>, B1>>, Nil>>: Consume<extra_safe::traits::Absorb<UInt<UInt<UInt<UTerm, B1>, B0>, B1>>>`
[INFO] [stderr]    = help: the following other types implement trait `Sub<Rhs>`:
[INFO] [stderr]              `UInt<U, B0>` implements `Sub<B1>`
[INFO] [stderr]              `UInt<U, B>` implements `Sub<B0>`
[INFO] [stderr]              `UInt<UInt<U, B>, B1>` implements `Sub<B1>`
[INFO] [stderr]              `UInt<UTerm, B1>` implements `Sub<B1>`
[INFO] [stderr]              `UInt<Ul, Bl>` implements `Sub<Ur>`
[INFO] [stderr]    = note: required for `UInt<UInt<UInt<UTerm, B1>, B0>, B0>` to implement `PrivateSub<UInt<UInt<UInt<UTerm, B1>, B0>, B1>>`
[INFO] [stderr]    = note: required for `UInt<UInt<UInt<UTerm, B1>, B0>, B0>` to implement `Sub<UInt<UInt<UInt<UTerm, B1>, B0>, B1>>`
[INFO] [stderr]    = note: required for `Cons<extra_safe::traits::Absorb<UInt<UInt<UInt<UTerm, B1>, B0>, B0>>, Cons<extra_safe::traits::Squeeze<UInt<UInt<UTerm, B1>, B1>>, Nil>>` to implement `Consume<extra_safe::traits::Absorb<UInt<UInt<UInt<UTerm, B1>, B0>, B1>>>`
[INFO] [stderr] ┈┈┈┈┈┈┈┈┈┈┈┈┈┈┈┈┈┈┈┈┈┈┈┈┈┈┈┈┈┈┈┈┈┈┈┈┈┈┈┈┈┈┈┈┈┈┈┈┈┈┈┈┈┈┈┈┈┈┈┈
[INFO] [stderr] note: If the actual output is the correct output you can bless it by rerunning
[INFO] [stderr]       your test with the environment variable TRYBUILD=overwrite
[INFO] [stderr] 
[INFO] [stderr] test src/unit_tests/compilation/sponge_creation.rs ... mismatch
[INFO] [stderr] 
[INFO] [stderr] EXPECTED:
[INFO] [stderr] ┈┈┈┈┈┈┈┈┈┈┈┈┈┈┈┈┈┈┈┈┈┈┈┈┈┈┈┈┈┈┈┈┈┈┈┈┈┈┈┈┈┈┈┈┈┈┈┈┈┈┈┈┈┈┈┈┈┈┈┈
[INFO] [stderr] error[E0308]: mismatched types
[INFO] [stderr]   --> src/unit_tests/compilation/sponge_creation.rs:81:9
[INFO] [stderr]    |
[INFO] [stderr] 80 |       let _extra_sponge: ExtraSponge<BasicSponge, iopat![Absorb<U2>, Absorb<U3>, Squeeze<U3>]> =
[INFO] [stderr]    |                          --------------------------------------------------------------------- expected due to this
[INFO] [stderr] 81 | /         ExtraSponge::<BasicSponge, iopat![Absorb<U2>, Absorb<U3>, Squeeze<U3>]>::start(
[INFO] [stderr] 82 | |             None,
[INFO] [stderr] 83 | |             basic_sponge,
[INFO] [stderr] 84 | |             &mut start_acc,
[INFO] [stderr] 85 | |         );
[INFO] [stderr]    | |_________^ expected struct `UTerm`, found struct `UInt`
[INFO] [stderr]    |
[INFO] [stderr]    = note: expected struct `ExtraSponge<BasicSponge, Cons<Absorb<UInt<UInt<UTerm, B1>, B0>>, Cons<Absorb<UInt<..., ...>>, ...>>>`
[INFO] [stderr]               found struct `ExtraSponge<_, Cons<extra_safe::traits::Absorb<UInt<UInt<UInt<UTerm, B1>, B0>, B1>>, Cons<extra_safe::traits::Squeeze<UInt<UInt<UTerm, B1>, B1>>, Nil>>>`
[INFO] [stderr] ┈┈┈┈┈┈┈┈┈┈┈┈┈┈┈┈┈┈┈┈┈┈┈┈┈┈┈┈┈┈┈┈┈┈┈┈┈┈┈┈┈┈┈┈┈┈┈┈┈┈┈┈┈┈┈┈┈┈┈┈
[INFO] [stderr] 
[INFO] [stderr] ACTUAL OUTPUT:
[INFO] [stderr] ┈┈┈┈┈┈┈┈┈┈┈┈┈┈┈┈┈┈┈┈┈┈┈┈┈┈┈┈┈┈┈┈┈┈┈┈┈┈┈┈┈┈┈┈┈┈┈┈┈┈┈┈┈┈┈┈┈┈┈┈
[INFO] [stderr] error[E0308]: mismatched types
[INFO] [stderr]   --> src/unit_tests/compilation/sponge_creation.rs:81:9
[INFO] [stderr]    |
[INFO] [stderr] 80 |       let _extra_sponge: ExtraSponge<BasicSponge, iopat![Absorb<U2>, Absorb<U3>, Squeeze<U3>]> =
[INFO] [stderr]    |                          --------------------------------------------------------------------- expected due to this
[INFO] [stderr] 81 | /         ExtraSponge::<BasicSponge, iopat![Absorb<U2>, Absorb<U3>, Squeeze<U3>]>::start(
[INFO] [stderr] 82 | |             None,
[INFO] [stderr] 83 | |             basic_sponge,
[INFO] [stderr] 84 | |             &mut start_acc,
[INFO] [stderr] 85 | |         );
[INFO] [stderr]    | |_________^ expected `UTerm`, found `UInt<UTerm, B1>`
[INFO] [stderr]    |
[INFO] [stderr]    = note: expected struct `ExtraSponge<BasicSponge, Cons<extra_safe::traits::Absorb<UInt<UInt<UTerm, B1>, B0>>, Cons<extra_safe::traits::Absorb<UInt<UInt<UTerm, B1>, B1>>, Cons<extra_safe::traits::Squeeze<UInt<UInt<UTerm, B1>, B1>>, Nil>>>>`
[INFO] [stderr]               found struct `ExtraSponge<BasicSponge, Cons<extra_safe::traits::Absorb<UInt<UInt<UInt<UTerm, B1>, B0>, B1>>, Cons<extra_safe::traits::Squeeze<UInt<UInt<UTerm, B1>, B1>>, Nil>>>`
[INFO] [stderr] ┈┈┈┈┈┈┈┈┈┈┈┈┈┈┈┈┈┈┈┈┈┈┈┈┈┈┈┈┈┈┈┈┈┈┈┈┈┈┈┈┈┈┈┈┈┈┈┈┈┈┈┈┈┈┈┈┈┈┈┈
[INFO] [stderr] note: If the actual output is the correct output you can bless it by rerunning
[INFO] [stderr]       your test with the environment variable TRYBUILD=overwrite
[INFO] [stderr] 
[INFO] [stderr] 
[INFO] [stderr] 
[INFO] [stdout] test unit_tests::illegal_api_uses ... FAILED
[INFO] [stdout] 
[INFO] [stdout] failures:
[INFO] [stdout] 
[INFO] [stdout] ---- unit_tests::illegal_api_uses stdout ----
[INFO] [stdout] thread 'unit_tests::illegal_api_uses' panicked at /opt/rustwide/cargo-home/registry/src/index.crates.io-6f17d22bba15001f/trybuild-1.0.101/src/run.rs:101:13:
[INFO] [stdout] 6 of 6 tests failed
[INFO] [stdout] stack backtrace:
[INFO] [stdout]    0:     0x61e46b979c9a - std::backtrace_rs::backtrace::libunwind::trace::h5a5b8284f2d0c266
[INFO] [stdout]                                at /rustc/90b35a6239c3d8bdabc530a6a0816f7ff89a0aaf/library/std/src/../../backtrace/src/backtrace/libunwind.rs:116:5
[INFO] [stdout]    1:     0x61e46b979c9a - std::backtrace_rs::backtrace::trace_unsynchronized::h76d4f1c9b0b875e3
[INFO] [stdout]                                at /rustc/90b35a6239c3d8bdabc530a6a0816f7ff89a0aaf/library/std/src/../../backtrace/src/backtrace/mod.rs:66:5
[INFO] [stdout]    2:     0x61e46b979c9a - std::sys::backtrace::_print_fmt::hc4546b8364a537c6
[INFO] [stdout]                                at /rustc/90b35a6239c3d8bdabc530a6a0816f7ff89a0aaf/library/std/src/sys/backtrace.rs:66:9
[INFO] [stdout]    3:     0x61e46b979c9a - <std::sys::backtrace::BacktraceLock::print::DisplayBacktrace as core::fmt::Display>::fmt::h5b6bd5631a6d1f6b
[INFO] [stdout]                                at /rustc/90b35a6239c3d8bdabc530a6a0816f7ff89a0aaf/library/std/src/sys/backtrace.rs:39:26
[INFO] [stdout]    4:     0x61e46b9a28c3 - core::fmt::rt::Argument::fmt::h270f6602a2b96f62
[INFO] [stdout]                                at /rustc/90b35a6239c3d8bdabc530a6a0816f7ff89a0aaf/library/core/src/fmt/rt.rs:177:76
[INFO] [stdout]    5:     0x61e46b9a28c3 - core::fmt::write::h7550c97b06c86515
[INFO] [stdout]                                at /rustc/90b35a6239c3d8bdabc530a6a0816f7ff89a0aaf/library/core/src/fmt/mod.rs:1186:21
[INFO] [stdout]    6:     0x61e46b976373 - std::io::Write::write_fmt::h509ff860e5956e5e
[INFO] [stdout]                                at /rustc/90b35a6239c3d8bdabc530a6a0816f7ff89a0aaf/library/std/src/io/mod.rs:1839:15
[INFO] [stdout]    7:     0x61e46b979ae2 - std::sys::backtrace::BacktraceLock::print::h2395ccd2c84ba3aa
[INFO] [stdout]                                at /rustc/90b35a6239c3d8bdabc530a6a0816f7ff89a0aaf/library/std/src/sys/backtrace.rs:42:9
[INFO] [stdout]    8:     0x61e46b97b6fa - std::panicking::default_hook::{{closure}}::he19d4c7230e07961
[INFO] [stdout]                                at /rustc/90b35a6239c3d8bdabc530a6a0816f7ff89a0aaf/library/std/src/panicking.rs:268:22
[INFO] [stdout]    9:     0x61e46b97b504 - std::panicking::default_hook::hf614597d3c67bbdb
[INFO] [stdout]                                at /rustc/90b35a6239c3d8bdabc530a6a0816f7ff89a0aaf/library/std/src/panicking.rs:292:9
[INFO] [stdout]   10:     0x61e46b943e29 - <alloc::boxed::Box<F,A> as core::ops::function::Fn<Args>>::call::h39b51ce4599c23d1
[INFO] [stdout]                                at /rustc/90b35a6239c3d8bdabc530a6a0816f7ff89a0aaf/library/alloc/src/boxed.rs:2468:9
[INFO] [stdout]   11:     0x61e46b943e29 - test::test_main::{{closure}}::he977ae839a582784
[INFO] [stdout]                                at /rustc/90b35a6239c3d8bdabc530a6a0816f7ff89a0aaf/library/test/src/lib.rs:133:21
[INFO] [stdout]   12:     0x61e46b97bd98 - <alloc::boxed::Box<F,A> as core::ops::function::Fn<Args>>::call::h9455091b6b06f9fb
[INFO] [stdout]                                at /rustc/90b35a6239c3d8bdabc530a6a0816f7ff89a0aaf/library/alloc/src/boxed.rs:2468:9
[INFO] [stdout]   13:     0x61e46b97bd98 - std::panicking::rust_panic_with_hook::h8942133a8b252070
[INFO] [stdout]                                at /rustc/90b35a6239c3d8bdabc530a6a0816f7ff89a0aaf/library/std/src/panicking.rs:809:13
[INFO] [stdout]   14:     0x61e46b97bb5a - std::panicking::begin_panic_handler::{{closure}}::hb5f5963570096b29
[INFO] [stdout]                                at /rustc/90b35a6239c3d8bdabc530a6a0816f7ff89a0aaf/library/std/src/panicking.rs:674:13
[INFO] [stdout]   15:     0x61e46b97a179 - std::sys::backtrace::__rust_end_short_backtrace::h6208cedc1922feda
[INFO] [stdout]                                at /rustc/90b35a6239c3d8bdabc530a6a0816f7ff89a0aaf/library/std/src/sys/backtrace.rs:170:18
[INFO] [stdout]   16:     0x61e46b97b7ec - rust_begin_unwind
[INFO] [stdout]                                at /rustc/90b35a6239c3d8bdabc530a6a0816f7ff89a0aaf/library/std/src/panicking.rs:665:5
[INFO] [stdout]   17:     0x61e46b63b210 - core::panicking::panic_fmt::h0c3082644d1bf418
[INFO] [stdout]                                at /rustc/90b35a6239c3d8bdabc530a6a0816f7ff89a0aaf/library/core/src/panicking.rs:74:14
[INFO] [stdout]   18:     0x61e46b6b2ebf - trybuild::run::<impl trybuild::Runner>::run::h5095926325e9b78b
[INFO] [stdout]                                at /opt/rustwide/cargo-home/registry/src/index.crates.io-6f17d22bba15001f/trybuild-1.0.101/src/run.rs:101:13
[INFO] [stdout]   19:     0x61e46b6b83c8 - <trybuild::TestCases as core::ops::drop::Drop>::drop::h9c5cdfedffe1680f
[INFO] [stdout]                                at /opt/rustwide/cargo-home/registry/src/index.crates.io-6f17d22bba15001f/trybuild-1.0.101/src/lib.rs:340:13
[INFO] [stdout]   20:     0x61e46b63d4b7 - core::ptr::drop_in_place<trybuild::TestCases>::hba05aac95bc06ba4
[INFO] [stdout]                                at /rustc/90b35a6239c3d8bdabc530a6a0816f7ff89a0aaf/library/core/src/ptr/mod.rs:574:1
[INFO] [stdout]   21:     0x61e46b642603 - extra_safe::unit_tests::illegal_api_uses::h13143f89801356c5
[INFO] [stdout]                                at /opt/rustwide/workdir/src/unit_tests/mod.rs:19:1
[INFO] [stdout]   22:     0x61e46b642597 - extra_safe::unit_tests::illegal_api_uses::{{closure}}::hf7643b47303e7439
[INFO] [stdout]                                at /opt/rustwide/workdir/src/unit_tests/mod.rs:16:22
[INFO] [stdout]   23:     0x61e46b63d096 - core::ops::function::FnOnce::call_once::h60d62b5a2e87b36d
[INFO] [stdout]                                at /rustc/90b35a6239c3d8bdabc530a6a0816f7ff89a0aaf/library/core/src/ops/function.rs:250:5
[INFO] [stdout]   24:     0x61e46b9487eb - core::ops::function::FnOnce::call_once::h109cf8051a59b34e
[INFO] [stdout]                                at /rustc/90b35a6239c3d8bdabc530a6a0816f7ff89a0aaf/library/core/src/ops/function.rs:250:5
[INFO] [stdout]   25:     0x61e46b9487eb - test::__rust_begin_short_backtrace::hf4fff89d377446ba
[INFO] [stdout]                                at /rustc/90b35a6239c3d8bdabc530a6a0816f7ff89a0aaf/library/test/src/lib.rs:621:18
[INFO] [stdout]   26:     0x61e46b948027 - test::run_test_in_process::{{closure}}::h0e39181dd7ee5a43
[INFO] [stdout]                                at /rustc/90b35a6239c3d8bdabc530a6a0816f7ff89a0aaf/library/test/src/lib.rs:644:60
[INFO] [stdout]   27:     0x61e46b948027 - <core::panic::unwind_safe::AssertUnwindSafe<F> as core::ops::function::FnOnce<()>>::call_once::hc5a66a30f0bdfd1f
[INFO] [stdout]                                at /rustc/90b35a6239c3d8bdabc530a6a0816f7ff89a0aaf/library/core/src/panic/unwind_safe.rs:272:9
[INFO] [stdout]   28:     0x61e46b948027 - std::panicking::try::do_call::h873b7cf639554a5e
[INFO] [stdout]                                at /rustc/90b35a6239c3d8bdabc530a6a0816f7ff89a0aaf/library/std/src/panicking.rs:557:40
[INFO] [stdout]   29:     0x61e46b948027 - std::panicking::try::hdb19862fad9c8bd1
[INFO] [stdout]                                at /rustc/90b35a6239c3d8bdabc530a6a0816f7ff89a0aaf/library/std/src/panicking.rs:520:19
[INFO] [stdout]   30:     0x61e46b948027 - std::panic::catch_unwind::h281fe732d236d260
[INFO] [stdout]                                at /rustc/90b35a6239c3d8bdabc530a6a0816f7ff89a0aaf/library/std/src/panic.rs:358:14
[INFO] [stdout]   31:     0x61e46b948027 - test::run_test_in_process::h949b6df8457ed338
[INFO] [stdout]                                at /rustc/90b35a6239c3d8bdabc530a6a0816f7ff89a0aaf/library/test/src/lib.rs:644:27
[INFO] [stdout]   32:     0x61e46b948027 - test::run_test::{{closure}}::h52c556a6d4740e10
[INFO] [stdout]                                at /rustc/90b35a6239c3d8bdabc530a6a0816f7ff89a0aaf/library/test/src/lib.rs:565:43
[INFO] [stdout]   33:     0x61e46b90d304 - test::run_test::{{closure}}::h4237f6381c45ccb9
[INFO] [stdout]                                at /rustc/90b35a6239c3d8bdabc530a6a0816f7ff89a0aaf/library/test/src/lib.rs:595:41
[INFO] [stdout]   34:     0x61e46b90d304 - std::sys::backtrace::__rust_begin_short_backtrace::h505c97a579eca628
[INFO] [stdout]                                at /rustc/90b35a6239c3d8bdabc530a6a0816f7ff89a0aaf/library/std/src/sys/backtrace.rs:154:18
[INFO] [stdout]   35:     0x61e46b9109ce - std::thread::Builder::spawn_unchecked_::{{closure}}::{{closure}}::h9e86b2e2bc107ea3
[INFO] [stdout]                                at /rustc/90b35a6239c3d8bdabc530a6a0816f7ff89a0aaf/library/std/src/thread/mod.rs:538:17
[INFO] [stdout]   36:     0x61e46b9109ce - <core::panic::unwind_safe::AssertUnwindSafe<F> as core::ops::function::FnOnce<()>>::call_once::h8b06ddb275ff4a25
[INFO] [stdout]                                at /rustc/90b35a6239c3d8bdabc530a6a0816f7ff89a0aaf/library/core/src/panic/unwind_safe.rs:272:9
[INFO] [stdout]   37:     0x61e46b9109ce - std::panicking::try::do_call::hb26ecd7cd9a9355d
[INFO] [stdout]                                at /rustc/90b35a6239c3d8bdabc530a6a0816f7ff89a0aaf/library/std/src/panicking.rs:557:40
[INFO] [stdout]   38:     0x61e46b9109ce - std::panicking::try::h8ddeca9d705f9069
[INFO] [stdout]                                at /rustc/90b35a6239c3d8bdabc530a6a0816f7ff89a0aaf/library/std/src/panicking.rs:520:19
[INFO] [stdout]   39:     0x61e46b9109ce - std::panic::catch_unwind::h49e1c33078844c46
[INFO] [stdout]                                at /rustc/90b35a6239c3d8bdabc530a6a0816f7ff89a0aaf/library/std/src/panic.rs:358:14
[INFO] [stdout]   40:     0x61e46b9109ce - std::thread::Builder::spawn_unchecked_::{{closure}}::h6073db6ff56ad35d
[INFO] [stdout]                                at /rustc/90b35a6239c3d8bdabc530a6a0816f7ff89a0aaf/library/std/src/thread/mod.rs:537:30
[INFO] [stdout]   41:     0x61e46b9109ce - core::ops::function::FnOnce::call_once{{vtable.shim}}::h2c5a5f3779c774f1
[INFO] [stdout]                                at /rustc/90b35a6239c3d8bdabc530a6a0816f7ff89a0aaf/library/core/src/ops/function.rs:250:5
[INFO] [stdout]   42:     0x61e46b980a8b - <alloc::boxed::Box<F,A> as core::ops::function::FnOnce<Args>>::call_once::hf75717d9f28faebf
[INFO] [stdout]                                at /rustc/90b35a6239c3d8bdabc530a6a0816f7ff89a0aaf/library/alloc/src/boxed.rs:2454:9
[INFO] [stdout]   43:     0x61e46b980a8b - <alloc::boxed::Box<F,A> as core::ops::function::FnOnce<Args>>::call_once::h7bd883a5f3c5f3c1
[INFO] [stdout]                                at /rustc/90b35a6239c3d8bdabc530a6a0816f7ff89a0aaf/library/alloc/src/boxed.rs:2454:9
[INFO] [stdout]   44:     0x61e46b980a8b - std::sys::pal::unix::thread::Thread::new::thread_start::hcc78f3943333fa94
[INFO] [stdout]                                at /rustc/90b35a6239c3d8bdabc530a6a0816f7ff89a0aaf/library/std/src/sys/pal/unix/thread.rs:105:17
[INFO] [stdout]   45:     0x73a3b0dbfac3 - <unknown>
[INFO] [stdout]   46:     0x73a3b0e50a04 - clone
[INFO] [stdout]   47:                0x0 - <unknown>
[INFO] [stdout] 
[INFO] [stdout] 
[INFO] [stdout] failures:
[INFO] [stdout]     unit_tests::illegal_api_uses
[INFO] [stdout] 
[INFO] [stdout] test result: FAILED. 11 passed; 1 failed; 0 ignored; 0 measured; 0 filtered out; finished in 3.62s
[INFO] [stdout] 
[INFO] [stderr] error: test failed, to rerun pass `--lib`
[INFO] running `Command { std: "docker" "inspect" "0ff302bd3def6d6caf13e22b43d213aad4fd750871c1f321827a2b31645c210e", kill_on_drop: false }`
[INFO] running `Command { std: "docker" "rm" "-f" "0ff302bd3def6d6caf13e22b43d213aad4fd750871c1f321827a2b31645c210e", kill_on_drop: false }`
[INFO] [stdout] 0ff302bd3def6d6caf13e22b43d213aad4fd750871c1f321827a2b31645c210e
