[INFO] cloning repository https://github.com/willemolding/eth-lightclient-rs
[INFO] running `Command { std: "git" "-c" "credential.helper=" "-c" "credential.helper=/workspace/cargo-home/bin/git-credential-null" "clone" "--bare" "https://github.com/willemolding/eth-lightclient-rs" "/workspace/cache/git-repos/https%3A%2F%2Fgithub.com%2Fwillemolding%2Feth-lightclient-rs", kill_on_drop: false }`
[INFO] [stderr] Cloning into bare repository '/workspace/cache/git-repos/https%3A%2F%2Fgithub.com%2Fwillemolding%2Feth-lightclient-rs'...
[INFO] running `Command { std: "git" "rev-parse" "HEAD", kill_on_drop: false }`
[INFO] [stdout] 0e3df504f2ab76390f60e1e42a0a1fe2678c5d91
[INFO] testing willemolding/eth-lightclient-rs against 1.83.0 for beta-1.84.0-4-retry
[INFO] running `Command { std: "git" "clone" "/workspace/cache/git-repos/https%3A%2F%2Fgithub.com%2Fwillemolding%2Feth-lightclient-rs" "/workspace/builds/worker-5-tc1/source", kill_on_drop: false }`
[INFO] [stderr] Cloning into '/workspace/builds/worker-5-tc1/source'...
[INFO] [stderr] done.
[INFO] validating manifest of git repo https://github.com/willemolding/eth-lightclient-rs on toolchain 1.83.0
[INFO] running `Command { std: CARGO_HOME="/workspace/cargo-home" RUSTUP_HOME="/workspace/rustup-home" "/workspace/cargo-home/bin/cargo" "+1.83.0" "metadata" "--manifest-path" "Cargo.toml" "--no-deps", kill_on_drop: false }`
[INFO] started tweaking git repo https://github.com/willemolding/eth-lightclient-rs
[INFO] finished tweaking git repo https://github.com/willemolding/eth-lightclient-rs
[INFO] tweaked toml for git repo https://github.com/willemolding/eth-lightclient-rs written to /workspace/builds/worker-5-tc1/source/Cargo.toml
[INFO] crate git repo https://github.com/willemolding/eth-lightclient-rs already has a lockfile, it will not be regenerated
[INFO] running `Command { std: CARGO_HOME="/workspace/cargo-home" RUSTUP_HOME="/workspace/rustup-home" "/workspace/cargo-home/bin/cargo" "+1.83.0" "fetch" "--manifest-path" "Cargo.toml", kill_on_drop: false }`
[INFO] [stderr] warning: unused manifest key: dependencies.milagro_bls.ref
[INFO] [stderr]     Updating git repository `https://github.com/Snowfork/milagro_bls`
[INFO] [stderr]     Updating git submodule `https://github.com/snowfork/incubator-milagro-crypto-rust`
[INFO] [stderr]     Updating git repository `https://github.com/Snowfork/ssz_rs`
[INFO] running `Command { std: "docker" "create" "-v" "/var/lib/crater-agent-workspace/builds/worker-5-tc1/target:/opt/rustwide/target:rw,Z" "-v" "/var/lib/crater-agent-workspace/builds/worker-5-tc1/source:/opt/rustwide/workdir:ro,Z" "-v" "/var/lib/crater-agent-workspace/cargo-home:/opt/rustwide/cargo-home:ro,Z" "-v" "/var/lib/crater-agent-workspace/rustup-home:/opt/rustwide/rustup-home:ro,Z" "-e" "SOURCE_DIR=/opt/rustwide/workdir" "-e" "CARGO_TARGET_DIR=/opt/rustwide/target" "-e" "CARGO_HOME=/opt/rustwide/cargo-home" "-e" "RUSTUP_HOME=/opt/rustwide/rustup-home" "-w" "/opt/rustwide/workdir" "-m" "1610612736" "--user" "0:0" "--network" "none" "ghcr.io/rust-lang/crates-build-env/linux@sha256:f3a9d4ad9d972b27faf3965f35b62e55ba32bbce8f20bc8fe909558a86702fde" "/opt/rustwide/cargo-home/bin/cargo" "+1.83.0" "metadata" "--no-deps" "--format-version=1", kill_on_drop: false }`
[INFO] [stdout] f3e574af4895223e57c39a55757f2520e6129919081511f1ae5b5bfc2d69bb37
[INFO] running `Command { std: "docker" "start" "-a" "f3e574af4895223e57c39a55757f2520e6129919081511f1ae5b5bfc2d69bb37", kill_on_drop: false }`
[INFO] running `Command { std: "docker" "inspect" "f3e574af4895223e57c39a55757f2520e6129919081511f1ae5b5bfc2d69bb37", kill_on_drop: false }`
[INFO] running `Command { std: "docker" "rm" "-f" "f3e574af4895223e57c39a55757f2520e6129919081511f1ae5b5bfc2d69bb37", kill_on_drop: false }`
[INFO] [stdout] f3e574af4895223e57c39a55757f2520e6129919081511f1ae5b5bfc2d69bb37
[INFO] running `Command { std: "docker" "create" "-v" "/var/lib/crater-agent-workspace/builds/worker-5-tc1/target:/opt/rustwide/target:rw,Z" "-v" "/var/lib/crater-agent-workspace/builds/worker-5-tc1/source:/opt/rustwide/workdir:ro,Z" "-v" "/var/lib/crater-agent-workspace/cargo-home:/opt/rustwide/cargo-home:ro,Z" "-v" "/var/lib/crater-agent-workspace/rustup-home:/opt/rustwide/rustup-home:ro,Z" "-e" "SOURCE_DIR=/opt/rustwide/workdir" "-e" "CARGO_TARGET_DIR=/opt/rustwide/target" "-e" "CARGO_INCREMENTAL=0" "-e" "RUST_BACKTRACE=full" "-e" "RUSTFLAGS=--cap-lints=warn" "-e" "RUSTDOCFLAGS=--cap-lints=warn" "-e" "CARGO_HOME=/opt/rustwide/cargo-home" "-e" "RUSTUP_HOME=/opt/rustwide/rustup-home" "-w" "/opt/rustwide/workdir" "-m" "1610612736" "--user" "0:0" "--network" "none" "ghcr.io/rust-lang/crates-build-env/linux@sha256:f3a9d4ad9d972b27faf3965f35b62e55ba32bbce8f20bc8fe909558a86702fde" "/opt/rustwide/cargo-home/bin/cargo" "+1.83.0" "build" "--frozen" "--message-format=json", kill_on_drop: false }`
[INFO] [stdout] ef73866f7371adf941555d0a968dd569bd1eeb08310b33b73a0bb9821e8e0135
[INFO] running `Command { std: "docker" "start" "-a" "ef73866f7371adf941555d0a968dd569bd1eeb08310b33b73a0bb9821e8e0135", kill_on_drop: false }`
[INFO] [stderr] warning: unused manifest key: dependencies.milagro_bls.ref
[INFO] [stderr]    Compiling typenum v1.15.0
[INFO] [stderr]    Compiling generic-array v0.14.6
[INFO] [stderr]    Compiling radium v0.7.0
[INFO] [stderr]    Compiling syn v1.0.102
[INFO] [stderr]    Compiling tap v1.0.1
[INFO] [stderr]    Compiling cpufeatures v0.2.5
[INFO] [stderr]    Compiling funty v2.0.0
[INFO] [stderr]    Compiling opaque-debug v0.3.0
[INFO] [stderr]    Compiling rand_core v0.6.4
[INFO] [stderr]    Compiling spin v0.5.2
[INFO] [stderr]    Compiling zeroize v1.5.7
[INFO] [stderr]    Compiling num-traits v0.2.15
[INFO] [stderr]    Compiling num-integer v0.1.45
[INFO] [stderr]    Compiling num-bigint v0.4.3
[INFO] [stderr]    Compiling amcl v0.3.0 (https://github.com/Snowfork/milagro_bls#2c9e8b38)
[INFO] [stderr]    Compiling wyz v0.5.0
[INFO] [stderr]    Compiling lazy_static v1.4.0
[INFO] [stderr]    Compiling rand v0.8.5
[INFO] [stderr]    Compiling bitvec v1.0.1
[INFO] [stderr]    Compiling milagro_bls v1.5.0 (https://github.com/Snowfork/milagro_bls#2c9e8b38)
[INFO] [stderr]    Compiling block-buffer v0.9.0
[INFO] [stderr]    Compiling digest v0.9.0
[INFO] [stderr]    Compiling crypto-common v0.1.6
[INFO] [stderr]    Compiling block-buffer v0.10.3
[INFO] [stderr]    Compiling sha2 v0.9.9
[INFO] [stderr]    Compiling digest v0.10.5
[INFO] [stderr]    Compiling sha2 v0.10.6
[INFO] [stderr]    Compiling ssz-rs-derive v0.8.0 (https://github.com/Snowfork/ssz_rs?rev=8d497a949c320577aa1f741eb9f2958191df905b#8d497a94)
[INFO] [stderr]    Compiling ssz-rs v0.8.0 (https://github.com/Snowfork/ssz_rs?rev=8d497a949c320577aa1f741eb9f2958191df905b#8d497a94)
[INFO] [stderr]    Compiling eth-lightclient v0.0.1 (/opt/rustwide/workdir)
[INFO] [stdout] warning: unused import: `SimpleSerialize as SimpleSerializeTrait`
[INFO] [stdout]  --> src/types/sync_aggregate.rs:6:46
[INFO] [stdout]   |
[INFO] [stdout] 6 |     prelude::Vector, Bitvector, Deserialize, SimpleSerialize as SimpleSerializeTrait, Sized,
[INFO] [stdout]   |                                              ^^^^^^^^^^^^^^^^^^^^^^^^^^^^^^^^^^^^^^^
[INFO] [stdout]   |
[INFO] [stdout]   = note: `#[warn(unused_imports)]` on by default
[INFO] [stdout] 
[INFO] [stdout] 
[INFO] [stdout] warning: unused imports: `Bitvector` and `SimpleSerialize as SimpleSerializeTrait`
[INFO] [stdout]  --> src/types/sync_committee.rs:7:22
[INFO] [stdout]   |
[INFO] [stdout] 7 |     prelude::Vector, Bitvector, Deserialize, SimpleSerialize as SimpleSerializeTrait, Sized,
[INFO] [stdout]   |                      ^^^^^^^^^               ^^^^^^^^^^^^^^^^^^^^^^^^^^^^^^^^^^^^^^^
[INFO] [stdout] 
[INFO] [stdout] 
[INFO] [stdout] warning: unused imports: `Bitvector` and `SimpleSerialize as SimpleSerializeTrait`
[INFO] [stdout]  --> src/types/sync_committee_period_update.rs:8:35
[INFO] [stdout]   |
[INFO] [stdout] 8 |     deserialize, prelude::Vector, Bitvector, Deserialize, SimpleSerialize as SimpleSerializeTrait,
[INFO] [stdout]   |                                   ^^^^^^^^^               ^^^^^^^^^^^^^^^^^^^^^^^^^^^^^^^^^^^^^^^
[INFO] [stdout] 
[INFO] [stdout] 
[INFO] [stdout] warning: unused import: `SSZSyncCommitteePeriodUpdate`
[INFO] [stdout]   --> src/types/mod.rs:14:40
[INFO] [stdout]    |
[INFO] [stdout] 14 | pub use sync_committee_period_update::{SSZSyncCommitteePeriodUpdate, SyncCommitteePeriodUpdate};
[INFO] [stdout]    |                                        ^^^^^^^^^^^^^^^^^^^^^^^^^^^^
[INFO] [stdout] 
[INFO] [stdout] 
[INFO] [stdout] warning: unused imports: `Deserialize`, `Sized`, and `prelude::Vector`
[INFO] [stdout]   --> src/utils.rs:10:5
[INFO] [stdout]    |
[INFO] [stdout] 10 |     prelude::Vector, Bitvector, Deserialize, SimpleSerialize as SimpleSerializeTrait, Sized,
[INFO] [stdout]    |     ^^^^^^^^^^^^^^^             ^^^^^^^^^^^                                           ^^^^^
[INFO] [stdout] 
[INFO] [stdout] 
[INFO] [stderr]     Finished `dev` profile [unoptimized + debuginfo] target(s) in 10.39s
[INFO] running `Command { std: "docker" "inspect" "ef73866f7371adf941555d0a968dd569bd1eeb08310b33b73a0bb9821e8e0135", kill_on_drop: false }`
[INFO] running `Command { std: "docker" "rm" "-f" "ef73866f7371adf941555d0a968dd569bd1eeb08310b33b73a0bb9821e8e0135", kill_on_drop: false }`
[INFO] [stdout] ef73866f7371adf941555d0a968dd569bd1eeb08310b33b73a0bb9821e8e0135
[INFO] running `Command { std: "docker" "create" "-v" "/var/lib/crater-agent-workspace/builds/worker-5-tc1/target:/opt/rustwide/target:rw,Z" "-v" "/var/lib/crater-agent-workspace/builds/worker-5-tc1/source:/opt/rustwide/workdir:ro,Z" "-v" "/var/lib/crater-agent-workspace/cargo-home:/opt/rustwide/cargo-home:ro,Z" "-v" "/var/lib/crater-agent-workspace/rustup-home:/opt/rustwide/rustup-home:ro,Z" "-e" "SOURCE_DIR=/opt/rustwide/workdir" "-e" "CARGO_TARGET_DIR=/opt/rustwide/target" "-e" "CARGO_INCREMENTAL=0" "-e" "RUST_BACKTRACE=full" "-e" "RUSTFLAGS=--cap-lints=warn" "-e" "RUSTDOCFLAGS=--cap-lints=warn" "-e" "CARGO_HOME=/opt/rustwide/cargo-home" "-e" "RUSTUP_HOME=/opt/rustwide/rustup-home" "-w" "/opt/rustwide/workdir" "-m" "1610612736" "--user" "0:0" "--network" "none" "ghcr.io/rust-lang/crates-build-env/linux@sha256:f3a9d4ad9d972b27faf3965f35b62e55ba32bbce8f20bc8fe909558a86702fde" "/opt/rustwide/cargo-home/bin/cargo" "+1.83.0" "test" "--frozen" "--no-run" "--message-format=json", kill_on_drop: false }`
[INFO] [stdout] fc6545abbfae2200811f6e940885b54ae88cd8f4cdbc3b15b4ee7a230cb4e8e5
[INFO] running `Command { std: "docker" "start" "-a" "fc6545abbfae2200811f6e940885b54ae88cd8f4cdbc3b15b4ee7a230cb4e8e5", kill_on_drop: false }`
[INFO] [stderr] warning: unused manifest key: dependencies.milagro_bls.ref
[INFO] [stderr]    Compiling eth-lightclient v0.0.1 (/opt/rustwide/workdir)
[INFO] [stdout] warning: unused import: `SimpleSerialize as SimpleSerializeTrait`
[INFO] [stdout]  --> src/types/sync_aggregate.rs:6:46
[INFO] [stdout]   |
[INFO] [stdout] 6 |     prelude::Vector, Bitvector, Deserialize, SimpleSerialize as SimpleSerializeTrait, Sized,
[INFO] [stdout]   |                                              ^^^^^^^^^^^^^^^^^^^^^^^^^^^^^^^^^^^^^^^
[INFO] [stdout]   |
[INFO] [stdout]   = note: `#[warn(unused_imports)]` on by default
[INFO] [stdout] 
[INFO] [stdout] 
[INFO] [stdout] warning: unused imports: `Bitvector` and `SimpleSerialize as SimpleSerializeTrait`
[INFO] [stdout]  --> src/types/sync_committee.rs:7:22
[INFO] [stdout]   |
[INFO] [stdout] 7 |     prelude::Vector, Bitvector, Deserialize, SimpleSerialize as SimpleSerializeTrait, Sized,
[INFO] [stdout]   |                      ^^^^^^^^^               ^^^^^^^^^^^^^^^^^^^^^^^^^^^^^^^^^^^^^^^
[INFO] [stdout] 
[INFO] [stdout] 
[INFO] [stdout] warning: unused imports: `Bitvector` and `SimpleSerialize as SimpleSerializeTrait`
[INFO] [stdout]  --> src/types/sync_committee_period_update.rs:8:35
[INFO] [stdout]   |
[INFO] [stdout] 8 |     deserialize, prelude::Vector, Bitvector, Deserialize, SimpleSerialize as SimpleSerializeTrait,
[INFO] [stdout]   |                                   ^^^^^^^^^               ^^^^^^^^^^^^^^^^^^^^^^^^^^^^^^^^^^^^^^^
[INFO] [stdout] 
[INFO] [stdout] 
[INFO] [stdout] warning: unused import: `SSZSyncCommitteePeriodUpdate`
[INFO] [stdout]   --> src/types/mod.rs:14:40
[INFO] [stdout]    |
[INFO] [stdout] 14 | pub use sync_committee_period_update::{SSZSyncCommitteePeriodUpdate, SyncCommitteePeriodUpdate};
[INFO] [stdout]    |                                        ^^^^^^^^^^^^^^^^^^^^^^^^^^^^
[INFO] [stdout] 
[INFO] [stdout] 
[INFO] [stdout] warning: unused imports: `Deserialize`, `Sized`, and `prelude::Vector`
[INFO] [stdout]   --> src/utils.rs:10:5
[INFO] [stdout]    |
[INFO] [stdout] 10 |     prelude::Vector, Bitvector, Deserialize, SimpleSerialize as SimpleSerializeTrait, Sized,
[INFO] [stdout]    |     ^^^^^^^^^^^^^^^             ^^^^^^^^^^^                                           ^^^^^
[INFO] [stdout] 
[INFO] [stdout] 
[INFO] [stdout] warning: unused import: `SimpleSerialize as SimpleSerializeTrait`
[INFO] [stdout]  --> src/types/sync_aggregate.rs:6:46
[INFO] [stdout]   |
[INFO] [stdout] 6 |     prelude::Vector, Bitvector, Deserialize, SimpleSerialize as SimpleSerializeTrait, Sized,
[INFO] [stdout]   |                                              ^^^^^^^^^^^^^^^^^^^^^^^^^^^^^^^^^^^^^^^
[INFO] [stdout]   |
[INFO] [stdout]   = note: `#[warn(unused_imports)]` on by default
[INFO] [stdout] 
[INFO] [stdout] 
[INFO] [stdout] warning: unused imports: `Bitvector` and `SimpleSerialize as SimpleSerializeTrait`
[INFO] [stdout]  --> src/types/sync_committee.rs:7:22
[INFO] [stdout]   |
[INFO] [stdout] 7 |     prelude::Vector, Bitvector, Deserialize, SimpleSerialize as SimpleSerializeTrait, Sized,
[INFO] [stdout]   |                      ^^^^^^^^^               ^^^^^^^^^^^^^^^^^^^^^^^^^^^^^^^^^^^^^^^
[INFO] [stdout] 
[INFO] [stdout] 
[INFO] [stdout] warning: unused imports: `Bitvector` and `SimpleSerialize as SimpleSerializeTrait`
[INFO] [stdout]  --> src/types/sync_committee_period_update.rs:8:35
[INFO] [stdout]   |
[INFO] [stdout] 8 |     deserialize, prelude::Vector, Bitvector, Deserialize, SimpleSerialize as SimpleSerializeTrait,
[INFO] [stdout]   |                                   ^^^^^^^^^               ^^^^^^^^^^^^^^^^^^^^^^^^^^^^^^^^^^^^^^^
[INFO] [stdout] 
[INFO] [stdout] 
[INFO] [stdout] warning: unused import: `SSZSyncCommitteePeriodUpdate`
[INFO] [stdout]   --> src/types/mod.rs:14:40
[INFO] [stdout]    |
[INFO] [stdout] 14 | pub use sync_committee_period_update::{SSZSyncCommitteePeriodUpdate, SyncCommitteePeriodUpdate};
[INFO] [stdout]    |                                        ^^^^^^^^^^^^^^^^^^^^^^^^^^^^
[INFO] [stdout] 
[INFO] [stdout] 
[INFO] [stdout] warning: unused imports: `Deserialize`, `Sized`, and `prelude::Vector`
[INFO] [stdout]   --> src/utils.rs:10:5
[INFO] [stdout]    |
[INFO] [stdout] 10 |     prelude::Vector, Bitvector, Deserialize, SimpleSerialize as SimpleSerializeTrait, Sized,
[INFO] [stdout]    |     ^^^^^^^^^^^^^^^             ^^^^^^^^^^^                                           ^^^^^
[INFO] [stdout] 
[INFO] [stdout] 
[INFO] [stderr]     Finished `test` profile [unoptimized + debuginfo] target(s) in 1.04s
[INFO] running `Command { std: "docker" "inspect" "fc6545abbfae2200811f6e940885b54ae88cd8f4cdbc3b15b4ee7a230cb4e8e5", kill_on_drop: false }`
[INFO] running `Command { std: "docker" "rm" "-f" "fc6545abbfae2200811f6e940885b54ae88cd8f4cdbc3b15b4ee7a230cb4e8e5", kill_on_drop: false }`
[INFO] [stdout] fc6545abbfae2200811f6e940885b54ae88cd8f4cdbc3b15b4ee7a230cb4e8e5
[INFO] running `Command { std: "docker" "create" "-v" "/var/lib/crater-agent-workspace/builds/worker-5-tc1/target:/opt/rustwide/target:rw,Z" "-v" "/var/lib/crater-agent-workspace/builds/worker-5-tc1/source:/opt/rustwide/workdir:ro,Z" "-v" "/var/lib/crater-agent-workspace/cargo-home:/opt/rustwide/cargo-home:ro,Z" "-v" "/var/lib/crater-agent-workspace/rustup-home:/opt/rustwide/rustup-home:ro,Z" "-e" "SOURCE_DIR=/opt/rustwide/workdir" "-e" "CARGO_TARGET_DIR=/opt/rustwide/target" "-e" "CARGO_INCREMENTAL=0" "-e" "RUST_BACKTRACE=full" "-e" "RUSTFLAGS=--cap-lints=warn" "-e" "RUSTDOCFLAGS=--cap-lints=warn" "-e" "CARGO_HOME=/opt/rustwide/cargo-home" "-e" "RUSTUP_HOME=/opt/rustwide/rustup-home" "-w" "/opt/rustwide/workdir" "-m" "1610612736" "--user" "0:0" "--network" "none" "ghcr.io/rust-lang/crates-build-env/linux@sha256:f3a9d4ad9d972b27faf3965f35b62e55ba32bbce8f20bc8fe909558a86702fde" "/opt/rustwide/cargo-home/bin/cargo" "+1.83.0" "test" "--frozen", kill_on_drop: false }`
[INFO] [stdout] d402050efaa355daa32a38bfaf95a9818dc499d9068762cb6548ac2d8a4f5c76
[INFO] running `Command { std: "docker" "start" "-a" "d402050efaa355daa32a38bfaf95a9818dc499d9068762cb6548ac2d8a4f5c76", kill_on_drop: false }`
[INFO] [stderr] warning: unused manifest key: dependencies.milagro_bls.ref
[INFO] [stderr] warning: unused import: `SimpleSerialize as SimpleSerializeTrait`
[INFO] [stderr]  --> src/types/sync_aggregate.rs:6:46
[INFO] [stderr]   |
[INFO] [stderr] 6 |     prelude::Vector, Bitvector, Deserialize, SimpleSerialize as SimpleSerializeTrait, Sized,
[INFO] [stderr]   |                                              ^^^^^^^^^^^^^^^^^^^^^^^^^^^^^^^^^^^^^^^
[INFO] [stderr]   |
[INFO] [stderr]   = note: `#[warn(unused_imports)]` on by default
[INFO] [stderr] 
[INFO] [stderr] warning: unused imports: `Bitvector` and `SimpleSerialize as SimpleSerializeTrait`
[INFO] [stderr]  --> src/types/sync_committee.rs:7:22
[INFO] [stderr]   |
[INFO] [stderr] 7 |     prelude::Vector, Bitvector, Deserialize, SimpleSerialize as SimpleSerializeTrait, Sized,
[INFO] [stderr]   |                      ^^^^^^^^^               ^^^^^^^^^^^^^^^^^^^^^^^^^^^^^^^^^^^^^^^
[INFO] [stderr] 
[INFO] [stderr] warning: unused imports: `Bitvector` and `SimpleSerialize as SimpleSerializeTrait`
[INFO] [stderr]  --> src/types/sync_committee_period_update.rs:8:35
[INFO] [stderr]   |
[INFO] [stderr] 8 |     deserialize, prelude::Vector, Bitvector, Deserialize, SimpleSerialize as SimpleSerializeTrait,
[INFO] [stderr]   |                                   ^^^^^^^^^               ^^^^^^^^^^^^^^^^^^^^^^^^^^^^^^^^^^^^^^^
[INFO] [stderr] 
[INFO] [stderr] warning: unused import: `SSZSyncCommitteePeriodUpdate`
[INFO] [stderr]   --> src/types/mod.rs:14:40
[INFO] [stderr]    |
[INFO] [stderr] 14 | pub use sync_committee_period_update::{SSZSyncCommitteePeriodUpdate, SyncCommitteePeriodUpdate};
[INFO] [stderr]    |                                        ^^^^^^^^^^^^^^^^^^^^^^^^^^^^
[INFO] [stderr] 
[INFO] [stderr] warning: unused imports: `Deserialize`, `Sized`, and `prelude::Vector`
[INFO] [stderr]   --> src/utils.rs:10:5
[INFO] [stderr]    |
[INFO] [stderr] 10 |     prelude::Vector, Bitvector, Deserialize, SimpleSerialize as SimpleSerializeTrait, Sized,
[INFO] [stderr]    |     ^^^^^^^^^^^^^^^             ^^^^^^^^^^^                                           ^^^^^
[INFO] [stderr] 
[INFO] [stderr] warning: `eth-lightclient` (lib) generated 5 warnings (run `cargo fix --lib -p eth-lightclient` to apply 5 suggestions)
[INFO] [stderr] warning: `eth-lightclient` (lib test) generated 5 warnings (5 duplicates)
[INFO] [stderr]     Finished `test` profile [unoptimized + debuginfo] target(s) in 0.21s
[INFO] [stderr]      Running unittests src/lib.rs (/opt/rustwide/target/debug/deps/eth_lightclient-cbcde5f49c2d8007)
[INFO] [stdout] 
[INFO] [stdout] running 0 tests
[INFO] [stdout] 
[INFO] [stdout] test result: ok. 0 passed; 0 failed; 0 ignored; 0 measured; 0 filtered out; finished in 0.00s
[INFO] [stdout] 
[INFO] [stderr]      Running tests/integration_tests.rs (/opt/rustwide/target/debug/deps/integration_tests-6f2d982264685412)
[INFO] [stdout] 
[INFO] [stdout] running 2 tests
[INFO] [stdout] test can_check_valid_transition ... ok
[INFO] [stdout] test can_check_invalid_transition ... ok
[INFO] [stdout] 
[INFO] [stdout] test result: ok. 2 passed; 0 failed; 0 ignored; 0 measured; 0 filtered out; finished in 1.12s
[INFO] [stdout] 
[INFO] [stderr]    Doc-tests eth_lightclient
[INFO] [stdout] 
[INFO] [stdout] running 2 tests
[INFO] [stdout] test src/../README.md - (line 13) ... FAILED
[INFO] [stdout] test src/../README.md - (line 32) ... FAILED
[INFO] [stdout] 
[INFO] [stdout] failures:
[INFO] [stdout] 
[INFO] [stdout] ---- src/../README.md - (line 13) stdout ----
[INFO] [stdout] error: couldn't read `src/../../tests/sync-updates/0xe4c2cee3a9455c2b7c0449152a8c7e1a7b811353e4ea2c1dbe1cbe0c790b45f7`: No such file or directory (os error 2)
[INFO] [stdout]  --> src/../README.md:17:22
[INFO] [stdout]   |
[INFO] [stdout] 7 |   const BYTES: &[u8] = include_bytes!(
[INFO] [stdout]   |  ______________________^
[INFO] [stdout] 8 | |     "../tests/sync-updates/0xe4c2cee3a9455c2b7c0449152a8c7e1a7b811353e4ea2c1dbe1cbe0c790b45f7"
[INFO] [stdout] 9 | | );
[INFO] [stdout]   | |_^
[INFO] [stdout]   |
[INFO] [stdout]   = note: this error originates in the macro `include_bytes` (in Nightly builds, run with -Z macro-backtrace for more info)
[INFO] [stdout] help: there is a file with the same name in a different directory
[INFO] [stdout]   |
[INFO] [stdout] 8 |     "tests/sync-updates/0xe4c2cee3a9455c2b7c0449152a8c7e1a7b811353e4ea2c1dbe1cbe0c790b45f7"
[INFO] [stdout]   |
[INFO] [stdout] 
[INFO] [stdout] error: aborting due to 1 previous error
[INFO] [stdout] 
[INFO] [stdout] Couldn't compile the test.
[INFO] [stdout] ---- src/../README.md - (line 32) stdout ----
[INFO] [stdout] error: couldn't read `src/../../tests/sync-updates/0xe4c2cee3a9455c2b7c0449152a8c7e1a7b811353e4ea2c1dbe1cbe0c790b45f7`: No such file or directory (os error 2)
[INFO] [stdout]   --> src/../README.md:40:18
[INFO] [stdout]    |
[INFO] [stdout] 11 |   const A: &[u8] = include_bytes!(
[INFO] [stdout]    |  __________________^
[INFO] [stdout] 12 | |     "../tests/sync-updates/0xe4c2cee3a9455c2b7c0449152a8c7e1a7b811353e4ea2c1dbe1cbe0c790b45f7"
[INFO] [stdout] 13 | | );
[INFO] [stdout]    | |_^
[INFO] [stdout]    |
[INFO] [stdout]    = note: this error originates in the macro `include_bytes` (in Nightly builds, run with -Z macro-backtrace for more info)
[INFO] [stdout] help: there is a file with the same name in a different directory
[INFO] [stdout]    |
[INFO] [stdout] 12 |     "tests/sync-updates/0xe4c2cee3a9455c2b7c0449152a8c7e1a7b811353e4ea2c1dbe1cbe0c790b45f7"
[INFO] [stdout]    |
[INFO] [stdout] 
[INFO] [stdout] error: couldn't read `src/../../tests/sync-updates/0x78ae69239826edd5ac0abfe3a69e916e7479ad44e834e35a08e4df7601732a85`: No such file or directory (os error 2)
[INFO] [stdout]   --> src/../README.md:43:18
[INFO] [stdout]    |
[INFO] [stdout] 14 |   const B: &[u8] = include_bytes!(
[INFO] [stdout]    |  __________________^
[INFO] [stdout] 15 | |     "../tests/sync-updates/0x78ae69239826edd5ac0abfe3a69e916e7479ad44e834e35a08e4df7601732a85"
[INFO] [stdout] 16 | | );
[INFO] [stdout]    | |_^
[INFO] [stdout]    |
[INFO] [stdout]    = note: this error originates in the macro `include_bytes` (in Nightly builds, run with -Z macro-backtrace for more info)
[INFO] [stdout] help: there is a file with the same name in a different directory
[INFO] [stdout]    |
[INFO] [stdout] 15 |     "tests/sync-updates/0x78ae69239826edd5ac0abfe3a69e916e7479ad44e834e35a08e4df7601732a85"
[INFO] [stdout]    |
[INFO] [stdout] 
[INFO] [stdout] error: aborting due to 2 previous errors
[INFO] [stdout] 
[INFO] [stdout] Couldn't compile the test.
[INFO] [stdout] 
[INFO] [stdout] failures:
[INFO] [stdout]     src/../README.md - (line 13)
[INFO] [stdout]     src/../README.md - (line 32)
[INFO] [stdout] 
[INFO] [stdout] test result: FAILED. 0 passed; 2 failed; 0 ignored; 0 measured; 0 filtered out; finished in 0.11s
[INFO] [stdout] 
[INFO] [stderr] error: doctest failed, to rerun pass `--doc`
[INFO] running `Command { std: "docker" "inspect" "d402050efaa355daa32a38bfaf95a9818dc499d9068762cb6548ac2d8a4f5c76", kill_on_drop: false }`
[INFO] running `Command { std: "docker" "rm" "-f" "d402050efaa355daa32a38bfaf95a9818dc499d9068762cb6548ac2d8a4f5c76", kill_on_drop: false }`
[INFO] [stdout] d402050efaa355daa32a38bfaf95a9818dc499d9068762cb6548ac2d8a4f5c76
