[INFO] cloning repository https://github.com/vbhex/near-primitives
[INFO] running `Command { std: "git" "-c" "credential.helper=" "-c" "credential.helper=/workspace/cargo-home/bin/git-credential-null" "clone" "--bare" "https://github.com/vbhex/near-primitives" "/workspace/cache/git-repos/https%3A%2F%2Fgithub.com%2Fvbhex%2Fnear-primitives", kill_on_drop: false }`
[INFO] [stderr] Cloning into bare repository '/workspace/cache/git-repos/https%3A%2F%2Fgithub.com%2Fvbhex%2Fnear-primitives'...
[INFO] running `Command { std: "git" "rev-parse" "HEAD", kill_on_drop: false }`
[INFO] [stdout] adbb131ee99221fa540863e4dfac20e683b4ce25
[INFO] testing vbhex/near-primitives against 1.83.0 for beta-1.84.0-4-retry
[INFO] running `Command { std: "git" "clone" "/workspace/cache/git-repos/https%3A%2F%2Fgithub.com%2Fvbhex%2Fnear-primitives" "/workspace/builds/worker-0-tc1/source", kill_on_drop: false }`
[INFO] [stderr] Cloning into '/workspace/builds/worker-0-tc1/source'...
[INFO] [stderr] done.
[INFO] validating manifest of git repo https://github.com/vbhex/near-primitives on toolchain 1.83.0
[INFO] running `Command { std: CARGO_HOME="/workspace/cargo-home" RUSTUP_HOME="/workspace/rustup-home" "/workspace/cargo-home/bin/cargo" "+1.83.0" "metadata" "--manifest-path" "Cargo.toml" "--no-deps", kill_on_drop: false }`
[INFO] started tweaking git repo https://github.com/vbhex/near-primitives
[INFO] finished tweaking git repo https://github.com/vbhex/near-primitives
[INFO] tweaked toml for git repo https://github.com/vbhex/near-primitives written to /workspace/builds/worker-0-tc1/source/Cargo.toml
[INFO] crate git repo https://github.com/vbhex/near-primitives already has a lockfile, it will not be regenerated
[INFO] running `Command { std: CARGO_HOME="/workspace/cargo-home" RUSTUP_HOME="/workspace/rustup-home" "/workspace/cargo-home/bin/cargo" "+1.83.0" "fetch" "--manifest-path" "Cargo.toml", kill_on_drop: false }`
[INFO] [stderr]     Updating crates.io index
[INFO] [stderr]  Downloading crates ...
[INFO] [stderr]   Downloaded near-stdx v0.17.0
[INFO] [stderr]   Downloaded near-rpc-error-macro v0.17.0
[INFO] [stderr]   Downloaded near-vm-errors v0.17.0
[INFO] [stderr]   Downloaded near-rpc-error-core v0.17.0
[INFO] [stderr]   Downloaded near-config-utils v0.17.0
[INFO] [stderr]   Downloaded near-account-id v0.17.0
[INFO] [stderr]   Downloaded bencher v0.1.5
[INFO] [stderr]   Downloaded bytesize v1.3.0
[INFO] [stderr]   Downloaded similar v2.4.0
[INFO] [stderr]   Downloaded near-crypto v0.17.0
[INFO] [stderr]   Downloaded secp256k1 v0.27.0
[INFO] [stderr]   Downloaded near-primitives-core v0.17.0
[INFO] [stderr]   Downloaded serde_with_macros v3.4.0
[INFO] [stderr]   Downloaded near-fmt v0.17.0
[INFO] [stderr]   Downloaded serde_yaml v0.9.30
[INFO] [stderr]   Downloaded json_comments v0.2.2
[INFO] [stderr]   Downloaded serde_with v3.4.0
[INFO] [stderr]   Downloaded insta v1.34.0
[INFO] [stderr]   Downloaded secp256k1-sys v0.8.1
[INFO] running `Command { std: "docker" "create" "-v" "/var/lib/crater-agent-workspace/builds/worker-0-tc1/target:/opt/rustwide/target:rw,Z" "-v" "/var/lib/crater-agent-workspace/builds/worker-0-tc1/source:/opt/rustwide/workdir:ro,Z" "-v" "/var/lib/crater-agent-workspace/cargo-home:/opt/rustwide/cargo-home:ro,Z" "-v" "/var/lib/crater-agent-workspace/rustup-home:/opt/rustwide/rustup-home:ro,Z" "-e" "SOURCE_DIR=/opt/rustwide/workdir" "-e" "CARGO_TARGET_DIR=/opt/rustwide/target" "-e" "CARGO_HOME=/opt/rustwide/cargo-home" "-e" "RUSTUP_HOME=/opt/rustwide/rustup-home" "-w" "/opt/rustwide/workdir" "-m" "1610612736" "--user" "0:0" "--network" "none" "ghcr.io/rust-lang/crates-build-env/linux@sha256:f3a9d4ad9d972b27faf3965f35b62e55ba32bbce8f20bc8fe909558a86702fde" "/opt/rustwide/cargo-home/bin/cargo" "+1.83.0" "metadata" "--no-deps" "--format-version=1", kill_on_drop: false }`
[INFO] [stdout] 317b7dcdd41bba4ee25557a95d7ad1cc501c0d505b06b2ebe08edfd091534754
[INFO] running `Command { std: "docker" "start" "-a" "317b7dcdd41bba4ee25557a95d7ad1cc501c0d505b06b2ebe08edfd091534754", kill_on_drop: false }`
[INFO] running `Command { std: "docker" "inspect" "317b7dcdd41bba4ee25557a95d7ad1cc501c0d505b06b2ebe08edfd091534754", kill_on_drop: false }`
[INFO] running `Command { std: "docker" "rm" "-f" "317b7dcdd41bba4ee25557a95d7ad1cc501c0d505b06b2ebe08edfd091534754", kill_on_drop: false }`
[INFO] [stdout] 317b7dcdd41bba4ee25557a95d7ad1cc501c0d505b06b2ebe08edfd091534754
[INFO] running `Command { std: "docker" "create" "-v" "/var/lib/crater-agent-workspace/builds/worker-0-tc1/target:/opt/rustwide/target:rw,Z" "-v" "/var/lib/crater-agent-workspace/builds/worker-0-tc1/source:/opt/rustwide/workdir:ro,Z" "-v" "/var/lib/crater-agent-workspace/cargo-home:/opt/rustwide/cargo-home:ro,Z" "-v" "/var/lib/crater-agent-workspace/rustup-home:/opt/rustwide/rustup-home:ro,Z" "-e" "SOURCE_DIR=/opt/rustwide/workdir" "-e" "CARGO_TARGET_DIR=/opt/rustwide/target" "-e" "CARGO_INCREMENTAL=0" "-e" "RUST_BACKTRACE=full" "-e" "RUSTFLAGS=--cap-lints=warn" "-e" "RUSTDOCFLAGS=--cap-lints=warn" "-e" "CARGO_HOME=/opt/rustwide/cargo-home" "-e" "RUSTUP_HOME=/opt/rustwide/rustup-home" "-w" "/opt/rustwide/workdir" "-m" "1610612736" "--user" "0:0" "--network" "none" "ghcr.io/rust-lang/crates-build-env/linux@sha256:f3a9d4ad9d972b27faf3965f35b62e55ba32bbce8f20bc8fe909558a86702fde" "/opt/rustwide/cargo-home/bin/cargo" "+1.83.0" "build" "--frozen" "--message-format=json", kill_on_drop: false }`
[INFO] [stdout] 41a7357ad06eae82b8e95e8d6f1ea54e48dd8d8a67cd7e1eb8412db2ddbeeee5
[INFO] running `Command { std: "docker" "start" "-a" "41a7357ad06eae82b8e95e8d6f1ea54e48dd8d8a67cd7e1eb8412db2ddbeeee5", kill_on_drop: false }`
[INFO] [stderr]    Compiling proc-macro2 v1.0.76
[INFO] [stderr]    Compiling unicode-ident v1.0.12
[INFO] [stderr]    Compiling version_check v0.9.4
[INFO] [stderr]    Compiling serde v1.0.195
[INFO] [stderr]    Compiling libc v0.2.152
[INFO] [stderr]    Compiling cfg-if v1.0.0
[INFO] [stderr]    Compiling typenum v1.17.0
[INFO] [stderr]    Compiling syn v1.0.109
[INFO] [stderr]    Compiling autocfg v1.1.0
[INFO] [stderr]    Compiling once_cell v1.19.0
[INFO] [stderr]    Compiling ppv-lite86 v0.2.17
[INFO] [stderr]    Compiling zerocopy v0.7.32
[INFO] [stderr]    Compiling getrandom v0.1.16
[INFO] [stderr]    Compiling rustversion v1.0.14
[INFO] [stderr]    Compiling strsim v0.10.0
[INFO] [stderr]    Compiling thiserror v1.0.56
[INFO] [stderr]    Compiling fnv v1.0.7
[INFO] [stderr]    Compiling ident_case v1.0.1
[INFO] [stderr]    Compiling cpufeatures v0.2.12
[INFO] [stderr]    Compiling subtle v2.5.0
[INFO] [stderr]    Compiling heck v0.4.1
[INFO] [stderr]    Compiling byteorder v1.5.0
[INFO] [stderr]    Compiling crunchy v0.2.2
[INFO] [stderr]    Compiling convert_case v0.4.0
[INFO] [stderr]    Compiling static_assertions v1.1.0
[INFO] [stderr]    Compiling opaque-debug v0.3.0
[INFO] [stderr]    Compiling anyhow v1.0.79
[INFO] [stderr]    Compiling tracing-core v0.1.32
[INFO] [stderr]    Compiling generic-array v0.14.7
[INFO] [stderr]    Compiling ahash v0.8.7
[INFO] [stderr]    Compiling bs58 v0.4.0
[INFO] [stderr]    Compiling base64 v0.21.7
[INFO] [stderr]    Compiling ryu v1.0.16
[INFO] [stderr]    Compiling signature v1.6.4
[INFO] [stderr]    Compiling num-traits v0.2.17
[INFO] [stderr]    Compiling num-integer v0.1.45
[INFO] [stderr]    Compiling num-bigint v0.3.3
[INFO] [stderr]    Compiling num-rational v0.3.2
[INFO] [stderr]    Compiling quote v1.0.35
[INFO] [stderr]    Compiling itoa v1.0.10
[INFO] [stderr]    Compiling pin-project-lite v0.2.13
[INFO] [stderr]    Compiling hashbrown v0.13.2
[INFO] [stderr]    Compiling serde_json v1.0.111
[INFO] [stderr]    Compiling ed25519 v1.5.3
[INFO] [stderr]    Compiling fixed-hash v0.7.0
[INFO] [stderr]    Compiling syn v2.0.48
[INFO] [stderr]    Compiling equivalent v1.0.1
[INFO] [stderr]    Compiling json_comments v0.2.2
[INFO] [stderr]    Compiling hashbrown v0.14.3
[INFO] [stderr]    Compiling reed-solomon-erasure v4.0.2
[INFO] [stderr]    Compiling powerfmt v0.2.0
[INFO] [stderr]    Compiling near-stdx v0.17.0
[INFO] [stderr]    Compiling iana-time-zone v0.1.59
[INFO] [stderr]    Compiling smallvec v1.11.2
[INFO] [stderr]    Compiling deranged v0.3.11
[INFO] [stderr]    Compiling time-core v0.1.2
[INFO] [stderr]    Compiling cc v1.0.83
[INFO] [stderr]    Compiling getrandom v0.2.12
[INFO] [stderr]    Compiling rand_core v0.5.1
[INFO] [stderr]    Compiling fs2 v0.4.3
[INFO] [stderr]    Compiling unsafe-libyaml v0.2.10
[INFO] [stderr]    Compiling easy-ext v0.2.9
[INFO] [stderr]    Compiling rand_core v0.6.4
[INFO] [stderr]    Compiling rand_chacha v0.3.1
[INFO] [stderr]    Compiling rand_chacha v0.2.2
[INFO] [stderr]    Compiling indexmap v2.1.0
[INFO] [stderr]    Compiling rand v0.7.3
[INFO] [stderr]    Compiling rand v0.8.5
[INFO] [stderr]    Compiling time v0.3.31
[INFO] [stderr]    Compiling secp256k1-sys v0.8.1
[INFO] [stderr]    Compiling digest v0.9.0
[INFO] [stderr]    Compiling crypto-common v0.1.6
[INFO] [stderr]    Compiling block-buffer v0.10.4
[INFO] [stderr]    Compiling block-buffer v0.9.0
[INFO] [stderr]    Compiling crypto-mac v0.8.0
[INFO] [stderr]    Compiling cipher v0.2.5
[INFO] [stderr]    Compiling blake2 v0.9.2
[INFO] [stderr]    Compiling digest v0.10.7
[INFO] [stderr]    Compiling sha2 v0.9.9
[INFO] [stderr]    Compiling sha2 v0.10.8
[INFO] [stderr]    Compiling c2-chacha v0.3.3
[INFO] [stderr]    Compiling borsh-derive-internal v0.10.3
[INFO] [stderr]    Compiling borsh-schema-derive-internal v0.10.3
[INFO] [stderr]    Compiling strum_macros v0.24.3
[INFO] [stderr]    Compiling derive_more v0.99.17
[INFO] [stderr]    Compiling smart-default v0.6.0
[INFO] [stderr]    Compiling darling_core v0.20.3
[INFO] [stderr]    Compiling serde_derive v1.0.195
[INFO] [stderr]    Compiling thiserror-impl v1.0.56
[INFO] [stderr]    Compiling zeroize_derive v1.4.2
[INFO] [stderr]    Compiling tracing-attributes v0.1.27
[INFO] [stderr]    Compiling derive_arbitrary v1.3.2
[INFO] [stderr]    Compiling enum-map-derive v0.17.0
[INFO] [stderr]    Compiling serde_repr v0.1.18
[INFO] [stderr]    Compiling secp256k1 v0.27.0
[INFO] [stderr]    Compiling strum v0.24.1
[INFO] [stderr]    Compiling zeroize v1.3.0
[INFO] [stderr]    Compiling enum-map v2.7.3
[INFO] [stderr]    Compiling arbitrary v1.3.2
[INFO] [stderr]    Compiling curve25519-dalek v3.2.1
[INFO] [stderr]    Compiling darling_macro v0.20.3
[INFO] [stderr]    Compiling tracing v0.1.40
[INFO] [stderr]    Compiling near-config-utils v0.17.0
[INFO] [stderr]    Compiling darling v0.20.3
[INFO] [stderr]    Compiling serde_with_macros v3.4.0
[INFO] [stderr]    Compiling toml v0.5.11
[INFO] [stderr]    Compiling hex v0.4.3
[INFO] [stderr]    Compiling near-rpc-error-core v0.17.0
[INFO] [stderr]    Compiling serde_with v3.4.0
[INFO] [stderr]    Compiling ed25519-dalek v1.0.1
[INFO] [stderr]    Compiling serde_yaml v0.9.30
[INFO] [stderr]    Compiling bytesize v1.3.0
[INFO] [stderr]    Compiling chrono v0.4.31
[INFO] [stderr]    Compiling uint v0.9.5
[INFO] [stderr]    Compiling near-rpc-error-macro v0.17.0
[INFO] [stderr]    Compiling primitive-types v0.10.1
[INFO] [stderr]    Compiling proc-macro-crate v0.1.5
[INFO] [stderr]    Compiling borsh-derive v0.10.3
[INFO] [stderr]    Compiling borsh v0.10.3
[INFO] [stderr]    Compiling near-account-id v0.17.0
[INFO] [stderr]    Compiling near-crypto v0.17.0
[INFO] [stderr]    Compiling near-vm-errors v0.17.0
[INFO] [stderr]    Compiling near-primitives-core v0.17.0
[INFO] [stderr]    Compiling near-fmt v0.17.0
[INFO] [stderr]    Compiling near-primitives v0.17.0 (/opt/rustwide/workdir)
[INFO] [stdout] warning: unused import: `near_primitives_core::runtime::*`
[INFO] [stdout]  --> src/runtime/mod.rs:2:9
[INFO] [stdout]   |
[INFO] [stdout] 2 | pub use near_primitives_core::runtime::*;
[INFO] [stdout]   |         ^^^^^^^^^^^^^^^^^^^^^^^^^^^^^^^^
[INFO] [stdout]   |
[INFO] [stdout]   = note: `#[warn(unused_imports)]` on by default
[INFO] [stdout] 
[INFO] [stdout] 
[INFO] [stdout] warning: unexpected `cfg` condition value: `deepsize_feature`
[INFO] [stdout]    --> src/views.rs:266:12
[INFO] [stdout]     |
[INFO] [stdout] 266 | #[cfg_attr(feature = "deepsize_feature", derive(deepsize::DeepSizeOf))]
[INFO] [stdout]     |            ^^^^^^^^^^^^^^^^^^^^^^^^^^^^
[INFO] [stdout]     |
[INFO] [stdout]     = note: expected values for `feature` are: `calimero_zero_storage`, `dump_errors_schema`, `nightly`, `nightly_protocol`, `protocol_feature_fix_contract_loading_cost`, `protocol_feature_fix_staking_threshold`, `protocol_feature_near_vm_runtime`, `protocol_feature_preparation_v2`, `protocol_feature_reject_blocks_with_outdated_protocol_version`, and `sandbox`
[INFO] [stdout]     = help: consider adding `deepsize_feature` as a feature in `Cargo.toml`
[INFO] [stdout]     = note: see <https://doc.rust-lang.org/nightly/rustc/check-cfg/cargo-specifics.html> for more information about checking conditional configuration
[INFO] [stdout]     = note: `#[warn(unexpected_cfgs)]` on by default
[INFO] [stdout] 
[INFO] [stdout] 
[INFO] [stdout] warning: unexpected `cfg` condition value: `deepsize_feature`
[INFO] [stdout]    --> src/views.rs:277:12
[INFO] [stdout]     |
[INFO] [stdout] 277 | #[cfg_attr(feature = "deepsize_feature", derive(deepsize::DeepSizeOf))]
[INFO] [stdout]     |            ^^^^^^^^^^^^^^^^^^^^^^^^^^^^
[INFO] [stdout]     |
[INFO] [stdout]     = note: expected values for `feature` are: `calimero_zero_storage`, `dump_errors_schema`, `nightly`, `nightly_protocol`, `protocol_feature_fix_contract_loading_cost`, `protocol_feature_fix_staking_threshold`, `protocol_feature_near_vm_runtime`, `protocol_feature_preparation_v2`, `protocol_feature_reject_blocks_with_outdated_protocol_version`, and `sandbox`
[INFO] [stdout]     = help: consider adding `deepsize_feature` as a feature in `Cargo.toml`
[INFO] [stdout]     = note: see <https://doc.rust-lang.org/nightly/rustc/check-cfg/cargo-specifics.html> for more information about checking conditional configuration
[INFO] [stdout] 
[INFO] [stdout] 
[INFO] [stdout] warning: unexpected `cfg` condition value: `deepsize_feature`
[INFO] [stdout]    --> src/views.rs:286:12
[INFO] [stdout]     |
[INFO] [stdout] 286 | #[cfg_attr(feature = "deepsize_feature", derive(deepsize::DeepSizeOf))]
[INFO] [stdout]     |            ^^^^^^^^^^^^^^^^^^^^^^^^^^^^
[INFO] [stdout]     |
[INFO] [stdout]     = note: expected values for `feature` are: `calimero_zero_storage`, `dump_errors_schema`, `nightly`, `nightly_protocol`, `protocol_feature_fix_contract_loading_cost`, `protocol_feature_fix_staking_threshold`, `protocol_feature_near_vm_runtime`, `protocol_feature_preparation_v2`, `protocol_feature_reject_blocks_with_outdated_protocol_version`, and `sandbox`
[INFO] [stdout]     = help: consider adding `deepsize_feature` as a feature in `Cargo.toml`
[INFO] [stdout]     = note: see <https://doc.rust-lang.org/nightly/rustc/check-cfg/cargo-specifics.html> for more information about checking conditional configuration
[INFO] [stdout] 
[INFO] [stdout] 
[INFO] [stdout] warning: unexpected `cfg` condition value: `deepsize_feature`
[INFO] [stdout]     --> src/views.rs:1591:12
[INFO] [stdout]      |
[INFO] [stdout] 1591 | #[cfg_attr(feature = "deepsize_feature", derive(deepsize::DeepSizeOf))]
[INFO] [stdout]      |            ^^^^^^^^^^^^^^^^^^^^^^^^^^^^
[INFO] [stdout]      |
[INFO] [stdout]      = note: expected values for `feature` are: `calimero_zero_storage`, `dump_errors_schema`, `nightly`, `nightly_protocol`, `protocol_feature_fix_contract_loading_cost`, `protocol_feature_fix_staking_threshold`, `protocol_feature_near_vm_runtime`, `protocol_feature_preparation_v2`, `protocol_feature_reject_blocks_with_outdated_protocol_version`, and `sandbox`
[INFO] [stdout]      = help: consider adding `deepsize_feature` as a feature in `Cargo.toml`
[INFO] [stdout]      = note: see <https://doc.rust-lang.org/nightly/rustc/check-cfg/cargo-specifics.html> for more information about checking conditional configuration
[INFO] [stdout] 
[INFO] [stdout] 
[INFO] [stdout] warning: use of deprecated associated function `chrono::DateTime::<Tz>::from_utc`: Use TimeZone::from_utc_datetime() or DateTime::from_naive_utc_and_offset instead
[INFO] [stdout]   --> src/upgrade_schedule.rs:14:44
[INFO] [stdout]    |
[INFO] [stdout] 14 |         Self { timestamp: DateTime::<Utc>::from_utc(Default::default(), Utc) }
[INFO] [stdout]    |                                            ^^^^^^^^
[INFO] [stdout]    |
[INFO] [stdout]    = note: `#[warn(deprecated)]` on by default
[INFO] [stdout] 
[INFO] [stdout] 
[INFO] [stdout] warning: use of deprecated associated function `chrono::DateTime::<Tz>::from_utc`: Use TimeZone::from_utc_datetime() or DateTime::from_naive_utc_and_offset instead
[INFO] [stdout]   --> src/upgrade_schedule.rs:44:41
[INFO] [stdout]    |
[INFO] [stdout] 44 |             timestamp: DateTime::<Utc>::from_utc(
[INFO] [stdout]    |                                         ^^^^^^^^
[INFO] [stdout] 
[INFO] [stdout] 
[INFO] [stdout] warning: use of deprecated associated function `chrono::DateTime::<Tz>::from_utc`: Use TimeZone::from_utc_datetime() or DateTime::from_naive_utc_and_offset instead
[INFO] [stdout]    --> src/utils.rs:414:15
[INFO] [stdout]     |
[INFO] [stdout] 414 |     DateTime::from_utc(naive, chrono::Utc)
[INFO] [stdout]     |               ^^^^^^^^
[INFO] [stdout] 
[INFO] [stdout] 
[INFO] [stdout] warning: use of deprecated method `chrono::DateTime::<Tz>::timestamp_nanos`: use `timestamp_nanos_opt()` instead
[INFO] [stdout]    --> src/utils.rs:419:10
[INFO] [stdout]     |
[INFO] [stdout] 419 |     time.timestamp_nanos() as u64
[INFO] [stdout]     |          ^^^^^^^^^^^^^^^
[INFO] [stdout] 
[INFO] [stdout] 
[INFO] [stderr]     Finished `dev` profile [unoptimized + debuginfo] target(s) in 56.57s
[INFO] running `Command { std: "docker" "inspect" "41a7357ad06eae82b8e95e8d6f1ea54e48dd8d8a67cd7e1eb8412db2ddbeeee5", kill_on_drop: false }`
[INFO] running `Command { std: "docker" "rm" "-f" "41a7357ad06eae82b8e95e8d6f1ea54e48dd8d8a67cd7e1eb8412db2ddbeeee5", kill_on_drop: false }`
[INFO] [stdout] 41a7357ad06eae82b8e95e8d6f1ea54e48dd8d8a67cd7e1eb8412db2ddbeeee5
[INFO] running `Command { std: "docker" "create" "-v" "/var/lib/crater-agent-workspace/builds/worker-0-tc1/target:/opt/rustwide/target:rw,Z" "-v" "/var/lib/crater-agent-workspace/builds/worker-0-tc1/source:/opt/rustwide/workdir:ro,Z" "-v" "/var/lib/crater-agent-workspace/cargo-home:/opt/rustwide/cargo-home:ro,Z" "-v" "/var/lib/crater-agent-workspace/rustup-home:/opt/rustwide/rustup-home:ro,Z" "-e" "SOURCE_DIR=/opt/rustwide/workdir" "-e" "CARGO_TARGET_DIR=/opt/rustwide/target" "-e" "CARGO_INCREMENTAL=0" "-e" "RUST_BACKTRACE=full" "-e" "RUSTFLAGS=--cap-lints=warn" "-e" "RUSTDOCFLAGS=--cap-lints=warn" "-e" "CARGO_HOME=/opt/rustwide/cargo-home" "-e" "RUSTUP_HOME=/opt/rustwide/rustup-home" "-w" "/opt/rustwide/workdir" "-m" "1610612736" "--user" "0:0" "--network" "none" "ghcr.io/rust-lang/crates-build-env/linux@sha256:f3a9d4ad9d972b27faf3965f35b62e55ba32bbce8f20bc8fe909558a86702fde" "/opt/rustwide/cargo-home/bin/cargo" "+1.83.0" "test" "--frozen" "--no-run" "--message-format=json", kill_on_drop: false }`
[INFO] [stdout] b9c29a7d37a1f642624664cf0cca035395f83c245c5d4ae236b4465d20e8ffaf
[INFO] running `Command { std: "docker" "start" "-a" "b9c29a7d37a1f642624664cf0cca035395f83c245c5d4ae236b4465d20e8ffaf", kill_on_drop: false }`
[INFO] [stderr]    Compiling linked-hash-map v0.5.6
[INFO] [stderr]    Compiling lazy_static v1.4.0
[INFO] [stderr]    Compiling similar v2.4.0
[INFO] [stderr]    Compiling bencher v0.1.5
[INFO] [stderr]    Compiling assert_matches v1.5.0
[INFO] [stdout] warning: unused import: `near_primitives_core::runtime::*`
[INFO] [stdout]  --> src/runtime/mod.rs:2:9
[INFO] [stdout]   |
[INFO] [stdout] 2 | pub use near_primitives_core::runtime::*;
[INFO] [stdout]   |         ^^^^^^^^^^^^^^^^^^^^^^^^^^^^^^^^
[INFO] [stdout]   |
[INFO] [stdout]   = note: `#[warn(unused_imports)]` on by default
[INFO] [stdout] 
[INFO] [stdout] 
[INFO] [stdout] warning: unexpected `cfg` condition value: `deepsize_feature`
[INFO] [stdout]    --> src/views.rs:266:12
[INFO] [stdout]     |
[INFO] [stdout] 266 | #[cfg_attr(feature = "deepsize_feature", derive(deepsize::DeepSizeOf))]
[INFO] [stdout]     |            ^^^^^^^^^^^^^^^^^^^^^^^^^^^^
[INFO] [stdout]     |
[INFO] [stdout]     = note: expected values for `feature` are: `calimero_zero_storage`, `dump_errors_schema`, `nightly`, `nightly_protocol`, `protocol_feature_fix_contract_loading_cost`, `protocol_feature_fix_staking_threshold`, `protocol_feature_near_vm_runtime`, `protocol_feature_preparation_v2`, `protocol_feature_reject_blocks_with_outdated_protocol_version`, and `sandbox`
[INFO] [stdout]     = help: consider adding `deepsize_feature` as a feature in `Cargo.toml`
[INFO] [stdout]     = note: see <https://doc.rust-lang.org/nightly/rustc/check-cfg/cargo-specifics.html> for more information about checking conditional configuration
[INFO] [stdout]     = note: `#[warn(unexpected_cfgs)]` on by default
[INFO] [stdout] 
[INFO] [stdout] 
[INFO] [stdout] warning: unexpected `cfg` condition value: `deepsize_feature`
[INFO] [stdout]    --> src/views.rs:277:12
[INFO] [stdout]     |
[INFO] [stdout] 277 | #[cfg_attr(feature = "deepsize_feature", derive(deepsize::DeepSizeOf))]
[INFO] [stdout]     |            ^^^^^^^^^^^^^^^^^^^^^^^^^^^^
[INFO] [stdout]     |
[INFO] [stdout]     = note: expected values for `feature` are: `calimero_zero_storage`, `dump_errors_schema`, `nightly`, `nightly_protocol`, `protocol_feature_fix_contract_loading_cost`, `protocol_feature_fix_staking_threshold`, `protocol_feature_near_vm_runtime`, `protocol_feature_preparation_v2`, `protocol_feature_reject_blocks_with_outdated_protocol_version`, and `sandbox`
[INFO] [stdout]     = help: consider adding `deepsize_feature` as a feature in `Cargo.toml`
[INFO] [stdout]     = note: see <https://doc.rust-lang.org/nightly/rustc/check-cfg/cargo-specifics.html> for more information about checking conditional configuration
[INFO] [stdout] 
[INFO] [stdout] 
[INFO] [stdout] warning: unexpected `cfg` condition value: `deepsize_feature`
[INFO] [stdout]    --> src/views.rs:286:12
[INFO] [stdout]     |
[INFO] [stdout] 286 | #[cfg_attr(feature = "deepsize_feature", derive(deepsize::DeepSizeOf))]
[INFO] [stdout]     |            ^^^^^^^^^^^^^^^^^^^^^^^^^^^^
[INFO] [stdout]     |
[INFO] [stdout]     = note: expected values for `feature` are: `calimero_zero_storage`, `dump_errors_schema`, `nightly`, `nightly_protocol`, `protocol_feature_fix_contract_loading_cost`, `protocol_feature_fix_staking_threshold`, `protocol_feature_near_vm_runtime`, `protocol_feature_preparation_v2`, `protocol_feature_reject_blocks_with_outdated_protocol_version`, and `sandbox`
[INFO] [stdout]     = help: consider adding `deepsize_feature` as a feature in `Cargo.toml`
[INFO] [stdout]     = note: see <https://doc.rust-lang.org/nightly/rustc/check-cfg/cargo-specifics.html> for more information about checking conditional configuration
[INFO] [stdout] 
[INFO] [stdout] 
[INFO] [stdout] warning: unexpected `cfg` condition value: `deepsize_feature`
[INFO] [stdout]     --> src/views.rs:1591:12
[INFO] [stdout]      |
[INFO] [stdout] 1591 | #[cfg_attr(feature = "deepsize_feature", derive(deepsize::DeepSizeOf))]
[INFO] [stdout]      |            ^^^^^^^^^^^^^^^^^^^^^^^^^^^^
[INFO] [stdout]      |
[INFO] [stdout]      = note: expected values for `feature` are: `calimero_zero_storage`, `dump_errors_schema`, `nightly`, `nightly_protocol`, `protocol_feature_fix_contract_loading_cost`, `protocol_feature_fix_staking_threshold`, `protocol_feature_near_vm_runtime`, `protocol_feature_preparation_v2`, `protocol_feature_reject_blocks_with_outdated_protocol_version`, and `sandbox`
[INFO] [stdout]      = help: consider adding `deepsize_feature` as a feature in `Cargo.toml`
[INFO] [stdout]      = note: see <https://doc.rust-lang.org/nightly/rustc/check-cfg/cargo-specifics.html> for more information about checking conditional configuration
[INFO] [stdout] 
[INFO] [stdout] 
[INFO] [stdout] warning: use of deprecated associated function `chrono::DateTime::<Tz>::from_utc`: Use TimeZone::from_utc_datetime() or DateTime::from_naive_utc_and_offset instead
[INFO] [stdout]   --> src/upgrade_schedule.rs:14:44
[INFO] [stdout]    |
[INFO] [stdout] 14 |         Self { timestamp: DateTime::<Utc>::from_utc(Default::default(), Utc) }
[INFO] [stdout]    |                                            ^^^^^^^^
[INFO] [stdout]    |
[INFO] [stdout]    = note: `#[warn(deprecated)]` on by default
[INFO] [stdout] 
[INFO] [stdout] 
[INFO] [stdout] warning: use of deprecated associated function `chrono::DateTime::<Tz>::from_utc`: Use TimeZone::from_utc_datetime() or DateTime::from_naive_utc_and_offset instead
[INFO] [stdout]   --> src/upgrade_schedule.rs:44:41
[INFO] [stdout]    |
[INFO] [stdout] 44 |             timestamp: DateTime::<Utc>::from_utc(
[INFO] [stdout]    |                                         ^^^^^^^^
[INFO] [stdout] 
[INFO] [stdout] 
[INFO] [stdout] warning: use of deprecated associated function `chrono::DateTime::<Tz>::from_utc`: Use TimeZone::from_utc_datetime() or DateTime::from_naive_utc_and_offset instead
[INFO] [stdout]    --> src/utils.rs:414:15
[INFO] [stdout]     |
[INFO] [stdout] 414 |     DateTime::from_utc(naive, chrono::Utc)
[INFO] [stdout]     |               ^^^^^^^^
[INFO] [stdout] 
[INFO] [stdout] 
[INFO] [stdout] warning: use of deprecated method `chrono::DateTime::<Tz>::timestamp_nanos`: use `timestamp_nanos_opt()` instead
[INFO] [stdout]    --> src/utils.rs:419:10
[INFO] [stdout]     |
[INFO] [stdout] 419 |     time.timestamp_nanos() as u64
[INFO] [stdout]     |          ^^^^^^^^^^^^^^^
[INFO] [stdout] 
[INFO] [stdout] 
[INFO] [stderr]    Compiling console v0.15.8
[INFO] [stderr]    Compiling yaml-rust v0.4.5
[INFO] [stderr]    Compiling insta v1.34.0
[INFO] [stderr]    Compiling near-primitives v0.17.0 (/opt/rustwide/workdir)
[INFO] [stdout] warning: unused import: `near_primitives_core::runtime::*`
[INFO] [stdout]  --> src/runtime/mod.rs:2:9
[INFO] [stdout]   |
[INFO] [stdout] 2 | pub use near_primitives_core::runtime::*;
[INFO] [stdout]   |         ^^^^^^^^^^^^^^^^^^^^^^^^^^^^^^^^
[INFO] [stdout]   |
[INFO] [stdout]   = note: `#[warn(unused_imports)]` on by default
[INFO] [stdout] 
[INFO] [stdout] 
[INFO] [stdout] warning: unexpected `cfg` condition value: `deepsize_feature`
[INFO] [stdout]    --> src/views.rs:266:12
[INFO] [stdout]     |
[INFO] [stdout] 266 | #[cfg_attr(feature = "deepsize_feature", derive(deepsize::DeepSizeOf))]
[INFO] [stdout]     |            ^^^^^^^^^^^^^^^^^^^^^^^^^^^^
[INFO] [stdout]     |
[INFO] [stdout]     = note: expected values for `feature` are: `calimero_zero_storage`, `dump_errors_schema`, `nightly`, `nightly_protocol`, `protocol_feature_fix_contract_loading_cost`, `protocol_feature_fix_staking_threshold`, `protocol_feature_near_vm_runtime`, `protocol_feature_preparation_v2`, `protocol_feature_reject_blocks_with_outdated_protocol_version`, and `sandbox`
[INFO] [stdout]     = help: consider adding `deepsize_feature` as a feature in `Cargo.toml`
[INFO] [stdout]     = note: see <https://doc.rust-lang.org/nightly/rustc/check-cfg/cargo-specifics.html> for more information about checking conditional configuration
[INFO] [stdout]     = note: `#[warn(unexpected_cfgs)]` on by default
[INFO] [stdout] 
[INFO] [stdout] 
[INFO] [stdout] warning: unexpected `cfg` condition value: `deepsize_feature`
[INFO] [stdout]    --> src/views.rs:277:12
[INFO] [stdout]     |
[INFO] [stdout] 277 | #[cfg_attr(feature = "deepsize_feature", derive(deepsize::DeepSizeOf))]
[INFO] [stdout]     |            ^^^^^^^^^^^^^^^^^^^^^^^^^^^^
[INFO] [stdout]     |
[INFO] [stdout]     = note: expected values for `feature` are: `calimero_zero_storage`, `dump_errors_schema`, `nightly`, `nightly_protocol`, `protocol_feature_fix_contract_loading_cost`, `protocol_feature_fix_staking_threshold`, `protocol_feature_near_vm_runtime`, `protocol_feature_preparation_v2`, `protocol_feature_reject_blocks_with_outdated_protocol_version`, and `sandbox`
[INFO] [stdout]     = help: consider adding `deepsize_feature` as a feature in `Cargo.toml`
[INFO] [stdout]     = note: see <https://doc.rust-lang.org/nightly/rustc/check-cfg/cargo-specifics.html> for more information about checking conditional configuration
[INFO] [stdout] 
[INFO] [stdout] 
[INFO] [stdout] warning: unexpected `cfg` condition value: `deepsize_feature`
[INFO] [stdout]    --> src/views.rs:286:12
[INFO] [stdout]     |
[INFO] [stdout] 286 | #[cfg_attr(feature = "deepsize_feature", derive(deepsize::DeepSizeOf))]
[INFO] [stdout]     |            ^^^^^^^^^^^^^^^^^^^^^^^^^^^^
[INFO] [stdout]     |
[INFO] [stdout]     = note: expected values for `feature` are: `calimero_zero_storage`, `dump_errors_schema`, `nightly`, `nightly_protocol`, `protocol_feature_fix_contract_loading_cost`, `protocol_feature_fix_staking_threshold`, `protocol_feature_near_vm_runtime`, `protocol_feature_preparation_v2`, `protocol_feature_reject_blocks_with_outdated_protocol_version`, and `sandbox`
[INFO] [stdout]     = help: consider adding `deepsize_feature` as a feature in `Cargo.toml`
[INFO] [stdout]     = note: see <https://doc.rust-lang.org/nightly/rustc/check-cfg/cargo-specifics.html> for more information about checking conditional configuration
[INFO] [stdout] 
[INFO] [stdout] 
[INFO] [stdout] warning: unexpected `cfg` condition value: `deepsize_feature`
[INFO] [stdout]     --> src/views.rs:1591:12
[INFO] [stdout]      |
[INFO] [stdout] 1591 | #[cfg_attr(feature = "deepsize_feature", derive(deepsize::DeepSizeOf))]
[INFO] [stdout]      |            ^^^^^^^^^^^^^^^^^^^^^^^^^^^^
[INFO] [stdout]      |
[INFO] [stdout]      = note: expected values for `feature` are: `calimero_zero_storage`, `dump_errors_schema`, `nightly`, `nightly_protocol`, `protocol_feature_fix_contract_loading_cost`, `protocol_feature_fix_staking_threshold`, `protocol_feature_near_vm_runtime`, `protocol_feature_preparation_v2`, `protocol_feature_reject_blocks_with_outdated_protocol_version`, and `sandbox`
[INFO] [stdout]      = help: consider adding `deepsize_feature` as a feature in `Cargo.toml`
[INFO] [stdout]      = note: see <https://doc.rust-lang.org/nightly/rustc/check-cfg/cargo-specifics.html> for more information about checking conditional configuration
[INFO] [stdout] 
[INFO] [stdout] 
[INFO] [stdout] warning: use of deprecated associated function `chrono::DateTime::<Tz>::from_utc`: Use TimeZone::from_utc_datetime() or DateTime::from_naive_utc_and_offset instead
[INFO] [stdout]   --> src/upgrade_schedule.rs:14:44
[INFO] [stdout]    |
[INFO] [stdout] 14 |         Self { timestamp: DateTime::<Utc>::from_utc(Default::default(), Utc) }
[INFO] [stdout]    |                                            ^^^^^^^^
[INFO] [stdout]    |
[INFO] [stdout]    = note: `#[warn(deprecated)]` on by default
[INFO] [stdout] 
[INFO] [stdout] 
[INFO] [stdout] warning: use of deprecated associated function `chrono::DateTime::<Tz>::from_utc`: Use TimeZone::from_utc_datetime() or DateTime::from_naive_utc_and_offset instead
[INFO] [stdout]   --> src/upgrade_schedule.rs:44:41
[INFO] [stdout]    |
[INFO] [stdout] 44 |             timestamp: DateTime::<Utc>::from_utc(
[INFO] [stdout]    |                                         ^^^^^^^^
[INFO] [stdout] 
[INFO] [stdout] 
[INFO] [stdout] warning: use of deprecated associated function `chrono::DateTime::<Tz>::from_utc`: Use TimeZone::from_utc_datetime() or DateTime::from_naive_utc_and_offset instead
[INFO] [stdout]    --> src/utils.rs:414:15
[INFO] [stdout]     |
[INFO] [stdout] 414 |     DateTime::from_utc(naive, chrono::Utc)
[INFO] [stdout]     |               ^^^^^^^^
[INFO] [stdout] 
[INFO] [stdout] 
[INFO] [stdout] warning: use of deprecated method `chrono::DateTime::<Tz>::timestamp_nanos`: use `timestamp_nanos_opt()` instead
[INFO] [stdout]    --> src/utils.rs:419:10
[INFO] [stdout]     |
[INFO] [stdout] 419 |     time.timestamp_nanos() as u64
[INFO] [stdout]     |          ^^^^^^^^^^^^^^^
[INFO] [stdout] 
[INFO] [stdout] 
[INFO] [stderr]     Finished `test` profile [unoptimized + debuginfo] target(s) in 18.78s
[INFO] running `Command { std: "docker" "inspect" "b9c29a7d37a1f642624664cf0cca035395f83c245c5d4ae236b4465d20e8ffaf", kill_on_drop: false }`
[INFO] running `Command { std: "docker" "rm" "-f" "b9c29a7d37a1f642624664cf0cca035395f83c245c5d4ae236b4465d20e8ffaf", kill_on_drop: false }`
[INFO] [stdout] b9c29a7d37a1f642624664cf0cca035395f83c245c5d4ae236b4465d20e8ffaf
[INFO] running `Command { std: "docker" "create" "-v" "/var/lib/crater-agent-workspace/builds/worker-0-tc1/target:/opt/rustwide/target:rw,Z" "-v" "/var/lib/crater-agent-workspace/builds/worker-0-tc1/source:/opt/rustwide/workdir:ro,Z" "-v" "/var/lib/crater-agent-workspace/cargo-home:/opt/rustwide/cargo-home:ro,Z" "-v" "/var/lib/crater-agent-workspace/rustup-home:/opt/rustwide/rustup-home:ro,Z" "-e" "SOURCE_DIR=/opt/rustwide/workdir" "-e" "CARGO_TARGET_DIR=/opt/rustwide/target" "-e" "CARGO_INCREMENTAL=0" "-e" "RUST_BACKTRACE=full" "-e" "RUSTFLAGS=--cap-lints=warn" "-e" "RUSTDOCFLAGS=--cap-lints=warn" "-e" "CARGO_HOME=/opt/rustwide/cargo-home" "-e" "RUSTUP_HOME=/opt/rustwide/rustup-home" "-w" "/opt/rustwide/workdir" "-m" "1610612736" "--user" "0:0" "--network" "none" "ghcr.io/rust-lang/crates-build-env/linux@sha256:f3a9d4ad9d972b27faf3965f35b62e55ba32bbce8f20bc8fe909558a86702fde" "/opt/rustwide/cargo-home/bin/cargo" "+1.83.0" "test" "--frozen", kill_on_drop: false }`
[INFO] [stdout] a6c13a217fa2030b77ce294cd5c1140d6301a6c2a32a9500d6508372922220dd
[INFO] running `Command { std: "docker" "start" "-a" "a6c13a217fa2030b77ce294cd5c1140d6301a6c2a32a9500d6508372922220dd", kill_on_drop: false }`
[INFO] [stderr] warning: unused import: `near_primitives_core::runtime::*`
[INFO] [stderr]  --> src/runtime/mod.rs:2:9
[INFO] [stderr]   |
[INFO] [stderr] 2 | pub use near_primitives_core::runtime::*;
[INFO] [stderr]   |         ^^^^^^^^^^^^^^^^^^^^^^^^^^^^^^^^
[INFO] [stderr]   |
[INFO] [stderr]   = note: `#[warn(unused_imports)]` on by default
[INFO] [stderr] 
[INFO] [stderr] warning: unexpected `cfg` condition value: `deepsize_feature`
[INFO] [stderr]    --> src/views.rs:266:12
[INFO] [stderr]     |
[INFO] [stderr] 266 | #[cfg_attr(feature = "deepsize_feature", derive(deepsize::DeepSizeOf))]
[INFO] [stderr]     |            ^^^^^^^^^^^^^^^^^^^^^^^^^^^^
[INFO] [stderr]     |
[INFO] [stderr]     = note: expected values for `feature` are: `calimero_zero_storage`, `dump_errors_schema`, `nightly`, `nightly_protocol`, `protocol_feature_fix_contract_loading_cost`, `protocol_feature_fix_staking_threshold`, `protocol_feature_near_vm_runtime`, `protocol_feature_preparation_v2`, `protocol_feature_reject_blocks_with_outdated_protocol_version`, and `sandbox`
[INFO] [stderr]     = help: consider adding `deepsize_feature` as a feature in `Cargo.toml`
[INFO] [stderr]     = note: see <https://doc.rust-lang.org/nightly/rustc/check-cfg/cargo-specifics.html> for more information about checking conditional configuration
[INFO] [stderr]     = note: `#[warn(unexpected_cfgs)]` on by default
[INFO] [stderr] 
[INFO] [stderr] warning: unexpected `cfg` condition value: `deepsize_feature`
[INFO] [stderr]    --> src/views.rs:277:12
[INFO] [stderr]     |
[INFO] [stderr] 277 | #[cfg_attr(feature = "deepsize_feature", derive(deepsize::DeepSizeOf))]
[INFO] [stderr]     |            ^^^^^^^^^^^^^^^^^^^^^^^^^^^^
[INFO] [stderr]     |
[INFO] [stderr]     = note: expected values for `feature` are: `calimero_zero_storage`, `dump_errors_schema`, `nightly`, `nightly_protocol`, `protocol_feature_fix_contract_loading_cost`, `protocol_feature_fix_staking_threshold`, `protocol_feature_near_vm_runtime`, `protocol_feature_preparation_v2`, `protocol_feature_reject_blocks_with_outdated_protocol_version`, and `sandbox`
[INFO] [stderr]     = help: consider adding `deepsize_feature` as a feature in `Cargo.toml`
[INFO] [stderr]     = note: see <https://doc.rust-lang.org/nightly/rustc/check-cfg/cargo-specifics.html> for more information about checking conditional configuration
[INFO] [stderr] 
[INFO] [stderr] warning: unexpected `cfg` condition value: `deepsize_feature`
[INFO] [stderr]    --> src/views.rs:286:12
[INFO] [stderr]     |
[INFO] [stderr] 286 | #[cfg_attr(feature = "deepsize_feature", derive(deepsize::DeepSizeOf))]
[INFO] [stderr]     |            ^^^^^^^^^^^^^^^^^^^^^^^^^^^^
[INFO] [stderr]     |
[INFO] [stderr]     = note: expected values for `feature` are: `calimero_zero_storage`, `dump_errors_schema`, `nightly`, `nightly_protocol`, `protocol_feature_fix_contract_loading_cost`, `protocol_feature_fix_staking_threshold`, `protocol_feature_near_vm_runtime`, `protocol_feature_preparation_v2`, `protocol_feature_reject_blocks_with_outdated_protocol_version`, and `sandbox`
[INFO] [stderr]     = help: consider adding `deepsize_feature` as a feature in `Cargo.toml`
[INFO] [stderr]     = note: see <https://doc.rust-lang.org/nightly/rustc/check-cfg/cargo-specifics.html> for more information about checking conditional configuration
[INFO] [stderr] 
[INFO] [stderr] warning: unexpected `cfg` condition value: `deepsize_feature`
[INFO] [stderr]     --> src/views.rs:1591:12
[INFO] [stderr]      |
[INFO] [stderr] 1591 | #[cfg_attr(feature = "deepsize_feature", derive(deepsize::DeepSizeOf))]
[INFO] [stderr]      |            ^^^^^^^^^^^^^^^^^^^^^^^^^^^^
[INFO] [stderr]      |
[INFO] [stderr]      = note: expected values for `feature` are: `calimero_zero_storage`, `dump_errors_schema`, `nightly`, `nightly_protocol`, `protocol_feature_fix_contract_loading_cost`, `protocol_feature_fix_staking_threshold`, `protocol_feature_near_vm_runtime`, `protocol_feature_preparation_v2`, `protocol_feature_reject_blocks_with_outdated_protocol_version`, and `sandbox`
[INFO] [stderr]      = help: consider adding `deepsize_feature` as a feature in `Cargo.toml`
[INFO] [stderr]      = note: see <https://doc.rust-lang.org/nightly/rustc/check-cfg/cargo-specifics.html> for more information about checking conditional configuration
[INFO] [stderr] 
[INFO] [stderr] warning: use of deprecated associated function `chrono::DateTime::<Tz>::from_utc`: Use TimeZone::from_utc_datetime() or DateTime::from_naive_utc_and_offset instead
[INFO] [stderr]   --> src/upgrade_schedule.rs:14:44
[INFO] [stderr]    |
[INFO] [stderr] 14 |         Self { timestamp: DateTime::<Utc>::from_utc(Default::default(), Utc) }
[INFO] [stderr]    |                                            ^^^^^^^^
[INFO] [stderr]    |
[INFO] [stderr]    = note: `#[warn(deprecated)]` on by default
[INFO] [stderr] 
[INFO] [stderr] warning: use of deprecated associated function `chrono::DateTime::<Tz>::from_utc`: Use TimeZone::from_utc_datetime() or DateTime::from_naive_utc_and_offset instead
[INFO] [stderr]   --> src/upgrade_schedule.rs:44:41
[INFO] [stderr]    |
[INFO] [stderr] 44 |             timestamp: DateTime::<Utc>::from_utc(
[INFO] [stderr]    |                                         ^^^^^^^^
[INFO] [stderr] 
[INFO] [stderr] warning: use of deprecated associated function `chrono::DateTime::<Tz>::from_utc`: Use TimeZone::from_utc_datetime() or DateTime::from_naive_utc_and_offset instead
[INFO] [stderr]    --> src/utils.rs:414:15
[INFO] [stderr]     |
[INFO] [stderr] 414 |     DateTime::from_utc(naive, chrono::Utc)
[INFO] [stderr]     |               ^^^^^^^^
[INFO] [stderr] 
[INFO] [stderr] warning: use of deprecated method `chrono::DateTime::<Tz>::timestamp_nanos`: use `timestamp_nanos_opt()` instead
[INFO] [stderr]    --> src/utils.rs:419:10
[INFO] [stderr]     |
[INFO] [stderr] 419 |     time.timestamp_nanos() as u64
[INFO] [stderr]     |          ^^^^^^^^^^^^^^^
[INFO] [stderr] 
[INFO] [stderr] warning: `near-primitives` (lib) generated 9 warnings (run `cargo fix --lib -p near-primitives` to apply 1 suggestion)
[INFO] [stderr] warning: `near-primitives` (lib test) generated 9 warnings (9 duplicates)
[INFO] [stderr]     Finished `test` profile [unoptimized + debuginfo] target(s) in 0.32s
[INFO] [stderr]      Running unittests src/lib.rs (/opt/rustwide/target/debug/deps/near_primitives-69d5d9c95e406883)
[INFO] [stdout] 
[INFO] [stdout] running 70 tests
[INFO] [stdout] test delegate_action::tests::test_delegate_action_deserialization ... ok
[INFO] [stdout] test delegate_action::tests::test_delegate_action_deserialization_hard_coded ... ok
[INFO] [stdout] test merkle::tests::test_incorrect_path ... ok
[INFO] [stdout] test merkle::tests::test_combine_hash_stability ... ok
[INFO] [stdout] test merkle::tests::test_elements_order ... ok
[INFO] [stdout] test runtime::parameter_table::tests::test_basic_parameter_table_weird_syntax ... ok
[INFO] [stdout] test runtime::parameter_table::tests::test_empty_parameter_table ... ok
[INFO] [stdout] test rand::test::test_should_correctly_compute_odds_and_aliases ... ok
[INFO] [stdout] test runtime::config_store::tests::test_lower_storage_cost ... ok
[INFO] [stdout] test runtime::config_store::tests::test_max_prepaid_gas ... ok
[INFO] [stdout] test runtime::parameter_table::tests::test_parameter_table_invalid_key_in_diff ... ok
[INFO] [stdout] test runtime::parameter_table::tests::test_parameter_table_no_key_in_diff ... ok
[INFO] [stdout] test runtime::config_store::tests::test_lower_data_receipt_cost ... ok
[INFO] [stdout] test runtime::parameter_table::tests::test_parameter_table_no_old_value ... ok
[INFO] [stdout] test runtime::parameter_table::tests::test_parameter_table_invalid_key ... ok
[INFO] [stdout] test runtime::parameter_table::tests::test_basic_parameter_table ... ok
[INFO] [stdout] test merkle::tests::test_merkle_tree ... ok
[INFO] [stdout] test runtime::parameter_table::tests::test_parameter_table_old_parameter_undefined ... ok
[INFO] [stdout] test runtime::parameter_table::tests::test_parameter_table_wrong_separator_in_diff ... ok
[INFO] [stdout] test runtime::parameter_table::tests::test_parameter_table_with_empty_value ... ok
[INFO] [stdout] test shard_layout::tests::test_shard_layout_v1 ... ok
[INFO] [stdout] test signable_message::tests::nep_366_wrong_msg_type ... ok
[INFO] [stdout] test runtime::parameter_table::tests::test_parameter_table_with_diff ... ok
[INFO] [stdout] test signable_message::tests::nep_366_ok ... ok
[INFO] [stdout] test runtime::config_store::tests::test_lower_max_length_storage_key ... ok
[INFO] [stdout] test runtime::parameter_table::tests::test_parameter_table_with_diffs ... ok
[INFO] [stdout] test runtime::parameter_table::tests::test_parameter_table_wrong_separator ... ok
[INFO] [stdout] test runtime::parameter_table::tests::test_parameter_table_no_key ... ok
[INFO] [stdout] test runtime::parameter_table::tests::test_parameter_table_wrong_old_value ... ok
[INFO] [stdout] test transaction::tests::test_outcome_to_hashes ... ok
[INFO] [stdout] test trie_key::tests::test_account_id_from_trie_key ... ok
[INFO] [stdout] test trie_key::tests::test_key_for_code_consistency ... ok
[INFO] [stdout] test trie_key::tests::test_key_for_data_consistency ... ok
[INFO] [stdout] test trie_key::tests::test_key_for_delayed_receipts_consistency ... ok
[INFO] [stdout] test transaction::tests::test_serialize_transaction ... ok
[INFO] [stdout] test trie_key::tests::test_key_for_pending_data_count_consistency ... ok
[INFO] [stdout] test trie_key::tests::test_key_for_postponed_receipt_consistency ... ok
[INFO] [stdout] test trie_key::tests::test_key_for_postponed_receipt_id_consistency ... ok
[INFO] [stdout] test upgrade_schedule::tests::test_after_scheduled_time ... ok
[INFO] [stdout] test trie_key::tests::test_key_for_received_data_consistency ... ok
[INFO] [stdout] test upgrade_schedule::tests::test_before_scheduled_time ... ok
[INFO] [stdout] test trie_key::tests::test_key_for_account_consistency ... ok
[INFO] [stdout] test upgrade_schedule::tests::test_env_overwrite ... ok
[INFO] [stdout] test transaction::tests::test_verify_transaction ... ok
[INFO] [stdout] test upgrade_schedule::tests::test_no_upgrade_schedule ... ok
[INFO] [stdout] test state::tests::test_encode_decode ... ok
[INFO] [stdout] test trie_key::tests::test_key_for_access_key_consistency ... ok
[INFO] [stdout] test upgrade_schedule::tests::test_none_upgrade_schedule ... ok
[INFO] [stdout] test utils::min_heap::tests::test_peek_mut ... ok
[INFO] [stdout] test utils::min_heap::tests::test_push_pop_push ... ok
[INFO] [stdout] test utils::min_heap::tests::test_peek ... ok
[INFO] [stdout] test signable_message::tests::nep_366_wrong_nep ... ok
[INFO] [stdout] test utils::min_heap::tests::test_push_pop ... ok
[INFO] [stdout] test utils::tests::test_create_hash_upgradable ... ok
[INFO] [stdout] test runtime::parameter_table::tests::test_parameter_table_yaml_map ... ok
[INFO] [stdout] test runtime::config_store::tests::test_lower_ecrecover_base_cost ... ok
[INFO] [stdout] test utils::min_heap::tests::test_collect_pop ... ok
[INFO] [stdout] test utils::tests::test_num_chunk_producers ... ok
[INFO] [stdout] test runtime::config_store::tests::test_override_account_length ... ok
[INFO] [stdout] test merkle::tests::test_merkle_path ... ok
[INFO] [stdout] test runtime::config_store::tests::test_override_runtime_config ... ok
[INFO] [stdout] test shard_layout::tests::test_shard_layout_v0 ... ok
[INFO] [stdout] test views::tests::test_exec_metadata_v1_view ... ok
[INFO] [stdout] test upgrade_schedule::tests::test_is_in_future ... FAILED
[INFO] [stdout] test upgrade_schedule::tests::test_parse ... FAILED
[INFO] [stdout] test views::tests::test_exec_metadata_v2_view ... ok
[INFO] [stdout] test views::tests::test_runtime_config_view ... ok
[INFO] [stdout] test views::tests::test_exec_metadata_v3_view ... ok
[INFO] [stdout] test runtime::config_store::tests::test_json_unchanged ... ok
[INFO] [stdout] test rand::test::test_sample_should_produce_correct_distribution ... ok
[INFO] [stdout] 
[INFO] [stdout] failures:
[INFO] [stdout] 
[INFO] [stdout] ---- upgrade_schedule::tests::test_is_in_future stdout ----
[INFO] [stdout] thread 'upgrade_schedule::tests::test_is_in_future' panicked at src/upgrade_schedule.rs:226:9:
[INFO] [stdout] assertion failed: ProtocolUpgradeVotingSchedule::from_env_or_str("2999-02-03 23:59:59").unwrap().is_in_future()
[INFO] [stdout] stack backtrace:
[INFO] [stdout]    0:     0x650688732a4a - std::backtrace_rs::backtrace::libunwind::trace::h5a5b8284f2d0c266
[INFO] [stdout]                                at /rustc/90b35a6239c3d8bdabc530a6a0816f7ff89a0aaf/library/std/src/../../backtrace/src/backtrace/libunwind.rs:116:5
[INFO] [stdout]    1:     0x650688732a4a - std::backtrace_rs::backtrace::trace_unsynchronized::h76d4f1c9b0b875e3
[INFO] [stdout]                                at /rustc/90b35a6239c3d8bdabc530a6a0816f7ff89a0aaf/library/std/src/../../backtrace/src/backtrace/mod.rs:66:5
[INFO] [stdout]    2:     0x650688732a4a - std::sys::backtrace::_print_fmt::hc4546b8364a537c6
[INFO] [stdout]                                at /rustc/90b35a6239c3d8bdabc530a6a0816f7ff89a0aaf/library/std/src/sys/backtrace.rs:66:9
[INFO] [stdout]    3:     0x650688732a4a - <std::sys::backtrace::BacktraceLock::print::DisplayBacktrace as core::fmt::Display>::fmt::h5b6bd5631a6d1f6b
[INFO] [stdout]                                at /rustc/90b35a6239c3d8bdabc530a6a0816f7ff89a0aaf/library/std/src/sys/backtrace.rs:39:26
[INFO] [stdout]    4:     0x65068875b273 - core::fmt::rt::Argument::fmt::h270f6602a2b96f62
[INFO] [stdout]                                at /rustc/90b35a6239c3d8bdabc530a6a0816f7ff89a0aaf/library/core/src/fmt/rt.rs:177:76
[INFO] [stdout]    5:     0x65068875b273 - core::fmt::write::h7550c97b06c86515
[INFO] [stdout]                                at /rustc/90b35a6239c3d8bdabc530a6a0816f7ff89a0aaf/library/core/src/fmt/mod.rs:1186:21
[INFO] [stdout]    6:     0x65068872f493 - std::io::Write::write_fmt::h509ff860e5956e5e
[INFO] [stdout]                                at /rustc/90b35a6239c3d8bdabc530a6a0816f7ff89a0aaf/library/std/src/io/mod.rs:1839:15
[INFO] [stdout]    7:     0x650688732892 - std::sys::backtrace::BacktraceLock::print::h2395ccd2c84ba3aa
[INFO] [stdout]                                at /rustc/90b35a6239c3d8bdabc530a6a0816f7ff89a0aaf/library/std/src/sys/backtrace.rs:42:9
[INFO] [stdout]    8:     0x650688733eaa - std::panicking::default_hook::{{closure}}::he19d4c7230e07961
[INFO] [stdout]                                at /rustc/90b35a6239c3d8bdabc530a6a0816f7ff89a0aaf/library/std/src/panicking.rs:268:22
[INFO] [stdout]    9:     0x650688733cb4 - std::panicking::default_hook::hf614597d3c67bbdb
[INFO] [stdout]                                at /rustc/90b35a6239c3d8bdabc530a6a0816f7ff89a0aaf/library/std/src/panicking.rs:292:9
[INFO] [stdout]   10:     0x6506885c1aa9 - <alloc::boxed::Box<F,A> as core::ops::function::Fn<Args>>::call::h39b51ce4599c23d1
[INFO] [stdout]                                at /rustc/90b35a6239c3d8bdabc530a6a0816f7ff89a0aaf/library/alloc/src/boxed.rs:2468:9
[INFO] [stdout]   11:     0x6506885c1aa9 - test::test_main::{{closure}}::he977ae839a582784
[INFO] [stdout]                                at /rustc/90b35a6239c3d8bdabc530a6a0816f7ff89a0aaf/library/test/src/lib.rs:133:21
[INFO] [stdout]   12:     0x650688734548 - <alloc::boxed::Box<F,A> as core::ops::function::Fn<Args>>::call::h9455091b6b06f9fb
[INFO] [stdout]                                at /rustc/90b35a6239c3d8bdabc530a6a0816f7ff89a0aaf/library/alloc/src/boxed.rs:2468:9
[INFO] [stdout]   13:     0x650688734548 - std::panicking::rust_panic_with_hook::h8942133a8b252070
[INFO] [stdout]                                at /rustc/90b35a6239c3d8bdabc530a6a0816f7ff89a0aaf/library/std/src/panicking.rs:809:13
[INFO] [stdout]   14:     0x6506887342d6 - std::panicking::begin_panic_handler::{{closure}}::hb5f5963570096b29
[INFO] [stdout]                                at /rustc/90b35a6239c3d8bdabc530a6a0816f7ff89a0aaf/library/std/src/panicking.rs:667:13
[INFO] [stdout]   15:     0x650688732f29 - std::sys::backtrace::__rust_end_short_backtrace::h6208cedc1922feda
[INFO] [stdout]                                at /rustc/90b35a6239c3d8bdabc530a6a0816f7ff89a0aaf/library/std/src/sys/backtrace.rs:170:18
[INFO] [stdout]   16:     0x650688733f9c - rust_begin_unwind
[INFO] [stdout]                                at /rustc/90b35a6239c3d8bdabc530a6a0816f7ff89a0aaf/library/std/src/panicking.rs:665:5
[INFO] [stdout]   17:     0x6506882be1a0 - core::panicking::panic_fmt::h0c3082644d1bf418
[INFO] [stdout]                                at /rustc/90b35a6239c3d8bdabc530a6a0816f7ff89a0aaf/library/core/src/panicking.rs:74:14
[INFO] [stdout]   18:     0x6506882be22c - core::panicking::panic::h957f98c65a3b3074
[INFO] [stdout]                                at /rustc/90b35a6239c3d8bdabc530a6a0816f7ff89a0aaf/library/core/src/panicking.rs:148:5
[INFO] [stdout]   19:     0x65068834ed76 - near_primitives::upgrade_schedule::tests::test_is_in_future::h2f9a5657a8650519
[INFO] [stdout]                                at /opt/rustwide/workdir/src/upgrade_schedule.rs:226:9
[INFO] [stdout]   20:     0x65068834eca7 - near_primitives::upgrade_schedule::tests::test_is_in_future::{{closure}}::h88ccd7730fb5fe17
[INFO] [stdout]                                at /opt/rustwide/workdir/src/upgrade_schedule.rs:225:27
[INFO] [stdout]   21:     0x650688332506 - core::ops::function::FnOnce::call_once::h1c3f58f56606e4b8
[INFO] [stdout]                                at /rustc/90b35a6239c3d8bdabc530a6a0816f7ff89a0aaf/library/core/src/ops/function.rs:250:5
[INFO] [stdout]   22:     0x6506885c646b - core::ops::function::FnOnce::call_once::h109cf8051a59b34e
[INFO] [stdout]                                at /rustc/90b35a6239c3d8bdabc530a6a0816f7ff89a0aaf/library/core/src/ops/function.rs:250:5
[INFO] [stdout]   23:     0x6506885c646b - test::__rust_begin_short_backtrace::hf4fff89d377446ba
[INFO] [stdout]                                at /rustc/90b35a6239c3d8bdabc530a6a0816f7ff89a0aaf/library/test/src/lib.rs:621:18
[INFO] [stdout]   24:     0x6506885c5ca7 - test::run_test_in_process::{{closure}}::h0e39181dd7ee5a43
[INFO] [stdout]                                at /rustc/90b35a6239c3d8bdabc530a6a0816f7ff89a0aaf/library/test/src/lib.rs:644:60
[INFO] [stdout]   25:     0x6506885c5ca7 - <core::panic::unwind_safe::AssertUnwindSafe<F> as core::ops::function::FnOnce<()>>::call_once::hc5a66a30f0bdfd1f
[INFO] [stdout]                                at /rustc/90b35a6239c3d8bdabc530a6a0816f7ff89a0aaf/library/core/src/panic/unwind_safe.rs:272:9
[INFO] [stdout]   26:     0x6506885c5ca7 - std::panicking::try::do_call::h873b7cf639554a5e
[INFO] [stdout]                                at /rustc/90b35a6239c3d8bdabc530a6a0816f7ff89a0aaf/library/std/src/panicking.rs:557:40
[INFO] [stdout]   27:     0x6506885c5ca7 - std::panicking::try::hdb19862fad9c8bd1
[INFO] [stdout]                                at /rustc/90b35a6239c3d8bdabc530a6a0816f7ff89a0aaf/library/std/src/panicking.rs:520:19
[INFO] [stdout]   28:     0x6506885c5ca7 - std::panic::catch_unwind::h281fe732d236d260
[INFO] [stdout]                                at /rustc/90b35a6239c3d8bdabc530a6a0816f7ff89a0aaf/library/std/src/panic.rs:358:14
[INFO] [stdout]   29:     0x6506885c5ca7 - test::run_test_in_process::h949b6df8457ed338
[INFO] [stdout]                                at /rustc/90b35a6239c3d8bdabc530a6a0816f7ff89a0aaf/library/test/src/lib.rs:644:27
[INFO] [stdout]   30:     0x6506885c5ca7 - test::run_test::{{closure}}::h52c556a6d4740e10
[INFO] [stdout]                                at /rustc/90b35a6239c3d8bdabc530a6a0816f7ff89a0aaf/library/test/src/lib.rs:565:43
[INFO] [stdout]   31:     0x65068858af84 - test::run_test::{{closure}}::h4237f6381c45ccb9
[INFO] [stdout]                                at /rustc/90b35a6239c3d8bdabc530a6a0816f7ff89a0aaf/library/test/src/lib.rs:595:41
[INFO] [stdout]   32:     0x65068858af84 - std::sys::backtrace::__rust_begin_short_backtrace::h505c97a579eca628
[INFO] [stdout]                                at /rustc/90b35a6239c3d8bdabc530a6a0816f7ff89a0aaf/library/std/src/sys/backtrace.rs:154:18
[INFO] [stdout]   33:     0x65068858e64e - std::thread::Builder::spawn_unchecked_::{{closure}}::{{closure}}::h9e86b2e2bc107ea3
[INFO] [stdout]                                at /rustc/90b35a6239c3d8bdabc530a6a0816f7ff89a0aaf/library/std/src/thread/mod.rs:538:17
[INFO] [stdout]   34:     0x65068858e64e - <core::panic::unwind_safe::AssertUnwindSafe<F> as core::ops::function::FnOnce<()>>::call_once::h8b06ddb275ff4a25
[INFO] [stdout]                                at /rustc/90b35a6239c3d8bdabc530a6a0816f7ff89a0aaf/library/core/src/panic/unwind_safe.rs:272:9
[INFO] [stdout]   35:     0x65068858e64e - std::panicking::try::do_call::hb26ecd7cd9a9355d
[INFO] [stdout]                                at /rustc/90b35a6239c3d8bdabc530a6a0816f7ff89a0aaf/library/std/src/panicking.rs:557:40
[INFO] [stdout]   36:     0x65068858e64e - std::panicking::try::h8ddeca9d705f9069
[INFO] [stdout]                                at /rustc/90b35a6239c3d8bdabc530a6a0816f7ff89a0aaf/library/std/src/panicking.rs:520:19
[INFO] [stdout]   37:     0x65068858e64e - std::panic::catch_unwind::h49e1c33078844c46
[INFO] [stdout]                                at /rustc/90b35a6239c3d8bdabc530a6a0816f7ff89a0aaf/library/std/src/panic.rs:358:14
[INFO] [stdout]   38:     0x65068858e64e - std::thread::Builder::spawn_unchecked_::{{closure}}::h6073db6ff56ad35d
[INFO] [stdout]                                at /rustc/90b35a6239c3d8bdabc530a6a0816f7ff89a0aaf/library/std/src/thread/mod.rs:537:30
[INFO] [stdout]   39:     0x65068858e64e - core::ops::function::FnOnce::call_once{{vtable.shim}}::h2c5a5f3779c774f1
[INFO] [stdout]                                at /rustc/90b35a6239c3d8bdabc530a6a0816f7ff89a0aaf/library/core/src/ops/function.rs:250:5
[INFO] [stdout]   40:     0x6506887388ab - <alloc::boxed::Box<F,A> as core::ops::function::FnOnce<Args>>::call_once::hf75717d9f28faebf
[INFO] [stdout]                                at /rustc/90b35a6239c3d8bdabc530a6a0816f7ff89a0aaf/library/alloc/src/boxed.rs:2454:9
[INFO] [stdout]   41:     0x6506887388ab - <alloc::boxed::Box<F,A> as core::ops::function::FnOnce<Args>>::call_once::h7bd883a5f3c5f3c1
[INFO] [stdout]                                at /rustc/90b35a6239c3d8bdabc530a6a0816f7ff89a0aaf/library/alloc/src/boxed.rs:2454:9
[INFO] [stdout]   42:     0x6506887388ab - std::sys::pal::unix::thread::Thread::new::thread_start::hcc78f3943333fa94
[INFO] [stdout]                                at /rustc/90b35a6239c3d8bdabc530a6a0816f7ff89a0aaf/library/std/src/sys/pal/unix/thread.rs:105:17
[INFO] [stdout]   43:     0x716d08c3cac3 - <unknown>
[INFO] [stdout]   44:     0x716d08ccda04 - clone
[INFO] [stdout]   45:                0x0 - <unknown>
[INFO] [stdout] 
[INFO] [stdout] ---- upgrade_schedule::tests::test_parse stdout ----
[INFO] [stdout] thread 'upgrade_schedule::tests::test_parse' panicked at src/upgrade_schedule.rs:221:9:
[INFO] [stdout] assertion failed: ProtocolUpgradeVotingSchedule::from_env_or_str("123").is_err()
[INFO] [stdout] stack backtrace:
[INFO] [stdout]    0:     0x650688732a4a - std::backtrace_rs::backtrace::libunwind::trace::h5a5b8284f2d0c266
[INFO] [stdout]                                at /rustc/90b35a6239c3d8bdabc530a6a0816f7ff89a0aaf/library/std/src/../../backtrace/src/backtrace/libunwind.rs:116:5
[INFO] [stdout]    1:     0x650688732a4a - std::backtrace_rs::backtrace::trace_unsynchronized::h76d4f1c9b0b875e3
[INFO] [stdout]                                at /rustc/90b35a6239c3d8bdabc530a6a0816f7ff89a0aaf/library/std/src/../../backtrace/src/backtrace/mod.rs:66:5
[INFO] [stdout]    2:     0x650688732a4a - std::sys::backtrace::_print_fmt::hc4546b8364a537c6
[INFO] [stdout]                                at /rustc/90b35a6239c3d8bdabc530a6a0816f7ff89a0aaf/library/std/src/sys/backtrace.rs:66:9
[INFO] [stdout]    3:     0x650688732a4a - <std::sys::backtrace::BacktraceLock::print::DisplayBacktrace as core::fmt::Display>::fmt::h5b6bd5631a6d1f6b
[INFO] [stdout]                                at /rustc/90b35a6239c3d8bdabc530a6a0816f7ff89a0aaf/library/std/src/sys/backtrace.rs:39:26
[INFO] [stdout]    4:     0x65068875b273 - core::fmt::rt::Argument::fmt::h270f6602a2b96f62
[INFO] [stdout]                                at /rustc/90b35a6239c3d8bdabc530a6a0816f7ff89a0aaf/library/core/src/fmt/rt.rs:177:76
[INFO] [stdout]    5:     0x65068875b273 - core::fmt::write::h7550c97b06c86515
[INFO] [stdout]                                at /rustc/90b35a6239c3d8bdabc530a6a0816f7ff89a0aaf/library/core/src/fmt/mod.rs:1186:21
[INFO] [stdout]    6:     0x65068872f493 - std::io::Write::write_fmt::h509ff860e5956e5e
[INFO] [stdout]                                at /rustc/90b35a6239c3d8bdabc530a6a0816f7ff89a0aaf/library/std/src/io/mod.rs:1839:15
[INFO] [stdout]    7:     0x650688732892 - std::sys::backtrace::BacktraceLock::print::h2395ccd2c84ba3aa
[INFO] [stdout]                                at /rustc/90b35a6239c3d8bdabc530a6a0816f7ff89a0aaf/library/std/src/sys/backtrace.rs:42:9
[INFO] [stdout]    8:     0x650688733eaa - std::panicking::default_hook::{{closure}}::he19d4c7230e07961
[INFO] [stdout]                                at /rustc/90b35a6239c3d8bdabc530a6a0816f7ff89a0aaf/library/std/src/panicking.rs:268:22
[INFO] [stdout]    9:     0x650688733cb4 - std::panicking::default_hook::hf614597d3c67bbdb
[INFO] [stdout]                                at /rustc/90b35a6239c3d8bdabc530a6a0816f7ff89a0aaf/library/std/src/panicking.rs:292:9
[INFO] [stdout]   10:     0x6506885c1aa9 - <alloc::boxed::Box<F,A> as core::ops::function::Fn<Args>>::call::h39b51ce4599c23d1
[INFO] [stdout]                                at /rustc/90b35a6239c3d8bdabc530a6a0816f7ff89a0aaf/library/alloc/src/boxed.rs:2468:9
[INFO] [stdout]   11:     0x6506885c1aa9 - test::test_main::{{closure}}::he977ae839a582784
[INFO] [stdout]                                at /rustc/90b35a6239c3d8bdabc530a6a0816f7ff89a0aaf/library/test/src/lib.rs:133:21
[INFO] [stdout]   12:     0x650688734548 - <alloc::boxed::Box<F,A> as core::ops::function::Fn<Args>>::call::h9455091b6b06f9fb
[INFO] [stdout]                                at /rustc/90b35a6239c3d8bdabc530a6a0816f7ff89a0aaf/library/alloc/src/boxed.rs:2468:9
[INFO] [stdout]   13:     0x650688734548 - std::panicking::rust_panic_with_hook::h8942133a8b252070
[INFO] [stdout]                                at /rustc/90b35a6239c3d8bdabc530a6a0816f7ff89a0aaf/library/std/src/panicking.rs:809:13
[INFO] [stdout]   14:     0x6506887342d6 - std::panicking::begin_panic_handler::{{closure}}::hb5f5963570096b29
[INFO] [stdout]                                at /rustc/90b35a6239c3d8bdabc530a6a0816f7ff89a0aaf/library/std/src/panicking.rs:667:13
[INFO] [stdout]   15:     0x650688732f29 - std::sys::backtrace::__rust_end_short_backtrace::h6208cedc1922feda
[INFO] [stdout]                                at /rustc/90b35a6239c3d8bdabc530a6a0816f7ff89a0aaf/library/std/src/sys/backtrace.rs:170:18
[INFO] [stdout]   16:     0x650688733f9c - rust_begin_unwind
[INFO] [stdout]                                at /rustc/90b35a6239c3d8bdabc530a6a0816f7ff89a0aaf/library/std/src/panicking.rs:665:5
[INFO] [stdout]   17:     0x6506882be1a0 - core::panicking::panic_fmt::h0c3082644d1bf418
[INFO] [stdout]                                at /rustc/90b35a6239c3d8bdabc530a6a0816f7ff89a0aaf/library/core/src/panicking.rs:74:14
[INFO] [stdout]   18:     0x6506882be22c - core::panicking::panic::h957f98c65a3b3074
[INFO] [stdout]                                at /rustc/90b35a6239c3d8bdabc530a6a0816f7ff89a0aaf/library/core/src/panicking.rs:148:5
[INFO] [stdout]   19:     0x65068834ec84 - near_primitives::upgrade_schedule::tests::test_parse::he5e37da002bc37a9
[INFO] [stdout]                                at /opt/rustwide/workdir/src/upgrade_schedule.rs:221:9
[INFO] [stdout]   20:     0x65068834ebe7 - near_primitives::upgrade_schedule::tests::test_parse::{{closure}}::h256b466a0c67464b
[INFO] [stdout]                                at /opt/rustwide/workdir/src/upgrade_schedule.rs:219:20
[INFO] [stdout]   21:     0x6506883334b6 - core::ops::function::FnOnce::call_once::hd337bfa6696f3f76
[INFO] [stdout]                                at /rustc/90b35a6239c3d8bdabc530a6a0816f7ff89a0aaf/library/core/src/ops/function.rs:250:5
[INFO] [stdout]   22:     0x6506885c646b - core::ops::function::FnOnce::call_once::h109cf8051a59b34e
[INFO] [stdout]                                at /rustc/90b35a6239c3d8bdabc530a6a0816f7ff89a0aaf/library/core/src/ops/function.rs:250:5
[INFO] [stdout]   23:     0x6506885c646b - test::__rust_begin_short_backtrace::hf4fff89d377446ba
[INFO] [stdout]                                at /rustc/90b35a6239c3d8bdabc530a6a0816f7ff89a0aaf/library/test/src/lib.rs:621:18
[INFO] [stdout]   24:     0x6506885c5ca7 - test::run_test_in_process::{{closure}}::h0e39181dd7ee5a43
[INFO] [stdout]                                at /rustc/90b35a6239c3d8bdabc530a6a0816f7ff89a0aaf/library/test/src/lib.rs:644:60
[INFO] [stdout]   25:     0x6506885c5ca7 - <core::panic::unwind_safe::AssertUnwindSafe<F> as core::ops::function::FnOnce<()>>::call_once::hc5a66a30f0bdfd1f
[INFO] [stdout]                                at /rustc/90b35a6239c3d8bdabc530a6a0816f7ff89a0aaf/library/core/src/panic/unwind_safe.rs:272:9
[INFO] [stdout]   26:     0x6506885c5ca7 - std::panicking::try::do_call::h873b7cf639554a5e
[INFO] [stdout]                                at /rustc/90b35a6239c3d8bdabc530a6a0816f7ff89a0aaf/library/std/src/panicking.rs:557:40
[INFO] [stdout]   27:     0x6506885c5ca7 - std::panicking::try::hdb19862fad9c8bd1
[INFO] [stdout]                                at /rustc/90b35a6239c3d8bdabc530a6a0816f7ff89a0aaf/library/std/src/panicking.rs:520:19
[INFO] [stdout]   28:     0x6506885c5ca7 - std::panic::catch_unwind::h281fe732d236d260
[INFO] [stdout]                                at /rustc/90b35a6239c3d8bdabc530a6a0816f7ff89a0aaf/library/std/src/panic.rs:358:14
[INFO] [stdout]   29:     0x6506885c5ca7 - test::run_test_in_process::h949b6df8457ed338
[INFO] [stdout]                                at /rustc/90b35a6239c3d8bdabc530a6a0816f7ff89a0aaf/library/test/src/lib.rs:644:27
[INFO] [stdout]   30:     0x6506885c5ca7 - test::run_test::{{closure}}::h52c556a6d4740e10
[INFO] [stdout]                                at /rustc/90b35a6239c3d8bdabc530a6a0816f7ff89a0aaf/library/test/src/lib.rs:565:43
[INFO] [stdout]   31:     0x65068858af84 - test::run_test::{{closure}}::h4237f6381c45ccb9
[INFO] [stdout]                                at /rustc/90b35a6239c3d8bdabc530a6a0816f7ff89a0aaf/library/test/src/lib.rs:595:41
[INFO] [stdout]   32:     0x65068858af84 - std::sys::backtrace::__rust_begin_short_backtrace::h505c97a579eca628
[INFO] [stdout]                                at /rustc/90b35a6239c3d8bdabc530a6a0816f7ff89a0aaf/library/std/src/sys/backtrace.rs:154:18
[INFO] [stdout]   33:     0x65068858e64e - std::thread::Builder::spawn_unchecked_::{{closure}}::{{closure}}::h9e86b2e2bc107ea3
[INFO] [stdout]                                at /rustc/90b35a6239c3d8bdabc530a6a0816f7ff89a0aaf/library/std/src/thread/mod.rs:538:17
[INFO] [stdout]   34:     0x65068858e64e - <core::panic::unwind_safe::AssertUnwindSafe<F> as core::ops::function::FnOnce<()>>::call_once::h8b06ddb275ff4a25
[INFO] [stdout]                                at /rustc/90b35a6239c3d8bdabc530a6a0816f7ff89a0aaf/library/core/src/panic/unwind_safe.rs:272:9
[INFO] [stdout]   35:     0x65068858e64e - std::panicking::try::do_call::hb26ecd7cd9a9355d
[INFO] [stdout]                                at /rustc/90b35a6239c3d8bdabc530a6a0816f7ff89a0aaf/library/std/src/panicking.rs:557:40
[INFO] [stdout]   36:     0x65068858e64e - std::panicking::try::h8ddeca9d705f9069
[INFO] [stdout]                                at /rustc/90b35a6239c3d8bdabc530a6a0816f7ff89a0aaf/library/std/src/panicking.rs:520:19
[INFO] [stdout]   37:     0x65068858e64e - std::panic::catch_unwind::h49e1c33078844c46
[INFO] [stdout]                                at /rustc/90b35a6239c3d8bdabc530a6a0816f7ff89a0aaf/library/std/src/panic.rs:358:14
[INFO] [stdout]   38:     0x65068858e64e - std::thread::Builder::spawn_unchecked_::{{closure}}::h6073db6ff56ad35d
[INFO] [stdout]                                at /rustc/90b35a6239c3d8bdabc530a6a0816f7ff89a0aaf/library/std/src/thread/mod.rs:537:30
[INFO] [stdout]   39:     0x65068858e64e - core::ops::function::FnOnce::call_once{{vtable.shim}}::h2c5a5f3779c774f1
[INFO] [stdout]                                at /rustc/90b35a6239c3d8bdabc530a6a0816f7ff89a0aaf/library/core/src/ops/function.rs:250:5
[INFO] [stdout]   40:     0x6506887388ab - <alloc::boxed::Box<F,A> as core::ops::function::FnOnce<Args>>::call_once::hf75717d9f28faebf
[INFO] [stdout]                                at /rustc/90b35a6239c3d8bdabc530a6a0816f7ff89a0aaf/library/alloc/src/boxed.rs:2454:9
[INFO] [stdout]   41:     0x6506887388ab - <alloc::boxed::Box<F,A> as core::ops::function::FnOnce<Args>>::call_once::h7bd883a5f3c5f3c1
[INFO] [stdout]                                at /rustc/90b35a6239c3d8bdabc530a6a0816f7ff89a0aaf/library/alloc/src/boxed.rs:2454:9
[INFO] [stdout]   42:     0x6506887388ab - std::sys::pal::unix::thread::Thread::new::thread_start::hcc78f3943333fa94
[INFO] [stdout]                                at /rustc/90b35a6239c3d8bdabc530a6a0816f7ff89a0aaf/library/std/src/sys/pal/unix/thread.rs:105:17
[INFO] [stdout]   43:     0x716d08c3cac3 - <unknown>
[INFO] [stdout]   44:     0x716d08ccda04 - clone
[INFO] [stdout]   45:                0x0 - <unknown>
[INFO] [stdout] 
[INFO] [stdout] 
[INFO] [stdout] failures:
[INFO] [stdout]     upgrade_schedule::tests::test_is_in_future
[INFO] [stdout]     upgrade_schedule::tests::test_parse
[INFO] [stdout] 
[INFO] [stdout] test result: FAILED. 68 passed; 2 failed; 0 ignored; 0 measured; 0 filtered out; finished in 9.02s
[INFO] [stdout] 
[INFO] [stderr] error: test failed, to rerun pass `--lib`
[INFO] running `Command { std: "docker" "inspect" "a6c13a217fa2030b77ce294cd5c1140d6301a6c2a32a9500d6508372922220dd", kill_on_drop: false }`
[INFO] running `Command { std: "docker" "rm" "-f" "a6c13a217fa2030b77ce294cd5c1140d6301a6c2a32a9500d6508372922220dd", kill_on_drop: false }`
[INFO] [stdout] a6c13a217fa2030b77ce294cd5c1140d6301a6c2a32a9500d6508372922220dd
