[INFO] cloning repository https://github.com/tiqwab/tftpff
[INFO] running `Command { std: "git" "-c" "credential.helper=" "-c" "credential.helper=/workspace/cargo-home/bin/git-credential-null" "clone" "--bare" "https://github.com/tiqwab/tftpff" "/workspace/cache/git-repos/https%3A%2F%2Fgithub.com%2Ftiqwab%2Ftftpff", kill_on_drop: false }`
[INFO] [stderr] Cloning into bare repository '/workspace/cache/git-repos/https%3A%2F%2Fgithub.com%2Ftiqwab%2Ftftpff'...
[INFO] running `Command { std: "git" "rev-parse" "HEAD", kill_on_drop: false }`
[INFO] [stdout] f102f43e8743426f3ae6ff422dd12173f12844fe
[INFO] testing tiqwab/tftpff against 1.83.0 for beta-1.84.0-4-retry
[INFO] running `Command { std: "git" "clone" "/workspace/cache/git-repos/https%3A%2F%2Fgithub.com%2Ftiqwab%2Ftftpff" "/workspace/builds/worker-5-tc1/source", kill_on_drop: false }`
[INFO] [stderr] Cloning into '/workspace/builds/worker-5-tc1/source'...
[INFO] [stderr] done.
[INFO] validating manifest of git repo https://github.com/tiqwab/tftpff on toolchain 1.83.0
[INFO] running `Command { std: CARGO_HOME="/workspace/cargo-home" RUSTUP_HOME="/workspace/rustup-home" "/workspace/cargo-home/bin/cargo" "+1.83.0" "metadata" "--manifest-path" "Cargo.toml" "--no-deps", kill_on_drop: false }`
[INFO] started tweaking git repo https://github.com/tiqwab/tftpff
[INFO] finished tweaking git repo https://github.com/tiqwab/tftpff
[INFO] tweaked toml for git repo https://github.com/tiqwab/tftpff written to /workspace/builds/worker-5-tc1/source/Cargo.toml
[INFO] crate git repo https://github.com/tiqwab/tftpff already has a lockfile, it will not be regenerated
[INFO] running `Command { std: CARGO_HOME="/workspace/cargo-home" RUSTUP_HOME="/workspace/rustup-home" "/workspace/cargo-home/bin/cargo" "+1.83.0" "fetch" "--manifest-path" "Cargo.toml", kill_on_drop: false }`
[INFO] [stderr]  Downloading crates ...
[INFO] [stderr]   Downloaded clap_derive v3.0.5
[INFO] [stderr]   Downloaded clap v3.0.5
[INFO] running `Command { std: "docker" "create" "-v" "/var/lib/crater-agent-workspace/builds/worker-5-tc1/target:/opt/rustwide/target:rw,Z" "-v" "/var/lib/crater-agent-workspace/builds/worker-5-tc1/source:/opt/rustwide/workdir:ro,Z" "-v" "/var/lib/crater-agent-workspace/cargo-home:/opt/rustwide/cargo-home:ro,Z" "-v" "/var/lib/crater-agent-workspace/rustup-home:/opt/rustwide/rustup-home:ro,Z" "-e" "SOURCE_DIR=/opt/rustwide/workdir" "-e" "CARGO_TARGET_DIR=/opt/rustwide/target" "-e" "CARGO_HOME=/opt/rustwide/cargo-home" "-e" "RUSTUP_HOME=/opt/rustwide/rustup-home" "-w" "/opt/rustwide/workdir" "-m" "1610612736" "--user" "0:0" "--network" "none" "ghcr.io/rust-lang/crates-build-env/linux@sha256:f3a9d4ad9d972b27faf3965f35b62e55ba32bbce8f20bc8fe909558a86702fde" "/opt/rustwide/cargo-home/bin/cargo" "+1.83.0" "metadata" "--no-deps" "--format-version=1", kill_on_drop: false }`
[INFO] [stdout] 84f9a81e2a0823da23867aee86a5e3dc4571ce5bcbe0bd0d6931a2ab5c52d1ca
[INFO] running `Command { std: "docker" "start" "-a" "84f9a81e2a0823da23867aee86a5e3dc4571ce5bcbe0bd0d6931a2ab5c52d1ca", kill_on_drop: false }`
[INFO] running `Command { std: "docker" "inspect" "84f9a81e2a0823da23867aee86a5e3dc4571ce5bcbe0bd0d6931a2ab5c52d1ca", kill_on_drop: false }`
[INFO] running `Command { std: "docker" "rm" "-f" "84f9a81e2a0823da23867aee86a5e3dc4571ce5bcbe0bd0d6931a2ab5c52d1ca", kill_on_drop: false }`
[INFO] [stdout] 84f9a81e2a0823da23867aee86a5e3dc4571ce5bcbe0bd0d6931a2ab5c52d1ca
[INFO] running `Command { std: "docker" "create" "-v" "/var/lib/crater-agent-workspace/builds/worker-5-tc1/target:/opt/rustwide/target:rw,Z" "-v" "/var/lib/crater-agent-workspace/builds/worker-5-tc1/source:/opt/rustwide/workdir:ro,Z" "-v" "/var/lib/crater-agent-workspace/cargo-home:/opt/rustwide/cargo-home:ro,Z" "-v" "/var/lib/crater-agent-workspace/rustup-home:/opt/rustwide/rustup-home:ro,Z" "-e" "SOURCE_DIR=/opt/rustwide/workdir" "-e" "CARGO_TARGET_DIR=/opt/rustwide/target" "-e" "CARGO_INCREMENTAL=0" "-e" "RUST_BACKTRACE=full" "-e" "RUSTFLAGS=--cap-lints=warn" "-e" "RUSTDOCFLAGS=--cap-lints=warn" "-e" "CARGO_HOME=/opt/rustwide/cargo-home" "-e" "RUSTUP_HOME=/opt/rustwide/rustup-home" "-w" "/opt/rustwide/workdir" "-m" "1610612736" "--user" "0:0" "--network" "none" "ghcr.io/rust-lang/crates-build-env/linux@sha256:f3a9d4ad9d972b27faf3965f35b62e55ba32bbce8f20bc8fe909558a86702fde" "/opt/rustwide/cargo-home/bin/cargo" "+1.83.0" "build" "--frozen" "--message-format=json", kill_on_drop: false }`
[INFO] [stdout] 439f01d8400434282a76749314e8019a3b2f42de1ad585f863cf5ffed3073aa4
[INFO] running `Command { std: "docker" "start" "-a" "439f01d8400434282a76749314e8019a3b2f42de1ad585f863cf5ffed3073aa4", kill_on_drop: false }`
[INFO] [stderr]    Compiling libc v0.2.112
[INFO] [stderr]    Compiling version_check v0.9.4
[INFO] [stderr]    Compiling proc-macro2 v1.0.36
[INFO] [stderr]    Compiling autocfg v1.0.1
[INFO] [stderr]    Compiling unicode-xid v0.2.2
[INFO] [stderr]    Compiling memchr v2.4.1
[INFO] [stderr]    Compiling cfg-if v1.0.0
[INFO] [stderr]    Compiling syn v1.0.85
[INFO] [stderr]    Compiling log v0.4.14
[INFO] [stderr]    Compiling bitflags v1.3.2
[INFO] [stderr]    Compiling hashbrown v0.11.2
[INFO] [stderr]    Compiling heck v0.4.0
[INFO] [stderr]    Compiling ppv-lite86 v0.2.15
[INFO] [stderr]    Compiling anyhow v1.0.52
[INFO] [stderr]    Compiling termcolor v1.1.2
[INFO] [stderr]    Compiling signal-hook v0.3.13
[INFO] [stderr]    Compiling regex-syntax v0.6.25
[INFO] [stderr]    Compiling textwrap v0.14.2
[INFO] [stderr]    Compiling strsim v0.10.0
[INFO] [stderr]    Compiling lazy_static v1.4.0
[INFO] [stderr]    Compiling humantime v2.1.0
[INFO] [stderr]    Compiling proc-macro-error-attr v1.0.4
[INFO] [stderr]    Compiling proc-macro-error v1.0.4
[INFO] [stderr]    Compiling indexmap v1.8.0
[INFO] [stderr]    Compiling memoffset v0.6.5
[INFO] [stderr]    Compiling aho-corasick v0.7.18
[INFO] [stderr]    Compiling os_str_bytes v6.0.0
[INFO] [stderr]    Compiling quote v1.0.14
[INFO] [stderr]    Compiling regex v1.5.4
[INFO] [stderr]    Compiling getrandom v0.2.3
[INFO] [stderr]    Compiling atty v0.2.14
[INFO] [stderr]    Compiling signal-hook-registry v1.4.0
[INFO] [stderr]    Compiling nix v0.23.1
[INFO] [stderr]    Compiling rand_core v0.6.3
[INFO] [stderr]    Compiling rand_chacha v0.3.1
[INFO] [stderr]    Compiling rand v0.8.4
[INFO] [stderr]    Compiling env_logger v0.9.0
[INFO] [stderr]    Compiling clap_derive v3.0.5
[INFO] [stderr]    Compiling clap v3.0.5
[INFO] [stderr]    Compiling tftpff v0.1.0 (/opt/rustwide/workdir)
[INFO] [stdout] warning: unnecessary parentheses around match arm expression
[INFO] [stdout]   --> src/error.rs:38:34
[INFO] [stdout]    |
[INFO] [stdout] 38 |             TftpError::Others => (0x0_u16),
[INFO] [stdout]    |                                  ^       ^
[INFO] [stdout]    |
[INFO] [stdout]    = note: `#[warn(unused_parens)]` on by default
[INFO] [stdout] help: remove these parentheses
[INFO] [stdout]    |
[INFO] [stdout] 38 -             TftpError::Others => (0x0_u16),
[INFO] [stdout] 38 +             TftpError::Others => 0x0_u16,
[INFO] [stdout]    |
[INFO] [stdout] 
[INFO] [stdout] 
[INFO] [stdout] warning: unnecessary parentheses around match arm expression
[INFO] [stdout]   --> src/error.rs:39:40
[INFO] [stdout]    |
[INFO] [stdout] 39 |             TftpError::FileNotFound => (0x1_u16),
[INFO] [stdout]    |                                        ^       ^
[INFO] [stdout]    |
[INFO] [stdout] help: remove these parentheses
[INFO] [stdout]    |
[INFO] [stdout] 39 -             TftpError::FileNotFound => (0x1_u16),
[INFO] [stdout] 39 +             TftpError::FileNotFound => 0x1_u16,
[INFO] [stdout]    |
[INFO] [stdout] 
[INFO] [stdout] 
[INFO] [stdout] warning: unnecessary parentheses around match arm expression
[INFO] [stdout]   --> src/error.rs:40:43
[INFO] [stdout]    |
[INFO] [stdout] 40 |             TftpError::AccessViolation => (0x2_u16),
[INFO] [stdout]    |                                           ^       ^
[INFO] [stdout]    |
[INFO] [stdout] help: remove these parentheses
[INFO] [stdout]    |
[INFO] [stdout] 40 -             TftpError::AccessViolation => (0x2_u16),
[INFO] [stdout] 40 +             TftpError::AccessViolation => 0x2_u16,
[INFO] [stdout]    |
[INFO] [stdout] 
[INFO] [stdout] 
[INFO] [stdout] warning: unnecessary parentheses around match arm expression
[INFO] [stdout]   --> src/error.rs:41:39
[INFO] [stdout]    |
[INFO] [stdout] 41 |             TftpError::DiskNoSpace => (0x3_u16),
[INFO] [stdout]    |                                       ^       ^
[INFO] [stdout]    |
[INFO] [stdout] help: remove these parentheses
[INFO] [stdout]    |
[INFO] [stdout] 41 -             TftpError::DiskNoSpace => (0x3_u16),
[INFO] [stdout] 41 +             TftpError::DiskNoSpace => 0x3_u16,
[INFO] [stdout]    |
[INFO] [stdout] 
[INFO] [stdout] 
[INFO] [stdout] warning: unnecessary parentheses around match arm expression
[INFO] [stdout]   --> src/error.rs:42:41
[INFO] [stdout]    |
[INFO] [stdout] 42 |             TftpError::IllegalTftpOp => (0x4_u16),
[INFO] [stdout]    |                                         ^       ^
[INFO] [stdout]    |
[INFO] [stdout] help: remove these parentheses
[INFO] [stdout]    |
[INFO] [stdout] 42 -             TftpError::IllegalTftpOp => (0x4_u16),
[INFO] [stdout] 42 +             TftpError::IllegalTftpOp => 0x4_u16,
[INFO] [stdout]    |
[INFO] [stdout] 
[INFO] [stdout] 
[INFO] [stdout] warning: unnecessary parentheses around match arm expression
[INFO] [stdout]   --> src/error.rs:43:38
[INFO] [stdout]    |
[INFO] [stdout] 43 |             TftpError::UnknownTid => (0x5_u16),
[INFO] [stdout]    |                                      ^       ^
[INFO] [stdout]    |
[INFO] [stdout] help: remove these parentheses
[INFO] [stdout]    |
[INFO] [stdout] 43 -             TftpError::UnknownTid => (0x5_u16),
[INFO] [stdout] 43 +             TftpError::UnknownTid => 0x5_u16,
[INFO] [stdout]    |
[INFO] [stdout] 
[INFO] [stdout] 
[INFO] [stdout] warning: unnecessary parentheses around match arm expression
[INFO] [stdout]   --> src/error.rs:44:38
[INFO] [stdout]    |
[INFO] [stdout] 44 |             TftpError::FileExists => (0x6_u16),
[INFO] [stdout]    |                                      ^       ^
[INFO] [stdout]    |
[INFO] [stdout] help: remove these parentheses
[INFO] [stdout]    |
[INFO] [stdout] 44 -             TftpError::FileExists => (0x6_u16),
[INFO] [stdout] 44 +             TftpError::FileExists => 0x6_u16,
[INFO] [stdout]    |
[INFO] [stdout] 
[INFO] [stdout] 
[INFO] [stdout] warning: unnecessary parentheses around match arm expression
[INFO] [stdout]   --> src/error.rs:45:38
[INFO] [stdout]    |
[INFO] [stdout] 45 |             TftpError::NoSuchUser => (0x7_u16),
[INFO] [stdout]    |                                      ^       ^
[INFO] [stdout]    |
[INFO] [stdout] help: remove these parentheses
[INFO] [stdout]    |
[INFO] [stdout] 45 -             TftpError::NoSuchUser => (0x7_u16),
[INFO] [stdout] 45 +             TftpError::NoSuchUser => 0x7_u16,
[INFO] [stdout]    |
[INFO] [stdout] 
[INFO] [stdout] 
[INFO] [stderr]     Finished `dev` profile [unoptimized + debuginfo] target(s) in 11.79s
[INFO] running `Command { std: "docker" "inspect" "439f01d8400434282a76749314e8019a3b2f42de1ad585f863cf5ffed3073aa4", kill_on_drop: false }`
[INFO] running `Command { std: "docker" "rm" "-f" "439f01d8400434282a76749314e8019a3b2f42de1ad585f863cf5ffed3073aa4", kill_on_drop: false }`
[INFO] [stdout] 439f01d8400434282a76749314e8019a3b2f42de1ad585f863cf5ffed3073aa4
[INFO] running `Command { std: "docker" "create" "-v" "/var/lib/crater-agent-workspace/builds/worker-5-tc1/target:/opt/rustwide/target:rw,Z" "-v" "/var/lib/crater-agent-workspace/builds/worker-5-tc1/source:/opt/rustwide/workdir:ro,Z" "-v" "/var/lib/crater-agent-workspace/cargo-home:/opt/rustwide/cargo-home:ro,Z" "-v" "/var/lib/crater-agent-workspace/rustup-home:/opt/rustwide/rustup-home:ro,Z" "-e" "SOURCE_DIR=/opt/rustwide/workdir" "-e" "CARGO_TARGET_DIR=/opt/rustwide/target" "-e" "CARGO_INCREMENTAL=0" "-e" "RUST_BACKTRACE=full" "-e" "RUSTFLAGS=--cap-lints=warn" "-e" "RUSTDOCFLAGS=--cap-lints=warn" "-e" "CARGO_HOME=/opt/rustwide/cargo-home" "-e" "RUSTUP_HOME=/opt/rustwide/rustup-home" "-w" "/opt/rustwide/workdir" "-m" "1610612736" "--user" "0:0" "--network" "none" "ghcr.io/rust-lang/crates-build-env/linux@sha256:f3a9d4ad9d972b27faf3965f35b62e55ba32bbce8f20bc8fe909558a86702fde" "/opt/rustwide/cargo-home/bin/cargo" "+1.83.0" "test" "--frozen" "--no-run" "--message-format=json", kill_on_drop: false }`
[INFO] [stdout] c4466f2a76dd24d31e189179884d750076f4545c02cad39e962450168582c0d2
[INFO] running `Command { std: "docker" "start" "-a" "c4466f2a76dd24d31e189179884d750076f4545c02cad39e962450168582c0d2", kill_on_drop: false }`
[INFO] [stdout] warning: unnecessary parentheses around match arm expression
[INFO] [stdout]   --> src/error.rs:38:34
[INFO] [stdout]    |
[INFO] [stdout] 38 |             TftpError::Others => (0x0_u16),
[INFO] [stdout]    |                                  ^       ^
[INFO] [stdout]    |
[INFO] [stdout]    = note: `#[warn(unused_parens)]` on by default
[INFO] [stdout] help: remove these parentheses
[INFO] [stdout]    |
[INFO] [stdout] 38 -             TftpError::Others => (0x0_u16),
[INFO] [stdout] 38 +             TftpError::Others => 0x0_u16,
[INFO] [stdout]    |
[INFO] [stdout] 
[INFO] [stdout] 
[INFO] [stdout] warning: unnecessary parentheses around match arm expression
[INFO] [stdout]   --> src/error.rs:39:40
[INFO] [stdout]    |
[INFO] [stdout] 39 |             TftpError::FileNotFound => (0x1_u16),
[INFO] [stdout]    |                                        ^       ^
[INFO] [stdout]    |
[INFO] [stdout] help: remove these parentheses
[INFO] [stdout]    |
[INFO] [stdout] 39 -             TftpError::FileNotFound => (0x1_u16),
[INFO] [stdout] 39 +             TftpError::FileNotFound => 0x1_u16,
[INFO] [stdout]    |
[INFO] [stdout] 
[INFO] [stdout] 
[INFO] [stdout] warning: unnecessary parentheses around match arm expression
[INFO] [stdout]   --> src/error.rs:40:43
[INFO] [stdout]    |
[INFO] [stdout] 40 |             TftpError::AccessViolation => (0x2_u16),
[INFO] [stdout]    |                                           ^       ^
[INFO] [stdout]    |
[INFO] [stdout] help: remove these parentheses
[INFO] [stdout]    |
[INFO] [stdout] 40 -             TftpError::AccessViolation => (0x2_u16),
[INFO] [stdout] 40 +             TftpError::AccessViolation => 0x2_u16,
[INFO] [stdout]    |
[INFO] [stdout] 
[INFO] [stdout] 
[INFO] [stdout] warning: unnecessary parentheses around match arm expression
[INFO] [stdout]   --> src/error.rs:41:39
[INFO] [stdout]    |
[INFO] [stdout] 41 |             TftpError::DiskNoSpace => (0x3_u16),
[INFO] [stdout]    |                                       ^       ^
[INFO] [stdout]    |
[INFO] [stdout] help: remove these parentheses
[INFO] [stdout]    |
[INFO] [stdout] 41 -             TftpError::DiskNoSpace => (0x3_u16),
[INFO] [stdout] 41 +             TftpError::DiskNoSpace => 0x3_u16,
[INFO] [stdout]    |
[INFO] [stdout] 
[INFO] [stdout] 
[INFO] [stdout] warning: unnecessary parentheses around match arm expression
[INFO] [stdout]   --> src/error.rs:42:41
[INFO] [stdout]    |
[INFO] [stdout] 42 |             TftpError::IllegalTftpOp => (0x4_u16),
[INFO] [stdout]    |                                         ^       ^
[INFO] [stdout]    |
[INFO] [stdout] help: remove these parentheses
[INFO] [stdout]    |
[INFO] [stdout] 42 -             TftpError::IllegalTftpOp => (0x4_u16),
[INFO] [stdout] 42 +             TftpError::IllegalTftpOp => 0x4_u16,
[INFO] [stdout]    |
[INFO] [stdout] 
[INFO] [stdout] 
[INFO] [stdout] warning: unnecessary parentheses around match arm expression
[INFO] [stdout]   --> src/error.rs:43:38
[INFO] [stdout]    |
[INFO] [stdout] 43 |             TftpError::UnknownTid => (0x5_u16),
[INFO] [stdout]    |                                      ^       ^
[INFO] [stdout]    |
[INFO] [stdout] help: remove these parentheses
[INFO] [stdout]    |
[INFO] [stdout] 43 -             TftpError::UnknownTid => (0x5_u16),
[INFO] [stdout] 43 +             TftpError::UnknownTid => 0x5_u16,
[INFO] [stdout]    |
[INFO] [stdout] 
[INFO] [stdout] 
[INFO] [stderr]    Compiling tftpff v0.1.0 (/opt/rustwide/workdir)
[INFO] [stdout] warning: unnecessary parentheses around match arm expression
[INFO] [stdout]   --> src/error.rs:44:38
[INFO] [stdout]    |
[INFO] [stdout] 44 |             TftpError::FileExists => (0x6_u16),
[INFO] [stdout]    |                                      ^       ^
[INFO] [stdout]    |
[INFO] [stdout] help: remove these parentheses
[INFO] [stdout]    |
[INFO] [stdout] 44 -             TftpError::FileExists => (0x6_u16),
[INFO] [stdout] 44 +             TftpError::FileExists => 0x6_u16,
[INFO] [stdout]    |
[INFO] [stdout] 
[INFO] [stdout] 
[INFO] [stdout] warning: unnecessary parentheses around match arm expression
[INFO] [stdout]   --> src/error.rs:45:38
[INFO] [stdout]    |
[INFO] [stdout] 45 |             TftpError::NoSuchUser => (0x7_u16),
[INFO] [stdout]    |                                      ^       ^
[INFO] [stdout]    |
[INFO] [stdout] help: remove these parentheses
[INFO] [stdout]    |
[INFO] [stdout] 45 -             TftpError::NoSuchUser => (0x7_u16),
[INFO] [stdout] 45 +             TftpError::NoSuchUser => 0x7_u16,
[INFO] [stdout]    |
[INFO] [stdout] 
[INFO] [stdout] 
[INFO] [stdout] warning: unnecessary parentheses around match arm expression
[INFO] [stdout]   --> src/error.rs:38:34
[INFO] [stdout]    |
[INFO] [stdout] 38 |             TftpError::Others => (0x0_u16),
[INFO] [stdout]    |                                  ^       ^
[INFO] [stdout]    |
[INFO] [stdout]    = note: `#[warn(unused_parens)]` on by default
[INFO] [stdout] help: remove these parentheses
[INFO] [stdout]    |
[INFO] [stdout] 38 -             TftpError::Others => (0x0_u16),
[INFO] [stdout] 38 +             TftpError::Others => 0x0_u16,
[INFO] [stdout]    |
[INFO] [stdout] 
[INFO] [stdout] 
[INFO] [stdout] warning: unnecessary parentheses around match arm expression
[INFO] [stdout]   --> src/error.rs:39:40
[INFO] [stdout]    |
[INFO] [stdout] 39 |             TftpError::FileNotFound => (0x1_u16),
[INFO] [stdout]    |                                        ^       ^
[INFO] [stdout]    |
[INFO] [stdout] help: remove these parentheses
[INFO] [stdout]    |
[INFO] [stdout] 39 -             TftpError::FileNotFound => (0x1_u16),
[INFO] [stdout] 39 +             TftpError::FileNotFound => 0x1_u16,
[INFO] [stdout]    |
[INFO] [stdout] 
[INFO] [stdout] 
[INFO] [stdout] warning: unnecessary parentheses around match arm expression
[INFO] [stdout]   --> src/error.rs:40:43
[INFO] [stdout]    |
[INFO] [stdout] 40 |             TftpError::AccessViolation => (0x2_u16),
[INFO] [stdout]    |                                           ^       ^
[INFO] [stdout]    |
[INFO] [stdout] help: remove these parentheses
[INFO] [stdout]    |
[INFO] [stdout] 40 -             TftpError::AccessViolation => (0x2_u16),
[INFO] [stdout] 40 +             TftpError::AccessViolation => 0x2_u16,
[INFO] [stdout]    |
[INFO] [stdout] 
[INFO] [stdout] 
[INFO] [stdout] warning: unnecessary parentheses around match arm expression
[INFO] [stdout]   --> src/error.rs:41:39
[INFO] [stdout]    |
[INFO] [stdout] 41 |             TftpError::DiskNoSpace => (0x3_u16),
[INFO] [stdout]    |                                       ^       ^
[INFO] [stdout]    |
[INFO] [stdout] help: remove these parentheses
[INFO] [stdout]    |
[INFO] [stdout] 41 -             TftpError::DiskNoSpace => (0x3_u16),
[INFO] [stdout] 41 +             TftpError::DiskNoSpace => 0x3_u16,
[INFO] [stdout]    |
[INFO] [stdout] 
[INFO] [stdout] 
[INFO] [stdout] warning: unnecessary parentheses around match arm expression
[INFO] [stdout]   --> src/error.rs:42:41
[INFO] [stdout]    |
[INFO] [stdout] 42 |             TftpError::IllegalTftpOp => (0x4_u16),
[INFO] [stdout]    |                                         ^       ^
[INFO] [stdout]    |
[INFO] [stdout] help: remove these parentheses
[INFO] [stdout]    |
[INFO] [stdout] 42 -             TftpError::IllegalTftpOp => (0x4_u16),
[INFO] [stdout] 42 +             TftpError::IllegalTftpOp => 0x4_u16,
[INFO] [stdout]    |
[INFO] [stdout] 
[INFO] [stdout] 
[INFO] [stdout] warning: unnecessary parentheses around match arm expression
[INFO] [stdout]   --> src/error.rs:43:38
[INFO] [stdout]    |
[INFO] [stdout] 43 |             TftpError::UnknownTid => (0x5_u16),
[INFO] [stdout]    |                                      ^       ^
[INFO] [stdout]    |
[INFO] [stdout] help: remove these parentheses
[INFO] [stdout]    |
[INFO] [stdout] 43 -             TftpError::UnknownTid => (0x5_u16),
[INFO] [stdout] 43 +             TftpError::UnknownTid => 0x5_u16,
[INFO] [stdout]    |
[INFO] [stdout] 
[INFO] [stdout] 
[INFO] [stdout] warning: unnecessary parentheses around match arm expression
[INFO] [stdout]   --> src/error.rs:44:38
[INFO] [stdout]    |
[INFO] [stdout] 44 |             TftpError::FileExists => (0x6_u16),
[INFO] [stdout]    |                                      ^       ^
[INFO] [stdout]    |
[INFO] [stdout] help: remove these parentheses
[INFO] [stdout]    |
[INFO] [stdout] 44 -             TftpError::FileExists => (0x6_u16),
[INFO] [stdout] 44 +             TftpError::FileExists => 0x6_u16,
[INFO] [stdout]    |
[INFO] [stdout] 
[INFO] [stdout] 
[INFO] [stdout] warning: unnecessary parentheses around match arm expression
[INFO] [stdout]   --> src/error.rs:45:38
[INFO] [stdout]    |
[INFO] [stdout] 45 |             TftpError::NoSuchUser => (0x7_u16),
[INFO] [stdout]    |                                      ^       ^
[INFO] [stdout]    |
[INFO] [stdout] help: remove these parentheses
[INFO] [stdout]    |
[INFO] [stdout] 45 -             TftpError::NoSuchUser => (0x7_u16),
[INFO] [stdout] 45 +             TftpError::NoSuchUser => 0x7_u16,
[INFO] [stdout]    |
[INFO] [stdout] 
[INFO] [stdout] 
[INFO] [stderr]     Finished `test` profile [unoptimized + debuginfo] target(s) in 2.03s
[INFO] running `Command { std: "docker" "inspect" "c4466f2a76dd24d31e189179884d750076f4545c02cad39e962450168582c0d2", kill_on_drop: false }`
[INFO] running `Command { std: "docker" "rm" "-f" "c4466f2a76dd24d31e189179884d750076f4545c02cad39e962450168582c0d2", kill_on_drop: false }`
[INFO] [stdout] c4466f2a76dd24d31e189179884d750076f4545c02cad39e962450168582c0d2
[INFO] running `Command { std: "docker" "create" "-v" "/var/lib/crater-agent-workspace/builds/worker-5-tc1/target:/opt/rustwide/target:rw,Z" "-v" "/var/lib/crater-agent-workspace/builds/worker-5-tc1/source:/opt/rustwide/workdir:ro,Z" "-v" "/var/lib/crater-agent-workspace/cargo-home:/opt/rustwide/cargo-home:ro,Z" "-v" "/var/lib/crater-agent-workspace/rustup-home:/opt/rustwide/rustup-home:ro,Z" "-e" "SOURCE_DIR=/opt/rustwide/workdir" "-e" "CARGO_TARGET_DIR=/opt/rustwide/target" "-e" "CARGO_INCREMENTAL=0" "-e" "RUST_BACKTRACE=full" "-e" "RUSTFLAGS=--cap-lints=warn" "-e" "RUSTDOCFLAGS=--cap-lints=warn" "-e" "CARGO_HOME=/opt/rustwide/cargo-home" "-e" "RUSTUP_HOME=/opt/rustwide/rustup-home" "-w" "/opt/rustwide/workdir" "-m" "1610612736" "--user" "0:0" "--network" "none" "ghcr.io/rust-lang/crates-build-env/linux@sha256:f3a9d4ad9d972b27faf3965f35b62e55ba32bbce8f20bc8fe909558a86702fde" "/opt/rustwide/cargo-home/bin/cargo" "+1.83.0" "test" "--frozen", kill_on_drop: false }`
[INFO] [stdout] 2e7cdd7c1d121078a1ec29e5f75ea6b386f683dc0d0db9c46653663146cea259
[INFO] running `Command { std: "docker" "start" "-a" "2e7cdd7c1d121078a1ec29e5f75ea6b386f683dc0d0db9c46653663146cea259", kill_on_drop: false }`
[INFO] [stderr] warning: unnecessary parentheses around match arm expression
[INFO] [stderr]   --> src/error.rs:38:34
[INFO] [stderr]    |
[INFO] [stderr] 38 |             TftpError::Others => (0x0_u16),
[INFO] [stderr]    |                                  ^       ^
[INFO] [stderr]    |
[INFO] [stderr]    = note: `#[warn(unused_parens)]` on by default
[INFO] [stderr] help: remove these parentheses
[INFO] [stderr]    |
[INFO] [stderr] 38 -             TftpError::Others => (0x0_u16),
[INFO] [stderr] 38 +             TftpError::Others => 0x0_u16,
[INFO] [stderr]    |
[INFO] [stderr] 
[INFO] [stderr] warning: unnecessary parentheses around match arm expression
[INFO] [stderr]   --> src/error.rs:39:40
[INFO] [stderr]    |
[INFO] [stderr] 39 |             TftpError::FileNotFound => (0x1_u16),
[INFO] [stderr]    |                                        ^       ^
[INFO] [stderr]    |
[INFO] [stderr] help: remove these parentheses
[INFO] [stderr]    |
[INFO] [stderr] 39 -             TftpError::FileNotFound => (0x1_u16),
[INFO] [stderr] 39 +             TftpError::FileNotFound => 0x1_u16,
[INFO] [stderr]    |
[INFO] [stderr] 
[INFO] [stderr] warning: unnecessary parentheses around match arm expression
[INFO] [stderr]   --> src/error.rs:40:43
[INFO] [stderr]    |
[INFO] [stderr] 40 |             TftpError::AccessViolation => (0x2_u16),
[INFO] [stderr]    |                                           ^       ^
[INFO] [stderr]    |
[INFO] [stderr] help: remove these parentheses
[INFO] [stderr]    |
[INFO] [stderr] 40 -             TftpError::AccessViolation => (0x2_u16),
[INFO] [stderr] 40 +             TftpError::AccessViolation => 0x2_u16,
[INFO] [stderr]    |
[INFO] [stderr] 
[INFO] [stderr] warning: unnecessary parentheses around match arm expression
[INFO] [stderr]   --> src/error.rs:41:39
[INFO] [stderr]    |
[INFO] [stderr] 41 |             TftpError::DiskNoSpace => (0x3_u16),
[INFO] [stderr]    |                                       ^       ^
[INFO] [stderr]    |
[INFO] [stderr] help: remove these parentheses
[INFO] [stderr]    |
[INFO] [stderr] 41 -             TftpError::DiskNoSpace => (0x3_u16),
[INFO] [stderr] 41 +             TftpError::DiskNoSpace => 0x3_u16,
[INFO] [stderr]    |
[INFO] [stderr] 
[INFO] [stderr] warning: unnecessary parentheses around match arm expression
[INFO] [stderr]   --> src/error.rs:42:41
[INFO] [stderr]    |
[INFO] [stderr] 42 |             TftpError::IllegalTftpOp => (0x4_u16),
[INFO] [stderr]    |                                         ^       ^
[INFO] [stderr]    |
[INFO] [stderr] help: remove these parentheses
[INFO] [stderr]    |
[INFO] [stderr] 42 -             TftpError::IllegalTftpOp => (0x4_u16),
[INFO] [stderr] 42 +             TftpError::IllegalTftpOp => 0x4_u16,
[INFO] [stderr]    |
[INFO] [stderr] 
[INFO] [stderr] warning: unnecessary parentheses around match arm expression
[INFO] [stderr]   --> src/error.rs:43:38
[INFO] [stderr]    |
[INFO] [stderr] 43 |             TftpError::UnknownTid => (0x5_u16),
[INFO] [stderr]    |                                      ^       ^
[INFO] [stderr]    |
[INFO] [stderr] help: remove these parentheses
[INFO] [stderr]    |
[INFO] [stderr] 43 -             TftpError::UnknownTid => (0x5_u16),
[INFO] [stderr] 43 +             TftpError::UnknownTid => 0x5_u16,
[INFO] [stderr]    |
[INFO] [stderr] 
[INFO] [stderr] warning: unnecessary parentheses around match arm expression
[INFO] [stderr]   --> src/error.rs:44:38
[INFO] [stderr]    |
[INFO] [stderr] 44 |             TftpError::FileExists => (0x6_u16),
[INFO] [stderr]    |                                      ^       ^
[INFO] [stderr]    |
[INFO] [stderr] help: remove these parentheses
[INFO] [stderr]    |
[INFO] [stderr] 44 -             TftpError::FileExists => (0x6_u16),
[INFO] [stderr] 44 +             TftpError::FileExists => 0x6_u16,
[INFO] [stderr]    |
[INFO] [stderr] 
[INFO] [stderr] warning: unnecessary parentheses around match arm expression
[INFO] [stderr]   --> src/error.rs:45:38
[INFO] [stderr]    |
[INFO] [stderr] 45 |             TftpError::NoSuchUser => (0x7_u16),
[INFO] [stderr]    |                                      ^       ^
[INFO] [stderr]    |
[INFO] [stderr] help: remove these parentheses
[INFO] [stderr]    |
[INFO] [stderr] 45 -             TftpError::NoSuchUser => (0x7_u16),
[INFO] [stderr] 45 +             TftpError::NoSuchUser => 0x7_u16,
[INFO] [stderr]    |
[INFO] [stderr] 
[INFO] [stderr] warning: `tftpff` (lib) generated 8 warnings (run `cargo fix --lib -p tftpff` to apply 8 suggestions)
[INFO] [stderr] warning: `tftpff` (lib test) generated 8 warnings (8 duplicates)
[INFO] [stderr]     Finished `test` profile [unoptimized + debuginfo] target(s) in 0.05s
[INFO] [stderr]      Running unittests src/lib.rs (/opt/rustwide/target/debug/deps/tftpff-5204ef3a08c96cfd)
[INFO] [stdout] 
[INFO] [stdout] running 24 tests
[INFO] [stdout] test file::tests::test_read_with_netascii ... ok
[INFO] [stdout] test file::tests::test_read_with_octet ... ok
[INFO] [stdout] test file::tests::test_read_512_multiple_bytes ... ok
[INFO] [stdout] test packet::tests::test_parse_ack ... ok
[INFO] [stdout] test file::tests::test_write_with_netascii ... ok
[INFO] [stdout] test file::tests::test_write_with_octet ... ok
[INFO] [stdout] test packet::tests::test_encode_ack ... ok
[INFO] [stdout] test packet::tests::test_encode_data ... ok
[INFO] [stdout] test packet::tests::test_encode_error ... ok
[INFO] [stdout] test packet::tests::test_parse_data ... ok
[INFO] [stdout] test file::tests::test_write_with_newlines ... ok
[INFO] [stdout] test packet::tests::test_parse_error ... ok
[INFO] [stdout] test packet::tests::test_parse_rrq_only_use_filename ... ok
[INFO] [stdout] test packet::tests::test_parse_rrq_ok ... ok
[INFO] [stdout] test packet::tests::test_parse_rrq_with_illegal_mode ... ok
[INFO] [stdout] test packet::tests::test_parse_wrq_ok ... ok
[INFO] [stdout] test packet::tests::test_parse_wrq_only_use_filename ... ok
[INFO] [stdout] test packet::tests::test_parse_wrq_with_illegal_mode ... ok
[INFO] [stdout] test server::tests::test_rrq_handler_with_512_multiple_bytes ... ok
[INFO] [stdout] test server::tests::test_wrq_handler ... ok
[INFO] [stdout] test server::tests::test_rrq_handler ... ok
[INFO] [stdout] test server::tests::test_wrq_handler_with_error ... ok
[INFO] [stdout] test server::tests::test_rrq_handler_with_error ... ok
[INFO] [stderr] error: test failed, to rerun pass `--lib`
[INFO] [stdout] test server::tests::test_server_run ... FAILED
[INFO] [stdout] 
[INFO] [stdout] failures:
[INFO] [stdout] 
[INFO] [stdout] ---- server::tests::test_server_run stdout ----
[INFO] [stdout] thread 'server::tests::test_server_run' panicked at src/server.rs:514:9:
[INFO] [stdout] assertion `left == right` failed
[INFO] [stdout]   left: 0
[INFO] [stdout]  right: 1
[INFO] [stdout] stack backtrace:
[INFO] [stdout]    0:     0x55bdc7bb2e5a - std::backtrace_rs::backtrace::libunwind::trace::h5a5b8284f2d0c266
[INFO] [stdout]                                at /rustc/90b35a6239c3d8bdabc530a6a0816f7ff89a0aaf/library/std/src/../../backtrace/src/backtrace/libunwind.rs:116:5
[INFO] [stdout]    1:     0x55bdc7bb2e5a - std::backtrace_rs::backtrace::trace_unsynchronized::h76d4f1c9b0b875e3
[INFO] [stdout]                                at /rustc/90b35a6239c3d8bdabc530a6a0816f7ff89a0aaf/library/std/src/../../backtrace/src/backtrace/mod.rs:66:5
[INFO] [stdout]    2:     0x55bdc7bb2e5a - std::sys::backtrace::_print_fmt::hc4546b8364a537c6
[INFO] [stdout]                                at /rustc/90b35a6239c3d8bdabc530a6a0816f7ff89a0aaf/library/std/src/sys/backtrace.rs:66:9
[INFO] [stdout]    3:     0x55bdc7bb2e5a - <std::sys::backtrace::BacktraceLock::print::DisplayBacktrace as core::fmt::Display>::fmt::h5b6bd5631a6d1f6b
[INFO] [stdout]                                at /rustc/90b35a6239c3d8bdabc530a6a0816f7ff89a0aaf/library/std/src/sys/backtrace.rs:39:26
[INFO] [stdout]    4:     0x55bdc7bdbd73 - core::fmt::rt::Argument::fmt::h270f6602a2b96f62
[INFO] [stdout]                                at /rustc/90b35a6239c3d8bdabc530a6a0816f7ff89a0aaf/library/core/src/fmt/rt.rs:177:76
[INFO] [stdout]    5:     0x55bdc7bdbd73 - core::fmt::write::h7550c97b06c86515
[INFO] [stdout]                                at /rustc/90b35a6239c3d8bdabc530a6a0816f7ff89a0aaf/library/core/src/fmt/mod.rs:1186:21
[INFO] [stdout]    6:     0x55bdc7baf393 - std::io::Write::write_fmt::h509ff860e5956e5e
[INFO] [stdout]                                at /rustc/90b35a6239c3d8bdabc530a6a0816f7ff89a0aaf/library/std/src/io/mod.rs:1839:15
[INFO] [stdout]    7:     0x55bdc7bb2ca2 - std::sys::backtrace::BacktraceLock::print::h2395ccd2c84ba3aa
[INFO] [stdout]                                at /rustc/90b35a6239c3d8bdabc530a6a0816f7ff89a0aaf/library/std/src/sys/backtrace.rs:42:9
[INFO] [stdout]    8:     0x55bdc7bb42ba - std::panicking::default_hook::{{closure}}::he19d4c7230e07961
[INFO] [stdout]                                at /rustc/90b35a6239c3d8bdabc530a6a0816f7ff89a0aaf/library/std/src/panicking.rs:268:22
[INFO] [stdout]    9:     0x55bdc7bb40c4 - std::panicking::default_hook::hf614597d3c67bbdb
[INFO] [stdout]                                at /rustc/90b35a6239c3d8bdabc530a6a0816f7ff89a0aaf/library/std/src/panicking.rs:292:9
[INFO] [stdout]   10:     0x55bdc7b39b09 - <alloc::boxed::Box<F,A> as core::ops::function::Fn<Args>>::call::h39b51ce4599c23d1
[INFO] [stdout]                                at /rustc/90b35a6239c3d8bdabc530a6a0816f7ff89a0aaf/library/alloc/src/boxed.rs:2468:9
[INFO] [stdout]   11:     0x55bdc7b39b09 - test::test_main::{{closure}}::he977ae839a582784
[INFO] [stdout]                                at /rustc/90b35a6239c3d8bdabc530a6a0816f7ff89a0aaf/library/test/src/lib.rs:133:21
[INFO] [stdout]   12:     0x55bdc7bb4958 - <alloc::boxed::Box<F,A> as core::ops::function::Fn<Args>>::call::h9455091b6b06f9fb
[INFO] [stdout]                                at /rustc/90b35a6239c3d8bdabc530a6a0816f7ff89a0aaf/library/alloc/src/boxed.rs:2468:9
[INFO] [stdout]   13:     0x55bdc7bb4958 - std::panicking::rust_panic_with_hook::h8942133a8b252070
[INFO] [stdout]                                at /rustc/90b35a6239c3d8bdabc530a6a0816f7ff89a0aaf/library/std/src/panicking.rs:809:13
[INFO] [stdout]   14:     0x55bdc7bb471a - std::panicking::begin_panic_handler::{{closure}}::hb5f5963570096b29
[INFO] [stdout]                                at /rustc/90b35a6239c3d8bdabc530a6a0816f7ff89a0aaf/library/std/src/panicking.rs:674:13
[INFO] [stdout]   15:     0x55bdc7bb3339 - std::sys::backtrace::__rust_end_short_backtrace::h6208cedc1922feda
[INFO] [stdout]                                at /rustc/90b35a6239c3d8bdabc530a6a0816f7ff89a0aaf/library/std/src/sys/backtrace.rs:170:18
[INFO] [stdout]   16:     0x55bdc7bb43ac - rust_begin_unwind
[INFO] [stdout]                                at /rustc/90b35a6239c3d8bdabc530a6a0816f7ff89a0aaf/library/std/src/panicking.rs:665:5
[INFO] [stdout]   17:     0x55bdc794c250 - core::panicking::panic_fmt::h0c3082644d1bf418
[INFO] [stdout]                                at /rustc/90b35a6239c3d8bdabc530a6a0816f7ff89a0aaf/library/core/src/panicking.rs:74:14
[INFO] [stdout]   18:     0x55bdc794c654 - core::panicking::assert_failed_inner::h2ddf1fcc067fa858
[INFO] [stdout]   19:     0x55bdc7b4d64f - core::panicking::assert_failed::h97f0aa54f1a0e126
[INFO] [stdout]                                at /rustc/90b35a6239c3d8bdabc530a6a0816f7ff89a0aaf/library/core/src/panicking.rs:367:5
[INFO] [stdout]   20:     0x55bdc7965a56 - tftpff::server::tests::test_server_run::h9838be42699ee7c2
[INFO] [stdout]                                at /opt/rustwide/workdir/src/server.rs:514:9
[INFO] [stdout]   21:     0x55bdc7964717 - tftpff::server::tests::test_server_run::{{closure}}::h92412cc5cf5a94b8
[INFO] [stdout]                                at /opt/rustwide/workdir/src/server.rs:470:25
[INFO] [stdout]   22:     0x55bdc7986266 - core::ops::function::FnOnce::call_once::he445c8e045dc72a9
[INFO] [stdout]                                at /rustc/90b35a6239c3d8bdabc530a6a0816f7ff89a0aaf/library/core/src/ops/function.rs:250:5
[INFO] [stdout]   23:     0x55bdc7b3e4cb - core::ops::function::FnOnce::call_once::h109cf8051a59b34e
[INFO] [stdout]                                at /rustc/90b35a6239c3d8bdabc530a6a0816f7ff89a0aaf/library/core/src/ops/function.rs:250:5
[INFO] [stdout]   24:     0x55bdc7b3e4cb - test::__rust_begin_short_backtrace::hf4fff89d377446ba
[INFO] [stdout]                                at /rustc/90b35a6239c3d8bdabc530a6a0816f7ff89a0aaf/library/test/src/lib.rs:621:18
[INFO] [stdout]   25:     0x55bdc7b3dd07 - test::run_test_in_process::{{closure}}::h0e39181dd7ee5a43
[INFO] [stdout]                                at /rustc/90b35a6239c3d8bdabc530a6a0816f7ff89a0aaf/library/test/src/lib.rs:644:60
[INFO] [stdout]   26:     0x55bdc7b3dd07 - <core::panic::unwind_safe::AssertUnwindSafe<F> as core::ops::function::FnOnce<()>>::call_once::hc5a66a30f0bdfd1f
[INFO] [stdout]                                at /rustc/90b35a6239c3d8bdabc530a6a0816f7ff89a0aaf/library/core/src/panic/unwind_safe.rs:272:9
[INFO] [stdout]   27:     0x55bdc7b3dd07 - std::panicking::try::do_call::h873b7cf639554a5e
[INFO] [stdout]                                at /rustc/90b35a6239c3d8bdabc530a6a0816f7ff89a0aaf/library/std/src/panicking.rs:557:40
[INFO] [stdout]   28:     0x55bdc7b3dd07 - std::panicking::try::hdb19862fad9c8bd1
[INFO] [stdout]                                at /rustc/90b35a6239c3d8bdabc530a6a0816f7ff89a0aaf/library/std/src/panicking.rs:520:19
[INFO] [stdout]   29:     0x55bdc7b3dd07 - std::panic::catch_unwind::h281fe732d236d260
[INFO] [stdout]                                at /rustc/90b35a6239c3d8bdabc530a6a0816f7ff89a0aaf/library/std/src/panic.rs:358:14
[INFO] [stdout]   30:     0x55bdc7b3dd07 - test::run_test_in_process::h949b6df8457ed338
[INFO] [stdout]                                at /rustc/90b35a6239c3d8bdabc530a6a0816f7ff89a0aaf/library/test/src/lib.rs:644:27
[INFO] [stdout]   31:     0x55bdc7b3dd07 - test::run_test::{{closure}}::h52c556a6d4740e10
[INFO] [stdout]                                at /rustc/90b35a6239c3d8bdabc530a6a0816f7ff89a0aaf/library/test/src/lib.rs:565:43
[INFO] [stdout]   32:     0x55bdc7b02fe4 - test::run_test::{{closure}}::h4237f6381c45ccb9
[INFO] [stdout]                                at /rustc/90b35a6239c3d8bdabc530a6a0816f7ff89a0aaf/library/test/src/lib.rs:595:41
[INFO] [stdout]   33:     0x55bdc7b02fe4 - std::sys::backtrace::__rust_begin_short_backtrace::h505c97a579eca628
[INFO] [stdout]                                at /rustc/90b35a6239c3d8bdabc530a6a0816f7ff89a0aaf/library/std/src/sys/backtrace.rs:154:18
[INFO] [stdout]   34:     0x55bdc7b066ae - std::thread::Builder::spawn_unchecked_::{{closure}}::{{closure}}::h9e86b2e2bc107ea3
[INFO] [stdout]                                at /rustc/90b35a6239c3d8bdabc530a6a0816f7ff89a0aaf/library/std/src/thread/mod.rs:538:17
[INFO] [stdout]   35:     0x55bdc7b066ae - <core::panic::unwind_safe::AssertUnwindSafe<F> as core::ops::function::FnOnce<()>>::call_once::h8b06ddb275ff4a25
[INFO] [stdout]                                at /rustc/90b35a6239c3d8bdabc530a6a0816f7ff89a0aaf/library/core/src/panic/unwind_safe.rs:272:9
[INFO] [stdout]   36:     0x55bdc7b066ae - std::panicking::try::do_call::hb26ecd7cd9a9355d
[INFO] [stdout]                                at /rustc/90b35a6239c3d8bdabc530a6a0816f7ff89a0aaf/library/std/src/panicking.rs:557:40
[INFO] [stdout]   37:     0x55bdc7b066ae - std::panicking::try::h8ddeca9d705f9069
[INFO] [stdout]                                at /rustc/90b35a6239c3d8bdabc530a6a0816f7ff89a0aaf/library/std/src/panicking.rs:520:19
[INFO] [stdout]   38:     0x55bdc7b066ae - std::panic::catch_unwind::h49e1c33078844c46
[INFO] [stdout]                                at /rustc/90b35a6239c3d8bdabc530a6a0816f7ff89a0aaf/library/std/src/panic.rs:358:14
[INFO] [stdout]   39:     0x55bdc7b066ae - std::thread::Builder::spawn_unchecked_::{{closure}}::h6073db6ff56ad35d
[INFO] [stdout]                                at /rustc/90b35a6239c3d8bdabc530a6a0816f7ff89a0aaf/library/std/src/thread/mod.rs:537:30
[INFO] [stdout]   40:     0x55bdc7b066ae - core::ops::function::FnOnce::call_once{{vtable.shim}}::h2c5a5f3779c774f1
[INFO] [stdout]                                at /rustc/90b35a6239c3d8bdabc530a6a0816f7ff89a0aaf/library/core/src/ops/function.rs:250:5
[INFO] [stdout]   41:     0x55bdc7bb9abb - <alloc::boxed::Box<F,A> as core::ops::function::FnOnce<Args>>::call_once::hf75717d9f28faebf
[INFO] [stdout]                                at /rustc/90b35a6239c3d8bdabc530a6a0816f7ff89a0aaf/library/alloc/src/boxed.rs:2454:9
[INFO] [stdout]   42:     0x55bdc7bb9abb - <alloc::boxed::Box<F,A> as core::ops::function::FnOnce<Args>>::call_once::h7bd883a5f3c5f3c1
[INFO] [stdout]                                at /rustc/90b35a6239c3d8bdabc530a6a0816f7ff89a0aaf/library/alloc/src/boxed.rs:2454:9
[INFO] [stdout]   43:     0x55bdc7bb9abb - std::sys::pal::unix::thread::Thread::new::thread_start::hcc78f3943333fa94
[INFO] [stdout]                                at /rustc/90b35a6239c3d8bdabc530a6a0816f7ff89a0aaf/library/std/src/sys/pal/unix/thread.rs:105:17
[INFO] [stdout]   44:     0x7356e8779ac3 - <unknown>
[INFO] [stdout]   45:     0x7356e880aa04 - clone
[INFO] [stdout]   46:                0x0 - <unknown>
[INFO] [stdout] 
[INFO] [stdout] 
[INFO] [stdout] failures:
[INFO] [stdout]     server::tests::test_server_run
[INFO] [stdout] 
[INFO] [stdout] test result: FAILED. 23 passed; 1 failed; 0 ignored; 0 measured; 0 filtered out; finished in 2.02s
[INFO] [stdout] 
[INFO] running `Command { std: "docker" "inspect" "2e7cdd7c1d121078a1ec29e5f75ea6b386f683dc0d0db9c46653663146cea259", kill_on_drop: false }`
[INFO] running `Command { std: "docker" "rm" "-f" "2e7cdd7c1d121078a1ec29e5f75ea6b386f683dc0d0db9c46653663146cea259", kill_on_drop: false }`
[INFO] [stdout] 2e7cdd7c1d121078a1ec29e5f75ea6b386f683dc0d0db9c46653663146cea259
