[INFO] cloning repository https://github.com/tbro/votingapp-rest-api
[INFO] running `Command { std: "git" "-c" "credential.helper=" "-c" "credential.helper=/workspace/cargo-home/bin/git-credential-null" "clone" "--bare" "https://github.com/tbro/votingapp-rest-api" "/workspace/cache/git-repos/https%3A%2F%2Fgithub.com%2Ftbro%2Fvotingapp-rest-api", kill_on_drop: false }`
[INFO] [stderr] Cloning into bare repository '/workspace/cache/git-repos/https%3A%2F%2Fgithub.com%2Ftbro%2Fvotingapp-rest-api'...
[INFO] running `Command { std: "git" "rev-parse" "HEAD", kill_on_drop: false }`
[INFO] [stdout] 6888d4b625547cec2d4167c4213f4ec3e1266bfb
[INFO] testing tbro/votingapp-rest-api against 1.83.0 for beta-1.84.0-4-retry
[INFO] running `Command { std: "git" "clone" "/workspace/cache/git-repos/https%3A%2F%2Fgithub.com%2Ftbro%2Fvotingapp-rest-api" "/workspace/builds/worker-2-tc1/source", kill_on_drop: false }`
[INFO] [stderr] Cloning into '/workspace/builds/worker-2-tc1/source'...
[INFO] [stderr] done.
[INFO] validating manifest of git repo https://github.com/tbro/votingapp-rest-api on toolchain 1.83.0
[INFO] running `Command { std: CARGO_HOME="/workspace/cargo-home" RUSTUP_HOME="/workspace/rustup-home" "/workspace/cargo-home/bin/cargo" "+1.83.0" "metadata" "--manifest-path" "Cargo.toml" "--no-deps", kill_on_drop: false }`
[INFO] started tweaking git repo https://github.com/tbro/votingapp-rest-api
[INFO] finished tweaking git repo https://github.com/tbro/votingapp-rest-api
[INFO] tweaked toml for git repo https://github.com/tbro/votingapp-rest-api written to /workspace/builds/worker-2-tc1/source/Cargo.toml
[INFO] crate git repo https://github.com/tbro/votingapp-rest-api already has a lockfile, it will not be regenerated
[INFO] running `Command { std: CARGO_HOME="/workspace/cargo-home" RUSTUP_HOME="/workspace/rustup-home" "/workspace/cargo-home/bin/cargo" "+1.83.0" "fetch" "--manifest-path" "Cargo.toml", kill_on_drop: false }`
[INFO] [stderr]  Downloading crates ...
[INFO] [stderr]   Downloaded pretty_assertions v1.1.0
[INFO] [stderr]   Downloaded headers v0.3.6
[INFO] running `Command { std: "docker" "create" "-v" "/var/lib/crater-agent-workspace/builds/worker-2-tc1/target:/opt/rustwide/target:rw,Z" "-v" "/var/lib/crater-agent-workspace/builds/worker-2-tc1/source:/opt/rustwide/workdir:ro,Z" "-v" "/var/lib/crater-agent-workspace/cargo-home:/opt/rustwide/cargo-home:ro,Z" "-v" "/var/lib/crater-agent-workspace/rustup-home:/opt/rustwide/rustup-home:ro,Z" "-e" "SOURCE_DIR=/opt/rustwide/workdir" "-e" "CARGO_TARGET_DIR=/opt/rustwide/target" "-e" "CARGO_HOME=/opt/rustwide/cargo-home" "-e" "RUSTUP_HOME=/opt/rustwide/rustup-home" "-w" "/opt/rustwide/workdir" "-m" "1610612736" "--user" "0:0" "--network" "none" "ghcr.io/rust-lang/crates-build-env/linux@sha256:f3a9d4ad9d972b27faf3965f35b62e55ba32bbce8f20bc8fe909558a86702fde" "/opt/rustwide/cargo-home/bin/cargo" "+1.83.0" "metadata" "--no-deps" "--format-version=1", kill_on_drop: false }`
[INFO] [stdout] 8ae4ea686e5ac6de83b5a7d81affc25a53984b14981516e2ab18fea6365ca07e
[INFO] running `Command { std: "docker" "start" "-a" "8ae4ea686e5ac6de83b5a7d81affc25a53984b14981516e2ab18fea6365ca07e", kill_on_drop: false }`
[INFO] running `Command { std: "docker" "inspect" "8ae4ea686e5ac6de83b5a7d81affc25a53984b14981516e2ab18fea6365ca07e", kill_on_drop: false }`
[INFO] running `Command { std: "docker" "rm" "-f" "8ae4ea686e5ac6de83b5a7d81affc25a53984b14981516e2ab18fea6365ca07e", kill_on_drop: false }`
[INFO] [stdout] 8ae4ea686e5ac6de83b5a7d81affc25a53984b14981516e2ab18fea6365ca07e
[INFO] running `Command { std: "docker" "create" "-v" "/var/lib/crater-agent-workspace/builds/worker-2-tc1/target:/opt/rustwide/target:rw,Z" "-v" "/var/lib/crater-agent-workspace/builds/worker-2-tc1/source:/opt/rustwide/workdir:ro,Z" "-v" "/var/lib/crater-agent-workspace/cargo-home:/opt/rustwide/cargo-home:ro,Z" "-v" "/var/lib/crater-agent-workspace/rustup-home:/opt/rustwide/rustup-home:ro,Z" "-e" "SOURCE_DIR=/opt/rustwide/workdir" "-e" "CARGO_TARGET_DIR=/opt/rustwide/target" "-e" "CARGO_INCREMENTAL=0" "-e" "RUST_BACKTRACE=full" "-e" "RUSTFLAGS=--cap-lints=warn" "-e" "RUSTDOCFLAGS=--cap-lints=warn" "-e" "CARGO_HOME=/opt/rustwide/cargo-home" "-e" "RUSTUP_HOME=/opt/rustwide/rustup-home" "-w" "/opt/rustwide/workdir" "-m" "1610612736" "--user" "0:0" "--network" "none" "ghcr.io/rust-lang/crates-build-env/linux@sha256:f3a9d4ad9d972b27faf3965f35b62e55ba32bbce8f20bc8fe909558a86702fde" "/opt/rustwide/cargo-home/bin/cargo" "+1.83.0" "build" "--frozen" "--message-format=json", kill_on_drop: false }`
[INFO] [stdout] 031da04fedc495d9fd8d565add439eecd17bec782ff36c8f470cf026a1b99b42
[INFO] running `Command { std: "docker" "start" "-a" "031da04fedc495d9fd8d565add439eecd17bec782ff36c8f470cf026a1b99b42", kill_on_drop: false }`
[INFO] [stderr]    Compiling libc v0.2.116
[INFO] [stderr]    Compiling version_check v0.9.4
[INFO] [stderr]    Compiling cfg-if v1.0.0
[INFO] [stderr]    Compiling proc-macro2 v1.0.36
[INFO] [stderr]    Compiling typenum v1.15.0
[INFO] [stderr]    Compiling unicode-xid v0.2.2
[INFO] [stderr]    Compiling syn v1.0.86
[INFO] [stderr]    Compiling autocfg v1.0.1
[INFO] [stderr]    Compiling memchr v2.4.1
[INFO] [stderr]    Compiling log v0.4.14
[INFO] [stderr]    Compiling once_cell v1.9.0
[INFO] [stderr]    Compiling subtle v2.4.1
[INFO] [stderr]    Compiling itoa v1.0.1
[INFO] [stderr]    Compiling cc v1.0.72
[INFO] [stderr]    Compiling bytes v1.1.0
[INFO] [stderr]    Compiling untrusted v0.7.1
[INFO] [stderr]    Compiling spin v0.5.2
[INFO] [stderr]    Compiling parking_lot_core v0.8.5
[INFO] [stderr]    Compiling pin-project-lite v0.2.8
[INFO] [stderr]    Compiling instant v0.1.12
[INFO] [stderr]    Compiling cpufeatures v0.2.1
[INFO] [stderr]    Compiling zeroize v1.5.7
[INFO] [stderr]    Compiling smallvec v1.8.0
[INFO] [stderr]    Compiling scopeguard v1.1.0
[INFO] [stderr]    Compiling futures-core v0.3.19
[INFO] [stderr]    Compiling lock_api v0.4.6
[INFO] [stderr]    Compiling base64ct v1.5.1
[INFO] [stderr]    Compiling fnv v1.0.7
[INFO] [stderr]    Compiling tinyvec_macros v0.1.0
[INFO] [stderr]    Compiling const-oid v0.9.0
[INFO] [stderr]    Compiling opaque-debug v0.3.0
[INFO] [stderr]    Compiling base64 v0.13.0
[INFO] [stderr]    Compiling generic-array v0.14.5
[INFO] [stderr]    Compiling percent-encoding v2.2.0
[INFO] [stderr]    Compiling unicase v2.6.0
[INFO] [stderr]    Compiling nom v7.1.0
[INFO] [stderr]    Compiling http v0.2.6
[INFO] [stderr]    Compiling num-traits v0.2.14
[INFO] [stderr]    Compiling tinyvec v1.5.1
[INFO] [stderr]    Compiling pem-rfc7468 v0.6.0
[INFO] [stderr]    Compiling futures-sink v0.3.19
[INFO] [stderr]    Compiling httparse v1.5.1
[INFO] [stderr]    Compiling futures-task v0.3.19
[INFO] [stderr]    Compiling num-integer v0.1.44
[INFO] [stderr]    Compiling form_urlencoded v1.1.0
[INFO] [stderr]    Compiling serde v1.0.136
[INFO] [stderr]    Compiling lazy_static v1.4.0
[INFO] [stderr]    Compiling der v0.6.0
[INFO] [stderr]    Compiling unicode-bidi v0.3.7
[INFO] [stderr]    Compiling ppv-lite86 v0.2.16
[INFO] [stderr]    Compiling futures-util v0.3.19
[INFO] [stderr]    Compiling minimal-lexical v0.2.1
[INFO] [stderr]    Compiling quote v1.0.15
[INFO] [stderr]    Compiling getrandom v0.2.4
[INFO] [stderr]    Compiling num_cpus v1.13.1
[INFO] [stderr]    Compiling signal-hook-registry v1.4.0
[INFO] [stderr]    Compiling mio v0.7.14
[INFO] [stderr]    Compiling rand_core v0.6.3
[INFO] [stderr]    Compiling ring v0.16.20
[INFO] [stderr]    Compiling parking_lot v0.11.2
[INFO] [stderr]    Compiling ff v0.12.1
[INFO] [stderr]    Compiling rand_chacha v0.3.1
[INFO] [stderr]    Compiling unicode-normalization v0.1.19
[INFO] [stderr]    Compiling indexmap v1.8.0
[INFO] [stderr]    Compiling pin-utils v0.1.0
[INFO] [stderr]    Compiling num_threads v0.1.3
[INFO] [stderr]    Compiling slab v0.4.5
[INFO] [stderr]    Compiling base16ct v0.1.1
[INFO] [stderr]    Compiling time-macros v0.2.3
[INFO] [stderr]    Compiling mime_guess v2.0.3
[INFO] [stderr]    Compiling group v0.12.1
[INFO] [stderr]    Compiling tracing-core v0.1.21
[INFO] [stderr]    Compiling num-bigint v0.4.3
[INFO] [stderr]    Compiling rand v0.8.4
[INFO] [stderr]    Compiling miniz_oxide v0.4.4
[INFO] [stderr]    Compiling mime v0.3.16
[INFO] [stderr]    Compiling hashbrown v0.11.2
[INFO] [stderr]    Compiling crypto-common v0.1.6
[INFO] [stderr]    Compiling block-buffer v0.10.3
[INFO] [stderr]    Compiling block-buffer v0.9.0
[INFO] [stderr]    Compiling digest v0.9.0
[INFO] [stderr]    Compiling digest v0.10.6
[INFO] [stderr]    Compiling crypto-bigint v0.4.9
[INFO] [stderr]    Compiling sec1 v0.3.0
[INFO] [stderr]    Compiling idna v0.3.0
[INFO] [stderr]    Compiling sha-1 v0.9.8
[INFO] [stderr]    Compiling crc32fast v1.3.1
[INFO] [stderr]    Compiling hmac v0.12.1
[INFO] [stderr]    Compiling futures-channel v0.3.19
[INFO] [stderr]    Compiling signature v1.6.4
[INFO] [stderr]    Compiling url v2.3.1
[INFO] [stderr]    Compiling tracing v0.1.29
[INFO] [stderr]    Compiling rustls v0.20.6
[INFO] [stderr]    Compiling ryu v1.0.9
[INFO] [stderr]    Compiling safemem v0.3.3
[INFO] [stderr]    Compiling try-lock v0.2.3
[INFO] [stderr]    Compiling httpdate v1.0.2
[INFO] [stderr]    Compiling utf-8 v0.7.6
[INFO] [stderr]    Compiling oid-registry v0.6.0
[INFO] [stderr]    Compiling fastrand v1.7.0
[INFO] [stderr]    Compiling keccak v0.1.3
[INFO] [stderr]    Compiling serde_json v1.0.93
[INFO] [stderr]    Compiling byteorder v1.4.3
[INFO] [stderr]    Compiling adler v1.0.2
[INFO] [stderr]    Compiling remove_dir_all v0.5.3
[INFO] [stderr]    Compiling tempfile v3.3.0
[INFO] [stderr]    Compiling sha3 v0.10.6
[INFO] [stderr]    Compiling buf_redux v0.8.4
[INFO] [stderr]    Compiling time v0.3.7
[INFO] [stderr]    Compiling elliptic-curve v0.12.3
[INFO] [stderr]    Compiling rfc6979 v0.3.1
[INFO] [stderr]    Compiling want v0.3.0
[INFO] [stderr]    Compiling ecdsa v0.14.8
[INFO] [stderr]    Compiling sha2 v0.10.6
[INFO] [stderr]    Compiling sha2 v0.9.9
[INFO] [stderr]    Compiling headers-core v0.2.0
[INFO] [stderr]    Compiling http-body v0.4.4
[INFO] [stderr]    Compiling socket2 v0.4.4
[INFO] [stderr]    Compiling aho-corasick v0.7.18
[INFO] [stderr]    Compiling twoway v0.1.8
[INFO] [stderr]    Compiling regex-syntax v0.6.25
[INFO] [stderr]    Compiling anyhow v1.0.53
[INFO] [stderr]    Compiling rusticata-macros v4.1.0
[INFO] [stderr]    Compiling bitflags v1.3.2
[INFO] [stderr]    Compiling serde_derive v1.0.136
[INFO] [stderr]    Compiling quick-error v1.2.3
[INFO] [stderr]    Compiling itoa v0.4.8
[INFO] [stderr]    Compiling tower-service v0.3.1
[INFO] [stderr]    Compiling multipart v0.18.0
[INFO] [stderr]    Compiling headers v0.3.6
[INFO] [stderr]    Compiling bs58 v0.4.0
[INFO] [stderr]    Compiling k256 v0.11.6
[INFO] [stderr]    Compiling flate2 v1.0.22
[INFO] [stderr]    Compiling pbkdf2 v0.11.0
[INFO] [stderr]    Compiling ripemd v0.1.3
[INFO] [stderr]    Compiling spki v0.6.0
[INFO] [stderr]    Compiling time v0.1.44
[INFO] [stderr]    Compiling atty v0.2.14
[INFO] [stderr]    Compiling humantime v2.1.0
[INFO] [stderr]    Compiling data-encoding v2.3.2
[INFO] [stderr]    Compiling scoped-tls v1.0.0
[INFO] [stderr]    Compiling termcolor v1.1.2
[INFO] [stderr]    Compiling chunked_transfer v1.4.0
[INFO] [stderr]    Compiling chrono v0.4.19
[INFO] [stderr]    Compiling pkcs8 v0.9.0
[INFO] [stderr]    Compiling hex v0.4.3
[INFO] [stderr]    Compiling regex v1.5.4
[INFO] [stderr]    Compiling bip32 v0.4.0
[INFO] [stderr]    Compiling serde_urlencoded v0.7.1
[INFO] [stderr]    Compiling synstructure v0.12.6
[INFO] [stderr]    Compiling sct v0.6.1
[INFO] [stderr]    Compiling webpki v0.22.0
[INFO] [stderr]    Compiling webpki v0.21.4
[INFO] [stderr]    Compiling sct v0.7.0
[INFO] [stderr]    Compiling env_logger v0.9.0
[INFO] [stderr]    Compiling rustls v0.19.1
[INFO] [stderr]    Compiling thiserror-impl v1.0.30
[INFO] [stderr]    Compiling tokio-macros v1.7.0
[INFO] [stderr]    Compiling asn1-rs-impl v0.1.0
[INFO] [stderr]    Compiling asn1-rs-derive v0.4.0
[INFO] [stderr]    Compiling displaydoc v0.2.3
[INFO] [stderr]    Compiling pin-project-internal v1.0.10
[INFO] [stderr]    Compiling webpki-roots v0.22.2
[INFO] [stderr]    Compiling tokio v1.16.1
[INFO] [stderr]    Compiling pin-project v1.0.10
[INFO] [stderr]    Compiling thiserror v1.0.30
[INFO] [stderr]    Compiling asn1-rs v0.5.1
[INFO] [stderr]    Compiling tungstenite v0.14.0
[INFO] [stderr]    Compiling serde_qs v0.10.1
[INFO] [stderr]    Compiling ureq v2.4.0
[INFO] [stderr]    Compiling der-parser v8.1.0
[INFO] [stderr]    Compiling x509-parser v0.14.0
[INFO] [stderr]    Compiling tokio-util v0.6.9
[INFO] [stderr]    Compiling tokio-stream v0.1.8
[INFO] [stderr]    Compiling tokio-tungstenite v0.15.0
[INFO] [stderr]    Compiling tokio-rustls v0.22.0
[INFO] [stderr]    Compiling h2 v0.3.11
[INFO] [stderr]    Compiling hyper v0.14.16
[INFO] [stderr]    Compiling warp v0.3.2
[INFO] [stderr]    Compiling rest-api v0.2.0 (/opt/rustwide/workdir)
[INFO] [stdout] warning: fields `root_fingerprint` and `inter_fingerprint` are never read
[INFO] [stdout]   --> src/certs.rs:15:9
[INFO] [stdout]    |
[INFO] [stdout] 7  | pub struct CertStore {
[INFO] [stdout]    |            --------- fields in this struct
[INFO] [stdout] ...
[INFO] [stdout] 15 |     pub root_fingerprint: Option<Vec<u8>>, // will be set at application startup
[INFO] [stdout]    |         ^^^^^^^^^^^^^^^^
[INFO] [stdout] 16 |     /// fingerprint of intermediate certificate
[INFO] [stdout] 17 |     pub inter_fingerprint: Option<Vec<u8>>, // will be set at application startup
[INFO] [stdout]    |         ^^^^^^^^^^^^^^^^^
[INFO] [stdout]    |
[INFO] [stdout]    = note: `CertStore` has derived impls for the traits `Clone` and `Debug`, but these are intentionally ignored during dead code analysis
[INFO] [stdout]    = note: `#[warn(dead_code)]` on by default
[INFO] [stdout] 
[INFO] [stdout] 
[INFO] [stdout] warning: method `get_all` is never used
[INFO] [stdout]   --> src/certs.rs:79:12
[INFO] [stdout]    |
[INFO] [stdout] 25 | impl CertStore {
[INFO] [stdout]    | -------------- method in this implementation
[INFO] [stdout] ...
[INFO] [stdout] 79 |     pub fn get_all(&self) -> Result<Vec<X509Certificate>> {
[INFO] [stdout]    |            ^^^^^^^
[INFO] [stdout] 
[INFO] [stdout] 
[INFO] [stdout] warning: field `allow_origin` is never read
[INFO] [stdout]   --> src/config.rs:10:9
[INFO] [stdout]    |
[INFO] [stdout] 4  | pub struct Config {
[INFO] [stdout]    |            ------ field in this struct
[INFO] [stdout] ...
[INFO] [stdout] 10 |     pub allow_origin: Option<String>,
[INFO] [stdout]    |         ^^^^^^^^^^^^
[INFO] [stdout]    |
[INFO] [stdout]    = note: `Config` has derived impls for the traits `Debug` and `Clone`, but these are intentionally ignored during dead code analysis
[INFO] [stdout] 
[INFO] [stdout] 
[INFO] [stdout] warning: field `signing_cert` is never read
[INFO] [stdout]   --> src/http_signer.rs:76:5
[INFO] [stdout]    |
[INFO] [stdout] 70 | pub struct HttpSigner {
[INFO] [stdout]    |            ---------- field in this struct
[INFO] [stdout] ...
[INFO] [stdout] 76 |     signing_cert: Arc<Vec<u8>>,
[INFO] [stdout]    |     ^^^^^^^^^^^^
[INFO] [stdout]    |
[INFO] [stdout]    = note: `HttpSigner` has derived impls for the traits `Clone` and `Debug`, but these are intentionally ignored during dead code analysis
[INFO] [stdout] 
[INFO] [stdout] 
[INFO] [stdout] warning: field `agent` is never read
[INFO] [stdout]   --> src/service.rs:10:9
[INFO] [stdout]    |
[INFO] [stdout] 8  | pub struct Service {
[INFO] [stdout]    |            ------- field in this struct
[INFO] [stdout] 9  |     pub config: Arc<Config>,
[INFO] [stdout] 10 |     pub agent: Agent,
[INFO] [stdout]    |         ^^^^^
[INFO] [stdout]    |
[INFO] [stdout]    = note: `Service` has derived impls for the traits `Clone` and `Debug`, but these are intentionally ignored during dead code analysis
[INFO] [stdout] 
[INFO] [stdout] 
[INFO] [stderr]     Finished `dev` profile [unoptimized + debuginfo] target(s) in 1m 34s
[INFO] [stderr] warning: the following packages contain code that will be rejected by a future version of Rust: buf_redux v0.8.4, multipart v0.18.0
[INFO] [stderr] note: to see what the problems were, use the option `--future-incompat-report`, or run `cargo report future-incompatibilities --id 1`
[INFO] running `Command { std: "docker" "inspect" "031da04fedc495d9fd8d565add439eecd17bec782ff36c8f470cf026a1b99b42", kill_on_drop: false }`
[INFO] running `Command { std: "docker" "rm" "-f" "031da04fedc495d9fd8d565add439eecd17bec782ff36c8f470cf026a1b99b42", kill_on_drop: false }`
[INFO] [stdout] 031da04fedc495d9fd8d565add439eecd17bec782ff36c8f470cf026a1b99b42
[INFO] running `Command { std: "docker" "create" "-v" "/var/lib/crater-agent-workspace/builds/worker-2-tc1/target:/opt/rustwide/target:rw,Z" "-v" "/var/lib/crater-agent-workspace/builds/worker-2-tc1/source:/opt/rustwide/workdir:ro,Z" "-v" "/var/lib/crater-agent-workspace/cargo-home:/opt/rustwide/cargo-home:ro,Z" "-v" "/var/lib/crater-agent-workspace/rustup-home:/opt/rustwide/rustup-home:ro,Z" "-e" "SOURCE_DIR=/opt/rustwide/workdir" "-e" "CARGO_TARGET_DIR=/opt/rustwide/target" "-e" "CARGO_INCREMENTAL=0" "-e" "RUST_BACKTRACE=full" "-e" "RUSTFLAGS=--cap-lints=warn" "-e" "RUSTDOCFLAGS=--cap-lints=warn" "-e" "CARGO_HOME=/opt/rustwide/cargo-home" "-e" "RUSTUP_HOME=/opt/rustwide/rustup-home" "-w" "/opt/rustwide/workdir" "-m" "1610612736" "--user" "0:0" "--network" "none" "ghcr.io/rust-lang/crates-build-env/linux@sha256:f3a9d4ad9d972b27faf3965f35b62e55ba32bbce8f20bc8fe909558a86702fde" "/opt/rustwide/cargo-home/bin/cargo" "+1.83.0" "test" "--frozen" "--no-run" "--message-format=json", kill_on_drop: false }`
[INFO] [stdout] fade7b063cb9f875733b9435773a4c19ea244141ce398830a7282da3d0109dd5
[INFO] running `Command { std: "docker" "start" "-a" "fade7b063cb9f875733b9435773a4c19ea244141ce398830a7282da3d0109dd5", kill_on_drop: false }`
[INFO] [stderr]    Compiling ansi_term v0.12.1
[INFO] [stderr]    Compiling diff v0.1.12
[INFO] [stderr]    Compiling pretty_assertions v1.1.0
[INFO] [stderr]    Compiling rest-api v0.2.0 (/opt/rustwide/workdir)
[INFO] [stdout] warning: unused variable: `state_value`
[INFO] [stdout]    --> src/sawtooth/filters.rs:128:13
[INFO] [stdout]     |
[INFO] [stdout] 128 |         let state_value = warp::test::request()
[INFO] [stdout]     |             ^^^^^^^^^^^ help: if this is intentional, prefix it with an underscore: `_state_value`
[INFO] [stdout]     |
[INFO] [stdout]     = note: `#[warn(unused_variables)]` on by default
[INFO] [stdout] 
[INFO] [stdout] 
[INFO] [stdout] warning: unused variable: `expected`
[INFO] [stdout]    --> src/sawtooth/filters.rs:133:13
[INFO] [stdout]     |
[INFO] [stdout] 133 |         let expected = [svc.config.backend_url.as_str(), query.as_str()].concat();
[INFO] [stdout]     |             ^^^^^^^^ help: if this is intentional, prefix it with an underscore: `_expected`
[INFO] [stdout] 
[INFO] [stdout] 
[INFO] [stdout] warning: unused variable: `batch_statuses_value`
[INFO] [stdout]    --> src/sawtooth/filters.rs:150:13
[INFO] [stdout]     |
[INFO] [stdout] 150 |         let batch_statuses_value = warp::test::request()
[INFO] [stdout]     |             ^^^^^^^^^^^^^^^^^^^^ help: if this is intentional, prefix it with an underscore: `_batch_statuses_value`
[INFO] [stdout] 
[INFO] [stdout] 
[INFO] [stdout] warning: unused variable: `expected`
[INFO] [stdout]    --> src/sawtooth/filters.rs:155:13
[INFO] [stdout]     |
[INFO] [stdout] 155 |         let expected = [svc.config.backend_url.as_str(), query.as_str()].concat();
[INFO] [stdout]     |             ^^^^^^^^ help: if this is intentional, prefix it with an underscore: `_expected`
[INFO] [stdout] 
[INFO] [stdout] 
[INFO] [stdout] warning: unused variable: `state_value`
[INFO] [stdout]    --> src/sawtooth/filters.rs:172:13
[INFO] [stdout]     |
[INFO] [stdout] 172 |         let state_value = warp::test::request()
[INFO] [stdout]     |             ^^^^^^^^^^^ help: if this is intentional, prefix it with an underscore: `_state_value`
[INFO] [stdout] 
[INFO] [stdout] 
[INFO] [stdout] warning: unused variable: `expected`
[INFO] [stdout]    --> src/sawtooth/filters.rs:178:13
[INFO] [stdout]     |
[INFO] [stdout] 178 |         let expected = [svc.config.backend_url.as_str(), query.as_str()].concat();
[INFO] [stdout]     |             ^^^^^^^^ help: if this is intentional, prefix it with an underscore: `_expected`
[INFO] [stdout] 
[INFO] [stdout] 
[INFO] [stdout] warning: fields `root_fingerprint` and `inter_fingerprint` are never read
[INFO] [stdout]   --> src/certs.rs:15:9
[INFO] [stdout]    |
[INFO] [stdout] 7  | pub struct CertStore {
[INFO] [stdout]    |            --------- fields in this struct
[INFO] [stdout] ...
[INFO] [stdout] 15 |     pub root_fingerprint: Option<Vec<u8>>, // will be set at application startup
[INFO] [stdout]    |         ^^^^^^^^^^^^^^^^
[INFO] [stdout] 16 |     /// fingerprint of intermediate certificate
[INFO] [stdout] 17 |     pub inter_fingerprint: Option<Vec<u8>>, // will be set at application startup
[INFO] [stdout]    |         ^^^^^^^^^^^^^^^^^
[INFO] [stdout]    |
[INFO] [stdout]    = note: `CertStore` has derived impls for the traits `Clone` and `Debug`, but these are intentionally ignored during dead code analysis
[INFO] [stdout]    = note: `#[warn(dead_code)]` on by default
[INFO] [stdout] 
[INFO] [stdout] 
[INFO] [stdout] warning: field `allow_origin` is never read
[INFO] [stdout]   --> src/config.rs:10:9
[INFO] [stdout]    |
[INFO] [stdout] 4  | pub struct Config {
[INFO] [stdout]    |            ------ field in this struct
[INFO] [stdout] ...
[INFO] [stdout] 10 |     pub allow_origin: Option<String>,
[INFO] [stdout]    |         ^^^^^^^^^^^^
[INFO] [stdout]    |
[INFO] [stdout]    = note: `Config` has derived impls for the traits `Debug` and `Clone`, but these are intentionally ignored during dead code analysis
[INFO] [stdout] 
[INFO] [stdout] 
[INFO] [stdout] warning: field `signing_cert` is never read
[INFO] [stdout]   --> src/http_signer.rs:76:5
[INFO] [stdout]    |
[INFO] [stdout] 70 | pub struct HttpSigner {
[INFO] [stdout]    |            ---------- field in this struct
[INFO] [stdout] ...
[INFO] [stdout] 76 |     signing_cert: Arc<Vec<u8>>,
[INFO] [stdout]    |     ^^^^^^^^^^^^
[INFO] [stdout]    |
[INFO] [stdout]    = note: `HttpSigner` has derived impls for the traits `Clone` and `Debug`, but these are intentionally ignored during dead code analysis
[INFO] [stdout] 
[INFO] [stdout] 
[INFO] [stdout] warning: constant `EXPECTED_STATE` is never used
[INFO] [stdout]    --> src/response.rs:177:11
[INFO] [stdout]     |
[INFO] [stdout] 177 |     const EXPECTED_STATE: &str = "\nd\n\u{1e}sawtooth.identity.allowed_keys\u{12}B0330511061884952157134400c75f8385a516649c5ea504e9c9bb46...
[INFO] [stdout]     |           ^^^^^^^^^^^^^^
[INFO] [stdout] 
[INFO] [stdout] 
[INFO] [stdout] warning: constant `UPSTREAM_DATA_SIMPLE` is never used
[INFO] [stdout]    --> src/response.rs:179:11
[INFO] [stdout]     |
[INFO] [stdout] 179 |     const UPSTREAM_DATA_SIMPLE: &str = r##"{
[INFO] [stdout]     |           ^^^^^^^^^^^^^^^^^^^^
[INFO] [stdout] 
[INFO] [stdout] 
[INFO] [stdout] warning: static `CVR_KEY` is never used
[INFO] [stdout]    --> src/sawtooth/filters.rs:113:12
[INFO] [stdout]     |
[INFO] [stdout] 113 |     static CVR_KEY: &str = "xpub6A8xBrTys98jLevnXUgN2YfjuzX36E5pfjQQT8PfZtJ7JY2noYDXVYQyqtJhUJJS9ezC6uaUZ5iWAJMBddKBHouKa7omUW6BdV4R9g6qL...
[INFO] [stdout]     |            ^^^^^^^
[INFO] [stdout] 
[INFO] [stdout] 
[INFO] [stdout] warning: field `agent` is never read
[INFO] [stdout]   --> src/service.rs:10:9
[INFO] [stdout]    |
[INFO] [stdout] 8  | pub struct Service {
[INFO] [stdout]    |            ------- field in this struct
[INFO] [stdout] 9  |     pub config: Arc<Config>,
[INFO] [stdout] 10 |     pub agent: Agent,
[INFO] [stdout]    |         ^^^^^
[INFO] [stdout]    |
[INFO] [stdout]    = note: `Service` has derived impls for the traits `Clone` and `Debug`, but these are intentionally ignored during dead code analysis
[INFO] [stdout] 
[INFO] [stdout] 
[INFO] [stderr]     Finished `test` profile [unoptimized + debuginfo] target(s) in 11.22s
[INFO] [stderr] warning: the following packages contain code that will be rejected by a future version of Rust: buf_redux v0.8.4, multipart v0.18.0
[INFO] [stderr] note: to see what the problems were, use the option `--future-incompat-report`, or run `cargo report future-incompatibilities --id 1`
[INFO] running `Command { std: "docker" "inspect" "fade7b063cb9f875733b9435773a4c19ea244141ce398830a7282da3d0109dd5", kill_on_drop: false }`
[INFO] running `Command { std: "docker" "rm" "-f" "fade7b063cb9f875733b9435773a4c19ea244141ce398830a7282da3d0109dd5", kill_on_drop: false }`
[INFO] [stdout] fade7b063cb9f875733b9435773a4c19ea244141ce398830a7282da3d0109dd5
[INFO] running `Command { std: "docker" "create" "-v" "/var/lib/crater-agent-workspace/builds/worker-2-tc1/target:/opt/rustwide/target:rw,Z" "-v" "/var/lib/crater-agent-workspace/builds/worker-2-tc1/source:/opt/rustwide/workdir:ro,Z" "-v" "/var/lib/crater-agent-workspace/cargo-home:/opt/rustwide/cargo-home:ro,Z" "-v" "/var/lib/crater-agent-workspace/rustup-home:/opt/rustwide/rustup-home:ro,Z" "-e" "SOURCE_DIR=/opt/rustwide/workdir" "-e" "CARGO_TARGET_DIR=/opt/rustwide/target" "-e" "CARGO_INCREMENTAL=0" "-e" "RUST_BACKTRACE=full" "-e" "RUSTFLAGS=--cap-lints=warn" "-e" "RUSTDOCFLAGS=--cap-lints=warn" "-e" "CARGO_HOME=/opt/rustwide/cargo-home" "-e" "RUSTUP_HOME=/opt/rustwide/rustup-home" "-w" "/opt/rustwide/workdir" "-m" "1610612736" "--user" "0:0" "--network" "none" "ghcr.io/rust-lang/crates-build-env/linux@sha256:f3a9d4ad9d972b27faf3965f35b62e55ba32bbce8f20bc8fe909558a86702fde" "/opt/rustwide/cargo-home/bin/cargo" "+1.83.0" "test" "--frozen", kill_on_drop: false }`
[INFO] [stdout] 987719c3f1e0d12da5091d5c341f9fad7e02edac522ebc220983a89b618e3774
[INFO] running `Command { std: "docker" "start" "-a" "987719c3f1e0d12da5091d5c341f9fad7e02edac522ebc220983a89b618e3774", kill_on_drop: false }`
[INFO] [stderr] warning: unused variable: `state_value`
[INFO] [stderr]    --> src/sawtooth/filters.rs:128:13
[INFO] [stderr]     |
[INFO] [stderr] 128 |         let state_value = warp::test::request()
[INFO] [stderr]     |             ^^^^^^^^^^^ help: if this is intentional, prefix it with an underscore: `_state_value`
[INFO] [stderr]     |
[INFO] [stderr]     = note: `#[warn(unused_variables)]` on by default
[INFO] [stderr] 
[INFO] [stderr] warning: unused variable: `expected`
[INFO] [stderr]    --> src/sawtooth/filters.rs:133:13
[INFO] [stderr]     |
[INFO] [stderr] 133 |         let expected = [svc.config.backend_url.as_str(), query.as_str()].concat();
[INFO] [stderr]     |             ^^^^^^^^ help: if this is intentional, prefix it with an underscore: `_expected`
[INFO] [stderr] 
[INFO] [stderr] warning: unused variable: `batch_statuses_value`
[INFO] [stderr]    --> src/sawtooth/filters.rs:150:13
[INFO] [stderr]     |
[INFO] [stderr] 150 |         let batch_statuses_value = warp::test::request()
[INFO] [stderr]     |             ^^^^^^^^^^^^^^^^^^^^ help: if this is intentional, prefix it with an underscore: `_batch_statuses_value`
[INFO] [stderr] 
[INFO] [stderr] warning: unused variable: `expected`
[INFO] [stderr]    --> src/sawtooth/filters.rs:155:13
[INFO] [stderr]     |
[INFO] [stderr] 155 |         let expected = [svc.config.backend_url.as_str(), query.as_str()].concat();
[INFO] [stderr]     |             ^^^^^^^^ help: if this is intentional, prefix it with an underscore: `_expected`
[INFO] [stderr] 
[INFO] [stderr] warning: unused variable: `state_value`
[INFO] [stderr]    --> src/sawtooth/filters.rs:172:13
[INFO] [stderr]     |
[INFO] [stderr] 172 |         let state_value = warp::test::request()
[INFO] [stderr]     |             ^^^^^^^^^^^ help: if this is intentional, prefix it with an underscore: `_state_value`
[INFO] [stderr] 
[INFO] [stderr] warning: unused variable: `expected`
[INFO] [stderr]    --> src/sawtooth/filters.rs:178:13
[INFO] [stderr]     |
[INFO] [stderr] 178 |         let expected = [svc.config.backend_url.as_str(), query.as_str()].concat();
[INFO] [stderr]     |             ^^^^^^^^ help: if this is intentional, prefix it with an underscore: `_expected`
[INFO] [stderr] 
[INFO] [stderr] warning: fields `root_fingerprint` and `inter_fingerprint` are never read
[INFO] [stderr]   --> src/certs.rs:15:9
[INFO] [stderr]    |
[INFO] [stderr] 7  | pub struct CertStore {
[INFO] [stderr]    |            --------- fields in this struct
[INFO] [stderr] ...
[INFO] [stderr] 15 |     pub root_fingerprint: Option<Vec<u8>>, // will be set at application startup
[INFO] [stderr]    |         ^^^^^^^^^^^^^^^^
[INFO] [stderr] 16 |     /// fingerprint of intermediate certificate
[INFO] [stderr] 17 |     pub inter_fingerprint: Option<Vec<u8>>, // will be set at application startup
[INFO] [stderr]    |         ^^^^^^^^^^^^^^^^^
[INFO] [stderr]    |
[INFO] [stderr]    = note: `CertStore` has derived impls for the traits `Clone` and `Debug`, but these are intentionally ignored during dead code analysis
[INFO] [stderr]    = note: `#[warn(dead_code)]` on by default
[INFO] [stderr] 
[INFO] [stderr] warning: field `allow_origin` is never read
[INFO] [stderr]   --> src/config.rs:10:9
[INFO] [stderr]    |
[INFO] [stderr] 4  | pub struct Config {
[INFO] [stderr]    |            ------ field in this struct
[INFO] [stderr] ...
[INFO] [stderr] 10 |     pub allow_origin: Option<String>,
[INFO] [stderr]    |         ^^^^^^^^^^^^
[INFO] [stderr]    |
[INFO] [stderr]    = note: `Config` has derived impls for the traits `Debug` and `Clone`, but these are intentionally ignored during dead code analysis
[INFO] [stderr] 
[INFO] [stderr] warning: field `signing_cert` is never read
[INFO] [stderr]   --> src/http_signer.rs:76:5
[INFO] [stderr]    |
[INFO] [stderr] 70 | pub struct HttpSigner {
[INFO] [stderr]    |            ---------- field in this struct
[INFO] [stderr] ...
[INFO] [stderr] 76 |     signing_cert: Arc<Vec<u8>>,
[INFO] [stderr]    |     ^^^^^^^^^^^^
[INFO] [stderr]    |
[INFO] [stderr]    = note: `HttpSigner` has derived impls for the traits `Clone` and `Debug`, but these are intentionally ignored during dead code analysis
[INFO] [stderr] 
[INFO] [stderr] warning: constant `EXPECTED_STATE` is never used
[INFO] [stderr]    --> src/response.rs:177:11
[INFO] [stderr]     |
[INFO] [stderr] 177 |     const EXPECTED_STATE: &str = "\nd\n\u{1e}sawtooth.identity.allowed_keys\u{12}B0330511061884952157134400c75f8385a516649c5ea504e9c9bb46...
[INFO] [stderr]     |           ^^^^^^^^^^^^^^
[INFO] [stderr] 
[INFO] [stderr] warning: constant `UPSTREAM_DATA_SIMPLE` is never used
[INFO] [stderr]    --> src/response.rs:179:11
[INFO] [stderr]     |
[INFO] [stderr] 179 |     const UPSTREAM_DATA_SIMPLE: &str = r##"{
[INFO] [stderr]     |           ^^^^^^^^^^^^^^^^^^^^
[INFO] [stderr] 
[INFO] [stderr] warning: static `CVR_KEY` is never used
[INFO] [stderr]    --> src/sawtooth/filters.rs:113:12
[INFO] [stderr]     |
[INFO] [stderr] 113 |     static CVR_KEY: &str = "xpub6A8xBrTys98jLevnXUgN2YfjuzX36E5pfjQQT8PfZtJ7JY2noYDXVYQyqtJhUJJS9ezC6uaUZ5iWAJMBddKBHouKa7omUW6BdV4R9g6qL...
[INFO] [stderr]     |            ^^^^^^^
[INFO] [stderr] 
[INFO] [stderr] warning: field `agent` is never read
[INFO] [stderr]   --> src/service.rs:10:9
[INFO] [stderr]    |
[INFO] [stderr] 8  | pub struct Service {
[INFO] [stderr]    |            ------- field in this struct
[INFO] [stderr] 9  |     pub config: Arc<Config>,
[INFO] [stderr] 10 |     pub agent: Agent,
[INFO] [stderr]    |         ^^^^^
[INFO] [stderr]    |
[INFO] [stderr]    = note: `Service` has derived impls for the traits `Clone` and `Debug`, but these are intentionally ignored during dead code analysis
[INFO] [stderr] 
[INFO] [stderr] warning: `rest-api` (bin "rest-api" test) generated 13 warnings
[INFO] [stderr]     Finished `test` profile [unoptimized + debuginfo] target(s) in 0.24s
[INFO] [stderr] warning: the following packages contain code that will be rejected by a future version of Rust: buf_redux v0.8.4, multipart v0.18.0
[INFO] [stderr] note: to see what the problems were, use the option `--future-incompat-report`, or run `cargo report future-incompatibilities --id 1`
[INFO] [stderr]      Running unittests src/main.rs (/opt/rustwide/target/debug/deps/rest_api-a65800a503078006)
[INFO] [stdout] 
[INFO] [stdout] running 30 tests
[INFO] [stdout] test certs::tests::test_cert_store_load_store ... ok
[INFO] [stdout] test certs::tests::test_cert_store_date_validation ... ok
[INFO] [stdout] test certs::tests::test_cert_store_creation ... ok
[INFO] [stdout] test certs::tests::test_cert_store_get ... ok
[INFO] [stdout] test certs::tests::test_fingerprint ... ok
[INFO] [stdout] test http_signer::tests::test_verify_request ... ignored
[INFO] [stdout] test certs::tests::test_cert_store_get_all ... ok
[INFO] [stdout] test http_signer::tests::get_signing_key_pair ... ok
[INFO] [stdout] test ledger_addresses::tests::test_bs_prefix ... ok
[INFO] [stdout] test http_signer::tests::gen_pub_key ... ok
[INFO] [stdout] test ledger_addresses::tests::test_election ... ok
[INFO] [stdout] test http_signer::tests::get_signing_cert_chain ... ok
[INFO] [stdout] test ledger_addresses::tests::test_ballot_style ... ok
[INFO] [stdout] test ledger_addresses::tests::test_family ... ok
[INFO] [stdout] test ledger_addresses::tests::test_namespace ... ok
[INFO] [stdout] test http_signer::tests::test_parse_auth_header ... ok
[INFO] [stdout] test ledger_addresses::tests::test_election_prefix ... ok
[INFO] [stdout] test sawtooth::filters::tests::test_get_batch_statuses ... ok
[INFO] [stdout] test response::tests::response_decode_series_jwt ... ok
[INFO] [stdout] test response::tests::response_decode_series_simple ... ok
[INFO] [stdout] test sawtooth::filters::tests::test_get_index ... ok
[INFO] [stdout] test ledger_addresses::tests::test_hdap ... ok
[INFO] [stdout] test votingapp::filters::tests::test_hdap ... ok
[INFO] [stdout] test ledger_addresses::tests::test_to_string ... ok
[INFO] [stdout] test parse::tests::test_parse_header ... ok
[INFO] [stdout] test sawtooth::filters::tests::test_get_state ... ok
[INFO] [stdout] test ledger_addresses::tests::test_type_from_path_str ... ok
[INFO] [stdout] test http_signer::tests::test_sign_response ... ok
[INFO] [stdout] test http_signer::tests::test_sign_example ... ok
[INFO] [stdout] test http_signer::tests::test_http_signer_verify_sig ... FAILED
[INFO] [stdout] 
[INFO] [stdout] failures:
[INFO] [stdout] 
[INFO] [stdout] ---- http_signer::tests::test_http_signer_verify_sig stdout ----
[INFO] [stdout] thread 'http_signer::tests::test_http_signer_verify_sig' panicked at src/http_signer.rs:261:63:
[INFO] [stdout] env var not found: NotPresent
[INFO] [stdout] stack backtrace:
[INFO] [stdout]    0:     0x56000200d9ea - std::backtrace_rs::backtrace::libunwind::trace::h5a5b8284f2d0c266
[INFO] [stdout]                                at /rustc/90b35a6239c3d8bdabc530a6a0816f7ff89a0aaf/library/std/src/../../backtrace/src/backtrace/libunwind.rs:116:5
[INFO] [stdout]    1:     0x56000200d9ea - std::backtrace_rs::backtrace::trace_unsynchronized::h76d4f1c9b0b875e3
[INFO] [stdout]                                at /rustc/90b35a6239c3d8bdabc530a6a0816f7ff89a0aaf/library/std/src/../../backtrace/src/backtrace/mod.rs:66:5
[INFO] [stdout]    2:     0x56000200d9ea - std::sys::backtrace::_print_fmt::hc4546b8364a537c6
[INFO] [stdout]                                at /rustc/90b35a6239c3d8bdabc530a6a0816f7ff89a0aaf/library/std/src/sys/backtrace.rs:66:9
[INFO] [stdout]    3:     0x56000200d9ea - <std::sys::backtrace::BacktraceLock::print::DisplayBacktrace as core::fmt::Display>::fmt::h5b6bd5631a6d1f6b
[INFO] [stdout]                                at /rustc/90b35a6239c3d8bdabc530a6a0816f7ff89a0aaf/library/std/src/sys/backtrace.rs:39:26
[INFO] [stdout]    4:     0x560002036803 - core::fmt::rt::Argument::fmt::h270f6602a2b96f62
[INFO] [stdout]                                at /rustc/90b35a6239c3d8bdabc530a6a0816f7ff89a0aaf/library/core/src/fmt/rt.rs:177:76
[INFO] [stdout]    5:     0x560002036803 - core::fmt::write::h7550c97b06c86515
[INFO] [stdout]                                at /rustc/90b35a6239c3d8bdabc530a6a0816f7ff89a0aaf/library/core/src/fmt/mod.rs:1186:21
[INFO] [stdout]    6:     0x56000200a223 - std::io::Write::write_fmt::h509ff860e5956e5e
[INFO] [stdout]                                at /rustc/90b35a6239c3d8bdabc530a6a0816f7ff89a0aaf/library/std/src/io/mod.rs:1839:15
[INFO] [stdout]    7:     0x56000200d832 - std::sys::backtrace::BacktraceLock::print::h2395ccd2c84ba3aa
[INFO] [stdout]                                at /rustc/90b35a6239c3d8bdabc530a6a0816f7ff89a0aaf/library/std/src/sys/backtrace.rs:42:9
[INFO] [stdout]    8:     0x56000200ee4a - std::panicking::default_hook::{{closure}}::he19d4c7230e07961
[INFO] [stdout]                                at /rustc/90b35a6239c3d8bdabc530a6a0816f7ff89a0aaf/library/std/src/panicking.rs:268:22
[INFO] [stdout]    9:     0x56000200ec54 - std::panicking::default_hook::hf614597d3c67bbdb
[INFO] [stdout]                                at /rustc/90b35a6239c3d8bdabc530a6a0816f7ff89a0aaf/library/std/src/panicking.rs:292:9
[INFO] [stdout]   10:     0x560001be66b9 - <alloc::boxed::Box<F,A> as core::ops::function::Fn<Args>>::call::h39b51ce4599c23d1
[INFO] [stdout]                                at /rustc/90b35a6239c3d8bdabc530a6a0816f7ff89a0aaf/library/alloc/src/boxed.rs:2468:9
[INFO] [stdout]   11:     0x560001be66b9 - test::test_main::{{closure}}::he977ae839a582784
[INFO] [stdout]                                at /rustc/90b35a6239c3d8bdabc530a6a0816f7ff89a0aaf/library/test/src/lib.rs:133:21
[INFO] [stdout]   12:     0x56000200f4e8 - <alloc::boxed::Box<F,A> as core::ops::function::Fn<Args>>::call::h9455091b6b06f9fb
[INFO] [stdout]                                at /rustc/90b35a6239c3d8bdabc530a6a0816f7ff89a0aaf/library/alloc/src/boxed.rs:2468:9
[INFO] [stdout]   13:     0x56000200f4e8 - std::panicking::rust_panic_with_hook::h8942133a8b252070
[INFO] [stdout]                                at /rustc/90b35a6239c3d8bdabc530a6a0816f7ff89a0aaf/library/std/src/panicking.rs:809:13
[INFO] [stdout]   14:     0x56000200f2aa - std::panicking::begin_panic_handler::{{closure}}::hb5f5963570096b29
[INFO] [stdout]                                at /rustc/90b35a6239c3d8bdabc530a6a0816f7ff89a0aaf/library/std/src/panicking.rs:674:13
[INFO] [stdout]   15:     0x56000200dec9 - std::sys::backtrace::__rust_end_short_backtrace::h6208cedc1922feda
[INFO] [stdout]                                at /rustc/90b35a6239c3d8bdabc530a6a0816f7ff89a0aaf/library/std/src/sys/backtrace.rs:170:18
[INFO] [stdout]   16:     0x56000200ef3c - rust_begin_unwind
[INFO] [stdout]                                at /rustc/90b35a6239c3d8bdabc530a6a0816f7ff89a0aaf/library/std/src/panicking.rs:665:5
[INFO] [stdout]   17:     0x560001aecd80 - core::panicking::panic_fmt::h0c3082644d1bf418
[INFO] [stdout]                                at /rustc/90b35a6239c3d8bdabc530a6a0816f7ff89a0aaf/library/core/src/panicking.rs:74:14
[INFO] [stdout]   18:     0x560001aed206 - core::result::unwrap_failed::hd20b4aa073bda1e2
[INFO] [stdout]                                at /rustc/90b35a6239c3d8bdabc530a6a0816f7ff89a0aaf/library/core/src/result.rs:1700:5
[INFO] [stdout]   19:     0x560001b00876 - core::result::Result<T,E>::expect::h3c0556f243245122
[INFO] [stdout]                                at /rustc/90b35a6239c3d8bdabc530a6a0816f7ff89a0aaf/library/core/src/result.rs:1061:23
[INFO] [stdout]   20:     0x560001b3510c - rest_api::http_signer::HttpSigner::get_signing_cert_chain::h92565ffc458b7f8b
[INFO] [stdout]                                at /opt/rustwide/workdir/src/http_signer.rs:261:25
[INFO] [stdout]   21:     0x560001b31b48 - rest_api::http_signer::HttpSigner::new::h6af897a566a17a54
[INFO] [stdout]                                at /opt/rustwide/workdir/src/http_signer.rs:98:40
[INFO] [stdout]   22:     0x560001b3a714 - rest_api::http_signer::tests::test_http_signer_verify_sig::h926d4d95648304ed
[INFO] [stdout]                                at /opt/rustwide/workdir/src/http_signer.rs:446:27
[INFO] [stdout]   23:     0x560001b3a6e7 - rest_api::http_signer::tests::test_http_signer_verify_sig::{{closure}}::h9d20067dd44b7b0d
[INFO] [stdout]                                at /opt/rustwide/workdir/src/http_signer.rs:444:41
[INFO] [stdout]   24:     0x560001b3d966 - core::ops::function::FnOnce::call_once::h82cdba4ff4d4f168
[INFO] [stdout]                                at /rustc/90b35a6239c3d8bdabc530a6a0816f7ff89a0aaf/library/core/src/ops/function.rs:250:5
[INFO] [stdout]   25:     0x560001beb07b - core::ops::function::FnOnce::call_once::h109cf8051a59b34e
[INFO] [stdout]                                at /rustc/90b35a6239c3d8bdabc530a6a0816f7ff89a0aaf/library/core/src/ops/function.rs:250:5
[INFO] [stdout]   26:     0x560001beb07b - test::__rust_begin_short_backtrace::hf4fff89d377446ba
[INFO] [stdout]                                at /rustc/90b35a6239c3d8bdabc530a6a0816f7ff89a0aaf/library/test/src/lib.rs:621:18
[INFO] [stdout]   27:     0x560001bea8b7 - test::run_test_in_process::{{closure}}::h0e39181dd7ee5a43
[INFO] [stdout]                                at /rustc/90b35a6239c3d8bdabc530a6a0816f7ff89a0aaf/library/test/src/lib.rs:644:60
[INFO] [stdout]   28:     0x560001bea8b7 - <core::panic::unwind_safe::AssertUnwindSafe<F> as core::ops::function::FnOnce<()>>::call_once::hc5a66a30f0bdfd1f
[INFO] [stdout]                                at /rustc/90b35a6239c3d8bdabc530a6a0816f7ff89a0aaf/library/core/src/panic/unwind_safe.rs:272:9
[INFO] [stdout]   29:     0x560001bea8b7 - std::panicking::try::do_call::h873b7cf639554a5e
[INFO] [stdout]                                at /rustc/90b35a6239c3d8bdabc530a6a0816f7ff89a0aaf/library/std/src/panicking.rs:557:40
[INFO] [stdout]   30:     0x560001bea8b7 - std::panicking::try::hdb19862fad9c8bd1
[INFO] [stdout]                                at /rustc/90b35a6239c3d8bdabc530a6a0816f7ff89a0aaf/library/std/src/panicking.rs:520:19
[INFO] [stdout]   31:     0x560001bea8b7 - std::panic::catch_unwind::h281fe732d236d260
[INFO] [stdout]                                at /rustc/90b35a6239c3d8bdabc530a6a0816f7ff89a0aaf/library/std/src/panic.rs:358:14
[INFO] [stdout]   32:     0x560001bea8b7 - test::run_test_in_process::h949b6df8457ed338
[INFO] [stdout]                                at /rustc/90b35a6239c3d8bdabc530a6a0816f7ff89a0aaf/library/test/src/lib.rs:644:27
[INFO] [stdout]   33:     0x560001bea8b7 - test::run_test::{{closure}}::h52c556a6d4740e10
[INFO] [stdout]                                at /rustc/90b35a6239c3d8bdabc530a6a0816f7ff89a0aaf/library/test/src/lib.rs:565:43
[INFO] [stdout]   34:     0x560001bafb94 - test::run_test::{{closure}}::h4237f6381c45ccb9
[INFO] [stdout]                                at /rustc/90b35a6239c3d8bdabc530a6a0816f7ff89a0aaf/library/test/src/lib.rs:595:41
[INFO] [stdout]   35:     0x560001bafb94 - std::sys::backtrace::__rust_begin_short_backtrace::h505c97a579eca628
[INFO] [stdout]                                at /rustc/90b35a6239c3d8bdabc530a6a0816f7ff89a0aaf/library/std/src/sys/backtrace.rs:154:18
[INFO] [stdout]   36:     0x560001bb325e - std::thread::Builder::spawn_unchecked_::{{closure}}::{{closure}}::h9e86b2e2bc107ea3
[INFO] [stdout]                                at /rustc/90b35a6239c3d8bdabc530a6a0816f7ff89a0aaf/library/std/src/thread/mod.rs:538:17
[INFO] [stdout]   37:     0x560001bb325e - <core::panic::unwind_safe::AssertUnwindSafe<F> as core::ops::function::FnOnce<()>>::call_once::h8b06ddb275ff4a25
[INFO] [stdout]                                at /rustc/90b35a6239c3d8bdabc530a6a0816f7ff89a0aaf/library/core/src/panic/unwind_safe.rs:272:9
[INFO] [stdout]   38:     0x560001bb325e - std::panicking::try::do_call::hb26ecd7cd9a9355d
[INFO] [stdout]                                at /rustc/90b35a6239c3d8bdabc530a6a0816f7ff89a0aaf/library/std/src/panicking.rs:557:40
[INFO] [stdout]   39:     0x560001bb325e - std::panicking::try::h8ddeca9d705f9069
[INFO] [stdout]                                at /rustc/90b35a6239c3d8bdabc530a6a0816f7ff89a0aaf/library/std/src/panicking.rs:520:19
[INFO] [stdout]   40:     0x560001bb325e - std::panic::catch_unwind::h49e1c33078844c46
[INFO] [stdout]                                at /rustc/90b35a6239c3d8bdabc530a6a0816f7ff89a0aaf/library/std/src/panic.rs:358:14
[INFO] [stdout]   41:     0x560001bb325e - std::thread::Builder::spawn_unchecked_::{{closure}}::h6073db6ff56ad35d
[INFO] [stdout]                                at /rustc/90b35a6239c3d8bdabc530a6a0816f7ff89a0aaf/library/std/src/thread/mod.rs:537:30
[INFO] [stdout]   42:     0x560001bb325e - core::ops::function::FnOnce::call_once{{vtable.shim}}::h2c5a5f3779c774f1
[INFO] [stdout]                                at /rustc/90b35a6239c3d8bdabc530a6a0816f7ff89a0aaf/library/core/src/ops/function.rs:250:5
[INFO] [stdout]   43:     0x5600020137ab - <alloc::boxed::Box<F,A> as core::ops::function::FnOnce<Args>>::call_once::hf75717d9f28faebf
[INFO] [stdout]                                at /rustc/90b35a6239c3d8bdabc530a6a0816f7ff89a0aaf/library/alloc/src/boxed.rs:2454:9
[INFO] [stdout]   44:     0x5600020137ab - <alloc::boxed::Box<F,A> as core::ops::function::FnOnce<Args>>::call_once::h7bd883a5f3c5f3c1
[INFO] [stdout]                                at /rustc/90b35a6239c3d8bdabc530a6a0816f7ff89a0aaf/library/alloc/src/boxed.rs:2454:9
[INFO] [stdout]   45:     0x5600020137ab - std::sys::pal::unix::thread::Thread::new::thread_start::hcc78f3943333fa94
[INFO] [stdout]                                at /rustc/90b35a6239c3d8bdabc530a6a0816f7ff89a0aaf/library/std/src/sys/pal/unix/thread.rs:105:17
[INFO] [stdout]   46:     0x74249ce91ac3 - <unknown>
[INFO] [stdout]   47:     0x74249cf22a04 - clone
[INFO] [stdout]   48:                0x0 - <unknown>
[INFO] [stdout] 
[INFO] [stdout] 
[INFO] [stdout] failures:
[INFO] [stdout]     http_signer::tests::test_http_signer_verify_sig
[INFO] [stdout] 
[INFO] [stdout] test result: FAILED. 28 passed; 1 failed; 1 ignored; 0 measured; 0 filtered out; finished in 0.10s
[INFO] [stdout] 
[INFO] [stderr] error: test failed, to rerun pass `--bin rest-api`
[INFO] running `Command { std: "docker" "inspect" "987719c3f1e0d12da5091d5c341f9fad7e02edac522ebc220983a89b618e3774", kill_on_drop: false }`
[INFO] running `Command { std: "docker" "rm" "-f" "987719c3f1e0d12da5091d5c341f9fad7e02edac522ebc220983a89b618e3774", kill_on_drop: false }`
[INFO] [stdout] 987719c3f1e0d12da5091d5c341f9fad7e02edac522ebc220983a89b618e3774
