[INFO] cloning repository https://github.com/sampersand/quest2
[INFO] running `Command { std: "git" "-c" "credential.helper=" "-c" "credential.helper=/workspace/cargo-home/bin/git-credential-null" "clone" "--bare" "https://github.com/sampersand/quest2" "/workspace/cache/git-repos/https%3A%2F%2Fgithub.com%2Fsampersand%2Fquest2", kill_on_drop: false }`
[INFO] [stderr] Cloning into bare repository '/workspace/cache/git-repos/https%3A%2F%2Fgithub.com%2Fsampersand%2Fquest2'...
[INFO] running `Command { std: "git" "rev-parse" "HEAD", kill_on_drop: false }`
[INFO] [stdout] 98708531875b480a83503e0dac1e4995a7669fc7
[INFO] testing sampersand/quest2 against 1.83.0 for beta-1.84.0-4-retry
[INFO] running `Command { std: "git" "clone" "/workspace/cache/git-repos/https%3A%2F%2Fgithub.com%2Fsampersand%2Fquest2" "/workspace/builds/worker-3-tc1/source", kill_on_drop: false }`
[INFO] [stderr] Cloning into '/workspace/builds/worker-3-tc1/source'...
[INFO] [stderr] done.
[INFO] validating manifest of git repo https://github.com/sampersand/quest2 on toolchain 1.83.0
[INFO] running `Command { std: CARGO_HOME="/workspace/cargo-home" RUSTUP_HOME="/workspace/rustup-home" "/workspace/cargo-home/bin/cargo" "+1.83.0" "metadata" "--manifest-path" "Cargo.toml" "--no-deps", kill_on_drop: false }`
[INFO] started tweaking git repo https://github.com/sampersand/quest2
[INFO] finished tweaking git repo https://github.com/sampersand/quest2
[INFO] tweaked toml for git repo https://github.com/sampersand/quest2 written to /workspace/builds/worker-3-tc1/source/Cargo.toml
[INFO] crate git repo https://github.com/sampersand/quest2 already has a lockfile, it will not be regenerated
[INFO] running `Command { std: CARGO_HOME="/workspace/cargo-home" RUSTUP_HOME="/workspace/rustup-home" "/workspace/cargo-home/bin/cargo" "+1.83.0" "fetch" "--manifest-path" "Cargo.toml", kill_on_drop: false }`
[INFO] [stderr] warning: virtual workspace defaulting to `resolver = "1"` despite one or more workspace members being on edition 2021 which implies `resolver = "2"`
[INFO] [stderr] note: to keep the current resolver, specify `workspace.resolver = "1"` in the workspace root's manifest
[INFO] [stderr] note: to use the edition 2021 resolver, specify `workspace.resolver = "2"` in the workspace root's manifest
[INFO] [stderr] note: for more details see https://doc.rust-lang.org/cargo/reference/resolver.html#resolver-versions
[INFO] running `Command { std: "docker" "create" "-v" "/var/lib/crater-agent-workspace/builds/worker-3-tc1/target:/opt/rustwide/target:rw,Z" "-v" "/var/lib/crater-agent-workspace/builds/worker-3-tc1/source:/opt/rustwide/workdir:ro,Z" "-v" "/var/lib/crater-agent-workspace/cargo-home:/opt/rustwide/cargo-home:ro,Z" "-v" "/var/lib/crater-agent-workspace/rustup-home:/opt/rustwide/rustup-home:ro,Z" "-e" "SOURCE_DIR=/opt/rustwide/workdir" "-e" "CARGO_TARGET_DIR=/opt/rustwide/target" "-e" "CARGO_HOME=/opt/rustwide/cargo-home" "-e" "RUSTUP_HOME=/opt/rustwide/rustup-home" "-w" "/opt/rustwide/workdir" "-m" "1610612736" "--user" "0:0" "--network" "none" "ghcr.io/rust-lang/crates-build-env/linux@sha256:f3a9d4ad9d972b27faf3965f35b62e55ba32bbce8f20bc8fe909558a86702fde" "/opt/rustwide/cargo-home/bin/cargo" "+1.83.0" "metadata" "--no-deps" "--format-version=1", kill_on_drop: false }`
[INFO] [stdout] 45669f364400e1a4ec71818db18134e6c67803eebec29383459840b2dee644c2
[INFO] running `Command { std: "docker" "start" "-a" "45669f364400e1a4ec71818db18134e6c67803eebec29383459840b2dee644c2", kill_on_drop: false }`
[INFO] running `Command { std: "docker" "inspect" "45669f364400e1a4ec71818db18134e6c67803eebec29383459840b2dee644c2", kill_on_drop: false }`
[INFO] running `Command { std: "docker" "rm" "-f" "45669f364400e1a4ec71818db18134e6c67803eebec29383459840b2dee644c2", kill_on_drop: false }`
[INFO] [stdout] 45669f364400e1a4ec71818db18134e6c67803eebec29383459840b2dee644c2
[INFO] running `Command { std: "docker" "create" "-v" "/var/lib/crater-agent-workspace/builds/worker-3-tc1/target:/opt/rustwide/target:rw,Z" "-v" "/var/lib/crater-agent-workspace/builds/worker-3-tc1/source:/opt/rustwide/workdir:ro,Z" "-v" "/var/lib/crater-agent-workspace/cargo-home:/opt/rustwide/cargo-home:ro,Z" "-v" "/var/lib/crater-agent-workspace/rustup-home:/opt/rustwide/rustup-home:ro,Z" "-e" "SOURCE_DIR=/opt/rustwide/workdir" "-e" "CARGO_TARGET_DIR=/opt/rustwide/target" "-e" "CARGO_INCREMENTAL=0" "-e" "RUST_BACKTRACE=full" "-e" "RUSTFLAGS=--cap-lints=warn" "-e" "RUSTDOCFLAGS=--cap-lints=warn" "-e" "CARGO_HOME=/opt/rustwide/cargo-home" "-e" "RUSTUP_HOME=/opt/rustwide/rustup-home" "-w" "/opt/rustwide/workdir" "-m" "1610612736" "--user" "0:0" "--network" "none" "ghcr.io/rust-lang/crates-build-env/linux@sha256:f3a9d4ad9d972b27faf3965f35b62e55ba32bbce8f20bc8fe909558a86702fde" "/opt/rustwide/cargo-home/bin/cargo" "+1.83.0" "build" "--frozen" "--message-format=json", kill_on_drop: false }`
[INFO] [stdout] b519b31ed025c35e7ac69db79f4530594c17a5cdcd978f85a6a22f7e424c892c
[INFO] running `Command { std: "docker" "start" "-a" "b519b31ed025c35e7ac69db79f4530594c17a5cdcd978f85a6a22f7e424c892c", kill_on_drop: false }`
[INFO] [stderr] warning: virtual workspace defaulting to `resolver = "1"` despite one or more workspace members being on edition 2021 which implies `resolver = "2"`
[INFO] [stderr] note: to keep the current resolver, specify `workspace.resolver = "1"` in the workspace root's manifest
[INFO] [stderr] note: to use the edition 2021 resolver, specify `workspace.resolver = "2"` in the workspace root's manifest
[INFO] [stderr] note: for more details see https://doc.rust-lang.org/cargo/reference/resolver.html#resolver-versions
[INFO] [stderr]    Compiling cfg-if v1.0.0
[INFO] [stderr]    Compiling autocfg v1.1.0
[INFO] [stderr]    Compiling libc v0.2.119
[INFO] [stderr]    Compiling proc-macro2 v1.0.36
[INFO] [stderr]    Compiling unicode-xid v0.2.2
[INFO] [stderr]    Compiling version_check v0.9.4
[INFO] [stderr]    Compiling memchr v2.5.0
[INFO] [stderr]    Compiling lazy_static v1.4.0
[INFO] [stderr]    Compiling log v0.4.17
[INFO] [stderr]    Compiling once_cell v1.9.0
[INFO] [stderr]    Compiling syn v1.0.86
[INFO] [stderr]    Compiling parking_lot_core v0.9.3
[INFO] [stderr]    Compiling smallvec v1.8.0
[INFO] [stderr]    Compiling regex-syntax v0.6.25
[INFO] [stderr]    Compiling scopeguard v1.1.0
[INFO] [stderr]    Compiling ppv-lite86 v0.2.16
[INFO] [stderr]    Compiling tracing-core v0.1.26
[INFO] [stderr]    Compiling sharded-slab v0.1.4
[INFO] [stderr]    Compiling termcolor v1.1.3
[INFO] [stderr]    Compiling pin-project-lite v0.2.9
[INFO] [stderr]    Compiling humantime v2.1.0
[INFO] [stderr]    Compiling ansi_term v0.12.1
[INFO] [stderr]    Compiling radix_fmt v1.0.0
[INFO] [stderr]    Compiling thread_local v1.1.4
[INFO] [stderr]    Compiling static_assertions v1.1.0
[INFO] [stderr]    Compiling ahash v0.7.6
[INFO] [stderr]    Compiling num-traits v0.2.15
[INFO] [stderr]    Compiling num-integer v0.1.45
[INFO] [stderr]    Compiling lock_api v0.4.7
[INFO] [stderr]    Compiling num-bigint v0.4.3
[INFO] [stderr]    Compiling tracing-log v0.1.3
[INFO] [stderr]    Compiling quote v1.0.15
[INFO] [stderr]    Compiling aho-corasick v0.7.18
[INFO] [stderr]    Compiling getrandom v0.2.5
[INFO] [stderr]    Compiling atty v0.2.14
[INFO] [stderr]    Compiling tracing-subscriber v0.3.11
[INFO] [stderr]    Compiling rand_core v0.6.3
[INFO] [stderr]    Compiling rand_chacha v0.3.1
[INFO] [stderr]    Compiling hashbrown v0.12.0
[INFO] [stderr]    Compiling regex v1.5.5
[INFO] [stderr]    Compiling rand v0.8.5
[INFO] [stderr]    Compiling dashmap v5.3.4
[INFO] [stderr]    Compiling env_logger v0.9.0
[INFO] [stderr]    Compiling tracing-attributes v0.1.21
[INFO] [stderr]    Compiling qvm-macros v0.1.0 (/opt/rustwide/workdir/macros)
[INFO] [stderr]    Compiling tracing v0.1.34
[INFO] [stderr]    Compiling quest v0.2.0 (/opt/rustwide/workdir/quest)
[INFO] [stdout] warning: variable does not need to be mutable
[INFO] [stdout]   --> quest/src/value/ty/list/internal_builder.rs:43:7
[INFO] [stdout]    |
[INFO] [stdout] 43 |         let mut alloc = &mut self.inner_mut().alloc;
[INFO] [stdout]    |             ----^^^^^
[INFO] [stdout]    |             |
[INFO] [stdout]    |             help: remove this `mut`
[INFO] [stdout]    |
[INFO] [stdout]    = note: `#[warn(unused_mut)]` on by default
[INFO] [stdout] 
[INFO] [stdout] 
[INFO] [stdout] warning: variable does not need to be mutable
[INFO] [stdout]    --> quest/src/value/ty/list.rs:128:8
[INFO] [stdout]     |
[INFO] [stdout] 128 |             let mut alloc = &mut builder.inner_mut().alloc;
[INFO] [stdout]     |                 ----^^^^^
[INFO] [stdout]     |                 |
[INFO] [stdout]     |                 help: remove this `mut`
[INFO] [stdout] 
[INFO] [stdout] 
[INFO] [stdout] warning: variable does not need to be mutable
[INFO] [stdout]    --> quest/src/value/ty/list.rs:276:7
[INFO] [stdout]     |
[INFO] [stdout] 276 |         let mut alloc = &mut self.inner_mut().alloc;
[INFO] [stdout]     |             ----^^^^^
[INFO] [stdout]     |             |
[INFO] [stdout]     |             help: remove this `mut`
[INFO] [stdout] 
[INFO] [stdout] 
[INFO] [stdout] warning: variable does not need to be mutable
[INFO] [stdout]    --> quest/src/value/ty/list.rs:345:8
[INFO] [stdout]     |
[INFO] [stdout] 345 |             let mut alloc = &mut self.inner_mut().alloc;
[INFO] [stdout]     |                 ----^^^^^
[INFO] [stdout]     |                 |
[INFO] [stdout]     |                 help: remove this `mut`
[INFO] [stdout] 
[INFO] [stdout] 
[INFO] [stdout] warning: variable does not need to be mutable
[INFO] [stdout]   --> quest/src/value/ty/text/builder.rs:49:8
[INFO] [stdout]    |
[INFO] [stdout] 49 |             let mut alloc = &mut self.inner_mut().alloc;
[INFO] [stdout]    |                 ----^^^^^
[INFO] [stdout]    |                 |
[INFO] [stdout]    |                 help: remove this `mut`
[INFO] [stdout] 
[INFO] [stdout] 
[INFO] [stdout] warning: variable does not need to be mutable
[INFO] [stdout]    --> quest/src/value/ty/text.rs:358:7
[INFO] [stdout]     |
[INFO] [stdout] 358 |         let mut alloc = unsafe { &mut builder.inner_mut().alloc };
[INFO] [stdout]     |             ----^^^^^
[INFO] [stdout]     |             |
[INFO] [stdout]     |             help: remove this `mut`
[INFO] [stdout] 
[INFO] [stdout] 
[INFO] [stdout] warning: variable does not need to be mutable
[INFO] [stdout]    --> quest/src/value/ty/text.rs:391:7
[INFO] [stdout]     |
[INFO] [stdout] 391 |         let mut alloc = unsafe { &mut builder.inner_mut().alloc };
[INFO] [stdout]     |             ----^^^^^
[INFO] [stdout]     |             |
[INFO] [stdout]     |             help: remove this `mut`
[INFO] [stdout] 
[INFO] [stdout] 
[INFO] [stdout] warning: variable does not need to be mutable
[INFO] [stdout]    --> quest/src/value/ty/text.rs:739:7
[INFO] [stdout]     |
[INFO] [stdout] 739 |         let mut alloc = &mut self.inner_mut().alloc;
[INFO] [stdout]     |             ----^^^^^
[INFO] [stdout]     |             |
[INFO] [stdout]     |             help: remove this `mut`
[INFO] [stdout] 
[INFO] [stdout] 
[INFO] [stdout] warning: variable does not need to be mutable
[INFO] [stdout]    --> quest/src/value/ty/text.rs:807:8
[INFO] [stdout]     |
[INFO] [stdout] 807 |             let mut alloc = &mut self.inner_mut().alloc;
[INFO] [stdout]     |                 ----^^^^^
[INFO] [stdout]     |                 |
[INFO] [stdout]     |                 help: remove this `mut`
[INFO] [stdout] 
[INFO] [stdout] 
[INFO] [stderr]     Finished `dev` profile [unoptimized + debuginfo] target(s) in 18.05s
[INFO] running `Command { std: "docker" "inspect" "b519b31ed025c35e7ac69db79f4530594c17a5cdcd978f85a6a22f7e424c892c", kill_on_drop: false }`
[INFO] running `Command { std: "docker" "rm" "-f" "b519b31ed025c35e7ac69db79f4530594c17a5cdcd978f85a6a22f7e424c892c", kill_on_drop: false }`
[INFO] [stdout] b519b31ed025c35e7ac69db79f4530594c17a5cdcd978f85a6a22f7e424c892c
[INFO] running `Command { std: "docker" "create" "-v" "/var/lib/crater-agent-workspace/builds/worker-3-tc1/target:/opt/rustwide/target:rw,Z" "-v" "/var/lib/crater-agent-workspace/builds/worker-3-tc1/source:/opt/rustwide/workdir:ro,Z" "-v" "/var/lib/crater-agent-workspace/cargo-home:/opt/rustwide/cargo-home:ro,Z" "-v" "/var/lib/crater-agent-workspace/rustup-home:/opt/rustwide/rustup-home:ro,Z" "-e" "SOURCE_DIR=/opt/rustwide/workdir" "-e" "CARGO_TARGET_DIR=/opt/rustwide/target" "-e" "CARGO_INCREMENTAL=0" "-e" "RUST_BACKTRACE=full" "-e" "RUSTFLAGS=--cap-lints=warn" "-e" "RUSTDOCFLAGS=--cap-lints=warn" "-e" "CARGO_HOME=/opt/rustwide/cargo-home" "-e" "RUSTUP_HOME=/opt/rustwide/rustup-home" "-w" "/opt/rustwide/workdir" "-m" "1610612736" "--user" "0:0" "--network" "none" "ghcr.io/rust-lang/crates-build-env/linux@sha256:f3a9d4ad9d972b27faf3965f35b62e55ba32bbce8f20bc8fe909558a86702fde" "/opt/rustwide/cargo-home/bin/cargo" "+1.83.0" "test" "--frozen" "--no-run" "--message-format=json", kill_on_drop: false }`
[INFO] [stdout] 9b961c8173c558934d16c422154db765cec99819e80392dcf8d060c8367ba2e7
[INFO] running `Command { std: "docker" "start" "-a" "9b961c8173c558934d16c422154db765cec99819e80392dcf8d060c8367ba2e7", kill_on_drop: false }`
[INFO] [stderr] warning: virtual workspace defaulting to `resolver = "1"` despite one or more workspace members being on edition 2021 which implies `resolver = "2"`
[INFO] [stderr] note: to keep the current resolver, specify `workspace.resolver = "1"` in the workspace root's manifest
[INFO] [stderr] note: to use the edition 2021 resolver, specify `workspace.resolver = "2"` in the workspace root's manifest
[INFO] [stderr] note: for more details see https://doc.rust-lang.org/cargo/reference/resolver.html#resolver-versions
[INFO] [stderr]    Compiling qvm-macros v0.1.0 (/opt/rustwide/workdir/macros)
[INFO] [stderr]    Compiling assert_matches v1.5.0
[INFO] [stderr]    Compiling quest v0.2.0 (/opt/rustwide/workdir/quest)
[INFO] [stdout] warning: variable does not need to be mutable
[INFO] [stdout]   --> quest/src/value/ty/list/internal_builder.rs:43:7
[INFO] [stdout]    |
[INFO] [stdout] 43 |         let mut alloc = &mut self.inner_mut().alloc;
[INFO] [stdout]    |             ----^^^^^
[INFO] [stdout]    |             |
[INFO] [stdout]    |             help: remove this `mut`
[INFO] [stdout]    |
[INFO] [stdout]    = note: `#[warn(unused_mut)]` on by default
[INFO] [stdout] 
[INFO] [stdout] 
[INFO] [stdout] warning: variable does not need to be mutable
[INFO] [stdout]    --> quest/src/value/ty/list.rs:128:8
[INFO] [stdout]     |
[INFO] [stdout] 128 |             let mut alloc = &mut builder.inner_mut().alloc;
[INFO] [stdout]     |                 ----^^^^^
[INFO] [stdout]     |                 |
[INFO] [stdout]     |                 help: remove this `mut`
[INFO] [stdout] 
[INFO] [stdout] 
[INFO] [stdout] warning: variable does not need to be mutable
[INFO] [stdout]    --> quest/src/value/ty/list.rs:276:7
[INFO] [stdout]     |
[INFO] [stdout] 276 |         let mut alloc = &mut self.inner_mut().alloc;
[INFO] [stdout]     |             ----^^^^^
[INFO] [stdout]     |             |
[INFO] [stdout]     |             help: remove this `mut`
[INFO] [stdout] 
[INFO] [stdout] 
[INFO] [stdout] warning: variable does not need to be mutable
[INFO] [stdout]    --> quest/src/value/ty/list.rs:345:8
[INFO] [stdout]     |
[INFO] [stdout] 345 |             let mut alloc = &mut self.inner_mut().alloc;
[INFO] [stdout]     |                 ----^^^^^
[INFO] [stdout]     |                 |
[INFO] [stdout]     |                 help: remove this `mut`
[INFO] [stdout] 
[INFO] [stdout] 
[INFO] [stdout] warning: variable does not need to be mutable
[INFO] [stdout]   --> quest/src/value/ty/text/builder.rs:49:8
[INFO] [stdout]    |
[INFO] [stdout] 49 |             let mut alloc = &mut self.inner_mut().alloc;
[INFO] [stdout]    |                 ----^^^^^
[INFO] [stdout]    |                 |
[INFO] [stdout]    |                 help: remove this `mut`
[INFO] [stdout] 
[INFO] [stdout] 
[INFO] [stdout] warning: variable does not need to be mutable
[INFO] [stdout]    --> quest/src/value/ty/text.rs:358:7
[INFO] [stdout]     |
[INFO] [stdout] 358 |         let mut alloc = unsafe { &mut builder.inner_mut().alloc };
[INFO] [stdout]     |             ----^^^^^
[INFO] [stdout]     |             |
[INFO] [stdout]     |             help: remove this `mut`
[INFO] [stdout] 
[INFO] [stdout] 
[INFO] [stdout] warning: variable does not need to be mutable
[INFO] [stdout]    --> quest/src/value/ty/text.rs:391:7
[INFO] [stdout]     |
[INFO] [stdout] 391 |         let mut alloc = unsafe { &mut builder.inner_mut().alloc };
[INFO] [stdout]     |             ----^^^^^
[INFO] [stdout]     |             |
[INFO] [stdout]     |             help: remove this `mut`
[INFO] [stdout] 
[INFO] [stdout] 
[INFO] [stdout] warning: variable does not need to be mutable
[INFO] [stdout]    --> quest/src/value/ty/text.rs:739:7
[INFO] [stdout]     |
[INFO] [stdout] 739 |         let mut alloc = &mut self.inner_mut().alloc;
[INFO] [stdout]     |             ----^^^^^
[INFO] [stdout]     |             |
[INFO] [stdout]     |             help: remove this `mut`
[INFO] [stdout] 
[INFO] [stdout] 
[INFO] [stdout] warning: variable does not need to be mutable
[INFO] [stdout]    --> quest/src/value/ty/text.rs:807:8
[INFO] [stdout]     |
[INFO] [stdout] 807 |             let mut alloc = &mut self.inner_mut().alloc;
[INFO] [stdout]     |                 ----^^^^^
[INFO] [stdout]     |                 |
[INFO] [stdout]     |                 help: remove this `mut`
[INFO] [stdout] 
[INFO] [stdout] 
[INFO] [stdout] warning: variable does not need to be mutable
[INFO] [stdout]   --> quest/src/value/ty/list/internal_builder.rs:43:7
[INFO] [stdout]    |
[INFO] [stdout] 43 |         let mut alloc = &mut self.inner_mut().alloc;
[INFO] [stdout]    |             ----^^^^^
[INFO] [stdout]    |             |
[INFO] [stdout]    |             help: remove this `mut`
[INFO] [stdout]    |
[INFO] [stdout]    = note: `#[warn(unused_mut)]` on by default
[INFO] [stdout] 
[INFO] [stdout] 
[INFO] [stdout] warning: variable does not need to be mutable
[INFO] [stdout]    --> quest/src/value/ty/list.rs:128:8
[INFO] [stdout]     |
[INFO] [stdout] 128 |             let mut alloc = &mut builder.inner_mut().alloc;
[INFO] [stdout]     |                 ----^^^^^
[INFO] [stdout]     |                 |
[INFO] [stdout]     |                 help: remove this `mut`
[INFO] [stdout] 
[INFO] [stdout] 
[INFO] [stdout] warning: variable does not need to be mutable
[INFO] [stdout]    --> quest/src/value/ty/list.rs:276:7
[INFO] [stdout]     |
[INFO] [stdout] 276 |         let mut alloc = &mut self.inner_mut().alloc;
[INFO] [stdout]     |             ----^^^^^
[INFO] [stdout]     |             |
[INFO] [stdout]     |             help: remove this `mut`
[INFO] [stdout] 
[INFO] [stdout] 
[INFO] [stdout] warning: variable does not need to be mutable
[INFO] [stdout]    --> quest/src/value/ty/list.rs:345:8
[INFO] [stdout]     |
[INFO] [stdout] 345 |             let mut alloc = &mut self.inner_mut().alloc;
[INFO] [stdout]     |                 ----^^^^^
[INFO] [stdout]     |                 |
[INFO] [stdout]     |                 help: remove this `mut`
[INFO] [stdout] 
[INFO] [stdout] 
[INFO] [stdout] warning: variable does not need to be mutable
[INFO] [stdout]   --> quest/src/value/ty/text/builder.rs:49:8
[INFO] [stdout]    |
[INFO] [stdout] 49 |             let mut alloc = &mut self.inner_mut().alloc;
[INFO] [stdout]    |                 ----^^^^^
[INFO] [stdout]    |                 |
[INFO] [stdout]    |                 help: remove this `mut`
[INFO] [stdout] 
[INFO] [stdout] 
[INFO] [stdout] warning: variable does not need to be mutable
[INFO] [stdout]    --> quest/src/value/ty/text.rs:358:7
[INFO] [stdout]     |
[INFO] [stdout] 358 |         let mut alloc = unsafe { &mut builder.inner_mut().alloc };
[INFO] [stdout]     |             ----^^^^^
[INFO] [stdout]     |             |
[INFO] [stdout]     |             help: remove this `mut`
[INFO] [stdout] 
[INFO] [stdout] 
[INFO] [stdout] warning: variable does not need to be mutable
[INFO] [stdout]    --> quest/src/value/ty/text.rs:391:7
[INFO] [stdout]     |
[INFO] [stdout] 391 |         let mut alloc = unsafe { &mut builder.inner_mut().alloc };
[INFO] [stdout]     |             ----^^^^^
[INFO] [stdout]     |             |
[INFO] [stdout]     |             help: remove this `mut`
[INFO] [stdout] 
[INFO] [stdout] 
[INFO] [stdout] warning: variable does not need to be mutable
[INFO] [stdout]    --> quest/src/value/ty/text.rs:739:7
[INFO] [stdout]     |
[INFO] [stdout] 739 |         let mut alloc = &mut self.inner_mut().alloc;
[INFO] [stdout]     |             ----^^^^^
[INFO] [stdout]     |             |
[INFO] [stdout]     |             help: remove this `mut`
[INFO] [stdout] 
[INFO] [stdout] 
[INFO] [stdout] warning: variable does not need to be mutable
[INFO] [stdout]    --> quest/src/value/ty/text.rs:807:8
[INFO] [stdout]     |
[INFO] [stdout] 807 |             let mut alloc = &mut self.inner_mut().alloc;
[INFO] [stdout]     |                 ----^^^^^
[INFO] [stdout]     |                 |
[INFO] [stdout]     |                 help: remove this `mut`
[INFO] [stdout] 
[INFO] [stdout] 
[INFO] [stderr]     Finished `test` profile [unoptimized + debuginfo] target(s) in 8.93s
[INFO] running `Command { std: "docker" "inspect" "9b961c8173c558934d16c422154db765cec99819e80392dcf8d060c8367ba2e7", kill_on_drop: false }`
[INFO] running `Command { std: "docker" "rm" "-f" "9b961c8173c558934d16c422154db765cec99819e80392dcf8d060c8367ba2e7", kill_on_drop: false }`
[INFO] [stdout] 9b961c8173c558934d16c422154db765cec99819e80392dcf8d060c8367ba2e7
[INFO] running `Command { std: "docker" "create" "-v" "/var/lib/crater-agent-workspace/builds/worker-3-tc1/target:/opt/rustwide/target:rw,Z" "-v" "/var/lib/crater-agent-workspace/builds/worker-3-tc1/source:/opt/rustwide/workdir:ro,Z" "-v" "/var/lib/crater-agent-workspace/cargo-home:/opt/rustwide/cargo-home:ro,Z" "-v" "/var/lib/crater-agent-workspace/rustup-home:/opt/rustwide/rustup-home:ro,Z" "-e" "SOURCE_DIR=/opt/rustwide/workdir" "-e" "CARGO_TARGET_DIR=/opt/rustwide/target" "-e" "CARGO_INCREMENTAL=0" "-e" "RUST_BACKTRACE=full" "-e" "RUSTFLAGS=--cap-lints=warn" "-e" "RUSTDOCFLAGS=--cap-lints=warn" "-e" "CARGO_HOME=/opt/rustwide/cargo-home" "-e" "RUSTUP_HOME=/opt/rustwide/rustup-home" "-w" "/opt/rustwide/workdir" "-m" "1610612736" "--user" "0:0" "--network" "none" "ghcr.io/rust-lang/crates-build-env/linux@sha256:f3a9d4ad9d972b27faf3965f35b62e55ba32bbce8f20bc8fe909558a86702fde" "/opt/rustwide/cargo-home/bin/cargo" "+1.83.0" "test" "--frozen", kill_on_drop: false }`
[INFO] [stdout] 3f4e6f790831cb99fc779506cd8d5fe369ca1db4053fb1ca7ecd4f8299966125
[INFO] running `Command { std: "docker" "start" "-a" "3f4e6f790831cb99fc779506cd8d5fe369ca1db4053fb1ca7ecd4f8299966125", kill_on_drop: false }`
[INFO] [stderr] warning: virtual workspace defaulting to `resolver = "1"` despite one or more workspace members being on edition 2021 which implies `resolver = "2"`
[INFO] [stderr] note: to keep the current resolver, specify `workspace.resolver = "1"` in the workspace root's manifest
[INFO] [stderr] note: to use the edition 2021 resolver, specify `workspace.resolver = "2"` in the workspace root's manifest
[INFO] [stderr] note: for more details see https://doc.rust-lang.org/cargo/reference/resolver.html#resolver-versions
[INFO] [stderr] warning: variable does not need to be mutable
[INFO] [stderr]   --> quest/src/value/ty/list/internal_builder.rs:43:7
[INFO] [stderr]    |
[INFO] [stderr] 43 |         let mut alloc = &mut self.inner_mut().alloc;
[INFO] [stderr]    |             ----^^^^^
[INFO] [stderr]    |             |
[INFO] [stderr]    |             help: remove this `mut`
[INFO] [stderr]    |
[INFO] [stderr]    = note: `#[warn(unused_mut)]` on by default
[INFO] [stderr] 
[INFO] [stderr] warning: variable does not need to be mutable
[INFO] [stderr]    --> quest/src/value/ty/list.rs:128:8
[INFO] [stderr]     |
[INFO] [stderr] 128 |             let mut alloc = &mut builder.inner_mut().alloc;
[INFO] [stderr]     |                 ----^^^^^
[INFO] [stderr]     |                 |
[INFO] [stderr]     |                 help: remove this `mut`
[INFO] [stderr] 
[INFO] [stderr] warning: variable does not need to be mutable
[INFO] [stderr]    --> quest/src/value/ty/list.rs:276:7
[INFO] [stderr]     |
[INFO] [stderr] 276 |         let mut alloc = &mut self.inner_mut().alloc;
[INFO] [stderr]     |             ----^^^^^
[INFO] [stderr]     |             |
[INFO] [stderr]     |             help: remove this `mut`
[INFO] [stderr] 
[INFO] [stderr] warning: variable does not need to be mutable
[INFO] [stderr]    --> quest/src/value/ty/list.rs:345:8
[INFO] [stderr]     |
[INFO] [stderr] 345 |             let mut alloc = &mut self.inner_mut().alloc;
[INFO] [stderr]     |                 ----^^^^^
[INFO] [stderr]     |                 |
[INFO] [stderr]     |                 help: remove this `mut`
[INFO] [stderr] 
[INFO] [stderr] warning: variable does not need to be mutable
[INFO] [stderr]   --> quest/src/value/ty/text/builder.rs:49:8
[INFO] [stderr]    |
[INFO] [stderr] 49 |             let mut alloc = &mut self.inner_mut().alloc;
[INFO] [stderr]    |                 ----^^^^^
[INFO] [stderr]    |                 |
[INFO] [stderr]    |                 help: remove this `mut`
[INFO] [stderr] 
[INFO] [stderr] warning: variable does not need to be mutable
[INFO] [stderr]    --> quest/src/value/ty/text.rs:358:7
[INFO] [stderr]     |
[INFO] [stderr] 358 |         let mut alloc = unsafe { &mut builder.inner_mut().alloc };
[INFO] [stderr]     |             ----^^^^^
[INFO] [stderr]     |             |
[INFO] [stderr]     |             help: remove this `mut`
[INFO] [stderr] 
[INFO] [stderr] warning: variable does not need to be mutable
[INFO] [stderr]    --> quest/src/value/ty/text.rs:391:7
[INFO] [stderr]     |
[INFO] [stderr] 391 |         let mut alloc = unsafe { &mut builder.inner_mut().alloc };
[INFO] [stderr]     |             ----^^^^^
[INFO] [stderr]     |             |
[INFO] [stderr]     |             help: remove this `mut`
[INFO] [stderr] 
[INFO] [stderr] warning: variable does not need to be mutable
[INFO] [stderr]    --> quest/src/value/ty/text.rs:739:7
[INFO] [stderr]     |
[INFO] [stderr] 739 |         let mut alloc = &mut self.inner_mut().alloc;
[INFO] [stderr]     |             ----^^^^^
[INFO] [stderr]     |             |
[INFO] [stderr]     |             help: remove this `mut`
[INFO] [stderr] 
[INFO] [stderr] warning: variable does not need to be mutable
[INFO] [stderr]    --> quest/src/value/ty/text.rs:807:8
[INFO] [stderr]     |
[INFO] [stderr] 807 |             let mut alloc = &mut self.inner_mut().alloc;
[INFO] [stderr]     |                 ----^^^^^
[INFO] [stderr]     |                 |
[INFO] [stderr]     |                 help: remove this `mut`
[INFO] [stderr] 
[INFO] [stderr] warning: `quest` (lib) generated 9 warnings (run `cargo fix --lib -p quest` to apply 9 suggestions)
[INFO] [stderr] warning: `quest` (lib test) generated 9 warnings (9 duplicates)
[INFO] [stderr]     Finished `test` profile [unoptimized + debuginfo] target(s) in 0.06s
[INFO] [stderr]      Running unittests src/lib.rs (/opt/rustwide/target/debug/deps/quest-aa4e39d9c03ca330)
[INFO] [stdout] 
[INFO] [stdout] running 36 tests
[INFO] [stdout] test value::base::attributes::tests::it_transitions_over_to_full_map ... ok
[INFO] [stdout] test value::gc::tests::respects_frozen ... ok
[INFO] [stdout] test value::gc::tests::respects_refcell_rules ... ok
[INFO] [stdout] test value::ty::boolean::tests::test_convert_to_text ... ok
[INFO] [stdout] test value::ty::boolean::tests::test_convert_to_float ... ok
[INFO] [stdout] test value::ty::float::tests::test_get ... ok
[INFO] [stdout] test value::ty::boolean::tests::test_is_a ... ok
[INFO] [stdout] test value::ty::float::tests::test_is_a ... ok
[INFO] [stdout] test value::base::attributes::tests::attributes_work ... ok
[INFO] [stdout] test value::ty::boolean::tests::test_get ... ok
[INFO] [stdout] test value::ty::boolean::tests::test_convert_to_integer ... ok
[INFO] [stdout] test value::base::attributes::tests::parents_work ... ok
[INFO] [stdout] test value::ty::integer::tests::test_convert_to_float ... ok
[INFO] [stdout] test value::ty::integer::tests::test_convert_to_text_different_radix ... ignored
[INFO] [stdout] test value::ty::integer::tests::test_convert_to_text_bad_args_error ... ok
[INFO] [stdout] test value::ty::integer::tests::test_get ... ok
[INFO] [stdout] test value::ty::null::tests::test_convert_to_float ... ok
[INFO] [stdout] test value::ty::integer::tests::test_is_a ... ok
[INFO] [stdout] test value::ty::null::tests::test_is_a ... ok
[INFO] [stdout] test value::ty::null::tests::test_convert_to_integer ... ok
[INFO] [stdout] test value::ty::null::tests::test_convert_to_list ... ok
[INFO] [stdout] test value::ty::null::tests::test_convert_to_text ... ok
[INFO] [stdout] test value::ty::null::tests::test_get ... ok
[INFO] [stdout] test value::ty::text::tests::default_is_empty_string ... ok
[INFO] [stdout] test value::ty::text::tests::larger_strings_still_reallocate_properly ... ok
[INFO] [stdout] test value::ty::rustfn::tests::test_get ... ok
[INFO] [stdout] test value::ty::rustfn::tests::test_is_a ... ok
[INFO] [stdout] test value::ty::text::tests::test_get ... ok
[INFO] [stdout] test value::value::tests::test_call_attrs ... ok
[INFO] [stdout] test value::ty::text::tests::push_str_updates_hash_correctly ... ok
[INFO] [stdout] test value::value::tests::test_get_attr ... ok
[INFO] [stdout] test value::ty::integer::tests::op_neg ... ok
[INFO] [stdout] test value::ty::text::tests::test_is_a ... ok
[INFO] [stdout] test value::ty::integer::tests::test_convert_to_text_noargs ... ok
[INFO] [stdout] test value::gc::tests::too_many_immutable_borrows_cause_a_panick - should panic ... ok
[INFO] [stdout] test vm::frame::tests::test_fibonacci ... ok
[INFO] [stderr]      Running unittests src/main.rs (/opt/rustwide/target/debug/deps/quest-a44c1f49b19867af)
[INFO] [stdout] 
[INFO] [stdout] test result: ok. 35 passed; 0 failed; 1 ignored; 0 measured; 0 filtered out; finished in 0.13s
[INFO] [stdout] 
[INFO] [stdout] 
[INFO] [stdout] running 0 tests
[INFO] [stdout] 
[INFO] [stdout] test result: ok. 0 passed; 0 failed; 0 ignored; 0 measured; 0 filtered out; finished in 0.00s
[INFO] [stdout] 
[INFO] [stderr]      Running tests/integration_tests.rs (/opt/rustwide/target/debug/deps/integration_tests-7e7bc2529b30cb35)
[INFO] [stdout] 
[INFO] [stdout] running 27 tests
[INFO] [stdout] test assign_and_fetch_from_arrays ... ok
[INFO] [stdout] test alias_macro ... ok
[INFO] [stdout] test assertion_fails ... ok
[INFO] [stdout] test any_parens_in_syntax ... ok
[INFO] [stdout] test dbg_representations ... ok
[INFO] [stdout] test divides ... ok
[INFO] [stdout] test all_attr_methods ... ok
[INFO] [stdout] test modifying_string_literals_isnt_global ... ignored
[INFO] [stdout] test create_frame_iteration ... ok
[INFO] [stdout] test basic_syntax ... ok
[INFO] [stdout] test lists_containing_themselves ... ok
[INFO] [stdout] test has_attr_and_del_attr ... ok
[INFO] [stdout] test repetition_in_macros ... ok
[INFO] [stdout] test should_overflow_and_return_error ... ok
[INFO] [stdout] test fib_pass_function ... ok
[INFO] [stdout] test list_comprehension ... ok
[INFO] [stdout] test square_root ... ok
[INFO] [stdout] test fib_set_attr ... ok
[INFO] [stdout] test fib_normal ... ok
[INFO] [stdout] test list_sizes ... ok
[INFO] [stdout] test negative_matches_and_underscore ... ok
[INFO] [stdout] test nested_syntax ... ok
[INFO] [stdout] test if_and_while ... ok
[INFO] [stdout] test reference_syntax_groups ... ok
[INFO] [stdout] test basic_stackframe_continuation ... FAILED
[INFO] [stdout] test fib_set_parent ... ok
[INFO] [stdout] test if_while_and_do_while ... ok
[INFO] [stdout] 
[INFO] [stdout] failures:
[INFO] [stdout] 
[INFO] [stdout] ---- basic_stackframe_continuation stdout ----
[INFO] [stdout] thread 'basic_stackframe_continuation' panicked at quest/tests/integration_tests.rs:203:6:
[INFO] [stdout] called `Result::unwrap()` on an `Err` value: Error { stacktrace: Stacktrace([]), kind: UnknownAttribute { object: Frame(0x720034003ae0:(unknown):2:18), attribute: "resume" } }
[INFO] [stdout] stack backtrace:
[INFO] [stdout]    0:     0x624236abc27a - std::backtrace_rs::backtrace::libunwind::trace::h5a5b8284f2d0c266
[INFO] [stdout]                                at /rustc/90b35a6239c3d8bdabc530a6a0816f7ff89a0aaf/library/std/src/../../backtrace/src/backtrace/libunwind.rs:116:5
[INFO] [stdout]    1:     0x624236abc27a - std::backtrace_rs::backtrace::trace_unsynchronized::h76d4f1c9b0b875e3
[INFO] [stdout]                                at /rustc/90b35a6239c3d8bdabc530a6a0816f7ff89a0aaf/library/std/src/../../backtrace/src/backtrace/mod.rs:66:5
[INFO] [stdout]    2:     0x624236abc27a - std::sys::backtrace::_print_fmt::hc4546b8364a537c6
[INFO] [stdout]                                at /rustc/90b35a6239c3d8bdabc530a6a0816f7ff89a0aaf/library/std/src/sys/backtrace.rs:66:9
[INFO] [stdout]    3:     0x624236abc27a - <std::sys::backtrace::BacktraceLock::print::DisplayBacktrace as core::fmt::Display>::fmt::h5b6bd5631a6d1f6b
[INFO] [stdout]                                at /rustc/90b35a6239c3d8bdabc530a6a0816f7ff89a0aaf/library/std/src/sys/backtrace.rs:39:26
[INFO] [stdout]    4:     0x624236ae1f93 - core::fmt::rt::Argument::fmt::h270f6602a2b96f62
[INFO] [stdout]                                at /rustc/90b35a6239c3d8bdabc530a6a0816f7ff89a0aaf/library/core/src/fmt/rt.rs:177:76
[INFO] [stdout]    5:     0x624236ae1f93 - core::fmt::write::h7550c97b06c86515
[INFO] [stdout]                                at /rustc/90b35a6239c3d8bdabc530a6a0816f7ff89a0aaf/library/core/src/fmt/mod.rs:1186:21
[INFO] [stdout]    6:     0x624236ab9423 - std::io::Write::write_fmt::h509ff860e5956e5e
[INFO] [stdout]                                at /rustc/90b35a6239c3d8bdabc530a6a0816f7ff89a0aaf/library/std/src/io/mod.rs:1839:15
[INFO] [stdout]    7:     0x624236abc0c2 - std::sys::backtrace::BacktraceLock::print::h2395ccd2c84ba3aa
[INFO] [stdout]                                at /rustc/90b35a6239c3d8bdabc530a6a0816f7ff89a0aaf/library/std/src/sys/backtrace.rs:42:9
[INFO] [stdout]    8:     0x624236abd6da - std::panicking::default_hook::{{closure}}::he19d4c7230e07961
[INFO] [stdout]                                at /rustc/90b35a6239c3d8bdabc530a6a0816f7ff89a0aaf/library/std/src/panicking.rs:268:22
[INFO] [stdout]    9:     0x624236abd4e4 - std::panicking::default_hook::hf614597d3c67bbdb
[INFO] [stdout]                                at /rustc/90b35a6239c3d8bdabc530a6a0816f7ff89a0aaf/library/std/src/panicking.rs:292:9
[INFO] [stdout]   10:     0x62423690b0b9 - <alloc::boxed::Box<F,A> as core::ops::function::Fn<Args>>::call::h39b51ce4599c23d1
[INFO] [stdout]                                at /rustc/90b35a6239c3d8bdabc530a6a0816f7ff89a0aaf/library/alloc/src/boxed.rs:2468:9
[INFO] [stdout]   11:     0x62423690b0b9 - test::test_main::{{closure}}::he977ae839a582784
[INFO] [stdout]                                at /rustc/90b35a6239c3d8bdabc530a6a0816f7ff89a0aaf/library/test/src/lib.rs:133:21
[INFO] [stdout]   12:     0x624236abdd78 - <alloc::boxed::Box<F,A> as core::ops::function::Fn<Args>>::call::h9455091b6b06f9fb
[INFO] [stdout]                                at /rustc/90b35a6239c3d8bdabc530a6a0816f7ff89a0aaf/library/alloc/src/boxed.rs:2468:9
[INFO] [stdout]   13:     0x624236abdd78 - std::panicking::rust_panic_with_hook::h8942133a8b252070
[INFO] [stdout]                                at /rustc/90b35a6239c3d8bdabc530a6a0816f7ff89a0aaf/library/std/src/panicking.rs:809:13
[INFO] [stdout]   14:     0x624236abdb3a - std::panicking::begin_panic_handler::{{closure}}::hb5f5963570096b29
[INFO] [stdout]                                at /rustc/90b35a6239c3d8bdabc530a6a0816f7ff89a0aaf/library/std/src/panicking.rs:674:13
[INFO] [stdout]   15:     0x624236abc759 - std::sys::backtrace::__rust_end_short_backtrace::h6208cedc1922feda
[INFO] [stdout]                                at /rustc/90b35a6239c3d8bdabc530a6a0816f7ff89a0aaf/library/std/src/sys/backtrace.rs:170:18
[INFO] [stdout]   16:     0x624236abd7cc - rust_begin_unwind
[INFO] [stdout]                                at /rustc/90b35a6239c3d8bdabc530a6a0816f7ff89a0aaf/library/std/src/panicking.rs:665:5
[INFO] [stdout]   17:     0x6242368cd0e0 - core::panicking::panic_fmt::h0c3082644d1bf418
[INFO] [stdout]                                at /rustc/90b35a6239c3d8bdabc530a6a0816f7ff89a0aaf/library/core/src/panicking.rs:74:14
[INFO] [stdout]   18:     0x6242368cd526 - core::result::unwrap_failed::hd20b4aa073bda1e2
[INFO] [stdout]                                at /rustc/90b35a6239c3d8bdabc530a6a0816f7ff89a0aaf/library/core/src/result.rs:1700:5
[INFO] [stdout]   19:     0x6242368d02bd - core::result::Result<T,E>::unwrap::hb0a503d2937ddcf4
[INFO] [stdout]                                at /rustc/90b35a6239c3d8bdabc530a6a0816f7ff89a0aaf/library/core/src/result.rs:1104:23
[INFO] [stdout]   20:     0x6242368d02bd - integration_tests::basic_stackframe_continuation::h2babeff206080087
[INFO] [stdout]                                at /opt/rustwide/workdir/quest/tests/integration_tests.rs:188:15
[INFO] [stdout]   21:     0x6242368d0217 - integration_tests::basic_stackframe_continuation::{{closure}}::h208683e9dec0d2f6
[INFO] [stdout]                                at /opt/rustwide/workdir/quest/tests/integration_tests.rs:187:35
[INFO] [stdout]   22:     0x6242368cded6 - core::ops::function::FnOnce::call_once::h320fb2ab775229a1
[INFO] [stdout]                                at /rustc/90b35a6239c3d8bdabc530a6a0816f7ff89a0aaf/library/core/src/ops/function.rs:250:5
[INFO] [stdout]   23:     0x62423690fa7b - core::ops::function::FnOnce::call_once::h109cf8051a59b34e
[INFO] [stdout]                                at /rustc/90b35a6239c3d8bdabc530a6a0816f7ff89a0aaf/library/core/src/ops/function.rs:250:5
[INFO] [stdout]   24:     0x62423690fa7b - test::__rust_begin_short_backtrace::hf4fff89d377446ba
[INFO] [stdout]                                at /rustc/90b35a6239c3d8bdabc530a6a0816f7ff89a0aaf/library/test/src/lib.rs:621:18
[INFO] [stdout]   25:     0x62423690f2b7 - test::run_test_in_process::{{closure}}::h0e39181dd7ee5a43
[INFO] [stdout]                                at /rustc/90b35a6239c3d8bdabc530a6a0816f7ff89a0aaf/library/test/src/lib.rs:644:60
[INFO] [stdout]   26:     0x62423690f2b7 - <core::panic::unwind_safe::AssertUnwindSafe<F> as core::ops::function::FnOnce<()>>::call_once::hc5a66a30f0bdfd1f
[INFO] [stdout]                                at /rustc/90b35a6239c3d8bdabc530a6a0816f7ff89a0aaf/library/core/src/panic/unwind_safe.rs:272:9
[INFO] [stdout]   27:     0x62423690f2b7 - std::panicking::try::do_call::h873b7cf639554a5e
[INFO] [stdout]                                at /rustc/90b35a6239c3d8bdabc530a6a0816f7ff89a0aaf/library/std/src/panicking.rs:557:40
[INFO] [stdout]   28:     0x62423690f2b7 - std::panicking::try::hdb19862fad9c8bd1
[INFO] [stdout]                                at /rustc/90b35a6239c3d8bdabc530a6a0816f7ff89a0aaf/library/std/src/panicking.rs:520:19
[INFO] [stdout]   29:     0x62423690f2b7 - std::panic::catch_unwind::h281fe732d236d260
[INFO] [stdout]                                at /rustc/90b35a6239c3d8bdabc530a6a0816f7ff89a0aaf/library/std/src/panic.rs:358:14
[INFO] [stdout]   30:     0x62423690f2b7 - test::run_test_in_process::h949b6df8457ed338
[INFO] [stdout]                                at /rustc/90b35a6239c3d8bdabc530a6a0816f7ff89a0aaf/library/test/src/lib.rs:644:27
[INFO] [stdout]   31:     0x62423690f2b7 - test::run_test::{{closure}}::h52c556a6d4740e10
[INFO] [stdout]                                at /rustc/90b35a6239c3d8bdabc530a6a0816f7ff89a0aaf/library/test/src/lib.rs:565:43
[INFO] [stdout]   32:     0x6242368d4594 - test::run_test::{{closure}}::h4237f6381c45ccb9
[INFO] [stdout]                                at /rustc/90b35a6239c3d8bdabc530a6a0816f7ff89a0aaf/library/test/src/lib.rs:595:41
[INFO] [stdout]   33:     0x6242368d4594 - std::sys::backtrace::__rust_begin_short_backtrace::h505c97a579eca628
[INFO] [stdout]                                at /rustc/90b35a6239c3d8bdabc530a6a0816f7ff89a0aaf/library/std/src/sys/backtrace.rs:154:18
[INFO] [stdout]   34:     0x6242368d7c5e - std::thread::Builder::spawn_unchecked_::{{closure}}::{{closure}}::h9e86b2e2bc107ea3
[INFO] [stdout]                                at /rustc/90b35a6239c3d8bdabc530a6a0816f7ff89a0aaf/library/std/src/thread/mod.rs:538:17
[INFO] [stdout]   35:     0x6242368d7c5e - <core::panic::unwind_safe::AssertUnwindSafe<F> as core::ops::function::FnOnce<()>>::call_once::h8b06ddb275ff4a25
[INFO] [stdout]                                at /rustc/90b35a6239c3d8bdabc530a6a0816f7ff89a0aaf/library/core/src/panic/unwind_safe.rs:272:9
[INFO] [stdout]   36:     0x6242368d7c5e - std::panicking::try::do_call::hb26ecd7cd9a9355d
[INFO] [stdout]                                at /rustc/90b35a6239c3d8bdabc530a6a0816f7ff89a0aaf/library/std/src/panicking.rs:557:40
[INFO] [stdout]   37:     0x6242368d7c5e - std::panicking::try::h8ddeca9d705f9069
[INFO] [stdout]                                at /rustc/90b35a6239c3d8bdabc530a6a0816f7ff89a0aaf/library/std/src/panicking.rs:520:19
[INFO] [stdout]   38:     0x6242368d7c5e - std::panic::catch_unwind::h49e1c33078844c46
[INFO] [stdout]                                at /rustc/90b35a6239c3d8bdabc530a6a0816f7ff89a0aaf/library/std/src/panic.rs:358:14
[INFO] [stdout]   39:     0x6242368d7c5e - std::thread::Builder::spawn_unchecked_::{{closure}}::h6073db6ff56ad35d
[INFO] [stdout]                                at /rustc/90b35a6239c3d8bdabc530a6a0816f7ff89a0aaf/library/std/src/thread/mod.rs:537:30
[INFO] [stdout]   40:     0x6242368d7c5e - core::ops::function::FnOnce::call_once{{vtable.shim}}::h2c5a5f3779c774f1
[INFO] [stdout]                                at /rustc/90b35a6239c3d8bdabc530a6a0816f7ff89a0aaf/library/core/src/ops/function.rs:250:5
[INFO] [stdout]   41:     0x624236ac1acb - <alloc::boxed::Box<F,A> as core::ops::function::FnOnce<Args>>::call_once::hf75717d9f28faebf
[INFO] [stdout]                                at /rustc/90b35a6239c3d8bdabc530a6a0816f7ff89a0aaf/library/alloc/src/boxed.rs:2454:9
[INFO] [stdout]   42:     0x624236ac1acb - <alloc::boxed::Box<F,A> as core::ops::function::FnOnce<Args>>::call_once::h7bd883a5f3c5f3c1
[INFO] [stdout]                                at /rustc/90b35a6239c3d8bdabc530a6a0816f7ff89a0aaf/library/alloc/src/boxed.rs:2454:9
[INFO] [stdout]   43:     0x624236ac1acb - std::sys::pal::unix::thread::Thread::new::thread_start::hcc78f3943333fa94
[INFO] [stdout]                                at /rustc/90b35a6239c3d8bdabc530a6a0816f7ff89a0aaf/library/std/src/sys/pal/unix/thread.rs:105:17
[INFO] [stdout]   44:     0x72004f675ac3 - <unknown>
[INFO] [stdout]   45:     0x72004f706a04 - clone
[INFO] [stdout]   46:                0x0 - <unknown>
[INFO] [stdout] 
[INFO] [stdout] 
[INFO] [stdout] failures:
[INFO] [stdout]     basic_stackframe_continuation
[INFO] [stdout] 
[INFO] [stdout] test result: FAILED. 25 passed; 1 failed; 1 ignored; 0 measured; 0 filtered out; finished in 0.10s
[INFO] [stdout] 
[INFO] [stderr] error: test failed, to rerun pass `-p quest --test integration_tests`
[INFO] running `Command { std: "docker" "inspect" "3f4e6f790831cb99fc779506cd8d5fe369ca1db4053fb1ca7ecd4f8299966125", kill_on_drop: false }`
[INFO] running `Command { std: "docker" "rm" "-f" "3f4e6f790831cb99fc779506cd8d5fe369ca1db4053fb1ca7ecd4f8299966125", kill_on_drop: false }`
[INFO] [stdout] 3f4e6f790831cb99fc779506cd8d5fe369ca1db4053fb1ca7ecd4f8299966125
