[INFO] cloning repository https://github.com/parallax-labs/crawlrs
[INFO] running `Command { std: "git" "-c" "credential.helper=" "-c" "credential.helper=/workspace/cargo-home/bin/git-credential-null" "clone" "--bare" "https://github.com/parallax-labs/crawlrs" "/workspace/cache/git-repos/https%3A%2F%2Fgithub.com%2Fparallax-labs%2Fcrawlrs", kill_on_drop: false }`
[INFO] [stderr] Cloning into bare repository '/workspace/cache/git-repos/https%3A%2F%2Fgithub.com%2Fparallax-labs%2Fcrawlrs'...
[INFO] running `Command { std: "git" "rev-parse" "HEAD", kill_on_drop: false }`
[INFO] [stdout] e9844344feb36152758fd810b03b9cca58be4abd
[INFO] testing parallax-labs/crawlrs against 1.83.0 for beta-1.84.0-4-retry
[INFO] running `Command { std: "git" "clone" "/workspace/cache/git-repos/https%3A%2F%2Fgithub.com%2Fparallax-labs%2Fcrawlrs" "/workspace/builds/worker-2-tc1/source", kill_on_drop: false }`
[INFO] [stderr] Cloning into '/workspace/builds/worker-2-tc1/source'...
[INFO] [stderr] done.
[INFO] validating manifest of git repo https://github.com/parallax-labs/crawlrs on toolchain 1.83.0
[INFO] running `Command { std: CARGO_HOME="/workspace/cargo-home" RUSTUP_HOME="/workspace/rustup-home" "/workspace/cargo-home/bin/cargo" "+1.83.0" "metadata" "--manifest-path" "Cargo.toml" "--no-deps", kill_on_drop: false }`
[INFO] started tweaking git repo https://github.com/parallax-labs/crawlrs
[INFO] finished tweaking git repo https://github.com/parallax-labs/crawlrs
[INFO] tweaked toml for git repo https://github.com/parallax-labs/crawlrs written to /workspace/builds/worker-2-tc1/source/Cargo.toml
[INFO] crate git repo https://github.com/parallax-labs/crawlrs already has a lockfile, it will not be regenerated
[INFO] running `Command { std: CARGO_HOME="/workspace/cargo-home" RUSTUP_HOME="/workspace/rustup-home" "/workspace/cargo-home/bin/cargo" "+1.83.0" "fetch" "--manifest-path" "Cargo.toml", kill_on_drop: false }`
[INFO] [stderr]     Updating crates.io index
[INFO] [stderr]  Downloading crates ...
[INFO] [stderr]   Downloaded serde_derive v1.0.128
[INFO] [stderr]   Downloaded wasm-bindgen-shared v0.2.76
[INFO] [stderr]   Downloaded structopt-derive v0.4.15
[INFO] [stderr]   Downloaded rustc-demangle v0.1.20
[INFO] [stderr]   Downloaded wasm-bindgen-macro-support v0.2.76
[INFO] [stderr]   Downloaded addr2line v0.16.0
[INFO] [stderr]   Downloaded tracing-core v0.1.19
[INFO] [stderr]   Downloaded js-sys v0.3.53
[INFO] [stderr]   Downloaded crossbeam-channel v0.3.9
[INFO] [stderr]   Downloaded serde_json v1.0.66
[INFO] [stderr]   Downloaded futures-util v0.3.16
[INFO] [stderr]   Downloaded wasm-bindgen v0.2.76
[INFO] [stderr]   Downloaded hyper v0.14.11
[INFO] [stderr]   Downloaded backtrace v0.3.61
[INFO] [stderr]   Downloaded serde v1.0.128
[INFO] [stderr]   Downloaded object v0.26.1
[INFO] [stderr]   Downloaded syn v1.0.74
[INFO] [stderr]   Downloaded select v0.5.0
[INFO] [stderr]   Downloaded structopt v0.3.22
[INFO] [stderr]   Downloaded cc v1.0.69
[INFO] [stderr]   Downloaded tinyvec v1.3.1
[INFO] [stderr]   Downloaded xml5ever v0.16.1
[INFO] [stderr]   Downloaded futures-channel v0.3.16
[INFO] [stderr]   Downloaded socket2 v0.4.1
[INFO] [stderr]   Downloaded libc v0.2.99
[INFO] [stderr]   Downloaded wasm-bindgen-futures v0.4.26
[INFO] [stderr]   Downloaded wasm-bindgen-backend v0.2.76
[INFO] [stderr]   Downloaded string_cache v0.8.1
[INFO] [stderr]   Downloaded tokio v1.10.0
[INFO] [stderr]   Downloaded siphasher v0.3.6
[INFO] [stderr]   Downloaded synstructure v0.12.5
[INFO] [stderr]   Downloaded web-sys v0.3.53
[INFO] [stderr]   Downloaded convey v0.2.0
[INFO] [stderr]   Downloaded gimli v0.25.0
[INFO] [stderr]   Downloaded futures-io v0.3.16
[INFO] [stderr]   Downloaded futures-task v0.3.16
[INFO] [stderr]   Downloaded futures-core v0.3.16
[INFO] [stderr]   Downloaded futures-sink v0.3.16
[INFO] [stderr]   Downloaded wasm-bindgen-macro v0.2.76
[INFO] running `Command { std: "docker" "create" "-v" "/var/lib/crater-agent-workspace/builds/worker-2-tc1/target:/opt/rustwide/target:rw,Z" "-v" "/var/lib/crater-agent-workspace/builds/worker-2-tc1/source:/opt/rustwide/workdir:ro,Z" "-v" "/var/lib/crater-agent-workspace/cargo-home:/opt/rustwide/cargo-home:ro,Z" "-v" "/var/lib/crater-agent-workspace/rustup-home:/opt/rustwide/rustup-home:ro,Z" "-e" "SOURCE_DIR=/opt/rustwide/workdir" "-e" "CARGO_TARGET_DIR=/opt/rustwide/target" "-e" "CARGO_HOME=/opt/rustwide/cargo-home" "-e" "RUSTUP_HOME=/opt/rustwide/rustup-home" "-w" "/opt/rustwide/workdir" "-m" "1610612736" "--user" "0:0" "--network" "none" "ghcr.io/rust-lang/crates-build-env/linux@sha256:f3a9d4ad9d972b27faf3965f35b62e55ba32bbce8f20bc8fe909558a86702fde" "/opt/rustwide/cargo-home/bin/cargo" "+1.83.0" "metadata" "--no-deps" "--format-version=1", kill_on_drop: false }`
[INFO] [stdout] 9474c15a310573c70ccee6083b62eef3867413e29c1a0305eeb5ef60272b087d
[INFO] running `Command { std: "docker" "start" "-a" "9474c15a310573c70ccee6083b62eef3867413e29c1a0305eeb5ef60272b087d", kill_on_drop: false }`
[INFO] running `Command { std: "docker" "inspect" "9474c15a310573c70ccee6083b62eef3867413e29c1a0305eeb5ef60272b087d", kill_on_drop: false }`
[INFO] running `Command { std: "docker" "rm" "-f" "9474c15a310573c70ccee6083b62eef3867413e29c1a0305eeb5ef60272b087d", kill_on_drop: false }`
[INFO] [stdout] 9474c15a310573c70ccee6083b62eef3867413e29c1a0305eeb5ef60272b087d
[INFO] running `Command { std: "docker" "create" "-v" "/var/lib/crater-agent-workspace/builds/worker-2-tc1/target:/opt/rustwide/target:rw,Z" "-v" "/var/lib/crater-agent-workspace/builds/worker-2-tc1/source:/opt/rustwide/workdir:ro,Z" "-v" "/var/lib/crater-agent-workspace/cargo-home:/opt/rustwide/cargo-home:ro,Z" "-v" "/var/lib/crater-agent-workspace/rustup-home:/opt/rustwide/rustup-home:ro,Z" "-e" "SOURCE_DIR=/opt/rustwide/workdir" "-e" "CARGO_TARGET_DIR=/opt/rustwide/target" "-e" "CARGO_INCREMENTAL=0" "-e" "RUST_BACKTRACE=full" "-e" "RUSTFLAGS=--cap-lints=warn" "-e" "RUSTDOCFLAGS=--cap-lints=warn" "-e" "CARGO_HOME=/opt/rustwide/cargo-home" "-e" "RUSTUP_HOME=/opt/rustwide/rustup-home" "-w" "/opt/rustwide/workdir" "-m" "1610612736" "--user" "0:0" "--network" "none" "ghcr.io/rust-lang/crates-build-env/linux@sha256:f3a9d4ad9d972b27faf3965f35b62e55ba32bbce8f20bc8fe909558a86702fde" "/opt/rustwide/cargo-home/bin/cargo" "+1.83.0" "build" "--frozen" "--message-format=json", kill_on_drop: false }`
[INFO] [stdout] c2b9d995feb37fd81ca00248e3f11f06e50698bb6e5706a01997523f943801da
[INFO] running `Command { std: "docker" "start" "-a" "c2b9d995feb37fd81ca00248e3f11f06e50698bb6e5706a01997523f943801da", kill_on_drop: false }`
[INFO] [stderr]    Compiling libc v0.2.99
[INFO] [stderr]    Compiling autocfg v1.0.1
[INFO] [stderr]    Compiling cfg-if v1.0.0
[INFO] [stderr]    Compiling serde v1.0.128
[INFO] [stderr]    Compiling proc-macro2 v1.0.28
[INFO] [stderr]    Compiling unicode-xid v0.2.2
[INFO] [stderr]    Compiling log v0.4.14
[INFO] [stderr]    Compiling memchr v2.4.1
[INFO] [stderr]    Compiling lazy_static v1.4.0
[INFO] [stderr]    Compiling getrandom v0.1.16
[INFO] [stderr]    Compiling syn v1.0.74
[INFO] [stderr]    Compiling cc v1.0.69
[INFO] [stderr]    Compiling siphasher v0.3.6
[INFO] [stderr]    Compiling ppv-lite86 v0.2.10
[INFO] [stderr]    Compiling pin-project-lite v0.2.7
[INFO] [stderr]    Compiling pkg-config v0.3.19
[INFO] [stderr]    Compiling itoa v0.4.7
[INFO] [stderr]    Compiling futures-core v0.3.16
[INFO] [stderr]    Compiling bytes v1.0.1
[INFO] [stderr]    Compiling version_check v0.9.3
[INFO] [stderr]    Compiling new_debug_unreachable v1.0.4
[INFO] [stderr]    Compiling futures-task v0.3.16
[INFO] [stderr]    Compiling phf_shared v0.8.0
[INFO] [stderr]    Compiling tokio v1.10.0
[INFO] [stderr]    Compiling mac v0.1.1
[INFO] [stderr]    Compiling bitflags v1.3.2
[INFO] [stderr]    Compiling indexmap v1.7.0
[INFO] [stderr]    Compiling futures-util v0.3.16
[INFO] [stderr]    Compiling futf v0.1.4
[INFO] [stderr]    Compiling foreign-types-shared v0.1.1
[INFO] [stderr]    Compiling fnv v1.0.7
[INFO] [stderr]    Compiling utf-8 v0.7.6
[INFO] [stderr]    Compiling ryu v1.0.5
[INFO] [stderr]    Compiling precomputed-hash v0.1.1
[INFO] [stderr]    Compiling openssl v0.10.36
[INFO] [stderr]    Compiling foreign-types v0.3.2
[INFO] [stderr]    Compiling proc-macro-error-attr v1.0.4
[INFO] [stderr]    Compiling tendril v0.4.2
[INFO] [stderr]    Compiling phf v0.8.0
[INFO] [stderr]    Compiling miniz_oxide v0.4.4
[INFO] [stderr]    Compiling tracing-core v0.1.19
[INFO] [stderr]    Compiling slab v0.4.4
[INFO] [stderr]    Compiling http v0.2.4
[INFO] [stderr]    Compiling matches v0.1.9
[INFO] [stderr]    Compiling futures-io v0.3.16
[INFO] [stderr]    Compiling once_cell v1.8.0
[INFO] [stderr]    Compiling hashbrown v0.11.2
[INFO] [stderr]    Compiling futures-channel v0.3.16
[INFO] [stderr]    Compiling httparse v1.5.1
[INFO] [stderr]    Compiling tinyvec_macros v0.1.0
[INFO] [stderr]    Compiling native-tls v0.2.8
[INFO] [stderr]    Compiling pin-utils v0.1.0
[INFO] [stderr]    Compiling futures-sink v0.3.16
[INFO] [stderr]    Compiling tinyvec v1.3.1
[INFO] [stderr]    Compiling quote v1.0.9
[INFO] [stderr]    Compiling proc-macro-error v1.0.4
[INFO] [stderr]    Compiling num-traits v0.2.14
[INFO] [stderr]    Compiling adler v1.0.2
[INFO] [stderr]    Compiling openssl-probe v0.1.4
[INFO] [stderr]    Compiling tracing v0.1.26
[INFO] [stderr]    Compiling num_cpus v1.13.0
[INFO] [stderr]    Compiling openssl-sys v0.9.66
[INFO] [stderr]    Compiling backtrace v0.3.61
[INFO] [stderr]    Compiling time v0.1.43
[INFO] [stderr]    Compiling serde_json v1.0.66
[INFO] [stderr]    Compiling gimli v0.25.0
[INFO] [stderr]    Compiling percent-encoding v2.1.0
[INFO] [stderr]    Compiling failure_derive v0.1.8
[INFO] [stderr]    Compiling try-lock v0.2.3
[INFO] [stderr]    Compiling rand_core v0.5.1
[INFO] [stderr]    Compiling form_urlencoded v1.0.1
[INFO] [stderr]    Compiling socket2 v0.4.1
[INFO] [stderr]    Compiling atty v0.2.14
[INFO] [stderr]    Compiling rand_pcg v0.2.1
[INFO] [stderr]    Compiling rand_chacha v0.2.2
[INFO] [stderr]    Compiling unicode-normalization v0.1.19
[INFO] [stderr]    Compiling object v0.26.1
[INFO] [stderr]    Compiling num-integer v0.1.44
[INFO] [stderr]    Compiling unicode-segmentation v1.8.0
[INFO] [stderr]    Compiling rand v0.7.3
[INFO] [stderr]    Compiling cfg-if v0.1.10
[INFO] [stderr]    Compiling tower-service v0.3.1
[INFO] [stderr]    Compiling httpdate v1.0.1
[INFO] [stderr]    Compiling rustc-demangle v0.1.20
[INFO] [stderr]    Compiling unicode-width v0.1.8
[INFO] [stderr]    Compiling serde_derive v1.0.128
[INFO] [stderr]    Compiling encoding_rs v0.8.28
[INFO] [stderr]    Compiling http-body v0.4.3
[INFO] [stderr]    Compiling unicode-bidi v0.3.6
[INFO] [stderr]    Compiling heck v0.3.3
[INFO] [stderr]    Compiling textwrap v0.11.0
[INFO] [stderr]    Compiling crossbeam-utils v0.6.6
[INFO] [stderr]    Compiling aho-corasick v0.7.18
[INFO] [stderr]    Compiling regex-syntax v0.6.25
[INFO] [stderr]    Compiling bit-vec v0.6.3
[INFO] [stderr]    Compiling idna v0.2.3
[INFO] [stderr]    Compiling strsim v0.8.0
[INFO] [stderr]    Compiling vec_map v0.8.2
[INFO] [stderr]    Compiling termcolor v1.1.2
[INFO] [stderr]    Compiling ansi_term v0.11.0
[INFO] [stderr]    Compiling phf_generator v0.8.0
[INFO] [stderr]    Compiling string_cache_codegen v0.5.1
[INFO] [stderr]    Compiling phf_codegen v0.8.0
[INFO] [stderr]    Compiling clap v2.33.3
[INFO] [stderr]    Compiling bit-set v0.5.2
[INFO] [stderr]    Compiling crossbeam-channel v0.3.9
[INFO] [stderr]    Compiling url v2.2.2
[INFO] [stderr]    Compiling either v1.6.1
[INFO] [stderr]    Compiling markup5ever v0.10.1
[INFO] [stderr]    Compiling ipnet v2.3.1
[INFO] [stderr]    Compiling base64 v0.13.0
[INFO] [stderr]    Compiling mime v0.3.16
[INFO] [stderr]    Compiling humantime v2.1.0
[INFO] [stderr]    Compiling regex v1.5.4
[INFO] [stderr]    Compiling itertools v0.10.1
[INFO] [stderr]    Compiling chrono v0.4.19
[INFO] [stderr]    Compiling string_cache v0.8.1
[INFO] [stderr]    Compiling addr2line v0.16.0
[INFO] [stderr]    Compiling serde_urlencoded v0.7.0
[INFO] [stderr]    Compiling mio v0.7.13
[INFO] [stderr]    Compiling want v0.3.0
[INFO] [stderr]    Compiling env_logger v0.9.0
[INFO] [stderr]    Compiling xml5ever v0.16.1
[INFO] [stderr]    Compiling synstructure v0.12.5
[INFO] [stderr]    Compiling html5ever v0.25.1
[INFO] [stderr]    Compiling structopt-derive v0.4.15
[INFO] [stderr]    Compiling failure v0.1.8
[INFO] [stderr]    Compiling structopt v0.3.22
[INFO] [stderr]    Compiling tokio-util v0.6.7
[INFO] [stderr]    Compiling tokio-native-tls v0.3.0
[INFO] [stderr]    Compiling markup5ever_rcdom v0.1.0
[INFO] [stderr]    Compiling select v0.5.0
[INFO] [stderr]    Compiling h2 v0.3.3
[INFO] [stderr]    Compiling convey v0.2.0
[INFO] [stderr]    Compiling hyper v0.14.11
[INFO] [stderr]    Compiling hyper-tls v0.5.0
[INFO] [stderr]    Compiling reqwest v0.11.4
[INFO] [stderr]    Compiling crawlrs v0.1.0 (/opt/rustwide/workdir)
[INFO] [stdout] warning: fields `stats` and `output` are never read
[INFO] [stdout]   --> src/api/crawl.rs:18:9
[INFO] [stdout]    |
[INFO] [stdout] 8  | pub struct CrawlOpts {
[INFO] [stdout]    |            --------- fields in this struct
[INFO] [stdout] ...
[INFO] [stdout] 18 |     pub stats: bool,
[INFO] [stdout]    |         ^^^^^
[INFO] [stdout] 19 |     #[structopt(short = "o", long = "json", help = "output format")]
[INFO] [stdout] 20 |     pub output: Option<OutputFormat>,
[INFO] [stdout]    |         ^^^^^^
[INFO] [stdout]    |
[INFO] [stdout]    = note: `CrawlOpts` has derived impls for the traits `Clone` and `Debug`, but these are intentionally ignored during dead code analysis
[INFO] [stdout]    = note: `#[warn(dead_code)]` on by default
[INFO] [stdout] 
[INFO] [stdout] 
[INFO] [stdout] warning: fields `url` and `e` are never read
[INFO] [stdout]  --> src/error.rs:3:13
[INFO] [stdout]   |
[INFO] [stdout] 3 |     Write { url: String, e: std::io::Error },
[INFO] [stdout]   |     -----   ^^^          ^
[INFO] [stdout]   |     |
[INFO] [stdout]   |     fields in this variant
[INFO] [stdout]   |
[INFO] [stdout]   = note: `Error` has a derived impl for the trait `Debug`, but this is intentionally ignored during dead code analysis
[INFO] [stdout] 
[INFO] [stdout] 
[INFO] [stdout] warning: fields `url` and `e` are never read
[INFO] [stdout]  --> src/error.rs:4:13
[INFO] [stdout]   |
[INFO] [stdout] 4 |     Fetch { url: String, e: reqwest::Error },
[INFO] [stdout]   |     -----   ^^^          ^
[INFO] [stdout]   |     |
[INFO] [stdout]   |     fields in this variant
[INFO] [stdout]   |
[INFO] [stdout]   = note: `Error` has a derived impl for the trait `Debug`, but this is intentionally ignored during dead code analysis
[INFO] [stdout] 
[INFO] [stdout] 
[INFO] [stderr]     Finished `dev` profile [unoptimized + debuginfo] target(s) in 1m 21s
[INFO] [stderr] warning: the following packages contain code that will be rejected by a future version of Rust: html5ever v0.25.1, xml5ever v0.16.1
[INFO] [stderr] note: to see what the problems were, use the option `--future-incompat-report`, or run `cargo report future-incompatibilities --id 1`
[INFO] running `Command { std: "docker" "inspect" "c2b9d995feb37fd81ca00248e3f11f06e50698bb6e5706a01997523f943801da", kill_on_drop: false }`
[INFO] running `Command { std: "docker" "rm" "-f" "c2b9d995feb37fd81ca00248e3f11f06e50698bb6e5706a01997523f943801da", kill_on_drop: false }`
[INFO] [stdout] c2b9d995feb37fd81ca00248e3f11f06e50698bb6e5706a01997523f943801da
[INFO] running `Command { std: "docker" "create" "-v" "/var/lib/crater-agent-workspace/builds/worker-2-tc1/target:/opt/rustwide/target:rw,Z" "-v" "/var/lib/crater-agent-workspace/builds/worker-2-tc1/source:/opt/rustwide/workdir:ro,Z" "-v" "/var/lib/crater-agent-workspace/cargo-home:/opt/rustwide/cargo-home:ro,Z" "-v" "/var/lib/crater-agent-workspace/rustup-home:/opt/rustwide/rustup-home:ro,Z" "-e" "SOURCE_DIR=/opt/rustwide/workdir" "-e" "CARGO_TARGET_DIR=/opt/rustwide/target" "-e" "CARGO_INCREMENTAL=0" "-e" "RUST_BACKTRACE=full" "-e" "RUSTFLAGS=--cap-lints=warn" "-e" "RUSTDOCFLAGS=--cap-lints=warn" "-e" "CARGO_HOME=/opt/rustwide/cargo-home" "-e" "RUSTUP_HOME=/opt/rustwide/rustup-home" "-w" "/opt/rustwide/workdir" "-m" "1610612736" "--user" "0:0" "--network" "none" "ghcr.io/rust-lang/crates-build-env/linux@sha256:f3a9d4ad9d972b27faf3965f35b62e55ba32bbce8f20bc8fe909558a86702fde" "/opt/rustwide/cargo-home/bin/cargo" "+1.83.0" "test" "--frozen" "--no-run" "--message-format=json", kill_on_drop: false }`
[INFO] [stdout] 6a513a4d80c5a9a0737e2c9f904a6dce7370bf1df7b16ebf91835a3ceccae2dd
[INFO] running `Command { std: "docker" "start" "-a" "6a513a4d80c5a9a0737e2c9f904a6dce7370bf1df7b16ebf91835a3ceccae2dd", kill_on_drop: false }`
[INFO] [stderr]    Compiling crawlrs v0.1.0 (/opt/rustwide/workdir)
[INFO] [stdout] warning: fields `stats` and `output` are never read
[INFO] [stdout]   --> src/api/crawl.rs:18:9
[INFO] [stdout]    |
[INFO] [stdout] 8  | pub struct CrawlOpts {
[INFO] [stdout]    |            --------- fields in this struct
[INFO] [stdout] ...
[INFO] [stdout] 18 |     pub stats: bool,
[INFO] [stdout]    |         ^^^^^
[INFO] [stdout] 19 |     #[structopt(short = "o", long = "json", help = "output format")]
[INFO] [stdout] 20 |     pub output: Option<OutputFormat>,
[INFO] [stdout]    |         ^^^^^^
[INFO] [stdout]    |
[INFO] [stdout]    = note: `CrawlOpts` has derived impls for the traits `Clone` and `Debug`, but these are intentionally ignored during dead code analysis
[INFO] [stdout]    = note: `#[warn(dead_code)]` on by default
[INFO] [stdout] 
[INFO] [stdout] 
[INFO] [stdout] warning: fields `url` and `e` are never read
[INFO] [stdout]  --> src/error.rs:3:13
[INFO] [stdout]   |
[INFO] [stdout] 3 |     Write { url: String, e: std::io::Error },
[INFO] [stdout]   |     -----   ^^^          ^
[INFO] [stdout]   |     |
[INFO] [stdout]   |     fields in this variant
[INFO] [stdout]   |
[INFO] [stdout]   = note: `Error` has a derived impl for the trait `Debug`, but this is intentionally ignored during dead code analysis
[INFO] [stdout] 
[INFO] [stdout] 
[INFO] [stdout] warning: fields `url` and `e` are never read
[INFO] [stdout]  --> src/error.rs:4:13
[INFO] [stdout]   |
[INFO] [stdout] 4 |     Fetch { url: String, e: reqwest::Error },
[INFO] [stdout]   |     -----   ^^^          ^
[INFO] [stdout]   |     |
[INFO] [stdout]   |     fields in this variant
[INFO] [stdout]   |
[INFO] [stdout]   = note: `Error` has a derived impl for the trait `Debug`, but this is intentionally ignored during dead code analysis
[INFO] [stdout] 
[INFO] [stdout] 
[INFO] [stderr]     Finished `test` profile [unoptimized + debuginfo] target(s) in 4.32s
[INFO] [stderr] warning: the following packages contain code that will be rejected by a future version of Rust: html5ever v0.25.1, xml5ever v0.16.1
[INFO] [stderr] note: to see what the problems were, use the option `--future-incompat-report`, or run `cargo report future-incompatibilities --id 1`
[INFO] running `Command { std: "docker" "inspect" "6a513a4d80c5a9a0737e2c9f904a6dce7370bf1df7b16ebf91835a3ceccae2dd", kill_on_drop: false }`
[INFO] running `Command { std: "docker" "rm" "-f" "6a513a4d80c5a9a0737e2c9f904a6dce7370bf1df7b16ebf91835a3ceccae2dd", kill_on_drop: false }`
[INFO] [stdout] 6a513a4d80c5a9a0737e2c9f904a6dce7370bf1df7b16ebf91835a3ceccae2dd
[INFO] running `Command { std: "docker" "create" "-v" "/var/lib/crater-agent-workspace/builds/worker-2-tc1/target:/opt/rustwide/target:rw,Z" "-v" "/var/lib/crater-agent-workspace/builds/worker-2-tc1/source:/opt/rustwide/workdir:ro,Z" "-v" "/var/lib/crater-agent-workspace/cargo-home:/opt/rustwide/cargo-home:ro,Z" "-v" "/var/lib/crater-agent-workspace/rustup-home:/opt/rustwide/rustup-home:ro,Z" "-e" "SOURCE_DIR=/opt/rustwide/workdir" "-e" "CARGO_TARGET_DIR=/opt/rustwide/target" "-e" "CARGO_INCREMENTAL=0" "-e" "RUST_BACKTRACE=full" "-e" "RUSTFLAGS=--cap-lints=warn" "-e" "RUSTDOCFLAGS=--cap-lints=warn" "-e" "CARGO_HOME=/opt/rustwide/cargo-home" "-e" "RUSTUP_HOME=/opt/rustwide/rustup-home" "-w" "/opt/rustwide/workdir" "-m" "1610612736" "--user" "0:0" "--network" "none" "ghcr.io/rust-lang/crates-build-env/linux@sha256:f3a9d4ad9d972b27faf3965f35b62e55ba32bbce8f20bc8fe909558a86702fde" "/opt/rustwide/cargo-home/bin/cargo" "+1.83.0" "test" "--frozen", kill_on_drop: false }`
[INFO] [stdout] d1680c757822201d261c44b46a8f94ec06b5795cf4022c39ac8284eb4db052e5
[INFO] running `Command { std: "docker" "start" "-a" "d1680c757822201d261c44b46a8f94ec06b5795cf4022c39ac8284eb4db052e5", kill_on_drop: false }`
[INFO] [stderr] warning: fields `stats` and `output` are never read
[INFO] [stderr]   --> src/api/crawl.rs:18:9
[INFO] [stderr]    |
[INFO] [stderr] 8  | pub struct CrawlOpts {
[INFO] [stderr]    |            --------- fields in this struct
[INFO] [stderr] ...
[INFO] [stderr] 18 |     pub stats: bool,
[INFO] [stderr]    |         ^^^^^
[INFO] [stderr] 19 |     #[structopt(short = "o", long = "json", help = "output format")]
[INFO] [stderr] 20 |     pub output: Option<OutputFormat>,
[INFO] [stderr]    |         ^^^^^^
[INFO] [stderr]    |
[INFO] [stderr]    = note: `CrawlOpts` has derived impls for the traits `Clone` and `Debug`, but these are intentionally ignored during dead code analysis
[INFO] [stderr]    = note: `#[warn(dead_code)]` on by default
[INFO] [stderr] 
[INFO] [stderr] warning: fields `url` and `e` are never read
[INFO] [stderr]  --> src/error.rs:3:13
[INFO] [stderr]   |
[INFO] [stderr] 3 |     Write { url: String, e: std::io::Error },
[INFO] [stderr]   |     -----   ^^^          ^
[INFO] [stderr]   |     |
[INFO] [stderr]   |     fields in this variant
[INFO] [stderr]   |
[INFO] [stderr]   = note: `Error` has a derived impl for the trait `Debug`, but this is intentionally ignored during dead code analysis
[INFO] [stderr] 
[INFO] [stderr] warning: fields `url` and `e` are never read
[INFO] [stderr]  --> src/error.rs:4:13
[INFO] [stderr]   |
[INFO] [stderr] 4 |     Fetch { url: String, e: reqwest::Error },
[INFO] [stderr]   |     -----   ^^^          ^
[INFO] [stderr]   |     |
[INFO] [stderr]   |     fields in this variant
[INFO] [stderr]   |
[INFO] [stderr]   = note: `Error` has a derived impl for the trait `Debug`, but this is intentionally ignored during dead code analysis
[INFO] [stderr] 
[INFO] [stderr] warning: `crawlrs` (bin "crawlrs" test) generated 3 warnings
[INFO] [stderr]     Finished `test` profile [unoptimized + debuginfo] target(s) in 0.19s
[INFO] [stderr] warning: the following packages contain code that will be rejected by a future version of Rust: html5ever v0.25.1, xml5ever v0.16.1
[INFO] [stderr] note: to see what the problems were, use the option `--future-incompat-report`, or run `cargo report future-incompatibilities --id 1`
[INFO] [stderr]      Running unittests src/main.rs (/opt/rustwide/target/debug/deps/crawlrs-244dcdd808114f13)
[INFO] [stdout] 
[INFO] [stdout] running 7 tests
[INFO] [stdout] test crawler::tests::test_crawl_same_domain_should_fail ... ok
[INFO] [stdout] test session_stats::tests::test_add_visit_count ... ok
[INFO] [stdout] test session_stats::tests::test_start_session ... ok
[INFO] [stdout] test session_stats::tests::test_finish_session ... ok
[INFO] [stdout] test crawler::tests::test_crawl_same_domain_should_pass ... ok
[INFO] [stdout] test session_stats::tests::test_add_single_visit ... ok
[INFO] [stdout] test session_stats::tests::test_elapsed_time ... FAILED
[INFO] [stdout] 
[INFO] [stdout] failures:
[INFO] [stdout] 
[INFO] [stdout] ---- session_stats::tests::test_elapsed_time stdout ----
[INFO] [stdout] thread 'session_stats::tests::test_elapsed_time' panicked at src/session_stats.rs:127:9:
[INFO] [stdout] assertion failed: session_stats.elapsed_time().num_milliseconds() == SLEEP_TIME
[INFO] [stdout] stack backtrace:
[INFO] [stdout]    0:     0x6299a2adbb4a - std::backtrace_rs::backtrace::libunwind::trace::h5a5b8284f2d0c266
[INFO] [stdout]                                at /rustc/90b35a6239c3d8bdabc530a6a0816f7ff89a0aaf/library/std/src/../../backtrace/src/backtrace/libunwind.rs:116:5
[INFO] [stdout]    1:     0x6299a2adbb4a - std::backtrace_rs::backtrace::trace_unsynchronized::h76d4f1c9b0b875e3
[INFO] [stdout]                                at /rustc/90b35a6239c3d8bdabc530a6a0816f7ff89a0aaf/library/std/src/../../backtrace/src/backtrace/mod.rs:66:5
[INFO] [stdout]    2:     0x6299a2adbb4a - std::sys::backtrace::_print_fmt::hc4546b8364a537c6
[INFO] [stdout]                                at /rustc/90b35a6239c3d8bdabc530a6a0816f7ff89a0aaf/library/std/src/sys/backtrace.rs:66:9
[INFO] [stdout]    3:     0x6299a2adbb4a - <std::sys::backtrace::BacktraceLock::print::DisplayBacktrace as core::fmt::Display>::fmt::h5b6bd5631a6d1f6b
[INFO] [stdout]                                at /rustc/90b35a6239c3d8bdabc530a6a0816f7ff89a0aaf/library/std/src/sys/backtrace.rs:39:26
[INFO] [stdout]    4:     0x6299a2b01f23 - core::fmt::rt::Argument::fmt::h270f6602a2b96f62
[INFO] [stdout]                                at /rustc/90b35a6239c3d8bdabc530a6a0816f7ff89a0aaf/library/core/src/fmt/rt.rs:177:76
[INFO] [stdout]    5:     0x6299a2b01f23 - core::fmt::write::h7550c97b06c86515
[INFO] [stdout]                                at /rustc/90b35a6239c3d8bdabc530a6a0816f7ff89a0aaf/library/core/src/fmt/mod.rs:1186:21
[INFO] [stdout]    6:     0x6299a2ad8d13 - std::io::Write::write_fmt::h509ff860e5956e5e
[INFO] [stdout]                                at /rustc/90b35a6239c3d8bdabc530a6a0816f7ff89a0aaf/library/std/src/io/mod.rs:1839:15
[INFO] [stdout]    7:     0x6299a2adb992 - std::sys::backtrace::BacktraceLock::print::h2395ccd2c84ba3aa
[INFO] [stdout]                                at /rustc/90b35a6239c3d8bdabc530a6a0816f7ff89a0aaf/library/std/src/sys/backtrace.rs:42:9
[INFO] [stdout]    8:     0x6299a2adcfaa - std::panicking::default_hook::{{closure}}::he19d4c7230e07961
[INFO] [stdout]                                at /rustc/90b35a6239c3d8bdabc530a6a0816f7ff89a0aaf/library/std/src/panicking.rs:268:22
[INFO] [stdout]    9:     0x6299a2adcdb4 - std::panicking::default_hook::hf614597d3c67bbdb
[INFO] [stdout]                                at /rustc/90b35a6239c3d8bdabc530a6a0816f7ff89a0aaf/library/std/src/panicking.rs:292:9
[INFO] [stdout]   10:     0x6299a29d0589 - <alloc::boxed::Box<F,A> as core::ops::function::Fn<Args>>::call::h39b51ce4599c23d1
[INFO] [stdout]                                at /rustc/90b35a6239c3d8bdabc530a6a0816f7ff89a0aaf/library/alloc/src/boxed.rs:2468:9
[INFO] [stdout]   11:     0x6299a29d0589 - test::test_main::{{closure}}::he977ae839a582784
[INFO] [stdout]                                at /rustc/90b35a6239c3d8bdabc530a6a0816f7ff89a0aaf/library/test/src/lib.rs:133:21
[INFO] [stdout]   12:     0x6299a2add648 - <alloc::boxed::Box<F,A> as core::ops::function::Fn<Args>>::call::h9455091b6b06f9fb
[INFO] [stdout]                                at /rustc/90b35a6239c3d8bdabc530a6a0816f7ff89a0aaf/library/alloc/src/boxed.rs:2468:9
[INFO] [stdout]   13:     0x6299a2add648 - std::panicking::rust_panic_with_hook::h8942133a8b252070
[INFO] [stdout]                                at /rustc/90b35a6239c3d8bdabc530a6a0816f7ff89a0aaf/library/std/src/panicking.rs:809:13
[INFO] [stdout]   14:     0x6299a2add3d6 - std::panicking::begin_panic_handler::{{closure}}::hb5f5963570096b29
[INFO] [stdout]                                at /rustc/90b35a6239c3d8bdabc530a6a0816f7ff89a0aaf/library/std/src/panicking.rs:667:13
[INFO] [stdout]   15:     0x6299a2adc029 - std::sys::backtrace::__rust_end_short_backtrace::h6208cedc1922feda
[INFO] [stdout]                                at /rustc/90b35a6239c3d8bdabc530a6a0816f7ff89a0aaf/library/std/src/sys/backtrace.rs:170:18
[INFO] [stdout]   16:     0x6299a2add09c - rust_begin_unwind
[INFO] [stdout]                                at /rustc/90b35a6239c3d8bdabc530a6a0816f7ff89a0aaf/library/std/src/panicking.rs:665:5
[INFO] [stdout]   17:     0x6299a2985bc0 - core::panicking::panic_fmt::h0c3082644d1bf418
[INFO] [stdout]                                at /rustc/90b35a6239c3d8bdabc530a6a0816f7ff89a0aaf/library/core/src/panicking.rs:74:14
[INFO] [stdout]   18:     0x6299a2985c4c - core::panicking::panic::h957f98c65a3b3074
[INFO] [stdout]                                at /rustc/90b35a6239c3d8bdabc530a6a0816f7ff89a0aaf/library/core/src/panicking.rs:148:5
[INFO] [stdout]   19:     0x6299a29956fb - crawlrs::session_stats::tests::test_elapsed_time::hdbf75f26d2c12300
[INFO] [stdout]                                at /opt/rustwide/workdir/src/session_stats.rs:127:9
[INFO] [stdout]   20:     0x6299a2995657 - crawlrs::session_stats::tests::test_elapsed_time::{{closure}}::h567009abeacf33ba
[INFO] [stdout]                                at /opt/rustwide/workdir/src/session_stats.rs:120:27
[INFO] [stdout]   21:     0x6299a2990e66 - core::ops::function::FnOnce::call_once::h2823ae36cf05d0a7
[INFO] [stdout]                                at /rustc/90b35a6239c3d8bdabc530a6a0816f7ff89a0aaf/library/core/src/ops/function.rs:250:5
[INFO] [stdout]   22:     0x6299a29d4f4b - core::ops::function::FnOnce::call_once::h109cf8051a59b34e
[INFO] [stdout]                                at /rustc/90b35a6239c3d8bdabc530a6a0816f7ff89a0aaf/library/core/src/ops/function.rs:250:5
[INFO] [stdout]   23:     0x6299a29d4f4b - test::__rust_begin_short_backtrace::hf4fff89d377446ba
[INFO] [stdout]                                at /rustc/90b35a6239c3d8bdabc530a6a0816f7ff89a0aaf/library/test/src/lib.rs:621:18
[INFO] [stdout]   24:     0x6299a29d4787 - test::run_test_in_process::{{closure}}::h0e39181dd7ee5a43
[INFO] [stdout]                                at /rustc/90b35a6239c3d8bdabc530a6a0816f7ff89a0aaf/library/test/src/lib.rs:644:60
[INFO] [stdout]   25:     0x6299a29d4787 - <core::panic::unwind_safe::AssertUnwindSafe<F> as core::ops::function::FnOnce<()>>::call_once::hc5a66a30f0bdfd1f
[INFO] [stdout]                                at /rustc/90b35a6239c3d8bdabc530a6a0816f7ff89a0aaf/library/core/src/panic/unwind_safe.rs:272:9
[INFO] [stdout]   26:     0x6299a29d4787 - std::panicking::try::do_call::h873b7cf639554a5e
[INFO] [stdout]                                at /rustc/90b35a6239c3d8bdabc530a6a0816f7ff89a0aaf/library/std/src/panicking.rs:557:40
[INFO] [stdout]   27:     0x6299a29d4787 - std::panicking::try::hdb19862fad9c8bd1
[INFO] [stdout]                                at /rustc/90b35a6239c3d8bdabc530a6a0816f7ff89a0aaf/library/std/src/panicking.rs:520:19
[INFO] [stdout]   28:     0x6299a29d4787 - std::panic::catch_unwind::h281fe732d236d260
[INFO] [stdout]                                at /rustc/90b35a6239c3d8bdabc530a6a0816f7ff89a0aaf/library/std/src/panic.rs:358:14
[INFO] [stdout]   29:     0x6299a29d4787 - test::run_test_in_process::h949b6df8457ed338
[INFO] [stdout]                                at /rustc/90b35a6239c3d8bdabc530a6a0816f7ff89a0aaf/library/test/src/lib.rs:644:27
[INFO] [stdout]   30:     0x6299a29d4787 - test::run_test::{{closure}}::h52c556a6d4740e10
[INFO] [stdout]                                at /rustc/90b35a6239c3d8bdabc530a6a0816f7ff89a0aaf/library/test/src/lib.rs:565:43
[INFO] [stdout]   31:     0x6299a2999a64 - test::run_test::{{closure}}::h4237f6381c45ccb9
[INFO] [stdout]                                at /rustc/90b35a6239c3d8bdabc530a6a0816f7ff89a0aaf/library/test/src/lib.rs:595:41
[INFO] [stdout]   32:     0x6299a2999a64 - std::sys::backtrace::__rust_begin_short_backtrace::h505c97a579eca628
[INFO] [stdout]                                at /rustc/90b35a6239c3d8bdabc530a6a0816f7ff89a0aaf/library/std/src/sys/backtrace.rs:154:18
[INFO] [stdout]   33:     0x6299a299d12e - std::thread::Builder::spawn_unchecked_::{{closure}}::{{closure}}::h9e86b2e2bc107ea3
[INFO] [stdout]                                at /rustc/90b35a6239c3d8bdabc530a6a0816f7ff89a0aaf/library/std/src/thread/mod.rs:538:17
[INFO] [stdout]   34:     0x6299a299d12e - <core::panic::unwind_safe::AssertUnwindSafe<F> as core::ops::function::FnOnce<()>>::call_once::h8b06ddb275ff4a25
[INFO] [stdout]                                at /rustc/90b35a6239c3d8bdabc530a6a0816f7ff89a0aaf/library/core/src/panic/unwind_safe.rs:272:9
[INFO] [stdout]   35:     0x6299a299d12e - std::panicking::try::do_call::hb26ecd7cd9a9355d
[INFO] [stdout]                                at /rustc/90b35a6239c3d8bdabc530a6a0816f7ff89a0aaf/library/std/src/panicking.rs:557:40
[INFO] [stdout]   36:     0x6299a299d12e - std::panicking::try::h8ddeca9d705f9069
[INFO] [stdout]                                at /rustc/90b35a6239c3d8bdabc530a6a0816f7ff89a0aaf/library/std/src/panicking.rs:520:19
[INFO] [stdout]   37:     0x6299a299d12e - std::panic::catch_unwind::h49e1c33078844c46
[INFO] [stdout]                                at /rustc/90b35a6239c3d8bdabc530a6a0816f7ff89a0aaf/library/std/src/panic.rs:358:14
[INFO] [stdout]   38:     0x6299a299d12e - std::thread::Builder::spawn_unchecked_::{{closure}}::h6073db6ff56ad35d
[INFO] [stdout]                                at /rustc/90b35a6239c3d8bdabc530a6a0816f7ff89a0aaf/library/std/src/thread/mod.rs:537:30
[INFO] [stdout]   39:     0x6299a299d12e - core::ops::function::FnOnce::call_once{{vtable.shim}}::h2c5a5f3779c774f1
[INFO] [stdout]                                at /rustc/90b35a6239c3d8bdabc530a6a0816f7ff89a0aaf/library/core/src/ops/function.rs:250:5
[INFO] [stdout]   40:     0x6299a2ae139b - <alloc::boxed::Box<F,A> as core::ops::function::FnOnce<Args>>::call_once::hf75717d9f28faebf
[INFO] [stdout]                                at /rustc/90b35a6239c3d8bdabc530a6a0816f7ff89a0aaf/library/alloc/src/boxed.rs:2454:9
[INFO] [stdout]   41:     0x6299a2ae139b - <alloc::boxed::Box<F,A> as core::ops::function::FnOnce<Args>>::call_once::h7bd883a5f3c5f3c1
[INFO] [stdout]                                at /rustc/90b35a6239c3d8bdabc530a6a0816f7ff89a0aaf/library/alloc/src/boxed.rs:2454:9
[INFO] [stdout]   42:     0x6299a2ae139b - std::sys::pal::unix::thread::Thread::new::thread_start::hcc78f3943333fa94
[INFO] [stdout]                                at /rustc/90b35a6239c3d8bdabc530a6a0816f7ff89a0aaf/library/std/src/sys/pal/unix/thread.rs:105:17
[INFO] [stdout]   43:     0x767ab33c9ac3 - <unknown>
[INFO] [stdout]   44:     0x767ab345aa04 - clone
[INFO] [stdout]   45:                0x0 - <unknown>
[INFO] [stdout] 
[INFO] [stdout] 
[INFO] [stdout] failures:
[INFO] [stdout]     session_stats::tests::test_elapsed_time
[INFO] [stdout] 
[INFO] [stdout] test result: FAILED. 6 passed; 1 failed; 0 ignored; 0 measured; 0 filtered out; finished in 0.15s
[INFO] [stdout] 
[INFO] [stderr] error: test failed, to rerun pass `--bin crawlrs`
[INFO] running `Command { std: "docker" "inspect" "d1680c757822201d261c44b46a8f94ec06b5795cf4022c39ac8284eb4db052e5", kill_on_drop: false }`
[INFO] running `Command { std: "docker" "rm" "-f" "d1680c757822201d261c44b46a8f94ec06b5795cf4022c39ac8284eb4db052e5", kill_on_drop: false }`
[INFO] [stdout] d1680c757822201d261c44b46a8f94ec06b5795cf4022c39ac8284eb4db052e5
