[INFO] cloning repository https://github.com/jimblandy/wscript
[INFO] running `Command { std: "git" "-c" "credential.helper=" "-c" "credential.helper=/workspace/cargo-home/bin/git-credential-null" "clone" "--bare" "https://github.com/jimblandy/wscript" "/workspace/cache/git-repos/https%3A%2F%2Fgithub.com%2Fjimblandy%2Fwscript", kill_on_drop: false }`
[INFO] [stderr] Cloning into bare repository '/workspace/cache/git-repos/https%3A%2F%2Fgithub.com%2Fjimblandy%2Fwscript'...
[INFO] running `Command { std: "git" "rev-parse" "HEAD", kill_on_drop: false }`
[INFO] [stdout] c87bdefe99f5296de697881c919dda7ea6b907a5
[INFO] testing jimblandy/wscript against 1.83.0 for beta-1.84.0-4-retry
[INFO] running `Command { std: "git" "clone" "/workspace/cache/git-repos/https%3A%2F%2Fgithub.com%2Fjimblandy%2Fwscript" "/workspace/builds/worker-0-tc1/source", kill_on_drop: false }`
[INFO] [stderr] Cloning into '/workspace/builds/worker-0-tc1/source'...
[INFO] [stderr] done.
[INFO] validating manifest of git repo https://github.com/jimblandy/wscript on toolchain 1.83.0
[INFO] running `Command { std: CARGO_HOME="/workspace/cargo-home" RUSTUP_HOME="/workspace/rustup-home" "/workspace/cargo-home/bin/cargo" "+1.83.0" "metadata" "--manifest-path" "Cargo.toml" "--no-deps", kill_on_drop: false }`
[INFO] started tweaking git repo https://github.com/jimblandy/wscript
[INFO] removed 0 missing tests
[INFO] finished tweaking git repo https://github.com/jimblandy/wscript
[INFO] tweaked toml for git repo https://github.com/jimblandy/wscript written to /workspace/builds/worker-0-tc1/source/Cargo.toml
[INFO] crate git repo https://github.com/jimblandy/wscript already has a lockfile, it will not be regenerated
[INFO] running `Command { std: CARGO_HOME="/workspace/cargo-home" RUSTUP_HOME="/workspace/rustup-home" "/workspace/cargo-home/bin/cargo" "+1.83.0" "fetch" "--manifest-path" "Cargo.toml", kill_on_drop: false }`
[INFO] [stderr]     Updating crates.io index
[INFO] [stderr]     Updating git repository `https://github.com/gfx-rs/naga`
[INFO] [stderr]     Updating git repository `https://github.com/grovesNL/glow/`
[INFO] [stderr]  Downloading crates ...
[INFO] [stderr]   Downloaded datatest-stable v0.1.3
[INFO] [stderr]   Downloaded argh_derive v0.1.8
[INFO] [stderr]   Downloaded argh_shared v0.1.8
[INFO] [stderr]   Downloaded argh v0.1.8
[INFO] [stderr]   Downloaded ariadne v0.1.5
[INFO] [stderr]   Downloaded anyhow v1.0.64
[INFO] [stderr]   Downloaded similar v2.2.0
[INFO] [stderr]   Downloaded clap v3.2.20
[INFO] [stderr]   Downloaded libtest-mimic v0.5.2
[INFO] running `Command { std: "docker" "create" "-v" "/var/lib/crater-agent-workspace/builds/worker-0-tc1/target:/opt/rustwide/target:rw,Z" "-v" "/var/lib/crater-agent-workspace/builds/worker-0-tc1/source:/opt/rustwide/workdir:ro,Z" "-v" "/var/lib/crater-agent-workspace/cargo-home:/opt/rustwide/cargo-home:ro,Z" "-v" "/var/lib/crater-agent-workspace/rustup-home:/opt/rustwide/rustup-home:ro,Z" "-e" "SOURCE_DIR=/opt/rustwide/workdir" "-e" "CARGO_TARGET_DIR=/opt/rustwide/target" "-e" "CARGO_HOME=/opt/rustwide/cargo-home" "-e" "RUSTUP_HOME=/opt/rustwide/rustup-home" "-w" "/opt/rustwide/workdir" "-m" "1610612736" "--user" "0:0" "--network" "none" "ghcr.io/rust-lang/crates-build-env/linux@sha256:f3a9d4ad9d972b27faf3965f35b62e55ba32bbce8f20bc8fe909558a86702fde" "/opt/rustwide/cargo-home/bin/cargo" "+1.83.0" "metadata" "--no-deps" "--format-version=1", kill_on_drop: false }`
[INFO] [stdout] 48d562acbf26303cb16125396af7b69f96aebce2c1e799429633facb3888a6e1
[INFO] running `Command { std: "docker" "start" "-a" "48d562acbf26303cb16125396af7b69f96aebce2c1e799429633facb3888a6e1", kill_on_drop: false }`
[INFO] running `Command { std: "docker" "inspect" "48d562acbf26303cb16125396af7b69f96aebce2c1e799429633facb3888a6e1", kill_on_drop: false }`
[INFO] running `Command { std: "docker" "rm" "-f" "48d562acbf26303cb16125396af7b69f96aebce2c1e799429633facb3888a6e1", kill_on_drop: false }`
[INFO] [stdout] 48d562acbf26303cb16125396af7b69f96aebce2c1e799429633facb3888a6e1
[INFO] running `Command { std: "docker" "create" "-v" "/var/lib/crater-agent-workspace/builds/worker-0-tc1/target:/opt/rustwide/target:rw,Z" "-v" "/var/lib/crater-agent-workspace/builds/worker-0-tc1/source:/opt/rustwide/workdir:ro,Z" "-v" "/var/lib/crater-agent-workspace/cargo-home:/opt/rustwide/cargo-home:ro,Z" "-v" "/var/lib/crater-agent-workspace/rustup-home:/opt/rustwide/rustup-home:ro,Z" "-e" "SOURCE_DIR=/opt/rustwide/workdir" "-e" "CARGO_TARGET_DIR=/opt/rustwide/target" "-e" "CARGO_INCREMENTAL=0" "-e" "RUST_BACKTRACE=full" "-e" "RUSTFLAGS=--cap-lints=warn" "-e" "RUSTDOCFLAGS=--cap-lints=warn" "-e" "CARGO_HOME=/opt/rustwide/cargo-home" "-e" "RUSTUP_HOME=/opt/rustwide/rustup-home" "-w" "/opt/rustwide/workdir" "-m" "1610612736" "--user" "0:0" "--network" "none" "ghcr.io/rust-lang/crates-build-env/linux@sha256:f3a9d4ad9d972b27faf3965f35b62e55ba32bbce8f20bc8fe909558a86702fde" "/opt/rustwide/cargo-home/bin/cargo" "+1.83.0" "build" "--frozen" "--message-format=json", kill_on_drop: false }`
[INFO] [stdout] 1d318a2cf139be88cffffc2312a454e7b63dc8e2a40a5f6363d75f66cc8b7612
[INFO] running `Command { std: "docker" "start" "-a" "1d318a2cf139be88cffffc2312a454e7b63dc8e2a40a5f6363d75f66cc8b7612", kill_on_drop: false }`
[INFO] [stderr]    Compiling libc v0.2.132
[INFO] [stderr]    Compiling proc-macro2 v1.0.43
[INFO] [stderr]    Compiling quote v1.0.21
[INFO] [stderr]    Compiling unicode-ident v1.0.3
[INFO] [stderr]    Compiling syn v1.0.99
[INFO] [stderr]    Compiling once_cell v1.14.0
[INFO] [stderr]    Compiling ahash v0.7.6
[INFO] [stderr]    Compiling indexmap v1.9.1
[INFO] [stderr]    Compiling lock_api v0.4.9
[INFO] [stderr]    Compiling thiserror v1.0.37
[INFO] [stderr]    Compiling parking_lot_core v0.9.3
[INFO] [stderr]    Compiling log v0.4.17
[INFO] [stderr]    Compiling libloading v0.7.3
[INFO] [stderr]    Compiling bit-vec v0.6.3
[INFO] [stderr]    Compiling smallvec v1.10.0
[INFO] [stderr]    Compiling ash v0.37.0+1.3.209
[INFO] [stderr]    Compiling unicode-width v0.1.10
[INFO] [stderr]    Compiling khronos-egl v4.1.0
[INFO] [stderr]    Compiling scopeguard v1.1.0
[INFO] [stderr]    Compiling codespan-reporting v0.11.1
[INFO] [stderr]    Compiling bit-set v0.5.3
[INFO] [stderr]    Compiling spirv v0.2.0+1.5.4
[INFO] [stderr]    Compiling gpu-descriptor-types v0.1.1
[INFO] [stderr]    Compiling gpu-alloc-types v0.2.0
[INFO] [stderr]    Compiling hexf-parse v0.2.1
[INFO] [stderr]    Compiling rustc-hash v1.1.0
[INFO] [stderr]    Compiling byteorder v1.4.3
[INFO] [stderr]    Compiling unicode-xid v0.2.3
[INFO] [stderr]    Compiling cfg_aliases v0.1.1
[INFO] [stderr]    Compiling cty v0.2.2
[INFO] [stderr]    Compiling gpu-alloc v0.5.3
[INFO] [stderr]    Compiling wgpu-core v0.14.0 (https://github.com/gfx-rs/wgpu?rev=d4b1d57f#d4b1d57f)
[INFO] [stderr]    Compiling getrandom v0.2.7
[INFO] [stderr]    Compiling fxhash v0.2.1
[INFO] [stderr]    Compiling raw-window-handle v0.5.0
[INFO] [stderr]    Compiling parking_lot v0.12.1
[INFO] [stderr]    Compiling hashbrown v0.12.3
[INFO] [stderr]    Compiling wgpu-types v0.14.0 (https://github.com/gfx-rs/wgpu?rev=d4b1d57f#d4b1d57f)
[INFO] [stderr]    Compiling profiling v1.0.7
[INFO] [stderr]    Compiling renderdoc-sys v0.7.1
[INFO] [stderr]    Compiling arrayvec v0.7.2
[INFO] [stderr]    Compiling glow v0.11.2 (https://github.com/grovesNL/glow/?rev=c8a011fcd57a5c68cc917ed394baa484bdefc909#c8a011fc)
[INFO] [stderr]    Compiling unicode-segmentation v1.9.0
[INFO] [stderr]    Compiling anyhow v1.0.64
[INFO] [stderr]    Compiling argh_shared v0.1.8
[INFO] [stderr]    Compiling gpu-descriptor v0.2.3
[INFO] [stderr]    Compiling heck v0.3.3
[INFO] [stderr]    Compiling static_assertions v1.1.0
[INFO] [stderr]    Compiling yansi v0.5.1
[INFO] [stderr]    Compiling pollster v0.2.5
[INFO] [stderr]    Compiling ariadne v0.1.5
[INFO] [stderr]    Compiling fallible-iterator v0.2.0
[INFO] [stderr]    Compiling thiserror-impl v1.0.37
[INFO] [stderr]    Compiling argh_derive v0.1.8
[INFO] [stderr]    Compiling argh v0.1.8
[INFO] [stderr]    Compiling naga v0.10.0 (https://github.com/gfx-rs/naga?rev=e7fc8e6#e7fc8e64)
[INFO] [stderr]    Compiling wgpu-hal v0.14.0 (https://github.com/gfx-rs/wgpu?rev=d4b1d57f#d4b1d57f)
[INFO] [stderr]    Compiling wgpu v0.14.0 (https://github.com/gfx-rs/wgpu?rev=d4b1d57f#d4b1d57f)
[INFO] [stderr]    Compiling wscript v0.1.0 (/opt/rustwide/workdir)
[INFO] [stdout] warning: elided lifetime has a name
[INFO] [stdout]    --> src/lex.rs:132:52
[INFO] [stdout]     |
[INFO] [stdout] 131 | impl<'s> Input<'s> {
[INFO] [stdout]     |      -- lifetime `'s` declared here
[INFO] [stdout] 132 |     pub fn new(text: &'s str, source_id: usize) -> Input {
[INFO] [stdout]     |                                                    ^^^^^ this elided lifetime gets resolved as `'s`
[INFO] [stdout]     |
[INFO] [stdout]     = note: `#[warn(elided_named_lifetimes)]` on by default
[INFO] [stdout] 
[INFO] [stdout] 
[INFO] [stdout] warning: associated function `from_le_bytes` is never used
[INFO] [stdout]  --> src/plan/little_endian_bytes.rs:9:8
[INFO] [stdout]   |
[INFO] [stdout] 4 | pub trait LeBytes: Sized {
[INFO] [stdout]   |           ------- associated function in this trait
[INFO] [stdout] ...
[INFO] [stdout] 9 |     fn from_le_bytes(bytes: Self::Bytes) -> Self;
[INFO] [stdout]   |        ^^^^^^^^^^^^^
[INFO] [stdout]   |
[INFO] [stdout]   = note: `#[warn(dead_code)]` on by default
[INFO] [stdout] 
[INFO] [stdout] 
[INFO] [stderr]     Finished `dev` profile [unoptimized + debuginfo] target(s) in 1m 14s
[INFO] running `Command { std: "docker" "inspect" "1d318a2cf139be88cffffc2312a454e7b63dc8e2a40a5f6363d75f66cc8b7612", kill_on_drop: false }`
[INFO] running `Command { std: "docker" "rm" "-f" "1d318a2cf139be88cffffc2312a454e7b63dc8e2a40a5f6363d75f66cc8b7612", kill_on_drop: false }`
[INFO] [stdout] 1d318a2cf139be88cffffc2312a454e7b63dc8e2a40a5f6363d75f66cc8b7612
[INFO] running `Command { std: "docker" "create" "-v" "/var/lib/crater-agent-workspace/builds/worker-0-tc1/target:/opt/rustwide/target:rw,Z" "-v" "/var/lib/crater-agent-workspace/builds/worker-0-tc1/source:/opt/rustwide/workdir:ro,Z" "-v" "/var/lib/crater-agent-workspace/cargo-home:/opt/rustwide/cargo-home:ro,Z" "-v" "/var/lib/crater-agent-workspace/rustup-home:/opt/rustwide/rustup-home:ro,Z" "-e" "SOURCE_DIR=/opt/rustwide/workdir" "-e" "CARGO_TARGET_DIR=/opt/rustwide/target" "-e" "CARGO_INCREMENTAL=0" "-e" "RUST_BACKTRACE=full" "-e" "RUSTFLAGS=--cap-lints=warn" "-e" "RUSTDOCFLAGS=--cap-lints=warn" "-e" "CARGO_HOME=/opt/rustwide/cargo-home" "-e" "RUSTUP_HOME=/opt/rustwide/rustup-home" "-w" "/opt/rustwide/workdir" "-m" "1610612736" "--user" "0:0" "--network" "none" "ghcr.io/rust-lang/crates-build-env/linux@sha256:f3a9d4ad9d972b27faf3965f35b62e55ba32bbce8f20bc8fe909558a86702fde" "/opt/rustwide/cargo-home/bin/cargo" "+1.83.0" "test" "--frozen" "--no-run" "--message-format=json", kill_on_drop: false }`
[INFO] [stdout] a9ef3e45bf1051ed3dd951fe078ab47c8fc66e75ace41b5f3b65aa698c98eb6d
[INFO] running `Command { std: "docker" "start" "-a" "a9ef3e45bf1051ed3dd951fe078ab47c8fc66e75ace41b5f3b65aa698c98eb6d", kill_on_drop: false }`
[INFO] [stderr]    Compiling syn v1.0.99
[INFO] [stderr]    Compiling once_cell v1.14.0
[INFO] [stderr]    Compiling proc-macro-error-attr v1.0.4
[INFO] [stderr]    Compiling memchr v2.5.0
[INFO] [stderr]    Compiling os_str_bytes v6.3.0
[INFO] [stderr]    Compiling num_cpus v1.13.1
[INFO] [stderr]    Compiling atty v0.2.14
[INFO] [stderr]    Compiling textwrap v0.15.0
[INFO] [stderr]    Compiling regex-syntax v0.6.27
[INFO] [stderr]    Compiling ahash v0.7.6
[INFO] [stderr]    Compiling clap_lex v0.2.4
[INFO] [stderr]    Compiling hashbrown v0.12.3
[INFO] [stderr]    Compiling threadpool v1.8.1
[INFO] [stderr]    Compiling same-file v1.0.6
[INFO] [stderr]    Compiling similar v2.2.0
[INFO] [stderr]    Compiling walkdir v2.3.2
[INFO] [stderr]    Compiling aho-corasick v0.7.19
[INFO] [stderr]    Compiling indexmap v1.9.1
[INFO] [stderr]    Compiling gpu-descriptor v0.2.3
[INFO] [stderr]    Compiling regex v1.6.0
[INFO] [stderr]    Compiling proc-macro-error v1.0.4
[INFO] [stderr]    Compiling thiserror-impl v1.0.37
[INFO] [stderr]    Compiling clap_derive v3.2.18
[INFO] [stderr]    Compiling argh_derive v0.1.8
[INFO] [stderr]    Compiling thiserror v1.0.37
[INFO] [stderr]    Compiling naga v0.10.0 (https://github.com/gfx-rs/naga?rev=e7fc8e6#e7fc8e64)
[INFO] [stderr]    Compiling argh v0.1.8
[INFO] [stderr]    Compiling clap v3.2.20
[INFO] [stderr]    Compiling libtest-mimic v0.5.2
[INFO] [stderr]    Compiling datatest-stable v0.1.3
[INFO] [stderr]    Compiling wgpu-hal v0.14.0 (https://github.com/gfx-rs/wgpu?rev=d4b1d57f#d4b1d57f)
[INFO] [stderr]    Compiling wgpu-core v0.14.0 (https://github.com/gfx-rs/wgpu?rev=d4b1d57f#d4b1d57f)
[INFO] [stderr]    Compiling wgpu v0.14.0 (https://github.com/gfx-rs/wgpu?rev=d4b1d57f#d4b1d57f)
[INFO] [stderr]    Compiling wscript v0.1.0 (/opt/rustwide/workdir)
[INFO] [stdout] warning: elided lifetime has a name
[INFO] [stdout]    --> src/lex.rs:132:52
[INFO] [stdout]     |
[INFO] [stdout] 131 | impl<'s> Input<'s> {
[INFO] [stdout]     |      -- lifetime `'s` declared here
[INFO] [stdout] 132 |     pub fn new(text: &'s str, source_id: usize) -> Input {
[INFO] [stdout]     |                                                    ^^^^^ this elided lifetime gets resolved as `'s`
[INFO] [stdout]     |
[INFO] [stdout]     = note: `#[warn(elided_named_lifetimes)]` on by default
[INFO] [stdout] 
[INFO] [stdout] 
[INFO] [stdout] warning: associated function `from_le_bytes` is never used
[INFO] [stdout]  --> src/plan/little_endian_bytes.rs:9:8
[INFO] [stdout]   |
[INFO] [stdout] 4 | pub trait LeBytes: Sized {
[INFO] [stdout]   |           ------- associated function in this trait
[INFO] [stdout] ...
[INFO] [stdout] 9 |     fn from_le_bytes(bytes: Self::Bytes) -> Self;
[INFO] [stdout]   |        ^^^^^^^^^^^^^
[INFO] [stdout]   |
[INFO] [stdout]   = note: `#[warn(dead_code)]` on by default
[INFO] [stdout] 
[INFO] [stdout] 
[INFO] [stdout] warning: elided lifetime has a name
[INFO] [stdout]    --> src/lex.rs:132:52
[INFO] [stdout]     |
[INFO] [stdout] 131 | impl<'s> Input<'s> {
[INFO] [stdout]     |      -- lifetime `'s` declared here
[INFO] [stdout] 132 |     pub fn new(text: &'s str, source_id: usize) -> Input {
[INFO] [stdout]     |                                                    ^^^^^ this elided lifetime gets resolved as `'s`
[INFO] [stdout]     |
[INFO] [stdout]     = note: `#[warn(elided_named_lifetimes)]` on by default
[INFO] [stdout] 
[INFO] [stdout] 
[INFO] [stdout] warning: associated function `from_le_bytes` is never used
[INFO] [stdout]  --> src/plan/little_endian_bytes.rs:9:8
[INFO] [stdout]   |
[INFO] [stdout] 4 | pub trait LeBytes: Sized {
[INFO] [stdout]   |           ------- associated function in this trait
[INFO] [stdout] ...
[INFO] [stdout] 9 |     fn from_le_bytes(bytes: Self::Bytes) -> Self;
[INFO] [stdout]   |        ^^^^^^^^^^^^^
[INFO] [stdout]   |
[INFO] [stdout]   = note: `#[warn(dead_code)]` on by default
[INFO] [stdout] 
[INFO] [stdout] 
[INFO] [stderr]     Finished `test` profile [unoptimized + debuginfo] target(s) in 1m 25s
[INFO] running `Command { std: "docker" "inspect" "a9ef3e45bf1051ed3dd951fe078ab47c8fc66e75ace41b5f3b65aa698c98eb6d", kill_on_drop: false }`
[INFO] running `Command { std: "docker" "rm" "-f" "a9ef3e45bf1051ed3dd951fe078ab47c8fc66e75ace41b5f3b65aa698c98eb6d", kill_on_drop: false }`
[INFO] [stdout] a9ef3e45bf1051ed3dd951fe078ab47c8fc66e75ace41b5f3b65aa698c98eb6d
[INFO] running `Command { std: "docker" "create" "-v" "/var/lib/crater-agent-workspace/builds/worker-0-tc1/target:/opt/rustwide/target:rw,Z" "-v" "/var/lib/crater-agent-workspace/builds/worker-0-tc1/source:/opt/rustwide/workdir:ro,Z" "-v" "/var/lib/crater-agent-workspace/cargo-home:/opt/rustwide/cargo-home:ro,Z" "-v" "/var/lib/crater-agent-workspace/rustup-home:/opt/rustwide/rustup-home:ro,Z" "-e" "SOURCE_DIR=/opt/rustwide/workdir" "-e" "CARGO_TARGET_DIR=/opt/rustwide/target" "-e" "CARGO_INCREMENTAL=0" "-e" "RUST_BACKTRACE=full" "-e" "RUSTFLAGS=--cap-lints=warn" "-e" "RUSTDOCFLAGS=--cap-lints=warn" "-e" "CARGO_HOME=/opt/rustwide/cargo-home" "-e" "RUSTUP_HOME=/opt/rustwide/rustup-home" "-w" "/opt/rustwide/workdir" "-m" "1610612736" "--user" "0:0" "--network" "none" "ghcr.io/rust-lang/crates-build-env/linux@sha256:f3a9d4ad9d972b27faf3965f35b62e55ba32bbce8f20bc8fe909558a86702fde" "/opt/rustwide/cargo-home/bin/cargo" "+1.83.0" "test" "--frozen", kill_on_drop: false }`
[INFO] [stdout] 4ee0db5eb61de9b57e993710f88ca19700364db4a7776898631ed5fd91cebad1
[INFO] running `Command { std: "docker" "start" "-a" "4ee0db5eb61de9b57e993710f88ca19700364db4a7776898631ed5fd91cebad1", kill_on_drop: false }`
[INFO] [stderr] warning: elided lifetime has a name
[INFO] [stderr]    --> src/lex.rs:132:52
[INFO] [stderr]     |
[INFO] [stderr] 131 | impl<'s> Input<'s> {
[INFO] [stderr]     |      -- lifetime `'s` declared here
[INFO] [stderr] 132 |     pub fn new(text: &'s str, source_id: usize) -> Input {
[INFO] [stderr]     |                                                    ^^^^^ this elided lifetime gets resolved as `'s`
[INFO] [stderr]     |
[INFO] [stderr]     = note: `#[warn(elided_named_lifetimes)]` on by default
[INFO] [stderr] 
[INFO] [stderr] warning: associated function `from_le_bytes` is never used
[INFO] [stderr]  --> src/plan/little_endian_bytes.rs:9:8
[INFO] [stderr]   |
[INFO] [stderr] 4 | pub trait LeBytes: Sized {
[INFO] [stderr]   |           ------- associated function in this trait
[INFO] [stderr] ...
[INFO] [stderr] 9 |     fn from_le_bytes(bytes: Self::Bytes) -> Self;
[INFO] [stderr]   |        ^^^^^^^^^^^^^
[INFO] [stderr]   |
[INFO] [stderr]   = note: `#[warn(dead_code)]` on by default
[INFO] [stderr] 
[INFO] [stderr] warning: `wscript` (lib) generated 2 warnings
[INFO] [stderr] warning: `wscript` (lib test) generated 2 warnings (2 duplicates)
[INFO] [stderr]     Finished `test` profile [unoptimized + debuginfo] target(s) in 0.27s
[INFO] [stderr]      Running unittests src/lib.rs (/opt/rustwide/target/debug/deps/wscript-a21c15051b336248)
[INFO] [stdout] 
[INFO] [stdout] running 12 tests
[INFO] [stdout] test parse::tests::expr_primary ... ok
[INFO] [stdout] test lex::tests::basic ... ok
[INFO] [stdout] test parse::tests::parse_init ... ok
[INFO] [stdout] test lex::tests::numbers ... ok
[INFO] [stdout] test parse::tests::expr_binary ... ok
[INFO] [stdout] test parse::tests::parse_dispatch ... ok
[INFO] [stdout] test parse::tests::parse_module ... ok
[INFO] [stdout] test parse::tests::scalar_types ... ok
[INFO] [stdout] test parse::tests::parse_workgroup_count ... ok
[INFO] [stdout] test lex::tests::indentation ... ok
[INFO] [stdout] test lex::tests::code_block ... ok
[INFO] [stdout] test parse::tests::vector_types ... ok
[INFO] [stdout] 
[INFO] [stdout] test result: ok. 12 passed; 0 failed; 0 ignored; 0 measured; 0 filtered out; finished in 0.02s
[INFO] [stdout] 
[INFO] [stderr]      Running unittests src/main.rs (/opt/rustwide/target/debug/deps/wscript-4a3d16149b0806c4)
[INFO] [stdout] 
[INFO] [stdout] running 0 tests
[INFO] [stdout] 
[INFO] [stdout] test result: ok. 0 passed; 0 failed; 0 ignored; 0 measured; 0 filtered out; finished in 0.00s
[INFO] [stdout] 
[INFO] [stdout] 
[INFO] [stdout] running 9 tests
[INFO] [stderr]      Running tests/errors.rs (/opt/rustwide/target/debug/deps/errors-76d0bd0b3e0ecf00)
[INFO] [stdout] test ariadne::dispatch-count-long.ws         ... ok
[INFO] [stdout] test ariadne::dispatch-count-open-missing.ws ... ok
[INFO] [stdout] test ariadne::dispatch-count-unexpected.ws   ... ok
[INFO] [stdout] test ariadne::dispatch-entry-name-missing.ws ... ok
[INFO] [stdout] test ariadne::init-missing-buffer-name.ws    ... ok
[INFO] [stdout] test ariadne::init-missing-equal.ws          ... ok
[INFO] [stdout] test ariadne::init-module-unset.ws           ... ok
[INFO] [stdout] test ariadne::init-type-int-vs-array.ws      ... ok
[INFO] [stdout] test ariadne::dispatch-count-number.ws       ... ok
[INFO] [stdout] 
[INFO] [stdout] test result: ok. 9 passed; 0 failed; 0 ignored; 0 measured; 0 filtered out; finished in 0.01s
[INFO] [stdout] 
[INFO] [stderr]      Running tests/run.rs (/opt/rustwide/target/debug/deps/run-40b8a19e3224e870)
[INFO] [stdout] 
[INFO] [stdout] running 3 tests
[INFO] [stderr] JIMB: Vacant
[INFO] [stderr] JIMB: Vacant
[INFO] [stderr] JIMB: Vacant
[INFO] [stderr] error: XDG_RUNTIME_DIR not set in the environment.
[INFO] [stderr] error: XDG_RUNTIME_DIR not set in the environment.
[INFO] [stderr] error: XDG_RUNTIME_DIR not set in the environment.
[INFO] [stderr] error: XDG_RUNTIME_DIR not set in the environment.
[INFO] [stderr] error: XDG_RUNTIME_DIR not set in the environment.
[INFO] [stderr] error: XDG_RUNTIME_DIR not set in the environment.
[INFO] [stderr] error: XDG_RUNTIME_DIR not set in the environment.
[INFO] [stderr] error: XDG_RUNTIME_DIR not set in the environment.
[INFO] [stderr] error: XDG_RUNTIME_DIR not set in the environment.
[INFO] [stderr] error: XDG_RUNTIME_DIR not set in the environment.
[INFO] [stderr] error: XDG_RUNTIME_DIR not set in the environment.
[INFO] [stderr] error: XDG_RUNTIME_DIR not set in the environment.
[INFO] [stderr] error: XDG_RUNTIME_DIR not set in the environment.
[INFO] [stdout] test run::write-one-f32.ws   ... ok
[INFO] [stderr] error: XDG_RUNTIME_DIR not set in the environment.
[INFO] [stdout] test run::check-one-f32.ws   ... ok
[INFO] [stderr] error: XDG_RUNTIME_DIR not set in the environment.
[INFO] [stderr] thread '<unnamed>' panicked at /opt/rustwide/cargo-home/git/checkouts/wgpu-53e70f8674b08dd4/d4b1d57/wgpu-hal/src/gles/egl.rs:294:14:
[INFO] [stderr] called `Result::unwrap()` on an `Err` value: BadDisplay
[INFO] [stderr] stack backtrace:
[INFO] [stderr]    0:     0x59a7d0aa134a - std::backtrace_rs::backtrace::libunwind::trace::h5a5b8284f2d0c266
[INFO] [stderr]                                at /rustc/90b35a6239c3d8bdabc530a6a0816f7ff89a0aaf/library/std/src/../../backtrace/src/backtrace/libunwind.rs:116:5
[INFO] [stderr]    1:     0x59a7d0aa134a - std::backtrace_rs::backtrace::trace_unsynchronized::h76d4f1c9b0b875e3
[INFO] [stderr]                                at /rustc/90b35a6239c3d8bdabc530a6a0816f7ff89a0aaf/library/std/src/../../backtrace/src/backtrace/mod.rs:66:5
[INFO] [stderr]    2:     0x59a7d0aa134a - std::sys::backtrace::_print_fmt::hc4546b8364a537c6
[INFO] [stderr]                                at /rustc/90b35a6239c3d8bdabc530a6a0816f7ff89a0aaf/library/std/src/sys/backtrace.rs:66:9
[INFO] [stderr]    3:     0x59a7d0aa134a - <std::sys::backtrace::BacktraceLock::print::DisplayBacktrace as core::fmt::Display>::fmt::h5b6bd5631a6d1f6b
[INFO] [stderr]                                at /rustc/90b35a6239c3d8bdabc530a6a0816f7ff89a0aaf/library/std/src/sys/backtrace.rs:39:26
[INFO] [stderr]    4:     0x59a7d0ac5233 - core::fmt::rt::Argument::fmt::h270f6602a2b96f62
[INFO] [stderr]                                at /rustc/90b35a6239c3d8bdabc530a6a0816f7ff89a0aaf/library/core/src/fmt/rt.rs:177:76
[INFO] [stderr]    5:     0x59a7d0ac5233 - core::fmt::write::h7550c97b06c86515
[INFO] [stderr]                                at /rustc/90b35a6239c3d8bdabc530a6a0816f7ff89a0aaf/library/core/src/fmt/mod.rs:1186:21
[INFO] [stderr]    6:     0x59a7d0a9e243 - std::io::Write::write_fmt::h7b09c64fe0be9c84
[INFO] [stderr]                                at /rustc/90b35a6239c3d8bdabc530a6a0816f7ff89a0aaf/library/std/src/io/mod.rs:1839:15
[INFO] [stderr]    7:     0x59a7d0aa1192 - std::sys::backtrace::BacktraceLock::print::h2395ccd2c84ba3aa
[INFO] [stderr]                                at /rustc/90b35a6239c3d8bdabc530a6a0816f7ff89a0aaf/library/std/src/sys/backtrace.rs:42:9
[INFO] [stderr]    8:     0x59a7d0aa213c - std::panicking::default_hook::{{closure}}::he19d4c7230e07961
[INFO] [stderr]                                at /rustc/90b35a6239c3d8bdabc530a6a0816f7ff89a0aaf/library/std/src/panicking.rs:268:22
[INFO] [stderr]    9:     0x59a7d0aa1f82 - std::panicking::default_hook::hf614597d3c67bbdb
[INFO] [stderr]                                at /rustc/90b35a6239c3d8bdabc530a6a0816f7ff89a0aaf/library/std/src/panicking.rs:295:9
[INFO] [stderr]   10:     0x59a7d0aa2717 - std::panicking::rust_panic_with_hook::h8942133a8b252070
[INFO] [stderr]                                at /rustc/90b35a6239c3d8bdabc530a6a0816f7ff89a0aaf/library/std/src/panicking.rs:801:13
[INFO] [stderr]   11:     0x59a7d0aa25aa - std::panicking::begin_panic_handler::{{closure}}::hb5f5963570096b29
[INFO] [stderr]                                at /rustc/90b35a6239c3d8bdabc530a6a0816f7ff89a0aaf/library/std/src/panicking.rs:674:13
[INFO] [stderr]   12:     0x59a7d0aa1829 - std::sys::backtrace::__rust_end_short_backtrace::h6208cedc1922feda
[INFO] [stderr]                                at /rustc/90b35a6239c3d8bdabc530a6a0816f7ff89a0aaf/library/std/src/sys/backtrace.rs:170:18
[INFO] [stderr]   13:     0x59a7d0aa223c - rust_begin_unwind
[INFO] [stderr]                                at /rustc/90b35a6239c3d8bdabc530a6a0816f7ff89a0aaf/library/std/src/panicking.rs:665:5
[INFO] [stderr]   14:     0x59a7d02abce0 - core::panicking::panic_fmt::h0c3082644d1bf418
[INFO] [stderr]                                at /rustc/90b35a6239c3d8bdabc530a6a0816f7ff89a0aaf/library/core/src/panicking.rs:74:14
[INFO] [stderr]   15:     0x59a7d02ac166 - core::result::unwrap_failed::hd20b4aa073bda1e2
[INFO] [stderr]                                at /rustc/90b35a6239c3d8bdabc530a6a0816f7ff89a0aaf/library/core/src/result.rs:1700:5
[INFO] [stderr]   16:     0x59a7d0822a1d - core::result::Result<T,E>::unwrap::h56bc65313b9d549e
[INFO] [stderr]                                at /rustc/90b35a6239c3d8bdabc530a6a0816f7ff89a0aaf/library/core/src/result.rs:1104:23
[INFO] [stderr]   17:     0x59a7d0822a1d - wgpu_hal::gles::egl::EglContext::make_current::h2cd3846dfd5728b0
[INFO] [stderr]                                at /opt/rustwide/cargo-home/git/checkouts/wgpu-53e70f8674b08dd4/d4b1d57/wgpu-hal/src/gles/egl.rs:292:9
[INFO] [stderr]   18:     0x59a7d0828b33 - <wgpu_hal::gles::egl::Instance as wgpu_hal::Instance<wgpu_hal::gles::Api>>::enumerate_adapters::h9a2f860f08625023
[INFO] [stderr]                                at /opt/rustwide/cargo-home/git/checkouts/wgpu-53e70f8674b08dd4/d4b1d57/wgpu-hal/src/gles/egl.rs:867:9
[INFO] [stderr]   19:     0x59a7d076bfb9 - wgpu_core::instance::<impl wgpu_core::hub::Global<G>>::request_adapter::gather::hdf0ce17823baaf75
[INFO] [stderr]                                at /opt/rustwide/cargo-home/git/checkouts/wgpu-53e70f8674b08dd4/d4b1d57/wgpu-core/src/instance.rs:711:49
[INFO] [stderr]   20:     0x59a7d069ffc4 - wgpu_core::instance::<impl wgpu_core::hub::Global<G>>::request_adapter::h27f598bc64bd227f
[INFO] [stderr]                                at /opt/rustwide/cargo-home/git/checkouts/wgpu-53e70f8674b08dd4/d4b1d57/wgpu-core/src/instance.rs:783:36
[INFO] [stderr]   21:     0x59a7d076fa69 - <wgpu::backend::direct::Context as wgpu::Context>::instance_request_adapter::h39eb843027488915
[INFO] [stderr]                                at /opt/rustwide/cargo-home/git/checkouts/wgpu-53e70f8674b08dd4/d4b1d57/wgpu/src/backend/direct.rs:960:18
[INFO] [stderr]   22:     0x59a7d0773240 - wgpu::Instance::request_adapter::hb0f8345d2fe33e83
[INFO] [stderr]                                at /opt/rustwide/cargo-home/git/checkouts/wgpu-53e70f8674b08dd4/d4b1d57/wgpu/src/lib.rs:1803:23
[INFO] [stderr]   23:     0x59a7d0623fe6 - wgpu::util::init::initialize_adapter_from_env_or_default::{{closure}}::hbe198bd75fc64e70
[INFO] [stderr]                                at /opt/rustwide/cargo-home/git/checkouts/wgpu-53e70f8674b08dd4/d4b1d57/wgpu/src/util/init.rs:79:13
[INFO] [stderr]   24:     0x59a7d0601242 - pollster::block_on::he0d362c8683a0c72
[INFO] [stderr]                                at /opt/rustwide/cargo-home/registry/src/index.crates.io-6f17d22bba15001f/pollster-0.2.5/src/lib.rs:125:15
[INFO] [stderr]   25:     0x59a7d061b619 - wscript::run::Context::create::h9d1518ec58d6c63f
[INFO] [stderr]                                at /opt/rustwide/workdir/src/run.rs:66:23
[INFO] [stderr]   26:     0x59a7d02bcae7 - run::run::h053b33882fbf7bc2
[INFO] [stderr]                                at /opt/rustwide/workdir/tests/run.rs:40:23
[INFO] [stderr]   27:     0x59a7d02f7f56 - datatest_stable::runner::Requirements::expand::{{closure}}::{{closure}}::h2dd7b49f5f0b65b6
[INFO] [stderr]                                at /opt/rustwide/cargo-home/registry/src/index.crates.io-6f17d22bba15001f/datatest-stable-0.1.3/src/runner.rs:59:25
[INFO] [stderr]   28:     0x59a7d02f8827 - libtest_mimic::Trial::test::{{closure}}::h5d5a7a28603142f8
[INFO] [stderr]                                at /opt/rustwide/cargo-home/registry/src/index.crates.io-6f17d22bba15001f/libtest-mimic-0.5.2/src/lib.rs:110:54
[INFO] [stderr]   29:     0x59a7d02f9177 - core::ops::function::FnOnce::call_once{{vtable.shim}}::h3d6ab88766e8535e
[INFO] [stderr]                                at /rustc/90b35a6239c3d8bdabc530a6a0816f7ff89a0aaf/library/core/src/ops/function.rs:250:5
[INFO] [stderr]   30:     0x59a7d044e4a0 - <alloc::boxed::Box<F,A> as core::ops::function::FnOnce<Args>>::call_once::ha6100d56ef233845
[INFO] [stderr]                                at /rustc/90b35a6239c3d8bdabc530a6a0816f7ff89a0aaf/library/alloc/src/boxed.rs:2454:9
[INFO] [stderr]   31:     0x59a7d0464990 - libtest_mimic::run_single::{{closure}}::haa32293196540375
[INFO] [stderr]                                at /opt/rustwide/cargo-home/registry/src/index.crates.io-6f17d22bba15001f/libtest-mimic-0.5.2/src/lib.rs:500:43
[INFO] [stderr]   32:     0x59a7d0452f10 - <core::panic::unwind_safe::AssertUnwindSafe<F> as core::ops::function::FnOnce<()>>::call_once::h652e3d71ebe2ab49
[INFO] [stderr]                                at /rustc/90b35a6239c3d8bdabc530a6a0816f7ff89a0aaf/library/core/src/panic/unwind_safe.rs:272:9
[INFO] [stderr]   33:     0x59a7d0454577 - std::panicking::try::do_call::hd4ba8f257d23591d
[INFO] [stderr]                                at /rustc/90b35a6239c3d8bdabc530a6a0816f7ff89a0aaf/library/std/src/panicking.rs:557:40
[INFO] [stderr]   34:     0x59a7d0445c4b - __rust_try
[INFO] [stderr]   35:     0x59a7d044375b - std::panicking::try::h44c3aa7cd70019b1
[INFO] [stderr]                                at /rustc/90b35a6239c3d8bdabc530a6a0816f7ff89a0aaf/library/std/src/panicking.rs:520:19
[INFO] [stderr]   36:     0x59a7d044375b - std::panic::catch_unwind::h95e579632a41b837
[INFO] [stderr]                                at /rustc/90b35a6239c3d8bdabc530a6a0816f7ff89a0aaf/library/std/src/panic.rs:358:14
[INFO] [stderr]   37:     0x59a7d0464941 - libtest_mimic::run_single::h25acc43c34b08d5b
[INFO] [stderr]                                at /opt/rustwide/cargo-home/registry/src/index.crates.io-6f17d22bba15001f/libtest-mimic-0.5.2/src/lib.rs:500:5
[INFO] [stderr]   38:     0x59a7d04647a4 - libtest_mimic::run::{{closure}}::heaba7fc7b36a5933
[INFO] [stderr]                                at /opt/rustwide/cargo-home/registry/src/index.crates.io-6f17d22bba15001f/libtest-mimic-0.5.2/src/lib.rs:471:35
[INFO] [stderr]   39:     0x59a7d0460252 - <F as threadpool::FnBox>::call_box::h766ba9bba7552c88
[INFO] [stderr]                                at /opt/rustwide/cargo-home/registry/src/index.crates.io-6f17d22bba15001f/threadpool-1.8.1/src/lib.rs:95:9
[INFO] [stderr]   40:     0x59a7d0482b4f - threadpool::spawn_in_pool::{{closure}}::hff7aa4ac6734d209
[INFO] [stderr]                                at /opt/rustwide/cargo-home/registry/src/index.crates.io-6f17d22bba15001f/threadpool-1.8.1/src/lib.rs:769:17
[INFO] [stderr]   41:     0x59a7d047d8de - std::sys::backtrace::__rust_begin_short_backtrace::h5ae1545409e024cf
[INFO] [stderr]                                at /rustc/90b35a6239c3d8bdabc530a6a0816f7ff89a0aaf/library/std/src/sys/backtrace.rs:154:18
[INFO] [stderr]   42:     0x59a7d048441b - std::thread::Builder::spawn_unchecked_::{{closure}}::{{closure}}::h02561c0b9d8cabeb
[INFO] [stderr]                                at /rustc/90b35a6239c3d8bdabc530a6a0816f7ff89a0aaf/library/std/src/thread/mod.rs:538:17
[INFO] [stderr]   43:     0x59a7d0482c4f - <core::panic::unwind_safe::AssertUnwindSafe<F> as core::ops::function::FnOnce<()>>::call_once::h0eb391772d72783c
[INFO] [stderr]                                at /rustc/90b35a6239c3d8bdabc530a6a0816f7ff89a0aaf/library/core/src/panic/unwind_safe.rs:272:9
[INFO] [stderr]   44:     0x59a7d047cbe6 - std::panicking::try::do_call::hbeea760b6f1db587
[INFO] [stderr]                                at /rustc/90b35a6239c3d8bdabc530a6a0816f7ff89a0aaf/library/std/src/panicking.rs:557:40
[INFO] [stderr]   45:     0x59a7d0486e9b - __rust_try
[INFO] [stderr]   46:     0x59a7d0484097 - std::panicking::try::h79149e593e81e8e5
[INFO] [stderr]                                at /rustc/90b35a6239c3d8bdabc530a6a0816f7ff89a0aaf/library/std/src/panicking.rs:520:19
[INFO] [stderr]   47:     0x59a7d0484097 - std::panic::catch_unwind::hecacb8f0ecd17c88
[INFO] [stderr]                                at /rustc/90b35a6239c3d8bdabc530a6a0816f7ff89a0aaf/library/std/src/panic.rs:358:14
[INFO] [stderr]   48:     0x59a7d0484097 - std::thread::Builder::spawn_unchecked_::{{closure}}::h011249272de08dea
[INFO] [stderr]                                at /rustc/90b35a6239c3d8bdabc530a6a0816f7ff89a0aaf/library/std/src/thread/mod.rs:537:30
[INFO] [stderr]   49:     0x59a7d047f22f - core::ops::function::FnOnce::call_once{{vtable.shim}}::h903c03faaea77834
[INFO] [stderr]                                at /rustc/90b35a6239c3d8bdabc530a6a0816f7ff89a0aaf/library/core/src/ops/function.rs:250:5
[INFO] [stderr]   50:     0x59a7d0aa4c7b - <alloc::boxed::Box<F,A> as core::ops::function::FnOnce<Args>>::call_once::hf75717d9f28faebf
[INFO] [stderr]                                at /rustc/90b35a6239c3d8bdabc530a6a0816f7ff89a0aaf/library/alloc/src/boxed.rs:2454:9
[INFO] [stderr]   51:     0x59a7d0aa4c7b - <alloc::boxed::Box<F,A> as core::ops::function::FnOnce<Args>>::call_once::h7bd883a5f3c5f3c1
[INFO] [stderr]                                at /rustc/90b35a6239c3d8bdabc530a6a0816f7ff89a0aaf/library/alloc/src/boxed.rs:2454:9
[INFO] [stderr]   52:     0x59a7d0aa4c7b - std::sys::pal::unix::thread::Thread::new::thread_start::hcc78f3943333fa94
[INFO] [stderr]                                at /rustc/90b35a6239c3d8bdabc530a6a0816f7ff89a0aaf/library/std/src/sys/pal/unix/thread.rs:105:17
[INFO] [stderr]   53:     0x7706061e2ac3 - <unknown>
[INFO] [stderr]   54:     0x770606273a04 - clone
[INFO] [stderr]   55:                0x0 - <unknown>
[INFO] [stdout] test run::write-array-f32.ws ... FAILED
[INFO] [stdout] 
[INFO] [stdout] failures:
[INFO] [stdout] 
[INFO] [stdout] ---- run::write-array-f32.ws ----
[INFO] [stdout] test panicked: called `Result::unwrap()` on an `Err` value: BadDisplay
[INFO] [stdout] 
[INFO] [stdout] 
[INFO] [stdout] failures:
[INFO] [stdout]     run::write-array-f32.ws
[INFO] [stdout] 
[INFO] [stdout] test result: FAILED. 2 passed; 1 failed; 0 ignored; 0 measured; 0 filtered out; finished in 0.82s
[INFO] [stdout] 
[INFO] [stderr] error: test failed, to rerun pass `--test run`
[INFO] running `Command { std: "docker" "inspect" "4ee0db5eb61de9b57e993710f88ca19700364db4a7776898631ed5fd91cebad1", kill_on_drop: false }`
[INFO] running `Command { std: "docker" "rm" "-f" "4ee0db5eb61de9b57e993710f88ca19700364db4a7776898631ed5fd91cebad1", kill_on_drop: false }`
[INFO] [stdout] 4ee0db5eb61de9b57e993710f88ca19700364db4a7776898631ed5fd91cebad1
