[INFO] cloning repository https://github.com/elimerl/tehdb
[INFO] running `Command { std: "git" "-c" "credential.helper=" "-c" "credential.helper=/workspace/cargo-home/bin/git-credential-null" "clone" "--bare" "https://github.com/elimerl/tehdb" "/workspace/cache/git-repos/https%3A%2F%2Fgithub.com%2Felimerl%2Ftehdb", kill_on_drop: false }`
[INFO] [stderr] Cloning into bare repository '/workspace/cache/git-repos/https%3A%2F%2Fgithub.com%2Felimerl%2Ftehdb'...
[INFO] running `Command { std: "git" "rev-parse" "HEAD", kill_on_drop: false }`
[INFO] [stdout] 071a10fb4e66180e6db3b4c0891f857eb1e4cc42
[INFO] testing elimerl/tehdb against 1.83.0 for beta-1.84.0-4-retry
[INFO] running `Command { std: "git" "clone" "/workspace/cache/git-repos/https%3A%2F%2Fgithub.com%2Felimerl%2Ftehdb" "/workspace/builds/worker-5-tc1/source", kill_on_drop: false }`
[INFO] [stderr] Cloning into '/workspace/builds/worker-5-tc1/source'...
[INFO] [stderr] done.
[INFO] validating manifest of git repo https://github.com/elimerl/tehdb on toolchain 1.83.0
[INFO] running `Command { std: CARGO_HOME="/workspace/cargo-home" RUSTUP_HOME="/workspace/rustup-home" "/workspace/cargo-home/bin/cargo" "+1.83.0" "metadata" "--manifest-path" "Cargo.toml" "--no-deps", kill_on_drop: false }`
[INFO] started tweaking git repo https://github.com/elimerl/tehdb
[INFO] finished tweaking git repo https://github.com/elimerl/tehdb
[INFO] tweaked toml for git repo https://github.com/elimerl/tehdb written to /workspace/builds/worker-5-tc1/source/Cargo.toml
[INFO] crate git repo https://github.com/elimerl/tehdb already has a lockfile, it will not be regenerated
[INFO] running `Command { std: CARGO_HOME="/workspace/cargo-home" RUSTUP_HOME="/workspace/rustup-home" "/workspace/cargo-home/bin/cargo" "+1.83.0" "fetch" "--manifest-path" "Cargo.toml", kill_on_drop: false }`
[INFO] [stderr]     Updating crates.io index
[INFO] [stderr]  Downloading crates ...
[INFO] [stderr]   Downloaded serde_arrays v0.1.0
[INFO] running `Command { std: "docker" "create" "-v" "/var/lib/crater-agent-workspace/builds/worker-5-tc1/target:/opt/rustwide/target:rw,Z" "-v" "/var/lib/crater-agent-workspace/builds/worker-5-tc1/source:/opt/rustwide/workdir:ro,Z" "-v" "/var/lib/crater-agent-workspace/cargo-home:/opt/rustwide/cargo-home:ro,Z" "-v" "/var/lib/crater-agent-workspace/rustup-home:/opt/rustwide/rustup-home:ro,Z" "-e" "SOURCE_DIR=/opt/rustwide/workdir" "-e" "CARGO_TARGET_DIR=/opt/rustwide/target" "-e" "CARGO_HOME=/opt/rustwide/cargo-home" "-e" "RUSTUP_HOME=/opt/rustwide/rustup-home" "-w" "/opt/rustwide/workdir" "-m" "1610612736" "--user" "0:0" "--network" "none" "ghcr.io/rust-lang/crates-build-env/linux@sha256:f3a9d4ad9d972b27faf3965f35b62e55ba32bbce8f20bc8fe909558a86702fde" "/opt/rustwide/cargo-home/bin/cargo" "+1.83.0" "metadata" "--no-deps" "--format-version=1", kill_on_drop: false }`
[INFO] [stdout] 227100d908088d5841d00017c96a5766377fe620af66dc6f48e8a5c3cbd11000
[INFO] running `Command { std: "docker" "start" "-a" "227100d908088d5841d00017c96a5766377fe620af66dc6f48e8a5c3cbd11000", kill_on_drop: false }`
[INFO] running `Command { std: "docker" "inspect" "227100d908088d5841d00017c96a5766377fe620af66dc6f48e8a5c3cbd11000", kill_on_drop: false }`
[INFO] running `Command { std: "docker" "rm" "-f" "227100d908088d5841d00017c96a5766377fe620af66dc6f48e8a5c3cbd11000", kill_on_drop: false }`
[INFO] [stdout] 227100d908088d5841d00017c96a5766377fe620af66dc6f48e8a5c3cbd11000
[INFO] running `Command { std: "docker" "create" "-v" "/var/lib/crater-agent-workspace/builds/worker-5-tc1/target:/opt/rustwide/target:rw,Z" "-v" "/var/lib/crater-agent-workspace/builds/worker-5-tc1/source:/opt/rustwide/workdir:ro,Z" "-v" "/var/lib/crater-agent-workspace/cargo-home:/opt/rustwide/cargo-home:ro,Z" "-v" "/var/lib/crater-agent-workspace/rustup-home:/opt/rustwide/rustup-home:ro,Z" "-e" "SOURCE_DIR=/opt/rustwide/workdir" "-e" "CARGO_TARGET_DIR=/opt/rustwide/target" "-e" "CARGO_INCREMENTAL=0" "-e" "RUST_BACKTRACE=full" "-e" "RUSTFLAGS=--cap-lints=warn" "-e" "RUSTDOCFLAGS=--cap-lints=warn" "-e" "CARGO_HOME=/opt/rustwide/cargo-home" "-e" "RUSTUP_HOME=/opt/rustwide/rustup-home" "-w" "/opt/rustwide/workdir" "-m" "1610612736" "--user" "0:0" "--network" "none" "ghcr.io/rust-lang/crates-build-env/linux@sha256:f3a9d4ad9d972b27faf3965f35b62e55ba32bbce8f20bc8fe909558a86702fde" "/opt/rustwide/cargo-home/bin/cargo" "+1.83.0" "build" "--frozen" "--message-format=json", kill_on_drop: false }`
[INFO] [stdout] ba618fc08a8daea246af4654896664c1c26d32a40048834285e0a66fe90ddcfd
[INFO] running `Command { std: "docker" "start" "-a" "ba618fc08a8daea246af4654896664c1c26d32a40048834285e0a66fe90ddcfd", kill_on_drop: false }`
[INFO] [stderr]    Compiling proc-macro2 v1.0.47
[INFO] [stderr]    Compiling unicode-ident v1.0.5
[INFO] [stderr]    Compiling quote v1.0.21
[INFO] [stderr]    Compiling syn v1.0.102
[INFO] [stderr]    Compiling serde_derive v1.0.145
[INFO] [stderr]    Compiling serde v1.0.145
[INFO] [stderr]    Compiling anyhow v1.0.65
[INFO] [stderr]    Compiling serde_json v1.0.86
[INFO] [stderr]    Compiling thiserror v1.0.37
[INFO] [stderr]    Compiling itoa v1.0.4
[INFO] [stderr]    Compiling ryu v1.0.11
[INFO] [stderr]    Compiling byteorder v1.4.3
[INFO] [stderr]    Compiling thiserror-impl v1.0.37
[INFO] [stderr]    Compiling bytemuck_derive v1.2.1
[INFO] [stderr]    Compiling bytemuck v1.12.1
[INFO] [stderr]    Compiling serde_arrays v0.1.0
[INFO] [stderr]    Compiling smallvec v1.10.0
[INFO] [stderr]    Compiling bincode v1.3.3
[INFO] [stderr]    Compiling tehdb v0.1.0 (/opt/rustwide/workdir)
[INFO] [stdout] warning: elided lifetime has a name
[INFO] [stdout]    --> src/database.rs:194:74
[INFO] [stdout]     |
[INFO] [stdout] 194 |     pub fn try_get_str<'a>(&'a self, row: &'a Row, idx: usize) -> Option<&str> {
[INFO] [stdout]     |                        -- lifetime `'a` declared here                    ^ this elided lifetime gets resolved as `'a`
[INFO] [stdout]     |
[INFO] [stdout]     = note: `#[warn(elided_named_lifetimes)]` on by default
[INFO] [stdout] 
[INFO] [stdout] 
[INFO] [stdout] warning: elided lifetime has a name
[INFO] [stdout]    --> src/database.rs:209:63
[INFO] [stdout]     |
[INFO] [stdout] 209 |     pub fn get_str<'a>(&'a self, row: &'a Row, idx: usize) -> &str {
[INFO] [stdout]     |                    -- lifetime `'a` declared here             ^ this elided lifetime gets resolved as `'a`
[INFO] [stdout] 
[INFO] [stdout] 
[INFO] [stdout] warning: creating a shared reference to mutable static is discouraged
[INFO] [stdout]   --> src/database.rs:25:29
[INFO] [stdout]    |
[INFO] [stdout] 25 |         assert_ne!(unsafe { &CURRENT_SCHEMA }, &None, "Current schema is None");
[INFO] [stdout]    |                             ^^^^^^^^^^^^^^^ shared reference to mutable static
[INFO] [stdout]    |
[INFO] [stdout]    = note: for more information, see <https://doc.rust-lang.org/nightly/edition-guide/rust-2024/static-mut-references.html>
[INFO] [stdout]    = note: shared references to mutable statics are dangerous; it's undefined behavior if the static is mutated or if a mutable reference is created for it while the shared reference lives
[INFO] [stdout]    = note: `#[warn(static_mut_refs)]` on by default
[INFO] [stdout] help: use `&raw const` instead to create a raw pointer
[INFO] [stdout]    |
[INFO] [stdout] 25 |         assert_ne!(unsafe { &raw const CURRENT_SCHEMA }, &None, "Current schema is None");
[INFO] [stdout]    |                             ~~~~~~~~~~
[INFO] [stdout] 
[INFO] [stdout] 
[INFO] [stdout] warning: creating a shared reference to mutable static is discouraged
[INFO] [stdout]   --> src/database.rs:27:28
[INFO] [stdout]    |
[INFO] [stdout] 27 |         let cur = unsafe { CURRENT_SCHEMA.as_ref() }.unwrap();
[INFO] [stdout]    |                            ^^^^^^^^^^^^^^^^^^^^^^^ shared reference to mutable static
[INFO] [stdout]    |
[INFO] [stdout]    = note: for more information, see <https://doc.rust-lang.org/nightly/edition-guide/rust-2024/static-mut-references.html>
[INFO] [stdout]    = note: shared references to mutable statics are dangerous; it's undefined behavior if the static is mutated or if a mutable reference is created for it while the shared reference lives
[INFO] [stdout] 
[INFO] [stdout] 
[INFO] [stderr]     Finished `dev` profile [unoptimized + debuginfo] target(s) in 19.48s
[INFO] running `Command { std: "docker" "inspect" "ba618fc08a8daea246af4654896664c1c26d32a40048834285e0a66fe90ddcfd", kill_on_drop: false }`
[INFO] running `Command { std: "docker" "rm" "-f" "ba618fc08a8daea246af4654896664c1c26d32a40048834285e0a66fe90ddcfd", kill_on_drop: false }`
[INFO] [stdout] ba618fc08a8daea246af4654896664c1c26d32a40048834285e0a66fe90ddcfd
[INFO] running `Command { std: "docker" "create" "-v" "/var/lib/crater-agent-workspace/builds/worker-5-tc1/target:/opt/rustwide/target:rw,Z" "-v" "/var/lib/crater-agent-workspace/builds/worker-5-tc1/source:/opt/rustwide/workdir:ro,Z" "-v" "/var/lib/crater-agent-workspace/cargo-home:/opt/rustwide/cargo-home:ro,Z" "-v" "/var/lib/crater-agent-workspace/rustup-home:/opt/rustwide/rustup-home:ro,Z" "-e" "SOURCE_DIR=/opt/rustwide/workdir" "-e" "CARGO_TARGET_DIR=/opt/rustwide/target" "-e" "CARGO_INCREMENTAL=0" "-e" "RUST_BACKTRACE=full" "-e" "RUSTFLAGS=--cap-lints=warn" "-e" "RUSTDOCFLAGS=--cap-lints=warn" "-e" "CARGO_HOME=/opt/rustwide/cargo-home" "-e" "RUSTUP_HOME=/opt/rustwide/rustup-home" "-w" "/opt/rustwide/workdir" "-m" "1610612736" "--user" "0:0" "--network" "none" "ghcr.io/rust-lang/crates-build-env/linux@sha256:f3a9d4ad9d972b27faf3965f35b62e55ba32bbce8f20bc8fe909558a86702fde" "/opt/rustwide/cargo-home/bin/cargo" "+1.83.0" "test" "--frozen" "--no-run" "--message-format=json", kill_on_drop: false }`
[INFO] [stdout] 05de3796a32c7df1118721ab16b907bcddc2be1b6fe1a6da06785e42c6447757
[INFO] running `Command { std: "docker" "start" "-a" "05de3796a32c7df1118721ab16b907bcddc2be1b6fe1a6da06785e42c6447757", kill_on_drop: false }`
[INFO] [stderr]    Compiling autocfg v1.1.0
[INFO] [stderr]    Compiling cfg-if v1.0.0
[INFO] [stderr]    Compiling crossbeam-utils v0.8.12
[INFO] [stderr]    Compiling libc v0.2.135
[INFO] [stderr]    Compiling memchr v2.5.0
[INFO] [stderr]    Compiling rayon-core v1.9.3
[INFO] [stderr]    Compiling either v1.8.0
[INFO] [stderr]    Compiling lazy_static v1.4.0
[INFO] [stderr]    Compiling regex-automata v0.1.10
[INFO] [stderr]    Compiling plotters-backend v0.3.4
[INFO] [stderr]    Compiling unicode-width v0.1.10
[INFO] [stderr]    Compiling itertools v0.10.5
[INFO] [stderr]    Compiling textwrap v0.11.0
[INFO] [stderr]    Compiling memoffset v0.6.5
[INFO] [stderr]    Compiling crossbeam-epoch v0.9.11
[INFO] [stderr]    Compiling num-traits v0.2.15
[INFO] [stderr]    Compiling crossbeam-channel v0.5.6
[INFO] [stderr]    Compiling rayon v1.5.3
[INFO] [stderr]    Compiling plotters-svg v0.3.3
[INFO] [stderr]    Compiling num_cpus v1.13.1
[INFO] [stderr]    Compiling regex-syntax v0.6.27
[INFO] [stderr]    Compiling bstr v0.2.17
[INFO] [stderr]    Compiling crossbeam-deque v0.8.2
[INFO] [stderr]    Compiling csv-core v0.1.10
[INFO] [stderr]    Compiling cast v0.3.0
[INFO] [stderr]    Compiling same-file v1.0.6
[INFO] [stderr]    Compiling itoa v0.4.8
[INFO] [stderr]    Compiling bitflags v1.3.2
[INFO] [stderr]    Compiling half v1.8.2
[INFO] [stderr]    Compiling clap v2.34.0
[INFO] [stderr]    Compiling csv v1.1.6
[INFO] [stderr]    Compiling serde_cbor v0.11.2
[INFO] [stderr]    Compiling plotters v0.3.4
[INFO] [stderr]    Compiling walkdir v2.3.2
[INFO] [stderr]    Compiling regex v1.6.0
[INFO] [stderr]    Compiling criterion-plot v0.4.5
[INFO] [stderr]    Compiling atty v0.2.14
[INFO] [stderr]    Compiling tinytemplate v1.2.1
[INFO] [stderr]    Compiling oorandom v11.1.3
[INFO] [stderr]    Compiling remove_dir_all v0.5.3
[INFO] [stderr]    Compiling fastrand v1.8.0
[INFO] [stdout] warning: elided lifetime has a name
[INFO] [stdout]    --> src/database.rs:194:74
[INFO] [stdout]     |
[INFO] [stdout] 194 |     pub fn try_get_str<'a>(&'a self, row: &'a Row, idx: usize) -> Option<&str> {
[INFO] [stdout]     |                        -- lifetime `'a` declared here                    ^ this elided lifetime gets resolved as `'a`
[INFO] [stdout]     |
[INFO] [stdout]     = note: `#[warn(elided_named_lifetimes)]` on by default
[INFO] [stdout] 
[INFO] [stdout] 
[INFO] [stdout] warning: elided lifetime has a name
[INFO] [stdout]    --> src/database.rs:209:63
[INFO] [stdout]     |
[INFO] [stdout] 209 |     pub fn get_str<'a>(&'a self, row: &'a Row, idx: usize) -> &str {
[INFO] [stdout]     |                    -- lifetime `'a` declared here             ^ this elided lifetime gets resolved as `'a`
[INFO] [stdout] 
[INFO] [stdout] 
[INFO] [stdout] warning: creating a shared reference to mutable static is discouraged
[INFO] [stdout]   --> src/database.rs:25:29
[INFO] [stdout]    |
[INFO] [stdout] 25 |         assert_ne!(unsafe { &CURRENT_SCHEMA }, &None, "Current schema is None");
[INFO] [stdout]    |                             ^^^^^^^^^^^^^^^ shared reference to mutable static
[INFO] [stdout]    |
[INFO] [stdout]    = note: for more information, see <https://doc.rust-lang.org/nightly/edition-guide/rust-2024/static-mut-references.html>
[INFO] [stdout]    = note: shared references to mutable statics are dangerous; it's undefined behavior if the static is mutated or if a mutable reference is created for it while the shared reference lives
[INFO] [stdout]    = note: `#[warn(static_mut_refs)]` on by default
[INFO] [stdout] help: use `&raw const` instead to create a raw pointer
[INFO] [stdout]    |
[INFO] [stdout] 25 |         assert_ne!(unsafe { &raw const CURRENT_SCHEMA }, &None, "Current schema is None");
[INFO] [stdout]    |                             ~~~~~~~~~~
[INFO] [stdout] 
[INFO] [stdout] 
[INFO] [stdout] warning: creating a shared reference to mutable static is discouraged
[INFO] [stdout]   --> src/database.rs:27:28
[INFO] [stdout]    |
[INFO] [stdout] 27 |         let cur = unsafe { CURRENT_SCHEMA.as_ref() }.unwrap();
[INFO] [stdout]    |                            ^^^^^^^^^^^^^^^^^^^^^^^ shared reference to mutable static
[INFO] [stdout]    |
[INFO] [stdout]    = note: for more information, see <https://doc.rust-lang.org/nightly/edition-guide/rust-2024/static-mut-references.html>
[INFO] [stdout]    = note: shared references to mutable statics are dangerous; it's undefined behavior if the static is mutated or if a mutable reference is created for it while the shared reference lives
[INFO] [stdout] 
[INFO] [stdout] 
[INFO] [stderr]    Compiling tempfile v3.3.0
[INFO] [stderr]    Compiling criterion v0.3.6
[INFO] [stderr]    Compiling tehdb v0.1.0 (/opt/rustwide/workdir)
[INFO] [stdout] warning: elided lifetime has a name
[INFO] [stdout]    --> src/database.rs:194:74
[INFO] [stdout]     |
[INFO] [stdout] 194 |     pub fn try_get_str<'a>(&'a self, row: &'a Row, idx: usize) -> Option<&str> {
[INFO] [stdout]     |                        -- lifetime `'a` declared here                    ^ this elided lifetime gets resolved as `'a`
[INFO] [stdout]     |
[INFO] [stdout]     = note: `#[warn(elided_named_lifetimes)]` on by default
[INFO] [stdout] 
[INFO] [stdout] 
[INFO] [stdout] warning: elided lifetime has a name
[INFO] [stdout]    --> src/database.rs:209:63
[INFO] [stdout]     |
[INFO] [stdout] 209 |     pub fn get_str<'a>(&'a self, row: &'a Row, idx: usize) -> &str {
[INFO] [stdout]     |                    -- lifetime `'a` declared here             ^ this elided lifetime gets resolved as `'a`
[INFO] [stdout] 
[INFO] [stdout] 
[INFO] [stdout] warning: creating a shared reference to mutable static is discouraged
[INFO] [stdout]   --> src/database.rs:25:29
[INFO] [stdout]    |
[INFO] [stdout] 25 |         assert_ne!(unsafe { &CURRENT_SCHEMA }, &None, "Current schema is None");
[INFO] [stdout]    |                             ^^^^^^^^^^^^^^^ shared reference to mutable static
[INFO] [stdout]    |
[INFO] [stdout]    = note: for more information, see <https://doc.rust-lang.org/nightly/edition-guide/rust-2024/static-mut-references.html>
[INFO] [stdout]    = note: shared references to mutable statics are dangerous; it's undefined behavior if the static is mutated or if a mutable reference is created for it while the shared reference lives
[INFO] [stdout]    = note: `#[warn(static_mut_refs)]` on by default
[INFO] [stdout] help: use `&raw const` instead to create a raw pointer
[INFO] [stdout]    |
[INFO] [stdout] 25 |         assert_ne!(unsafe { &raw const CURRENT_SCHEMA }, &None, "Current schema is None");
[INFO] [stdout]    |                             ~~~~~~~~~~
[INFO] [stdout] 
[INFO] [stdout] 
[INFO] [stdout] warning: creating a shared reference to mutable static is discouraged
[INFO] [stdout]   --> src/database.rs:27:28
[INFO] [stdout]    |
[INFO] [stdout] 27 |         let cur = unsafe { CURRENT_SCHEMA.as_ref() }.unwrap();
[INFO] [stdout]    |                            ^^^^^^^^^^^^^^^^^^^^^^^ shared reference to mutable static
[INFO] [stdout]    |
[INFO] [stdout]    = note: for more information, see <https://doc.rust-lang.org/nightly/edition-guide/rust-2024/static-mut-references.html>
[INFO] [stdout]    = note: shared references to mutable statics are dangerous; it's undefined behavior if the static is mutated or if a mutable reference is created for it while the shared reference lives
[INFO] [stdout] 
[INFO] [stdout] 
[INFO] [stderr]     Finished `test` profile [unoptimized + debuginfo] target(s) in 31.95s
[INFO] running `Command { std: "docker" "inspect" "05de3796a32c7df1118721ab16b907bcddc2be1b6fe1a6da06785e42c6447757", kill_on_drop: false }`
[INFO] running `Command { std: "docker" "rm" "-f" "05de3796a32c7df1118721ab16b907bcddc2be1b6fe1a6da06785e42c6447757", kill_on_drop: false }`
[INFO] [stdout] 05de3796a32c7df1118721ab16b907bcddc2be1b6fe1a6da06785e42c6447757
[INFO] running `Command { std: "docker" "create" "-v" "/var/lib/crater-agent-workspace/builds/worker-5-tc1/target:/opt/rustwide/target:rw,Z" "-v" "/var/lib/crater-agent-workspace/builds/worker-5-tc1/source:/opt/rustwide/workdir:ro,Z" "-v" "/var/lib/crater-agent-workspace/cargo-home:/opt/rustwide/cargo-home:ro,Z" "-v" "/var/lib/crater-agent-workspace/rustup-home:/opt/rustwide/rustup-home:ro,Z" "-e" "SOURCE_DIR=/opt/rustwide/workdir" "-e" "CARGO_TARGET_DIR=/opt/rustwide/target" "-e" "CARGO_INCREMENTAL=0" "-e" "RUST_BACKTRACE=full" "-e" "RUSTFLAGS=--cap-lints=warn" "-e" "RUSTDOCFLAGS=--cap-lints=warn" "-e" "CARGO_HOME=/opt/rustwide/cargo-home" "-e" "RUSTUP_HOME=/opt/rustwide/rustup-home" "-w" "/opt/rustwide/workdir" "-m" "1610612736" "--user" "0:0" "--network" "none" "ghcr.io/rust-lang/crates-build-env/linux@sha256:f3a9d4ad9d972b27faf3965f35b62e55ba32bbce8f20bc8fe909558a86702fde" "/opt/rustwide/cargo-home/bin/cargo" "+1.83.0" "test" "--frozen", kill_on_drop: false }`
[INFO] [stdout] f777b4904bae307ff9394eded4e345bc1544e65e79ec8bbb14f3bc3274336219
[INFO] running `Command { std: "docker" "start" "-a" "f777b4904bae307ff9394eded4e345bc1544e65e79ec8bbb14f3bc3274336219", kill_on_drop: false }`
[INFO] [stderr] warning: elided lifetime has a name
[INFO] [stderr]    --> src/database.rs:194:74
[INFO] [stderr]     |
[INFO] [stderr] 194 |     pub fn try_get_str<'a>(&'a self, row: &'a Row, idx: usize) -> Option<&str> {
[INFO] [stderr]     |                        -- lifetime `'a` declared here                    ^ this elided lifetime gets resolved as `'a`
[INFO] [stderr]     |
[INFO] [stderr]     = note: `#[warn(elided_named_lifetimes)]` on by default
[INFO] [stderr] 
[INFO] [stderr] warning: elided lifetime has a name
[INFO] [stderr]    --> src/database.rs:209:63
[INFO] [stderr]     |
[INFO] [stderr] 209 |     pub fn get_str<'a>(&'a self, row: &'a Row, idx: usize) -> &str {
[INFO] [stderr]     |                    -- lifetime `'a` declared here             ^ this elided lifetime gets resolved as `'a`
[INFO] [stderr] 
[INFO] [stderr] warning: creating a shared reference to mutable static is discouraged
[INFO] [stderr]   --> src/database.rs:25:29
[INFO] [stderr]    |
[INFO] [stderr] 25 |         assert_ne!(unsafe { &CURRENT_SCHEMA }, &None, "Current schema is None");
[INFO] [stderr]    |                             ^^^^^^^^^^^^^^^ shared reference to mutable static
[INFO] [stderr]    |
[INFO] [stderr]    = note: for more information, see <https://doc.rust-lang.org/nightly/edition-guide/rust-2024/static-mut-references.html>
[INFO] [stderr]    = note: shared references to mutable statics are dangerous; it's undefined behavior if the static is mutated or if a mutable reference is created for it while the shared reference lives
[INFO] [stderr]    = note: `#[warn(static_mut_refs)]` on by default
[INFO] [stderr] help: use `&raw const` instead to create a raw pointer
[INFO] [stderr]    |
[INFO] [stderr] 25 |         assert_ne!(unsafe { &raw const CURRENT_SCHEMA }, &None, "Current schema is None");
[INFO] [stderr]    |                             ~~~~~~~~~~
[INFO] [stderr] 
[INFO] [stderr] warning: creating a shared reference to mutable static is discouraged
[INFO] [stderr]   --> src/database.rs:27:28
[INFO] [stderr]    |
[INFO] [stderr] 27 |         let cur = unsafe { CURRENT_SCHEMA.as_ref() }.unwrap();
[INFO] [stderr]    |                            ^^^^^^^^^^^^^^^^^^^^^^^ shared reference to mutable static
[INFO] [stderr]    |
[INFO] [stderr]    = note: for more information, see <https://doc.rust-lang.org/nightly/edition-guide/rust-2024/static-mut-references.html>
[INFO] [stderr]    = note: shared references to mutable statics are dangerous; it's undefined behavior if the static is mutated or if a mutable reference is created for it while the shared reference lives
[INFO] [stderr] 
[INFO] [stderr] warning: `tehdb` (lib) generated 4 warnings
[INFO] [stderr] warning: `tehdb` (lib test) generated 4 warnings (4 duplicates)
[INFO] [stderr]     Finished `test` profile [unoptimized + debuginfo] target(s) in 0.15s
[INFO] [stderr]      Running unittests src/lib.rs (/opt/rustwide/target/debug/deps/tehdb-22c9102584dfb8bc)
[INFO] [stdout] 
[INFO] [stdout] running 7 tests
[INFO] [stdout] test database::tests::insert_single ... ok
[INFO] [stdout] test database::tests::insert_single_with_string ... ok
[INFO] [stdout] test database::tests::insert_ten ... ok
[INFO] [stdout] test database::tests::save_load_single ... ok
[INFO] [stdout] test database::tests::insert_above_max ... ok
[INFO] [stdout] test database::tests::save_load_1k ... FAILED
[INFO] [stdout] test database::tests::insert_max ... ok
[INFO] [stdout] 
[INFO] [stdout] failures:
[INFO] [stdout] 
[INFO] [stdout] ---- database::tests::save_load_1k stdout ----
[INFO] [stdout] thread 'database::tests::save_load_1k' panicked at src/database.rs:30:36:
[INFO] [stdout] index out of bounds: the len is 1 but the index is 1
[INFO] [stdout] stack backtrace:
[INFO] [stdout]    0:     0x5861937b42fa - std::backtrace_rs::backtrace::libunwind::trace::h5a5b8284f2d0c266
[INFO] [stdout]                                at /rustc/90b35a6239c3d8bdabc530a6a0816f7ff89a0aaf/library/std/src/../../backtrace/src/backtrace/libunwind.rs:116:5
[INFO] [stdout]    1:     0x5861937b42fa - std::backtrace_rs::backtrace::trace_unsynchronized::h76d4f1c9b0b875e3
[INFO] [stdout]                                at /rustc/90b35a6239c3d8bdabc530a6a0816f7ff89a0aaf/library/std/src/../../backtrace/src/backtrace/mod.rs:66:5
[INFO] [stdout]    2:     0x5861937b42fa - std::sys::backtrace::_print_fmt::hc4546b8364a537c6
[INFO] [stdout]                                at /rustc/90b35a6239c3d8bdabc530a6a0816f7ff89a0aaf/library/std/src/sys/backtrace.rs:66:9
[INFO] [stdout]    3:     0x5861937b42fa - <std::sys::backtrace::BacktraceLock::print::DisplayBacktrace as core::fmt::Display>::fmt::h5b6bd5631a6d1f6b
[INFO] [stdout]                                at /rustc/90b35a6239c3d8bdabc530a6a0816f7ff89a0aaf/library/std/src/sys/backtrace.rs:39:26
[INFO] [stdout]    4:     0x5861937da293 - core::fmt::rt::Argument::fmt::h270f6602a2b96f62
[INFO] [stdout]                                at /rustc/90b35a6239c3d8bdabc530a6a0816f7ff89a0aaf/library/core/src/fmt/rt.rs:177:76
[INFO] [stdout]    5:     0x5861937da293 - core::fmt::write::h7550c97b06c86515
[INFO] [stdout]                                at /rustc/90b35a6239c3d8bdabc530a6a0816f7ff89a0aaf/library/core/src/fmt/mod.rs:1186:21
[INFO] [stdout]    6:     0x5861937b1303 - std::io::Write::write_fmt::h509ff860e5956e5e
[INFO] [stdout]                                at /rustc/90b35a6239c3d8bdabc530a6a0816f7ff89a0aaf/library/std/src/io/mod.rs:1839:15
[INFO] [stdout]    7:     0x5861937b4142 - std::sys::backtrace::BacktraceLock::print::h2395ccd2c84ba3aa
[INFO] [stdout]                                at /rustc/90b35a6239c3d8bdabc530a6a0816f7ff89a0aaf/library/std/src/sys/backtrace.rs:42:9
[INFO] [stdout]    8:     0x5861937b575a - std::panicking::default_hook::{{closure}}::he19d4c7230e07961
[INFO] [stdout]                                at /rustc/90b35a6239c3d8bdabc530a6a0816f7ff89a0aaf/library/std/src/panicking.rs:268:22
[INFO] [stdout]    9:     0x5861937b5564 - std::panicking::default_hook::hf614597d3c67bbdb
[INFO] [stdout]                                at /rustc/90b35a6239c3d8bdabc530a6a0816f7ff89a0aaf/library/std/src/panicking.rs:292:9
[INFO] [stdout]   10:     0x5861937800b9 - <alloc::boxed::Box<F,A> as core::ops::function::Fn<Args>>::call::h39b51ce4599c23d1
[INFO] [stdout]                                at /rustc/90b35a6239c3d8bdabc530a6a0816f7ff89a0aaf/library/alloc/src/boxed.rs:2468:9
[INFO] [stdout]   11:     0x5861937800b9 - test::test_main::{{closure}}::he977ae839a582784
[INFO] [stdout]                                at /rustc/90b35a6239c3d8bdabc530a6a0816f7ff89a0aaf/library/test/src/lib.rs:133:21
[INFO] [stdout]   12:     0x5861937b5df8 - <alloc::boxed::Box<F,A> as core::ops::function::Fn<Args>>::call::h9455091b6b06f9fb
[INFO] [stdout]                                at /rustc/90b35a6239c3d8bdabc530a6a0816f7ff89a0aaf/library/alloc/src/boxed.rs:2468:9
[INFO] [stdout]   13:     0x5861937b5df8 - std::panicking::rust_panic_with_hook::h8942133a8b252070
[INFO] [stdout]                                at /rustc/90b35a6239c3d8bdabc530a6a0816f7ff89a0aaf/library/std/src/panicking.rs:809:13
[INFO] [stdout]   14:     0x5861937b5bba - std::panicking::begin_panic_handler::{{closure}}::hb5f5963570096b29
[INFO] [stdout]                                at /rustc/90b35a6239c3d8bdabc530a6a0816f7ff89a0aaf/library/std/src/panicking.rs:674:13
[INFO] [stdout]   15:     0x5861937b47d9 - std::sys::backtrace::__rust_end_short_backtrace::h6208cedc1922feda
[INFO] [stdout]                                at /rustc/90b35a6239c3d8bdabc530a6a0816f7ff89a0aaf/library/std/src/sys/backtrace.rs:170:18
[INFO] [stdout]   16:     0x5861937b584c - rust_begin_unwind
[INFO] [stdout]                                at /rustc/90b35a6239c3d8bdabc530a6a0816f7ff89a0aaf/library/std/src/panicking.rs:665:5
[INFO] [stdout]   17:     0x58619371fb10 - core::panicking::panic_fmt::h0c3082644d1bf418
[INFO] [stdout]                                at /rustc/90b35a6239c3d8bdabc530a6a0816f7ff89a0aaf/library/core/src/panicking.rs:74:14
[INFO] [stdout]   18:     0x58619371fc91 - core::panicking::panic_bounds_check::h8307ccead484a122
[INFO] [stdout]                                at /rustc/90b35a6239c3d8bdabc530a6a0816f7ff89a0aaf/library/core/src/panicking.rs:276:5
[INFO] [stdout]   19:     0x586193737c97 - <usize as core::slice::index::SliceIndex<[T]>>::index::h79c56d93306034a5
[INFO] [stdout]                                at /rustc/90b35a6239c3d8bdabc530a6a0816f7ff89a0aaf/library/core/src/slice/index.rs:301:10
[INFO] [stdout]   20:     0x586193734514 - core::slice::index::<impl core::ops::index::Index<I> for [T]>::index::he4205f3400d81352
[INFO] [stdout]                                at /rustc/90b35a6239c3d8bdabc530a6a0816f7ff89a0aaf/library/core/src/slice/index.rs:16:9
[INFO] [stdout]   21:     0x586193734514 - <alloc::vec::Vec<T,A> as core::ops::index::Index<I>>::index::h1382fa2cfe409ebe
[INFO] [stdout]                                at /rustc/90b35a6239c3d8bdabc530a6a0816f7ff89a0aaf/library/alloc/src/vec/mod.rs:3323:9
[INFO] [stdout]   22:     0x58619372bc07 - <tehdb::database::Row as serde::ser::Serialize>::serialize::hdab55cc7dd58f4bb
[INFO] [stdout]                                at /opt/rustwide/workdir/src/database.rs:30:36
[INFO] [stdout]   23:     0x586193729fd6 - serde::ser::impls::<impl serde::ser::Serialize for &T>::serialize::h55de67821f3d5f7c
[INFO] [stdout]                                at /opt/rustwide/cargo-home/registry/src/index.crates.io-6f17d22bba15001f/serde-1.0.145/src/ser/impls.rs:390:17
[INFO] [stdout]   24:     0x58619372a3a7 - <serde_json::ser::Compound<W,F> as serde::ser::SerializeMap>::serialize_value::ha61105f6d0cda786
[INFO] [stdout]                                at /opt/rustwide/cargo-home/registry/src/index.crates.io-6f17d22bba15001f/serde_json-1.0.86/src/ser.rs:705:22
[INFO] [stdout]   25:     0x586193729eee - serde::ser::SerializeMap::serialize_entry::h3bae0ae108f6b4ba
[INFO] [stdout]                                at /opt/rustwide/cargo-home/registry/src/index.crates.io-6f17d22bba15001f/serde-1.0.145/src/ser/mod.rs:1845:9
[INFO] [stdout]   26:     0x586193733d0f - serde::ser::Serializer::collect_map::{{closure}}::h7c7331b697bfa6cb
[INFO] [stdout]                                at /opt/rustwide/cargo-home/registry/src/index.crates.io-6f17d22bba15001f/serde-1.0.145/src/ser/mod.rs:1337:51
[INFO] [stdout]   27:     0x58619372f658 - core::iter::traits::iterator::Iterator::try_for_each::call::{{closure}}::h8255693567bd704b
[INFO] [stdout]                                at /rustc/90b35a6239c3d8bdabc530a6a0816f7ff89a0aaf/library/core/src/iter/traits/iterator.rs:2465:26
[INFO] [stdout]   28:     0x586193728f8e - core::iter::traits::iterator::Iterator::try_fold::h63d01c1cb0ccbf62
[INFO] [stdout]                                at /rustc/90b35a6239c3d8bdabc530a6a0816f7ff89a0aaf/library/core/src/iter/traits/iterator.rs:2406:21
[INFO] [stdout]   29:     0x586193728e23 - core::iter::traits::iterator::Iterator::try_for_each::h1cf01682bb189159
[INFO] [stdout]                                at /rustc/90b35a6239c3d8bdabc530a6a0816f7ff89a0aaf/library/core/src/iter/traits/iterator.rs:2468:9
[INFO] [stdout]   30:     0x586193729d6e - serde::ser::Serializer::collect_map::h0175c110c58b3ff5
[INFO] [stdout]                                at /opt/rustwide/cargo-home/registry/src/index.crates.io-6f17d22bba15001f/serde-1.0.145/src/ser/mod.rs:1337:18
[INFO] [stdout]   31:     0x586193729fae - serde::ser::impls::<impl serde::ser::Serialize for alloc::collections::btree::map::BTreeMap<K,V>>::serialize::hfbc3d8bd1cfa91e6
[INFO] [stdout]                                at /opt/rustwide/cargo-home/registry/src/index.crates.io-6f17d22bba15001f/serde-1.0.145/src/ser/impls.rs:364:17
[INFO] [stdout]   32:     0x58619372a4b7 - <serde_json::ser::Compound<W,F> as serde::ser::SerializeMap>::serialize_value::haedad8c2df01ac4b
[INFO] [stdout]                                at /opt/rustwide/cargo-home/registry/src/index.crates.io-6f17d22bba15001f/serde_json-1.0.86/src/ser.rs:705:22
[INFO] [stdout]   33:     0x586193729f65 - serde::ser::SerializeMap::serialize_entry::hc290d932529e25c3
[INFO] [stdout]                                at /opt/rustwide/cargo-home/registry/src/index.crates.io-6f17d22bba15001f/serde-1.0.145/src/ser/mod.rs:1845:9
[INFO] [stdout]   34:     0x58619372aafd - <serde_json::ser::Compound<W,F> as serde::ser::SerializeStruct>::serialize_field::h5614096e2fdf2a58
[INFO] [stdout]                                at /opt/rustwide/cargo-home/registry/src/index.crates.io-6f17d22bba15001f/serde_json-1.0.86/src/ser.rs:751:37
[INFO] [stdout]   35:     0x58619372d9d4 - tehdb::database::_::<impl serde::ser::Serialize for tehdb::database::Page>::serialize::hf4a46e218a8b84ca
[INFO] [stdout]                                at /opt/rustwide/workdir/src/database.rs:108:17
[INFO] [stdout]   36:     0x586193731496 - serde::ser::impls::<impl serde::ser::Serialize for alloc::boxed::Box<T>>::serialize::h7e7219222c47abbd
[INFO] [stdout]                                at /opt/rustwide/cargo-home/registry/src/index.crates.io-6f17d22bba15001f/serde-1.0.145/src/ser/impls.rs:390:17
[INFO] [stdout]   37:     0x58619372b61e - <&mut serde_json::ser::Serializer<W,F> as serde::ser::Serializer>::serialize_some::had1a3eb7ba616be5
[INFO] [stdout]                                at /opt/rustwide/cargo-home/registry/src/index.crates.io-6f17d22bba15001f/serde_json-1.0.86/src/ser.rs:317:9
[INFO] [stdout]   38:     0x5861937314f5 - serde::ser::impls::<impl serde::ser::Serialize for core::option::Option<T>>::serialize::hf3a7ee74f885b1e2
[INFO] [stdout]                                at /opt/rustwide/cargo-home/registry/src/index.crates.io-6f17d22bba15001f/serde-1.0.145/src/ser/impls.rs:109:32
[INFO] [stdout]   39:     0x5861937285b8 - serde_json::ser::to_writer::h0cded82ee522bae5
[INFO] [stdout]                                at /opt/rustwide/cargo-home/registry/src/index.crates.io-6f17d22bba15001f/serde_json-1.0.86/src/ser.rs:2155:10
[INFO] [stdout]   40:     0x58619372d635 - tehdb::database::Database::save_to_directory::h38d54db3be4b1d25
[INFO] [stdout]                                at /opt/rustwide/workdir/src/database.rs:337:13
[INFO] [stdout]   41:     0x58619373aede - tehdb::database::tests::save_load_1k::hf1b1d85565b03c5a
[INFO] [stdout]                                at /opt/rustwide/workdir/src/database.rs:468:9
[INFO] [stdout]   42:     0x58619373aa07 - tehdb::database::tests::save_load_1k::{{closure}}::h1ce981ba6909fd1a
[INFO] [stdout]                                at /opt/rustwide/workdir/src/database.rs:451:22
[INFO] [stdout]   43:     0x58619372ee66 - core::ops::function::FnOnce::call_once::h082995a6ed8a4176
[INFO] [stdout]                                at /rustc/90b35a6239c3d8bdabc530a6a0816f7ff89a0aaf/library/core/src/ops/function.rs:250:5
[INFO] [stdout]   44:     0x586193784a7b - core::ops::function::FnOnce::call_once::h109cf8051a59b34e
[INFO] [stdout]                                at /rustc/90b35a6239c3d8bdabc530a6a0816f7ff89a0aaf/library/core/src/ops/function.rs:250:5
[INFO] [stdout]   45:     0x586193784a7b - test::__rust_begin_short_backtrace::hf4fff89d377446ba
[INFO] [stdout]                                at /rustc/90b35a6239c3d8bdabc530a6a0816f7ff89a0aaf/library/test/src/lib.rs:621:18
[INFO] [stdout]   46:     0x5861937842b7 - test::run_test_in_process::{{closure}}::h0e39181dd7ee5a43
[INFO] [stdout]                                at /rustc/90b35a6239c3d8bdabc530a6a0816f7ff89a0aaf/library/test/src/lib.rs:644:60
[INFO] [stdout]   47:     0x5861937842b7 - <core::panic::unwind_safe::AssertUnwindSafe<F> as core::ops::function::FnOnce<()>>::call_once::hc5a66a30f0bdfd1f
[INFO] [stdout]                                at /rustc/90b35a6239c3d8bdabc530a6a0816f7ff89a0aaf/library/core/src/panic/unwind_safe.rs:272:9
[INFO] [stdout]   48:     0x5861937842b7 - std::panicking::try::do_call::h873b7cf639554a5e
[INFO] [stdout]                                at /rustc/90b35a6239c3d8bdabc530a6a0816f7ff89a0aaf/library/std/src/panicking.rs:557:40
[INFO] [stdout]   49:     0x5861937842b7 - std::panicking::try::hdb19862fad9c8bd1
[INFO] [stdout]                                at /rustc/90b35a6239c3d8bdabc530a6a0816f7ff89a0aaf/library/std/src/panicking.rs:520:19
[INFO] [stdout]   50:     0x5861937842b7 - std::panic::catch_unwind::h281fe732d236d260
[INFO] [stdout]                                at /rustc/90b35a6239c3d8bdabc530a6a0816f7ff89a0aaf/library/std/src/panic.rs:358:14
[INFO] [stdout]   51:     0x5861937842b7 - test::run_test_in_process::h949b6df8457ed338
[INFO] [stdout]                                at /rustc/90b35a6239c3d8bdabc530a6a0816f7ff89a0aaf/library/test/src/lib.rs:644:27
[INFO] [stdout]   52:     0x5861937842b7 - test::run_test::{{closure}}::h52c556a6d4740e10
[INFO] [stdout]                                at /rustc/90b35a6239c3d8bdabc530a6a0816f7ff89a0aaf/library/test/src/lib.rs:565:43
[INFO] [stdout]   53:     0x586193749594 - test::run_test::{{closure}}::h4237f6381c45ccb9
[INFO] [stdout]                                at /rustc/90b35a6239c3d8bdabc530a6a0816f7ff89a0aaf/library/test/src/lib.rs:595:41
[INFO] [stdout]   54:     0x586193749594 - std::sys::backtrace::__rust_begin_short_backtrace::h505c97a579eca628
[INFO] [stdout]                                at /rustc/90b35a6239c3d8bdabc530a6a0816f7ff89a0aaf/library/std/src/sys/backtrace.rs:154:18
[INFO] [stdout]   55:     0x58619374cc5e - std::thread::Builder::spawn_unchecked_::{{closure}}::{{closure}}::h9e86b2e2bc107ea3
[INFO] [stdout]                                at /rustc/90b35a6239c3d8bdabc530a6a0816f7ff89a0aaf/library/std/src/thread/mod.rs:538:17
[INFO] [stdout]   56:     0x58619374cc5e - <core::panic::unwind_safe::AssertUnwindSafe<F> as core::ops::function::FnOnce<()>>::call_once::h8b06ddb275ff4a25
[INFO] [stdout]                                at /rustc/90b35a6239c3d8bdabc530a6a0816f7ff89a0aaf/library/core/src/panic/unwind_safe.rs:272:9
[INFO] [stdout]   57:     0x58619374cc5e - std::panicking::try::do_call::hb26ecd7cd9a9355d
[INFO] [stdout]                                at /rustc/90b35a6239c3d8bdabc530a6a0816f7ff89a0aaf/library/std/src/panicking.rs:557:40
[INFO] [stdout]   58:     0x58619374cc5e - std::panicking::try::h8ddeca9d705f9069
[INFO] [stdout]                                at /rustc/90b35a6239c3d8bdabc530a6a0816f7ff89a0aaf/library/std/src/panicking.rs:520:19
[INFO] [stdout]   59:     0x58619374cc5e - std::panic::catch_unwind::h49e1c33078844c46
[INFO] [stdout]                                at /rustc/90b35a6239c3d8bdabc530a6a0816f7ff89a0aaf/library/std/src/panic.rs:358:14
[INFO] [stdout]   60:     0x58619374cc5e - std::thread::Builder::spawn_unchecked_::{{closure}}::h6073db6ff56ad35d
[INFO] [stdout]                                at /rustc/90b35a6239c3d8bdabc530a6a0816f7ff89a0aaf/library/std/src/thread/mod.rs:537:30
[INFO] [stdout]   61:     0x58619374cc5e - core::ops::function::FnOnce::call_once{{vtable.shim}}::h2c5a5f3779c774f1
[INFO] [stdout]                                at /rustc/90b35a6239c3d8bdabc530a6a0816f7ff89a0aaf/library/core/src/ops/function.rs:250:5
[INFO] [stdout]   62:     0x5861937ba55b - <alloc::boxed::Box<F,A> as core::ops::function::FnOnce<Args>>::call_once::hf75717d9f28faebf
[INFO] [stdout]                                at /rustc/90b35a6239c3d8bdabc530a6a0816f7ff89a0aaf/library/alloc/src/boxed.rs:2454:9
[INFO] [stdout]   63:     0x5861937ba55b - <alloc::boxed::Box<F,A> as core::ops::function::FnOnce<Args>>::call_once::h7bd883a5f3c5f3c1
[INFO] [stdout]                                at /rustc/90b35a6239c3d8bdabc530a6a0816f7ff89a0aaf/library/alloc/src/boxed.rs:2454:9
[INFO] [stdout]   64:     0x5861937ba55b - std::sys::pal::unix::thread::Thread::new::thread_start::hcc78f3943333fa94
[INFO] [stdout]                                at /rustc/90b35a6239c3d8bdabc530a6a0816f7ff89a0aaf/library/std/src/sys/pal/unix/thread.rs:105:17
[INFO] [stdout]   65:     0x779e6e0cbac3 - <unknown>
[INFO] [stdout]   66:     0x779e6e15ca04 - clone
[INFO] [stdout]   67:                0x0 - <unknown>
[INFO] [stdout] 
[INFO] [stdout] 
[INFO] [stdout] failures:
[INFO] [stdout]     database::tests::save_load_1k
[INFO] [stdout] 
[INFO] [stdout] test result: FAILED. 6 passed; 1 failed; 0 ignored; 0 measured; 0 filtered out; finished in 0.06s
[INFO] [stdout] 
[INFO] [stderr] error: test failed, to rerun pass `--lib`
[INFO] running `Command { std: "docker" "inspect" "f777b4904bae307ff9394eded4e345bc1544e65e79ec8bbb14f3bc3274336219", kill_on_drop: false }`
[INFO] running `Command { std: "docker" "rm" "-f" "f777b4904bae307ff9394eded4e345bc1544e65e79ec8bbb14f3bc3274336219", kill_on_drop: false }`
[INFO] [stdout] f777b4904bae307ff9394eded4e345bc1544e65e79ec8bbb14f3bc3274336219
