[INFO] cloning repository https://github.com/ehuff700/pstruct
[INFO] running `Command { std: "git" "-c" "credential.helper=" "-c" "credential.helper=/workspace/cargo-home/bin/git-credential-null" "clone" "--bare" "https://github.com/ehuff700/pstruct" "/workspace/cache/git-repos/https%3A%2F%2Fgithub.com%2Fehuff700%2Fpstruct", kill_on_drop: false }`
[INFO] [stderr] Cloning into bare repository '/workspace/cache/git-repos/https%3A%2F%2Fgithub.com%2Fehuff700%2Fpstruct'...
[INFO] running `Command { std: "git" "rev-parse" "HEAD", kill_on_drop: false }`
[INFO] [stdout] d024a7c2e4d620967b8b3d87c82c34b6c8d00c98
[INFO] testing ehuff700/pstruct against 1.83.0 for beta-1.84.0-4-retry
[INFO] running `Command { std: "git" "clone" "/workspace/cache/git-repos/https%3A%2F%2Fgithub.com%2Fehuff700%2Fpstruct" "/workspace/builds/worker-2-tc1/source", kill_on_drop: false }`
[INFO] [stderr] Cloning into '/workspace/builds/worker-2-tc1/source'...
[INFO] [stderr] done.
[INFO] validating manifest of git repo https://github.com/ehuff700/pstruct on toolchain 1.83.0
[INFO] running `Command { std: CARGO_HOME="/workspace/cargo-home" RUSTUP_HOME="/workspace/rustup-home" "/workspace/cargo-home/bin/cargo" "+1.83.0" "metadata" "--manifest-path" "Cargo.toml" "--no-deps", kill_on_drop: false }`
[INFO] started tweaking git repo https://github.com/ehuff700/pstruct
[INFO] finished tweaking git repo https://github.com/ehuff700/pstruct
[INFO] tweaked toml for git repo https://github.com/ehuff700/pstruct written to /workspace/builds/worker-2-tc1/source/Cargo.toml
[INFO] crate git repo https://github.com/ehuff700/pstruct already has a lockfile, it will not be regenerated
[INFO] running `Command { std: CARGO_HOME="/workspace/cargo-home" RUSTUP_HOME="/workspace/rustup-home" "/workspace/cargo-home/bin/cargo" "+1.83.0" "fetch" "--manifest-path" "Cargo.toml", kill_on_drop: false }`
[INFO] running `Command { std: "docker" "create" "-v" "/var/lib/crater-agent-workspace/builds/worker-2-tc1/target:/opt/rustwide/target:rw,Z" "-v" "/var/lib/crater-agent-workspace/builds/worker-2-tc1/source:/opt/rustwide/workdir:ro,Z" "-v" "/var/lib/crater-agent-workspace/cargo-home:/opt/rustwide/cargo-home:ro,Z" "-v" "/var/lib/crater-agent-workspace/rustup-home:/opt/rustwide/rustup-home:ro,Z" "-e" "SOURCE_DIR=/opt/rustwide/workdir" "-e" "CARGO_TARGET_DIR=/opt/rustwide/target" "-e" "CARGO_HOME=/opt/rustwide/cargo-home" "-e" "RUSTUP_HOME=/opt/rustwide/rustup-home" "-w" "/opt/rustwide/workdir" "-m" "1610612736" "--user" "0:0" "--network" "none" "ghcr.io/rust-lang/crates-build-env/linux@sha256:f3a9d4ad9d972b27faf3965f35b62e55ba32bbce8f20bc8fe909558a86702fde" "/opt/rustwide/cargo-home/bin/cargo" "+1.83.0" "metadata" "--no-deps" "--format-version=1", kill_on_drop: false }`
[INFO] [stdout] c166e8fac78f7955a0187350542b0196a1ea2c1f543955e0e53efef9bc2b33f3
[INFO] running `Command { std: "docker" "start" "-a" "c166e8fac78f7955a0187350542b0196a1ea2c1f543955e0e53efef9bc2b33f3", kill_on_drop: false }`
[INFO] running `Command { std: "docker" "inspect" "c166e8fac78f7955a0187350542b0196a1ea2c1f543955e0e53efef9bc2b33f3", kill_on_drop: false }`
[INFO] running `Command { std: "docker" "rm" "-f" "c166e8fac78f7955a0187350542b0196a1ea2c1f543955e0e53efef9bc2b33f3", kill_on_drop: false }`
[INFO] [stdout] c166e8fac78f7955a0187350542b0196a1ea2c1f543955e0e53efef9bc2b33f3
[INFO] running `Command { std: "docker" "create" "-v" "/var/lib/crater-agent-workspace/builds/worker-2-tc1/target:/opt/rustwide/target:rw,Z" "-v" "/var/lib/crater-agent-workspace/builds/worker-2-tc1/source:/opt/rustwide/workdir:ro,Z" "-v" "/var/lib/crater-agent-workspace/cargo-home:/opt/rustwide/cargo-home:ro,Z" "-v" "/var/lib/crater-agent-workspace/rustup-home:/opt/rustwide/rustup-home:ro,Z" "-e" "SOURCE_DIR=/opt/rustwide/workdir" "-e" "CARGO_TARGET_DIR=/opt/rustwide/target" "-e" "CARGO_INCREMENTAL=0" "-e" "RUST_BACKTRACE=full" "-e" "RUSTFLAGS=--cap-lints=warn" "-e" "RUSTDOCFLAGS=--cap-lints=warn" "-e" "CARGO_HOME=/opt/rustwide/cargo-home" "-e" "RUSTUP_HOME=/opt/rustwide/rustup-home" "-w" "/opt/rustwide/workdir" "-m" "1610612736" "--user" "0:0" "--network" "none" "ghcr.io/rust-lang/crates-build-env/linux@sha256:f3a9d4ad9d972b27faf3965f35b62e55ba32bbce8f20bc8fe909558a86702fde" "/opt/rustwide/cargo-home/bin/cargo" "+1.83.0" "build" "--frozen" "--message-format=json", kill_on_drop: false }`
[INFO] [stdout] 5a3ab0d1a7346dd2b3fea823aef657038dbf0799c74d9e03e65cce1849c9a7e9
[INFO] running `Command { std: "docker" "start" "-a" "5a3ab0d1a7346dd2b3fea823aef657038dbf0799c74d9e03e65cce1849c9a7e9", kill_on_drop: false }`
[INFO] [stderr]    Compiling proc-macro2 v1.0.92
[INFO] [stderr]    Compiling unicode-ident v1.0.14
[INFO] [stderr]    Compiling smallvec v1.13.2
[INFO] [stderr]    Compiling collection_literals v1.0.1
[INFO] [stderr]    Compiling interpolator v0.5.0
[INFO] [stderr]    Compiling quote v1.0.37
[INFO] [stderr]    Compiling syn v2.0.90
[INFO] [stderr]    Compiling proc-macro-utils v0.10.0
[INFO] [stderr]    Compiling manyhow-macros v0.11.4
[INFO] [stderr]    Compiling manyhow v0.11.4
[INFO] [stderr]    Compiling quote-use-macros v0.8.4
[INFO] [stderr]    Compiling derive-where v1.2.7
[INFO] [stderr]    Compiling quote-use v0.8.4
[INFO] [stderr]    Compiling attribute-derive-macro v0.10.3
[INFO] [stderr]    Compiling attribute-derive v0.10.3
[INFO] [stderr]    Compiling pstruct v0.1.3 (/opt/rustwide/workdir)
[INFO] [stderr]     Finished `dev` profile [unoptimized + debuginfo] target(s) in 10.71s
[INFO] running `Command { std: "docker" "inspect" "5a3ab0d1a7346dd2b3fea823aef657038dbf0799c74d9e03e65cce1849c9a7e9", kill_on_drop: false }`
[INFO] running `Command { std: "docker" "rm" "-f" "5a3ab0d1a7346dd2b3fea823aef657038dbf0799c74d9e03e65cce1849c9a7e9", kill_on_drop: false }`
[INFO] [stdout] 5a3ab0d1a7346dd2b3fea823aef657038dbf0799c74d9e03e65cce1849c9a7e9
[INFO] running `Command { std: "docker" "create" "-v" "/var/lib/crater-agent-workspace/builds/worker-2-tc1/target:/opt/rustwide/target:rw,Z" "-v" "/var/lib/crater-agent-workspace/builds/worker-2-tc1/source:/opt/rustwide/workdir:ro,Z" "-v" "/var/lib/crater-agent-workspace/cargo-home:/opt/rustwide/cargo-home:ro,Z" "-v" "/var/lib/crater-agent-workspace/rustup-home:/opt/rustwide/rustup-home:ro,Z" "-e" "SOURCE_DIR=/opt/rustwide/workdir" "-e" "CARGO_TARGET_DIR=/opt/rustwide/target" "-e" "CARGO_INCREMENTAL=0" "-e" "RUST_BACKTRACE=full" "-e" "RUSTFLAGS=--cap-lints=warn" "-e" "RUSTDOCFLAGS=--cap-lints=warn" "-e" "CARGO_HOME=/opt/rustwide/cargo-home" "-e" "RUSTUP_HOME=/opt/rustwide/rustup-home" "-w" "/opt/rustwide/workdir" "-m" "1610612736" "--user" "0:0" "--network" "none" "ghcr.io/rust-lang/crates-build-env/linux@sha256:f3a9d4ad9d972b27faf3965f35b62e55ba32bbce8f20bc8fe909558a86702fde" "/opt/rustwide/cargo-home/bin/cargo" "+1.83.0" "test" "--frozen" "--no-run" "--message-format=json", kill_on_drop: false }`
[INFO] [stdout] f2b5b66ecc8757934dc0ff1467f64138371573eca799ea9a884551fedf29347a
[INFO] running `Command { std: "docker" "start" "-a" "f2b5b66ecc8757934dc0ff1467f64138371573eca799ea9a884551fedf29347a", kill_on_drop: false }`
[INFO] [stderr]    Compiling pstruct v0.1.3 (/opt/rustwide/workdir)
[INFO] [stderr]     Finished `test` profile [unoptimized + debuginfo] target(s) in 1.17s
[INFO] running `Command { std: "docker" "inspect" "f2b5b66ecc8757934dc0ff1467f64138371573eca799ea9a884551fedf29347a", kill_on_drop: false }`
[INFO] running `Command { std: "docker" "rm" "-f" "f2b5b66ecc8757934dc0ff1467f64138371573eca799ea9a884551fedf29347a", kill_on_drop: false }`
[INFO] [stdout] f2b5b66ecc8757934dc0ff1467f64138371573eca799ea9a884551fedf29347a
[INFO] running `Command { std: "docker" "create" "-v" "/var/lib/crater-agent-workspace/builds/worker-2-tc1/target:/opt/rustwide/target:rw,Z" "-v" "/var/lib/crater-agent-workspace/builds/worker-2-tc1/source:/opt/rustwide/workdir:ro,Z" "-v" "/var/lib/crater-agent-workspace/cargo-home:/opt/rustwide/cargo-home:ro,Z" "-v" "/var/lib/crater-agent-workspace/rustup-home:/opt/rustwide/rustup-home:ro,Z" "-e" "SOURCE_DIR=/opt/rustwide/workdir" "-e" "CARGO_TARGET_DIR=/opt/rustwide/target" "-e" "CARGO_INCREMENTAL=0" "-e" "RUST_BACKTRACE=full" "-e" "RUSTFLAGS=--cap-lints=warn" "-e" "RUSTDOCFLAGS=--cap-lints=warn" "-e" "CARGO_HOME=/opt/rustwide/cargo-home" "-e" "RUSTUP_HOME=/opt/rustwide/rustup-home" "-w" "/opt/rustwide/workdir" "-m" "1610612736" "--user" "0:0" "--network" "none" "ghcr.io/rust-lang/crates-build-env/linux@sha256:f3a9d4ad9d972b27faf3965f35b62e55ba32bbce8f20bc8fe909558a86702fde" "/opt/rustwide/cargo-home/bin/cargo" "+1.83.0" "test" "--frozen", kill_on_drop: false }`
[INFO] [stdout] 36c0e125a44b1f666f3881653c9820b3926cbb3876a0dca7b97e44657d3dd2c6
[INFO] running `Command { std: "docker" "start" "-a" "36c0e125a44b1f666f3881653c9820b3926cbb3876a0dca7b97e44657d3dd2c6", kill_on_drop: false }`
[INFO] [stderr]     Finished `test` profile [unoptimized + debuginfo] target(s) in 0.04s
[INFO] [stderr]      Running unittests src/lib.rs (/opt/rustwide/target/debug/deps/pstruct-b2121879321716f5)
[INFO] [stderr]    Doc-tests pstruct
[INFO] [stdout] 
[INFO] [stdout] running 0 tests
[INFO] [stdout] 
[INFO] [stdout] test result: ok. 0 passed; 0 failed; 0 ignored; 0 measured; 0 filtered out; finished in 0.00s
[INFO] [stdout] 
[INFO] [stdout] 
[INFO] [stdout] running 1 test
[INFO] [stdout] test src/lib.rs - p_struct (line 88) ... FAILED
[INFO] [stdout] 
[INFO] [stdout] failures:
[INFO] [stdout] 
[INFO] [stdout] ---- src/lib.rs - p_struct (line 88) stdout ----
[INFO] [stdout] error[E0658]: use of unstable library feature 'strict_provenance'
[INFO] [stdout]   --> src/lib.rs:102:1
[INFO] [stdout]    |
[INFO] [stdout] 17 | / p_struct! {
[INFO] [stdout] 18 | |     pub struct Example {
[INFO] [stdout] 19 | |         #[offset(0x1)]
[INFO] [stdout] 20 | |         field_a: u32,
[INFO] [stdout] ...  |
[INFO] [stdout] 34 | |     }
[INFO] [stdout] 35 | | }
[INFO] [stdout]    | |_^
[INFO] [stdout]    |
[INFO] [stdout]    = note: see issue #95228 <https://github.com/rust-lang/rust/issues/95228> for more information
[INFO] [stdout]    = note: this error originates in the macro `p_struct` (in Nightly builds, run with -Z macro-backtrace for more info)
[INFO] [stdout] 
[INFO] [stdout] error: aborting due to 1 previous error
[INFO] [stdout] 
[INFO] [stdout] For more information about this error, try `rustc --explain E0658`.
[INFO] [stdout] Couldn't compile the test.
[INFO] [stdout] 
[INFO] [stdout] failures:
[INFO] [stdout]     src/lib.rs - p_struct (line 88)
[INFO] [stdout] 
[INFO] [stdout] test result: FAILED. 0 passed; 1 failed; 0 ignored; 0 measured; 0 filtered out; finished in 0.09s
[INFO] [stdout] 
[INFO] [stderr] error: doctest failed, to rerun pass `--doc`
[INFO] running `Command { std: "docker" "inspect" "36c0e125a44b1f666f3881653c9820b3926cbb3876a0dca7b97e44657d3dd2c6", kill_on_drop: false }`
[INFO] running `Command { std: "docker" "rm" "-f" "36c0e125a44b1f666f3881653c9820b3926cbb3876a0dca7b97e44657d3dd2c6", kill_on_drop: false }`
[INFO] [stdout] 36c0e125a44b1f666f3881653c9820b3926cbb3876a0dca7b97e44657d3dd2c6
